[INFO] fetching crate ni-fpga-interface-build 0.1.0...
[INFO] testing ni-fpga-interface-build-0.1.0 against 1.75.0 for beta-1.76-1
[INFO] extracting crate ni-fpga-interface-build 0.1.0 into /workspace/builds/worker-3-tc1/source
[INFO] validating manifest of crates.io crate ni-fpga-interface-build 0.1.0 on toolchain 1.75.0
[INFO] running `Command { std: CARGO_HOME="/workspace/cargo-home" RUSTUP_HOME="/workspace/rustup-home" "/workspace/cargo-home/bin/cargo" "+1.75.0" "metadata" "--manifest-path" "Cargo.toml" "--no-deps", kill_on_drop: false }`
[INFO] started tweaking crates.io crate ni-fpga-interface-build 0.1.0
[INFO] finished tweaking crates.io crate ni-fpga-interface-build 0.1.0
[INFO] tweaked toml for crates.io crate ni-fpga-interface-build 0.1.0 written to /workspace/builds/worker-3-tc1/source/Cargo.toml
[INFO] running `Command { std: CARGO_HOME="/workspace/cargo-home" RUSTUP_HOME="/workspace/rustup-home" "/workspace/cargo-home/bin/cargo" "+1.75.0" "generate-lockfile" "--manifest-path" "Cargo.toml", kill_on_drop: false }`
[INFO] [stderr]     Updating crates.io index
[INFO] running `Command { std: CARGO_HOME="/workspace/cargo-home" RUSTUP_HOME="/workspace/rustup-home" "/workspace/cargo-home/bin/cargo" "+1.75.0" "fetch" "--manifest-path" "Cargo.toml", kill_on_drop: false }`
[INFO] [stderr]  Downloading crates ...
[INFO] [stderr]   Downloaded lang-c v0.15.1
[INFO] running `Command { std: "docker" "create" "-v" "/var/lib/crater-agent-workspace/builds/worker-3-tc1/target:/opt/rustwide/target:rw,Z" "-v" "/var/lib/crater-agent-workspace/builds/worker-3-tc1/source:/opt/rustwide/workdir:ro,Z" "-v" "/var/lib/crater-agent-workspace/cargo-home:/opt/rustwide/cargo-home:ro,Z" "-v" "/var/lib/crater-agent-workspace/rustup-home:/opt/rustwide/rustup-home:ro,Z" "-e" "SOURCE_DIR=/opt/rustwide/workdir" "-e" "CARGO_TARGET_DIR=/opt/rustwide/target" "-e" "CARGO_HOME=/opt/rustwide/cargo-home" "-e" "RUSTUP_HOME=/opt/rustwide/rustup-home" "-w" "/opt/rustwide/workdir" "-m" "1610612736" "--user" "0:0" "--network" "none" "ghcr.io/rust-lang/crates-build-env/linux@sha256:2788e3201cd34a07e3172128adcd8b3090168a8e3bcc40d7c032b9dda1df7d1c" "/opt/rustwide/cargo-home/bin/cargo" "+1.75.0" "metadata" "--no-deps" "--format-version=1", kill_on_drop: false }`
[INFO] [stdout] f7beba968f4fd2c7e0efa57a0ce2bee5418bac7545739a587a25b94a1e78de24
[INFO] running `Command { std: "docker" "start" "-a" "f7beba968f4fd2c7e0efa57a0ce2bee5418bac7545739a587a25b94a1e78de24", kill_on_drop: false }`
[INFO] running `Command { std: "docker" "inspect" "f7beba968f4fd2c7e0efa57a0ce2bee5418bac7545739a587a25b94a1e78de24", kill_on_drop: false }`
[INFO] running `Command { std: "docker" "rm" "-f" "f7beba968f4fd2c7e0efa57a0ce2bee5418bac7545739a587a25b94a1e78de24", kill_on_drop: false }`
[INFO] [stdout] f7beba968f4fd2c7e0efa57a0ce2bee5418bac7545739a587a25b94a1e78de24
[INFO] running `Command { std: "docker" "create" "-v" "/var/lib/crater-agent-workspace/builds/worker-3-tc1/target:/opt/rustwide/target:rw,Z" "-v" "/var/lib/crater-agent-workspace/builds/worker-3-tc1/source:/opt/rustwide/workdir:ro,Z" "-v" "/var/lib/crater-agent-workspace/cargo-home:/opt/rustwide/cargo-home:ro,Z" "-v" "/var/lib/crater-agent-workspace/rustup-home:/opt/rustwide/rustup-home:ro,Z" "-e" "SOURCE_DIR=/opt/rustwide/workdir" "-e" "CARGO_TARGET_DIR=/opt/rustwide/target" "-e" "CARGO_INCREMENTAL=0" "-e" "RUST_BACKTRACE=full" "-e" "RUSTFLAGS=--cap-lints=warn" "-e" "RUSTDOCFLAGS=--cap-lints=warn" "-e" "CARGO_HOME=/opt/rustwide/cargo-home" "-e" "RUSTUP_HOME=/opt/rustwide/rustup-home" "-w" "/opt/rustwide/workdir" "-m" "1610612736" "--user" "0:0" "--network" "none" "ghcr.io/rust-lang/crates-build-env/linux@sha256:2788e3201cd34a07e3172128adcd8b3090168a8e3bcc40d7c032b9dda1df7d1c" "/opt/rustwide/cargo-home/bin/cargo" "+1.75.0" "build" "--frozen" "--message-format=json", kill_on_drop: false }`
[INFO] [stdout] c610a18e197a70a9eca0f08463c181dbd20d7fe24954ef519a3663ce6976176c
[INFO] running `Command { std: "docker" "start" "-a" "c610a18e197a70a9eca0f08463c181dbd20d7fe24954ef519a3663ce6976176c", kill_on_drop: false }`
[INFO] [stderr]    Compiling proc-macro2 v1.0.75
[INFO] [stderr]    Compiling unicode-ident v1.0.12
[INFO] [stderr]    Compiling libc v0.2.151
[INFO] [stderr]    Compiling thiserror v1.0.56
[INFO] [stderr]    Compiling prettyplease v0.2.16
[INFO] [stderr]    Compiling lang-c v0.15.1
[INFO] [stderr]    Compiling quote v1.0.35
[INFO] [stderr]    Compiling syn v2.0.48
[INFO] [stderr]    Compiling cc v1.0.83
[INFO] [stderr]    Compiling thiserror-impl v1.0.56
[INFO] [stderr]    Compiling ni-fpga-interface-build v0.1.0 (/opt/rustwide/workdir)
[INFO] [stdout] warning: unused variable: `span`
[INFO] [stdout]    --> src/custom_type_register_visitor.rs:122:9
[INFO] [stdout]     |
[INFO] [stdout] 122 |         span: &'ast lang_c::span::Span,
[INFO] [stdout]     |         ^^^^ help: if this is intentional, prefix it with an underscore: `_span`
[INFO] [stdout]     |
[INFO] [stdout]     = note: `#[warn(unused_variables)]` on by default
[INFO] [stdout] 
[INFO] [stdout] 
[INFO] [stdout] warning: variants `MissingAddress` and `UnknownTypeField` are never constructed
[INFO] [stdout]   --> src/custom_type_register_visitor.rs:37:5
[INFO] [stdout]    |
[INFO] [stdout] 35 | pub enum CustomTypeVisitorError {
[INFO] [stdout]    |          ---------------------- variants in this enum
[INFO] [stdout] 36 |     #[error("Did not find address for {0}")]
[INFO] [stdout] 37 |     MissingAddress(String),
[INFO] [stdout]    |     ^^^^^^^^^^^^^^
[INFO] [stdout] ...
[INFO] [stdout] 49 |     UnknownTypeField(String),
[INFO] [stdout]    |     ^^^^^^^^^^^^^^^^
[INFO] [stdout]    |
[INFO] [stdout]    = note: `CustomTypeVisitorError` has a derived impl for the trait `Debug`, but this is intentionally ignored during dead code analysis
[INFO] [stdout]    = note: `#[warn(dead_code)]` on by default
[INFO] [stdout] 
[INFO] [stdout] 
[INFO] [stdout] warning: associated items `new` and `get_registers` are never used
[INFO] [stdout]   --> src/custom_type_register_visitor.rs:88:12
[INFO] [stdout]    |
[INFO] [stdout] 87 | impl CustomTypeVisitor {
[INFO] [stdout]    | ---------------------- associated items in this implementation
[INFO] [stdout] 88 |     pub fn new(interface_name: &str) -> Self {
[INFO] [stdout]    |            ^^^
[INFO] [stdout] ...
[INFO] [stdout] 95 |     pub fn get_registers(
[INFO] [stdout]    |            ^^^^^^^^^^^^^
[INFO] [stdout] 
[INFO] [stdout] 
[INFO] [stdout] warning: 3 warnings emitted
[INFO] [stdout] 
[INFO] [stdout] 
[INFO] [stderr]     Finished dev [unoptimized + debuginfo] target(s) in 5.98s
[INFO] running `Command { std: "docker" "inspect" "c610a18e197a70a9eca0f08463c181dbd20d7fe24954ef519a3663ce6976176c", kill_on_drop: false }`
[INFO] running `Command { std: "docker" "rm" "-f" "c610a18e197a70a9eca0f08463c181dbd20d7fe24954ef519a3663ce6976176c", kill_on_drop: false }`
[INFO] [stdout] c610a18e197a70a9eca0f08463c181dbd20d7fe24954ef519a3663ce6976176c
[INFO] running `Command { std: "docker" "create" "-v" "/var/lib/crater-agent-workspace/builds/worker-3-tc1/target:/opt/rustwide/target:rw,Z" "-v" "/var/lib/crater-agent-workspace/builds/worker-3-tc1/source:/opt/rustwide/workdir:ro,Z" "-v" "/var/lib/crater-agent-workspace/cargo-home:/opt/rustwide/cargo-home:ro,Z" "-v" "/var/lib/crater-agent-workspace/rustup-home:/opt/rustwide/rustup-home:ro,Z" "-e" "SOURCE_DIR=/opt/rustwide/workdir" "-e" "CARGO_TARGET_DIR=/opt/rustwide/target" "-e" "CARGO_INCREMENTAL=0" "-e" "RUST_BACKTRACE=full" "-e" "RUSTFLAGS=--cap-lints=warn" "-e" "RUSTDOCFLAGS=--cap-lints=warn" "-e" "CARGO_HOME=/opt/rustwide/cargo-home" "-e" "RUSTUP_HOME=/opt/rustwide/rustup-home" "-w" "/opt/rustwide/workdir" "-m" "1610612736" "--user" "0:0" "--network" "none" "ghcr.io/rust-lang/crates-build-env/linux@sha256:2788e3201cd34a07e3172128adcd8b3090168a8e3bcc40d7c032b9dda1df7d1c" "/opt/rustwide/cargo-home/bin/cargo" "+1.75.0" "test" "--frozen" "--no-run" "--message-format=json", kill_on_drop: false }`
[INFO] [stdout] f514e7bd8834b6743aea51d341822a449ddb04dfe18f61ded7be16b350daa06d
[INFO] running `Command { std: "docker" "start" "-a" "f514e7bd8834b6743aea51d341822a449ddb04dfe18f61ded7be16b350daa06d", kill_on_drop: false }`
[INFO] [stderr]    Compiling ni-fpga-interface-build v0.1.0 (/opt/rustwide/workdir)
[INFO] [stdout] warning: unused variable: `span`
[INFO] [stdout]    --> src/custom_type_register_visitor.rs:122:9
[INFO] [stdout]     |
[INFO] [stdout] 122 |         span: &'ast lang_c::span::Span,
[INFO] [stdout]     |         ^^^^ help: if this is intentional, prefix it with an underscore: `_span`
[INFO] [stdout]     |
[INFO] [stdout]     = note: `#[warn(unused_variables)]` on by default
[INFO] [stdout] 
[INFO] [stdout] 
[INFO] [stdout] warning: variants `MissingAddress` and `UnknownTypeField` are never constructed
[INFO] [stdout]   --> src/custom_type_register_visitor.rs:37:5
[INFO] [stdout]    |
[INFO] [stdout] 35 | pub enum CustomTypeVisitorError {
[INFO] [stdout]    |          ---------------------- variants in this enum
[INFO] [stdout] 36 |     #[error("Did not find address for {0}")]
[INFO] [stdout] 37 |     MissingAddress(String),
[INFO] [stdout]    |     ^^^^^^^^^^^^^^
[INFO] [stdout] ...
[INFO] [stdout] 49 |     UnknownTypeField(String),
[INFO] [stdout]    |     ^^^^^^^^^^^^^^^^
[INFO] [stdout]    |
[INFO] [stdout]    = note: `CustomTypeVisitorError` has a derived impl for the trait `Debug`, but this is intentionally ignored during dead code analysis
[INFO] [stdout]    = note: `#[warn(dead_code)]` on by default
[INFO] [stdout] 
[INFO] [stdout] 
[INFO] [stdout] warning: associated items `new` and `get_registers` are never used
[INFO] [stdout]   --> src/custom_type_register_visitor.rs:88:12
[INFO] [stdout]    |
[INFO] [stdout] 87 | impl CustomTypeVisitor {
[INFO] [stdout]    | ---------------------- associated items in this implementation
[INFO] [stdout] 88 |     pub fn new(interface_name: &str) -> Self {
[INFO] [stdout]    |            ^^^
[INFO] [stdout] ...
[INFO] [stdout] 95 |     pub fn get_registers(
[INFO] [stdout]    |            ^^^^^^^^^^^^^
[INFO] [stdout] 
[INFO] [stdout] 
[INFO] [stdout] warning: 3 warnings emitted
[INFO] [stdout] 
[INFO] [stdout] 
[INFO] [stdout] warning: unused variable: `span`
[INFO] [stdout]    --> src/custom_type_register_visitor.rs:122:9
[INFO] [stdout]     |
[INFO] [stdout] 122 |         span: &'ast lang_c::span::Span,
[INFO] [stdout]     |         ^^^^ help: if this is intentional, prefix it with an underscore: `_span`
[INFO] [stdout]     |
[INFO] [stdout]     = note: `#[warn(unused_variables)]` on by default
[INFO] [stdout] 
[INFO] [stdout] 
[INFO] [stdout] warning: variant `UnknownTypeField` is never constructed
[INFO] [stdout]   --> src/custom_type_register_visitor.rs:49:5
[INFO] [stdout]    |
[INFO] [stdout] 35 | pub enum CustomTypeVisitorError {
[INFO] [stdout]    |          ---------------------- variant in this enum
[INFO] [stdout] ...
[INFO] [stdout] 49 |     UnknownTypeField(String),
[INFO] [stdout]    |     ^^^^^^^^^^^^^^^^
[INFO] [stdout]    |
[INFO] [stdout]    = note: `CustomTypeVisitorError` has a derived impl for the trait `Debug`, but this is intentionally ignored during dead code analysis
[INFO] [stdout]    = note: `#[warn(dead_code)]` on by default
[INFO] [stdout] 
[INFO] [stdout] 
[INFO] [stdout] warning: 2 warnings emitted
[INFO] [stdout] 
[INFO] [stdout] 
[INFO] [stderr]     Finished test [unoptimized + debuginfo] target(s) in 1.70s
[INFO] running `Command { std: "docker" "inspect" "f514e7bd8834b6743aea51d341822a449ddb04dfe18f61ded7be16b350daa06d", kill_on_drop: false }`
[INFO] running `Command { std: "docker" "rm" "-f" "f514e7bd8834b6743aea51d341822a449ddb04dfe18f61ded7be16b350daa06d", kill_on_drop: false }`
[INFO] [stdout] f514e7bd8834b6743aea51d341822a449ddb04dfe18f61ded7be16b350daa06d
[INFO] running `Command { std: "docker" "create" "-v" "/var/lib/crater-agent-workspace/builds/worker-3-tc1/target:/opt/rustwide/target:rw,Z" "-v" "/var/lib/crater-agent-workspace/builds/worker-3-tc1/source:/opt/rustwide/workdir:ro,Z" "-v" "/var/lib/crater-agent-workspace/cargo-home:/opt/rustwide/cargo-home:ro,Z" "-v" "/var/lib/crater-agent-workspace/rustup-home:/opt/rustwide/rustup-home:ro,Z" "-e" "SOURCE_DIR=/opt/rustwide/workdir" "-e" "CARGO_TARGET_DIR=/opt/rustwide/target" "-e" "CARGO_INCREMENTAL=0" "-e" "RUST_BACKTRACE=full" "-e" "RUSTFLAGS=--cap-lints=warn" "-e" "RUSTDOCFLAGS=--cap-lints=warn" "-e" "CARGO_HOME=/opt/rustwide/cargo-home" "-e" "RUSTUP_HOME=/opt/rustwide/rustup-home" "-w" "/opt/rustwide/workdir" "-m" "1610612736" "--user" "0:0" "--network" "none" "ghcr.io/rust-lang/crates-build-env/linux@sha256:2788e3201cd34a07e3172128adcd8b3090168a8e3bcc40d7c032b9dda1df7d1c" "/opt/rustwide/cargo-home/bin/cargo" "+1.75.0" "test" "--frozen", kill_on_drop: false }`
[INFO] [stdout] 3196fa3b86ad7276e15901eadc76ee641f9aa575393dbe4f116c4ec4081fc007
[INFO] running `Command { std: "docker" "start" "-a" "3196fa3b86ad7276e15901eadc76ee641f9aa575393dbe4f116c4ec4081fc007", kill_on_drop: false }`
[INFO] [stderr] warning: unused variable: `span`
[INFO] [stderr]    --> src/custom_type_register_visitor.rs:122:9
[INFO] [stderr]     |
[INFO] [stderr] 122 |         span: &'ast lang_c::span::Span,
[INFO] [stderr]     |         ^^^^ help: if this is intentional, prefix it with an underscore: `_span`
[INFO] [stderr]     |
[INFO] [stderr]     = note: `#[warn(unused_variables)]` on by default
[INFO] [stderr] 
[INFO] [stderr] warning: variants `MissingAddress` and `UnknownTypeField` are never constructed
[INFO] [stderr]   --> src/custom_type_register_visitor.rs:37:5
[INFO] [stderr]    |
[INFO] [stderr] 35 | pub enum CustomTypeVisitorError {
[INFO] [stderr]    |          ---------------------- variants in this enum
[INFO] [stderr] 36 |     #[error("Did not find address for {0}")]
[INFO] [stderr] 37 |     MissingAddress(String),
[INFO] [stderr]    |     ^^^^^^^^^^^^^^
[INFO] [stderr] ...
[INFO] [stderr] 49 |     UnknownTypeField(String),
[INFO] [stderr]    |     ^^^^^^^^^^^^^^^^
[INFO] [stderr]    |
[INFO] [stderr]    = note: `CustomTypeVisitorError` has a derived impl for the trait `Debug`, but this is intentionally ignored during dead code analysis
[INFO] [stderr]    = note: `#[warn(dead_code)]` on by default
[INFO] [stderr] 
[INFO] [stderr] warning: associated items `new` and `get_registers` are never used
[INFO] [stderr]   --> src/custom_type_register_visitor.rs:88:12
[INFO] [stderr]    |
[INFO] [stderr] 87 | impl CustomTypeVisitor {
[INFO] [stderr]    | ---------------------- associated items in this implementation
[INFO] [stderr] 88 |     pub fn new(interface_name: &str) -> Self {
[INFO] [stderr]    |            ^^^
[INFO] [stderr] ...
[INFO] [stderr] 95 |     pub fn get_registers(
[INFO] [stderr]    |            ^^^^^^^^^^^^^
[INFO] [stderr] 
[INFO] [stderr] warning: variant `UnknownTypeField` is never constructed
[INFO] [stderr]   --> src/custom_type_register_visitor.rs:49:5
[INFO] [stderr]    |
[INFO] [stderr] 35 | pub enum CustomTypeVisitorError {
[INFO] [stderr]    |          ---------------------- variant in this enum
[INFO] [stderr] ...
[INFO] [stderr] 49 |     UnknownTypeField(String),
[INFO] [stderr]    |     ^^^^^^^^^^^^^^^^
[INFO] [stderr]    |
[INFO] [stderr]    = note: `CustomTypeVisitorError` has a derived impl for the trait `Debug`, but this is intentionally ignored during dead code analysis
[INFO] [stderr]    = note: `#[warn(dead_code)]` on by default
[INFO] [stderr] 
[INFO] [stderr] warning: `ni-fpga-interface-build` (lib) generated 3 warnings (run `cargo fix --lib -p ni-fpga-interface-build` to apply 1 suggestion)
[INFO] [stderr] warning: `ni-fpga-interface-build` (lib test) generated 2 warnings (1 duplicate)
[INFO] [stderr]     Finished test [unoptimized + debuginfo] target(s) in 0.01s
[INFO] [stderr]      Running unittests src/lib.rs (/opt/rustwide/target/debug/deps/ni_fpga_interface_build-fc5864ceac3c1056)
[INFO] [stdout] 
[INFO] [stdout] running 32 tests
[INFO] [stdout] test address_definitions_visitor::tests::test_different_interface_name ... ok
[INFO] [stdout] test address_definitions_visitor::tests::no_definitions_in_use ... ok
[INFO] [stdout] test address_definitions_visitor::tests::test_host_to_target_fifo_definition ... ok
[INFO] [stdout] test custom_type_register_visitor::tests::test_fxp_control_and_indicator ... ignored, still brittle and unfinished
[INFO] [stdout] test address_definitions_visitor::tests::test_basic_control_definition ... ok
[INFO] [stdout] test address_definitions_visitor::tests::test_indicators ... ok
[INFO] [stdout] test address_definitions_visitor::tests::test_indicator_arrays ... ok
[INFO] [stdout] test custom_type_register_visitor::tests::test_name_deconstruction_no_prefix ... ok
[INFO] [stdout] test address_definitions_visitor::tests::test_type_extraction ... ok
[INFO] [stdout] test address_definitions_visitor::tests::test_control_arrays_multiple ... ok
[INFO] [stdout] test custom_type_register_visitor::tests::test_name_deconstruction_non_structure ... ok
[INFO] [stdout] test registers_generator::tests::test_generate_array_indicator_size ... ok
[INFO] [stdout] test custom_type_register_visitor::tests::test_name_deconstruction_valid ... ok
[INFO] [stdout] test bindings_parser::tests::test_signature_extraction ... ok
[INFO] [stdout] test registers_generator::tests::test_generate_control_array_size ... ok
[INFO] [stdout] test address_definitions_visitor::tests::test_target_to_host_fifo_definition ... ok
[INFO] [stdout] test registers_generator::tests::test_generate_array_indicator_register ... ok
[INFO] [stdout] test address_definitions_visitor::tests::test_multiple_of_same_type ... ok
[INFO] [stdout] test registers_generator::tests::test_generate_control_array_register ... ok
[INFO] [stdout] test registers_generator::tests::test_generate_control_register ... ok
[INFO] [stdout] test registers_generator::tests::test_generate_control_register_f64 ... ok
[INFO] [stdout] test registers_generator::tests::test_generate_control_register_f32 ... ok
[INFO] [stdout] test registers_generator::tests::test_should_generate_a_public_module_with_fifos ... ok
[INFO] [stdout] test registers_generator::tests::test_should_not_include_fifos_in_register_module ... ok
[INFO] [stdout] test registers_generator::tests::test_should_generate_a_public_module_with_registers ... ok
[INFO] [stdout] test registers_generator::tests::test_generate_indicator_register ... ok
[INFO] [stdout] test registers_generator::tests::test_should_extract_size_from_set_for_array_register ... ok
[INFO] [stdout] test string_constant_visitor::tests::test_ignores_if_prefix_doesnt_match ... ok
[INFO] [stdout] test string_constant_visitor::tests::test_constant_extraction_happy_path ... ok
[INFO] [stdout] test test::test_constructs_from_custom_header_relative_path ... ok
[INFO] [stdout] test string_constant_visitor::tests::test_ignores_if_name_doesnt_match ... ok
[INFO] [stdout] test test::test_constructs_from_custom_header_absolute_path ... FAILED
[INFO] [stdout] 
[INFO] [stdout] failures:
[INFO] [stdout] 
[INFO] [stdout] ---- test::test_constructs_from_custom_header_absolute_path stdout ----
[INFO] [stdout] thread 'test::test_constructs_from_custom_header_absolute_path' panicked at src/lib.rs:94:14:
[INFO] [stdout] called `Option::unwrap()` on a `None` value
[INFO] [stdout] stack backtrace:
[INFO] [stdout]    0:     0x562d7785a52c - std::backtrace_rs::backtrace::libunwind::trace::ha637c64ce894333a
[INFO] [stdout]                                at /rustc/82e1608dfa6e0b5569232559e3d385fea5a93112/library/std/src/../../backtrace/src/backtrace/libunwind.rs:104:5
[INFO] [stdout]    1:     0x562d7785a52c - std::backtrace_rs::backtrace::trace_unsynchronized::h47f62dea28e0c88d
[INFO] [stdout]                                at /rustc/82e1608dfa6e0b5569232559e3d385fea5a93112/library/std/src/../../backtrace/src/backtrace/mod.rs:66:5
[INFO] [stdout]    2:     0x562d7785a52c - std::sys_common::backtrace::_print_fmt::h9eef0abe20ede486
[INFO] [stdout]                                at /rustc/82e1608dfa6e0b5569232559e3d385fea5a93112/library/std/src/sys_common/backtrace.rs:67:5
[INFO] [stdout]    3:     0x562d7785a52c - <std::sys_common::backtrace::_print::DisplayBacktrace as core::fmt::Display>::fmt::hed7f999df88cc644
[INFO] [stdout]                                at /rustc/82e1608dfa6e0b5569232559e3d385fea5a93112/library/std/src/sys_common/backtrace.rs:44:22
[INFO] [stdout]    4:     0x562d77884350 - core::fmt::rt::Argument::fmt::h1539a9308b8d058d
[INFO] [stdout]                                at /rustc/82e1608dfa6e0b5569232559e3d385fea5a93112/library/core/src/fmt/rt.rs:142:9
[INFO] [stdout]    5:     0x562d77884350 - core::fmt::write::h3a39390d8560d9c9
[INFO] [stdout]                                at /rustc/82e1608dfa6e0b5569232559e3d385fea5a93112/library/core/src/fmt/mod.rs:1120:17
[INFO] [stdout]    6:     0x562d77857c9f - std::io::Write::write_fmt::h040b369f3a0f9cbc
[INFO] [stdout]                                at /rustc/82e1608dfa6e0b5569232559e3d385fea5a93112/library/std/src/io/mod.rs:1762:15
[INFO] [stdout]    7:     0x562d7785a314 - std::sys_common::backtrace::_print::h894006fb5c6f3d45
[INFO] [stdout]                                at /rustc/82e1608dfa6e0b5569232559e3d385fea5a93112/library/std/src/sys_common/backtrace.rs:47:5
[INFO] [stdout]    8:     0x562d7785a314 - std::sys_common::backtrace::print::h23a2d212c6fff936
[INFO] [stdout]                                at /rustc/82e1608dfa6e0b5569232559e3d385fea5a93112/library/std/src/sys_common/backtrace.rs:34:9
[INFO] [stdout]    9:     0x562d7785bfd7 - std::panicking::default_hook::{{closure}}::h8a1d2ee00185001a
[INFO] [stdout]   10:     0x562d7785bcc3 - std::panicking::default_hook::h6038f2eba384e475
[INFO] [stdout]                                at /rustc/82e1608dfa6e0b5569232559e3d385fea5a93112/library/std/src/panicking.rs:289:9
[INFO] [stdout]   11:     0x562d7772d427 - <alloc::boxed::Box<F,A> as core::ops::function::Fn<Args>>::call::h0ad024c9bdc6d768
[INFO] [stdout]                                at /rustc/82e1608dfa6e0b5569232559e3d385fea5a93112/library/alloc/src/boxed.rs:2021:9
[INFO] [stdout]   12:     0x562d7772d427 - test::test_main::{{closure}}::h7500b54257359db6
[INFO] [stdout]                                at /rustc/82e1608dfa6e0b5569232559e3d385fea5a93112/library/test/src/lib.rs:138:21
[INFO] [stdout]   13:     0x562d7785c5e8 - <alloc::boxed::Box<F,A> as core::ops::function::Fn<Args>>::call::h1f8f335eaa9cfaee
[INFO] [stdout]                                at /rustc/82e1608dfa6e0b5569232559e3d385fea5a93112/library/alloc/src/boxed.rs:2021:9
[INFO] [stdout]   14:     0x562d7785c5e8 - std::panicking::rust_panic_with_hook::h2b5517d590cab22e
[INFO] [stdout]                                at /rustc/82e1608dfa6e0b5569232559e3d385fea5a93112/library/std/src/panicking.rs:783:13
[INFO] [stdout]   15:     0x562d7785c309 - std::panicking::begin_panic_handler::{{closure}}::h233112c06e0ef43e
[INFO] [stdout]                                at /rustc/82e1608dfa6e0b5569232559e3d385fea5a93112/library/std/src/panicking.rs:649:13
[INFO] [stdout]   16:     0x562d7785a9f6 - std::sys_common::backtrace::__rust_end_short_backtrace::h6e893f24d7ebbff8
[INFO] [stdout]                                at /rustc/82e1608dfa6e0b5569232559e3d385fea5a93112/library/std/src/sys_common/backtrace.rs:170:18
[INFO] [stdout]   17:     0x562d7785c0a2 - rust_begin_unwind
[INFO] [stdout]                                at /rustc/82e1608dfa6e0b5569232559e3d385fea5a93112/library/std/src/panicking.rs:645:5
[INFO] [stdout]   18:     0x562d776ab8a5 - core::panicking::panic_fmt::hbf0e066aabfa482c
[INFO] [stdout]                                at /rustc/82e1608dfa6e0b5569232559e3d385fea5a93112/library/core/src/panicking.rs:72:14
[INFO] [stdout]   19:     0x562d776ab943 - core::panicking::panic::h195fc2a96298d4c3
[INFO] [stdout]                                at /rustc/82e1608dfa6e0b5569232559e3d385fea5a93112/library/core/src/panicking.rs:127:5
[INFO] [stdout]   20:     0x562d776f7575 - core::option::Option<T>::unwrap::h0cb5ac6b6db23b1e
[INFO] [stdout]                                at /rustc/82e1608dfa6e0b5569232559e3d385fea5a93112/library/core/src/option.rs:931:21
[INFO] [stdout]   21:     0x562d776e6a69 - ni_fpga_interface_build::FpgaCInterface::from_custom_header::hada2be80e1fadccb
[INFO] [stdout]                                at /opt/rustwide/workdir/src/lib.rs:88:30
[INFO] [stdout]   22:     0x562d776d950e - ni_fpga_interface_build::test::test_constructs_from_custom_header_absolute_path::h7c8db8a86f6f5842
[INFO] [stdout]                                at /opt/rustwide/workdir/src/lib.rs:185:30
[INFO] [stdout]   23:     0x562d776d94c7 - ni_fpga_interface_build::test::test_constructs_from_custom_header_absolute_path::{{closure}}::h13103a16b2e890c2
[INFO] [stdout]                                at /opt/rustwide/workdir/src/lib.rs:183:58
[INFO] [stdout]   24:     0x562d776e0676 - core::ops::function::FnOnce::call_once::h7e581c98a5bce47b
[INFO] [stdout]                                at /rustc/82e1608dfa6e0b5569232559e3d385fea5a93112/library/core/src/ops/function.rs:250:5
[INFO] [stdout]   25:     0x562d77732a7f - core::ops::function::FnOnce::call_once::h2b5d431d5046312d
[INFO] [stdout]                                at /rustc/82e1608dfa6e0b5569232559e3d385fea5a93112/library/core/src/ops/function.rs:250:5
[INFO] [stdout]   26:     0x562d77732a7f - test::__rust_begin_short_backtrace::h7714669af176e207
[INFO] [stdout]                                at /rustc/82e1608dfa6e0b5569232559e3d385fea5a93112/library/test/src/lib.rs:628:18
[INFO] [stdout]   27:     0x562d77731a95 - test::run_test_in_process::{{closure}}::h85218797dcbcec12
[INFO] [stdout]                                at /rustc/82e1608dfa6e0b5569232559e3d385fea5a93112/library/test/src/lib.rs:651:60
[INFO] [stdout]   28:     0x562d77731a95 - <core::panic::unwind_safe::AssertUnwindSafe<F> as core::ops::function::FnOnce<()>>::call_once::h76c106ea31c14d7b
[INFO] [stdout]                                at /rustc/82e1608dfa6e0b5569232559e3d385fea5a93112/library/core/src/panic/unwind_safe.rs:272:9
[INFO] [stdout]   29:     0x562d77731a95 - std::panicking::try::do_call::h3bd5d0f6620ee946
[INFO] [stdout]                                at /rustc/82e1608dfa6e0b5569232559e3d385fea5a93112/library/std/src/panicking.rs:552:40
[INFO] [stdout]   30:     0x562d77731a95 - std::panicking::try::h232e535e4744fe31
[INFO] [stdout]                                at /rustc/82e1608dfa6e0b5569232559e3d385fea5a93112/library/std/src/panicking.rs:516:19
[INFO] [stdout]   31:     0x562d77731a95 - std::panic::catch_unwind::h3ce3bd6ca8dbac68
[INFO] [stdout]                                at /rustc/82e1608dfa6e0b5569232559e3d385fea5a93112/library/std/src/panic.rs:142:14
[INFO] [stdout]   32:     0x562d77731a95 - test::run_test_in_process::hc97b257c9621286a
[INFO] [stdout]                                at /rustc/82e1608dfa6e0b5569232559e3d385fea5a93112/library/test/src/lib.rs:651:27
[INFO] [stdout]   33:     0x562d77731a95 - test::run_test::{{closure}}::h2aa798823a438d38
[INFO] [stdout]                                at /rustc/82e1608dfa6e0b5569232559e3d385fea5a93112/library/test/src/lib.rs:574:43
[INFO] [stdout]   34:     0x562d776f9d56 - test::run_test::{{closure}}::h87d231c78fb59832
[INFO] [stdout]                                at /rustc/82e1608dfa6e0b5569232559e3d385fea5a93112/library/test/src/lib.rs:602:41
[INFO] [stdout]   35:     0x562d776f9d56 - std::sys_common::backtrace::__rust_begin_short_backtrace::he6df152596625789
[INFO] [stdout]                                at /rustc/82e1608dfa6e0b5569232559e3d385fea5a93112/library/std/src/sys_common/backtrace.rs:154:18
[INFO] [stdout]   36:     0x562d776fee07 - std::thread::Builder::spawn_unchecked_::{{closure}}::{{closure}}::ha94be15d1e0acf36
[INFO] [stdout]                                at /rustc/82e1608dfa6e0b5569232559e3d385fea5a93112/library/std/src/thread/mod.rs:529:17
[INFO] [stdout]   37:     0x562d776fee07 - <core::panic::unwind_safe::AssertUnwindSafe<F> as core::ops::function::FnOnce<()>>::call_once::h9dc6bd6372f16606
[INFO] [stdout]                                at /rustc/82e1608dfa6e0b5569232559e3d385fea5a93112/library/core/src/panic/unwind_safe.rs:272:9
[INFO] [stdout]   38:     0x562d776fee07 - std::panicking::try::do_call::h9057517f80303cd4
[INFO] [stdout]                                at /rustc/82e1608dfa6e0b5569232559e3d385fea5a93112/library/std/src/panicking.rs:552:40
[INFO] [stdout]   39:     0x562d776fee07 - std::panicking::try::he3a30b11ee45340c
[INFO] [stdout]                                at /rustc/82e1608dfa6e0b5569232559e3d385fea5a93112/library/std/src/panicking.rs:516:19
[INFO] [stdout]   40:     0x562d776fee07 - std::panic::catch_unwind::h410458cfd3528b8b
[INFO] [stdout]                                at /rustc/82e1608dfa6e0b5569232559e3d385fea5a93112/library/std/src/panic.rs:142:14
[INFO] [stdout]   41:     0x562d776fee07 - std::thread::Builder::spawn_unchecked_::{{closure}}::h72ac3bdb567b737b
[INFO] [stdout]                                at /rustc/82e1608dfa6e0b5569232559e3d385fea5a93112/library/std/src/thread/mod.rs:528:30
[INFO] [stdout]   42:     0x562d776fee07 - core::ops::function::FnOnce::call_once{{vtable.shim}}::h38f34da3654a8344
[INFO] [stdout]                                at /rustc/82e1608dfa6e0b5569232559e3d385fea5a93112/library/core/src/ops/function.rs:250:5
[INFO] [stdout]   43:     0x562d778611d5 - <alloc::boxed::Box<F,A> as core::ops::function::FnOnce<Args>>::call_once::hc7eafaff61e32df9
[INFO] [stdout]                                at /rustc/82e1608dfa6e0b5569232559e3d385fea5a93112/library/alloc/src/boxed.rs:2007:9
[INFO] [stdout]   44:     0x562d778611d5 - <alloc::boxed::Box<F,A> as core::ops::function::FnOnce<Args>>::call_once::h6ba4a5de48dd2304
[INFO] [stdout]                                at /rustc/82e1608dfa6e0b5569232559e3d385fea5a93112/library/alloc/src/boxed.rs:2007:9
[INFO] [stdout]   45:     0x562d778611d5 - std::sys::unix::thread::Thread::new::thread_start::he469335aef763e45
[INFO] [stdout]                                at /rustc/82e1608dfa6e0b5569232559e3d385fea5a93112/library/std/src/sys/unix/thread.rs:108:17
[INFO] [stdout]   46:     0x7fc25bcf2ac3 - <unknown>
[INFO] [stdout]   47:     0x7fc25bd83bf4 - __clone
[INFO] [stdout]   48:                0x0 - <unknown>
[INFO] [stdout] 
[INFO] [stdout] 
[INFO] [stdout] failures:
[INFO] [stdout]     test::test_constructs_from_custom_header_absolute_path
[INFO] [stdout] 
[INFO] [stdout] test result: FAILED. 30 passed; 1 failed; 1 ignored; 0 measured; 0 filtered out; finished in 0.03s
[INFO] [stdout] 
[INFO] [stderr] error: test failed, to rerun pass `--lib`
[INFO] running `Command { std: "docker" "inspect" "3196fa3b86ad7276e15901eadc76ee641f9aa575393dbe4f116c4ec4081fc007", kill_on_drop: false }`
[INFO] running `Command { std: "docker" "rm" "-f" "3196fa3b86ad7276e15901eadc76ee641f9aa575393dbe4f116c4ec4081fc007", kill_on_drop: false }`
[INFO] [stdout] 3196fa3b86ad7276e15901eadc76ee641f9aa575393dbe4f116c4ec4081fc007
[INFO] testing ni-fpga-interface-build-0.1.0 against beta-2023-12-22 for beta-1.76-1
[INFO] extracting crate ni-fpga-interface-build 0.1.0 into /workspace/builds/worker-3-tc2/source
[INFO] validating manifest of crates.io crate ni-fpga-interface-build 0.1.0 on toolchain beta-2023-12-22
[INFO] running `Command { std: CARGO_HOME="/workspace/cargo-home" RUSTUP_HOME="/workspace/rustup-home" "/workspace/cargo-home/bin/cargo" "+beta-2023-12-22" "metadata" "--manifest-path" "Cargo.toml" "--no-deps", kill_on_drop: false }`
[INFO] started tweaking crates.io crate ni-fpga-interface-build 0.1.0
[INFO] finished tweaking crates.io crate ni-fpga-interface-build 0.1.0
[INFO] tweaked toml for crates.io crate ni-fpga-interface-build 0.1.0 written to /workspace/builds/worker-3-tc2/source/Cargo.toml
[INFO] running `Command { std: CARGO_HOME="/workspace/cargo-home" RUSTUP_HOME="/workspace/rustup-home" "/workspace/cargo-home/bin/cargo" "+beta-2023-12-22" "generate-lockfile" "--manifest-path" "Cargo.toml", kill_on_drop: false }`
[INFO] [stderr]     Updating crates.io index
[INFO] running `Command { std: CARGO_HOME="/workspace/cargo-home" RUSTUP_HOME="/workspace/rustup-home" "/workspace/cargo-home/bin/cargo" "+beta-2023-12-22" "fetch" "--manifest-path" "Cargo.toml", kill_on_drop: false }`
[INFO] running `Command { std: "docker" "create" "-v" "/var/lib/crater-agent-workspace/builds/worker-3-tc2/target:/opt/rustwide/target:rw,Z" "-v" "/var/lib/crater-agent-workspace/builds/worker-3-tc2/source:/opt/rustwide/workdir:ro,Z" "-v" "/var/lib/crater-agent-workspace/cargo-home:/opt/rustwide/cargo-home:ro,Z" "-v" "/var/lib/crater-agent-workspace/rustup-home:/opt/rustwide/rustup-home:ro,Z" "-e" "SOURCE_DIR=/opt/rustwide/workdir" "-e" "CARGO_TARGET_DIR=/opt/rustwide/target" "-e" "CARGO_HOME=/opt/rustwide/cargo-home" "-e" "RUSTUP_HOME=/opt/rustwide/rustup-home" "-w" "/opt/rustwide/workdir" "-m" "1610612736" "--user" "0:0" "--network" "none" "ghcr.io/rust-lang/crates-build-env/linux@sha256:2788e3201cd34a07e3172128adcd8b3090168a8e3bcc40d7c032b9dda1df7d1c" "/opt/rustwide/cargo-home/bin/cargo" "+beta-2023-12-22" "metadata" "--no-deps" "--format-version=1", kill_on_drop: false }`
[INFO] [stdout] 7c8b5bc66640d35e2ede4019203c5ec0c7c99d92731fc99915b72649a3b32fa7
[INFO] running `Command { std: "docker" "start" "-a" "7c8b5bc66640d35e2ede4019203c5ec0c7c99d92731fc99915b72649a3b32fa7", kill_on_drop: false }`
[INFO] running `Command { std: "docker" "inspect" "7c8b5bc66640d35e2ede4019203c5ec0c7c99d92731fc99915b72649a3b32fa7", kill_on_drop: false }`
[INFO] running `Command { std: "docker" "rm" "-f" "7c8b5bc66640d35e2ede4019203c5ec0c7c99d92731fc99915b72649a3b32fa7", kill_on_drop: false }`
[INFO] [stdout] 7c8b5bc66640d35e2ede4019203c5ec0c7c99d92731fc99915b72649a3b32fa7
[INFO] running `Command { std: "docker" "create" "-v" "/var/lib/crater-agent-workspace/builds/worker-3-tc2/target:/opt/rustwide/target:rw,Z" "-v" "/var/lib/crater-agent-workspace/builds/worker-3-tc2/source:/opt/rustwide/workdir:ro,Z" "-v" "/var/lib/crater-agent-workspace/cargo-home:/opt/rustwide/cargo-home:ro,Z" "-v" "/var/lib/crater-agent-workspace/rustup-home:/opt/rustwide/rustup-home:ro,Z" "-e" "SOURCE_DIR=/opt/rustwide/workdir" "-e" "CARGO_TARGET_DIR=/opt/rustwide/target" "-e" "CARGO_INCREMENTAL=0" "-e" "RUST_BACKTRACE=full" "-e" "RUSTFLAGS=--cap-lints=warn" "-e" "RUSTDOCFLAGS=--cap-lints=warn" "-e" "CARGO_HOME=/opt/rustwide/cargo-home" "-e" "RUSTUP_HOME=/opt/rustwide/rustup-home" "-w" "/opt/rustwide/workdir" "-m" "1610612736" "--user" "0:0" "--network" "none" "ghcr.io/rust-lang/crates-build-env/linux@sha256:2788e3201cd34a07e3172128adcd8b3090168a8e3bcc40d7c032b9dda1df7d1c" "/opt/rustwide/cargo-home/bin/cargo" "+beta-2023-12-22" "build" "--frozen" "--message-format=json", kill_on_drop: false }`
[INFO] [stdout] 31aa61128a9f4334497d0960974a81e0d9d6157de723814b82e107871b0e24ab
[INFO] running `Command { std: "docker" "start" "-a" "31aa61128a9f4334497d0960974a81e0d9d6157de723814b82e107871b0e24ab", kill_on_drop: false }`
[INFO] [stderr]    Compiling proc-macro2 v1.0.75
[INFO] [stderr]    Compiling unicode-ident v1.0.12
[INFO] [stderr]    Compiling libc v0.2.151
[INFO] [stderr]    Compiling thiserror v1.0.56
[INFO] [stderr]    Compiling prettyplease v0.2.16
[INFO] [stderr]    Compiling lang-c v0.15.1
[INFO] [stderr]    Compiling quote v1.0.35
[INFO] [stderr]    Compiling syn v2.0.48
[INFO] [stderr]    Compiling cc v1.0.83
[INFO] [stderr]    Compiling thiserror-impl v1.0.56
[INFO] [stderr]    Compiling ni-fpga-interface-build v0.1.0 (/opt/rustwide/workdir)
[INFO] [stdout] warning: unused variable: `span`
[INFO] [stdout]    --> src/custom_type_register_visitor.rs:122:9
[INFO] [stdout]     |
[INFO] [stdout] 122 |         span: &'ast lang_c::span::Span,
[INFO] [stdout]     |         ^^^^ help: if this is intentional, prefix it with an underscore: `_span`
[INFO] [stdout]     |
[INFO] [stdout]     = note: `#[warn(unused_variables)]` on by default
[INFO] [stdout] 
[INFO] [stdout] 
[INFO] [stdout] warning: variants `MissingAddress` and `UnknownTypeField` are never constructed
[INFO] [stdout]   --> src/custom_type_register_visitor.rs:37:5
[INFO] [stdout]    |
[INFO] [stdout] 35 | pub enum CustomTypeVisitorError {
[INFO] [stdout]    |          ---------------------- variants in this enum
[INFO] [stdout] 36 |     #[error("Did not find address for {0}")]
[INFO] [stdout] 37 |     MissingAddress(String),
[INFO] [stdout]    |     ^^^^^^^^^^^^^^
[INFO] [stdout] ...
[INFO] [stdout] 49 |     UnknownTypeField(String),
[INFO] [stdout]    |     ^^^^^^^^^^^^^^^^
[INFO] [stdout]    |
[INFO] [stdout]    = note: `CustomTypeVisitorError` has a derived impl for the trait `Debug`, but this is intentionally ignored during dead code analysis
[INFO] [stdout]    = note: `#[warn(dead_code)]` on by default
[INFO] [stdout] 
[INFO] [stdout] 
[INFO] [stdout] warning: associated items `new` and `get_registers` are never used
[INFO] [stdout]   --> src/custom_type_register_visitor.rs:88:12
[INFO] [stdout]    |
[INFO] [stdout] 87 | impl CustomTypeVisitor {
[INFO] [stdout]    | ---------------------- associated items in this implementation
[INFO] [stdout] 88 |     pub fn new(interface_name: &str) -> Self {
[INFO] [stdout]    |            ^^^
[INFO] [stdout] ...
[INFO] [stdout] 95 |     pub fn get_registers(
[INFO] [stdout]    |            ^^^^^^^^^^^^^
[INFO] [stdout] 
[INFO] [stdout] 
[INFO] [stdout] warning: 3 warnings emitted
[INFO] [stdout] 
[INFO] [stdout] 
[INFO] [stderr]     Finished dev [unoptimized + debuginfo] target(s) in 5.27s
[INFO] running `Command { std: "docker" "inspect" "31aa61128a9f4334497d0960974a81e0d9d6157de723814b82e107871b0e24ab", kill_on_drop: false }`
[INFO] running `Command { std: "docker" "rm" "-f" "31aa61128a9f4334497d0960974a81e0d9d6157de723814b82e107871b0e24ab", kill_on_drop: false }`
[INFO] [stdout] 31aa61128a9f4334497d0960974a81e0d9d6157de723814b82e107871b0e24ab
[INFO] running `Command { std: "docker" "create" "-v" "/var/lib/crater-agent-workspace/builds/worker-3-tc2/target:/opt/rustwide/target:rw,Z" "-v" "/var/lib/crater-agent-workspace/builds/worker-3-tc2/source:/opt/rustwide/workdir:ro,Z" "-v" "/var/lib/crater-agent-workspace/cargo-home:/opt/rustwide/cargo-home:ro,Z" "-v" "/var/lib/crater-agent-workspace/rustup-home:/opt/rustwide/rustup-home:ro,Z" "-e" "SOURCE_DIR=/opt/rustwide/workdir" "-e" "CARGO_TARGET_DIR=/opt/rustwide/target" "-e" "CARGO_INCREMENTAL=0" "-e" "RUST_BACKTRACE=full" "-e" "RUSTFLAGS=--cap-lints=warn" "-e" "RUSTDOCFLAGS=--cap-lints=warn" "-e" "CARGO_HOME=/opt/rustwide/cargo-home" "-e" "RUSTUP_HOME=/opt/rustwide/rustup-home" "-w" "/opt/rustwide/workdir" "-m" "1610612736" "--user" "0:0" "--network" "none" "ghcr.io/rust-lang/crates-build-env/linux@sha256:2788e3201cd34a07e3172128adcd8b3090168a8e3bcc40d7c032b9dda1df7d1c" "/opt/rustwide/cargo-home/bin/cargo" "+beta-2023-12-22" "test" "--frozen" "--no-run" "--message-format=json", kill_on_drop: false }`
[INFO] [stdout] aac8e9bb0e6de89eab6487be7b99d3ef1c59cbda6200ecd3c0b8f9d5d71d6183
[INFO] running `Command { std: "docker" "start" "-a" "aac8e9bb0e6de89eab6487be7b99d3ef1c59cbda6200ecd3c0b8f9d5d71d6183", kill_on_drop: false }`
[INFO] [stdout] warning: unused variable: `span`
[INFO] [stdout]    --> src/custom_type_register_visitor.rs:122:9
[INFO] [stdout]     |
[INFO] [stdout] 122 |         span: &'ast lang_c::span::Span,
[INFO] [stdout]     |         ^^^^ help: if this is intentional, prefix it with an underscore: `_span`
[INFO] [stdout]     |
[INFO] [stdout]     = note: `#[warn(unused_variables)]` on by default
[INFO] [stdout] 
[INFO] [stdout] 
[INFO] [stdout] warning: variants `MissingAddress` and `UnknownTypeField` are never constructed
[INFO] [stdout]   --> src/custom_type_register_visitor.rs:37:5
[INFO] [stdout]    |
[INFO] [stdout] 35 | pub enum CustomTypeVisitorError {
[INFO] [stdout]    |          ---------------------- variants in this enum
[INFO] [stdout] 36 |     #[error("Did not find address for {0}")]
[INFO] [stdout] 37 |     MissingAddress(String),
[INFO] [stdout]    |     ^^^^^^^^^^^^^^
[INFO] [stdout] ...
[INFO] [stdout] 49 |     UnknownTypeField(String),
[INFO] [stdout]    |     ^^^^^^^^^^^^^^^^
[INFO] [stdout]    |
[INFO] [stdout]    = note: `CustomTypeVisitorError` has a derived impl for the trait `Debug`, but this is intentionally ignored during dead code analysis
[INFO] [stdout]    = note: `#[warn(dead_code)]` on by default
[INFO] [stdout] 
[INFO] [stdout] 
[INFO] [stderr]    Compiling ni-fpga-interface-build v0.1.0 (/opt/rustwide/workdir)
[INFO] [stdout] warning: associated items `new` and `get_registers` are never used
[INFO] [stdout]   --> src/custom_type_register_visitor.rs:88:12
[INFO] [stdout]    |
[INFO] [stdout] 87 | impl CustomTypeVisitor {
[INFO] [stdout]    | ---------------------- associated items in this implementation
[INFO] [stdout] 88 |     pub fn new(interface_name: &str) -> Self {
[INFO] [stdout]    |            ^^^
[INFO] [stdout] ...
[INFO] [stdout] 95 |     pub fn get_registers(
[INFO] [stdout]    |            ^^^^^^^^^^^^^
[INFO] [stdout] 
[INFO] [stdout] 
[INFO] [stdout] warning: 3 warnings emitted
[INFO] [stdout] 
[INFO] [stdout] 
[INFO] [stdout] warning: unused variable: `span`
[INFO] [stdout]    --> src/custom_type_register_visitor.rs:122:9
[INFO] [stdout]     |
[INFO] [stdout] 122 |         span: &'ast lang_c::span::Span,
[INFO] [stdout]     |         ^^^^ help: if this is intentional, prefix it with an underscore: `_span`
[INFO] [stdout]     |
[INFO] [stdout]     = note: `#[warn(unused_variables)]` on by default
[INFO] [stdout] 
[INFO] [stdout] 
[INFO] [stdout] warning: variant `UnknownTypeField` is never constructed
[INFO] [stdout]   --> src/custom_type_register_visitor.rs:49:5
[INFO] [stdout]    |
[INFO] [stdout] 35 | pub enum CustomTypeVisitorError {
[INFO] [stdout]    |          ---------------------- variant in this enum
[INFO] [stdout] ...
[INFO] [stdout] 49 |     UnknownTypeField(String),
[INFO] [stdout]    |     ^^^^^^^^^^^^^^^^
[INFO] [stdout]    |
[INFO] [stdout]    = note: `CustomTypeVisitorError` has a derived impl for the trait `Debug`, but this is intentionally ignored during dead code analysis
[INFO] [stdout]    = note: `#[warn(dead_code)]` on by default
[INFO] [stdout] 
[INFO] [stdout] 
[INFO] [stdout] warning: 2 warnings emitted
[INFO] [stdout] 
[INFO] [stdout] 
[INFO] [stderr]     Finished test [unoptimized + debuginfo] target(s) in 1.34s
[INFO] running `Command { std: "docker" "inspect" "aac8e9bb0e6de89eab6487be7b99d3ef1c59cbda6200ecd3c0b8f9d5d71d6183", kill_on_drop: false }`
[INFO] running `Command { std: "docker" "rm" "-f" "aac8e9bb0e6de89eab6487be7b99d3ef1c59cbda6200ecd3c0b8f9d5d71d6183", kill_on_drop: false }`
[INFO] [stdout] aac8e9bb0e6de89eab6487be7b99d3ef1c59cbda6200ecd3c0b8f9d5d71d6183
[INFO] running `Command { std: "docker" "create" "-v" "/var/lib/crater-agent-workspace/builds/worker-3-tc2/target:/opt/rustwide/target:rw,Z" "-v" "/var/lib/crater-agent-workspace/builds/worker-3-tc2/source:/opt/rustwide/workdir:ro,Z" "-v" "/var/lib/crater-agent-workspace/cargo-home:/opt/rustwide/cargo-home:ro,Z" "-v" "/var/lib/crater-agent-workspace/rustup-home:/opt/rustwide/rustup-home:ro,Z" "-e" "SOURCE_DIR=/opt/rustwide/workdir" "-e" "CARGO_TARGET_DIR=/opt/rustwide/target" "-e" "CARGO_INCREMENTAL=0" "-e" "RUST_BACKTRACE=full" "-e" "RUSTFLAGS=--cap-lints=warn" "-e" "RUSTDOCFLAGS=--cap-lints=warn" "-e" "CARGO_HOME=/opt/rustwide/cargo-home" "-e" "RUSTUP_HOME=/opt/rustwide/rustup-home" "-w" "/opt/rustwide/workdir" "-m" "1610612736" "--user" "0:0" "--network" "none" "ghcr.io/rust-lang/crates-build-env/linux@sha256:2788e3201cd34a07e3172128adcd8b3090168a8e3bcc40d7c032b9dda1df7d1c" "/opt/rustwide/cargo-home/bin/cargo" "+beta-2023-12-22" "test" "--frozen", kill_on_drop: false }`
[INFO] [stdout] 4ca0668224ce286e6c50ddc00f5392fbec04541bb64daec666c29ae1cbf4c82c
[INFO] running `Command { std: "docker" "start" "-a" "4ca0668224ce286e6c50ddc00f5392fbec04541bb64daec666c29ae1cbf4c82c", kill_on_drop: false }`
[INFO] [stderr] warning: unused variable: `span`
[INFO] [stderr]    --> src/custom_type_register_visitor.rs:122:9
[INFO] [stderr]     |
[INFO] [stderr] 122 |         span: &'ast lang_c::span::Span,
[INFO] [stderr]     |         ^^^^ help: if this is intentional, prefix it with an underscore: `_span`
[INFO] [stderr]     |
[INFO] [stderr]     = note: `#[warn(unused_variables)]` on by default
[INFO] [stderr] 
[INFO] [stderr] warning: variants `MissingAddress` and `UnknownTypeField` are never constructed
[INFO] [stderr]   --> src/custom_type_register_visitor.rs:37:5
[INFO] [stderr]    |
[INFO] [stderr] 35 | pub enum CustomTypeVisitorError {
[INFO] [stderr]    |          ---------------------- variants in this enum
[INFO] [stderr] 36 |     #[error("Did not find address for {0}")]
[INFO] [stderr] 37 |     MissingAddress(String),
[INFO] [stderr]    |     ^^^^^^^^^^^^^^
[INFO] [stderr] ...
[INFO] [stderr] 49 |     UnknownTypeField(String),
[INFO] [stderr]    |     ^^^^^^^^^^^^^^^^
[INFO] [stderr]    |
[INFO] [stderr]    = note: `CustomTypeVisitorError` has a derived impl for the trait `Debug`, but this is intentionally ignored during dead code analysis
[INFO] [stderr]    = note: `#[warn(dead_code)]` on by default
[INFO] [stderr] 
[INFO] [stderr] warning: associated items `new` and `get_registers` are never used
[INFO] [stderr]   --> src/custom_type_register_visitor.rs:88:12
[INFO] [stderr]    |
[INFO] [stderr] 87 | impl CustomTypeVisitor {
[INFO] [stderr]    | ---------------------- associated items in this implementation
[INFO] [stderr] 88 |     pub fn new(interface_name: &str) -> Self {
[INFO] [stderr]    |            ^^^
[INFO] [stderr] ...
[INFO] [stderr] 95 |     pub fn get_registers(
[INFO] [stderr]    |            ^^^^^^^^^^^^^
[INFO] [stderr] 
[INFO] [stderr] warning: `ni-fpga-interface-build` (lib) generated 3 warnings (run `cargo fix --lib -p ni-fpga-interface-build` to apply 1 suggestion)
[INFO] [stderr] warning: variant `UnknownTypeField` is never constructed
[INFO] [stderr]   --> src/custom_type_register_visitor.rs:49:5
[INFO] [stderr]    |
[INFO] [stderr] 35 | pub enum CustomTypeVisitorError {
[INFO] [stderr]    |          ---------------------- variant in this enum
[INFO] [stderr] ...
[INFO] [stderr] 49 |     UnknownTypeField(String),
[INFO] [stderr]    |     ^^^^^^^^^^^^^^^^
[INFO] [stderr]    |
[INFO] [stderr]    = note: `CustomTypeVisitorError` has a derived impl for the trait `Debug`, but this is intentionally ignored during dead code analysis
[INFO] [stderr]    = note: `#[warn(dead_code)]` on by default
[INFO] [stderr] 
[INFO] [stderr] warning: `ni-fpga-interface-build` (lib test) generated 2 warnings (1 duplicate)
[INFO] [stderr]     Finished test [unoptimized + debuginfo] target(s) in 0.01s
[INFO] [stderr]      Running unittests src/lib.rs (/opt/rustwide/target/debug/deps/ni_fpga_interface_build-fd8cee5fadbf1154)
[INFO] [stdout] 
[INFO] [stdout] running 32 tests
[INFO] [stdout] test address_definitions_visitor::tests::no_definitions_in_use ... ok
[INFO] [stdout] test address_definitions_visitor::tests::test_control_arrays_multiple ... ok
[INFO] [stdout] test address_definitions_visitor::tests::test_different_interface_name ... ok
[INFO] [stdout] test custom_type_register_visitor::tests::test_fxp_control_and_indicator ... ignored, still brittle and unfinished
[INFO] [stdout] test address_definitions_visitor::tests::test_host_to_target_fifo_definition ... ok
[INFO] [stdout] test address_definitions_visitor::tests::test_basic_control_definition ... ok
[INFO] [stdout] test address_definitions_visitor::tests::test_indicator_arrays ... ok
[INFO] [stdout] test address_definitions_visitor::tests::test_indicators ... ok
[INFO] [stdout] test custom_type_register_visitor::tests::test_name_deconstruction_non_structure ... ok
[INFO] [stdout] test custom_type_register_visitor::tests::test_name_deconstruction_no_prefix ... ok
[INFO] [stdout] test registers_generator::tests::test_generate_control_array_size ... ok
[INFO] [stdout] test registers_generator::tests::test_generate_array_indicator_size ... ok
[INFO] [stdout] test address_definitions_visitor::tests::test_target_to_host_fifo_definition ... ok
[INFO] [stdout] test registers_generator::tests::test_generate_control_array_register ... ok
[INFO] [stdout] test registers_generator::tests::test_should_extract_size_from_set_for_array_register ... ok
[INFO] [stdout] test bindings_parser::tests::test_signature_extraction ... ok
[INFO] [stdout] test registers_generator::tests::test_generate_control_register ... ok
[INFO] [stdout] test registers_generator::tests::test_should_not_include_fifos_in_register_module ... ok
[INFO] [stdout] test custom_type_register_visitor::tests::test_name_deconstruction_valid ... ok
[INFO] [stdout] test registers_generator::tests::test_should_generate_a_public_module_with_fifos ... ok
[INFO] [stdout] test address_definitions_visitor::tests::test_multiple_of_same_type ... ok
[INFO] [stdout] test registers_generator::tests::test_should_generate_a_public_module_with_registers ... ok
[INFO] [stdout] test registers_generator::tests::test_generate_array_indicator_register ... ok
[INFO] [stdout] test registers_generator::tests::test_generate_indicator_register ... ok
[INFO] [stdout] test registers_generator::tests::test_generate_control_register_f32 ... ok
[INFO] [stdout] test registers_generator::tests::test_generate_control_register_f64 ... ok
[INFO] [stdout] test address_definitions_visitor::tests::test_type_extraction ... ok
[INFO] [stdout] test string_constant_visitor::tests::test_ignores_if_name_doesnt_match ... ok
[INFO] [stdout] test string_constant_visitor::tests::test_constant_extraction_happy_path ... ok
[INFO] [stdout] test string_constant_visitor::tests::test_ignores_if_prefix_doesnt_match ... ok
[INFO] [stdout] test test::test_constructs_from_custom_header_relative_path ... ok
[INFO] [stdout] test test::test_constructs_from_custom_header_absolute_path ... FAILED
[INFO] [stdout] 
[INFO] [stdout] failures:
[INFO] [stdout] 
[INFO] [stdout] ---- test::test_constructs_from_custom_header_absolute_path stdout ----
[INFO] [stdout] thread 'test::test_constructs_from_custom_header_absolute_path' panicked at src/lib.rs:94:14:
[INFO] [stdout] called `Option::unwrap()` on a `None` value
[INFO] [stdout] stack backtrace:
[INFO] [stdout]    0:     0x55fcb7d77dc6 - std::backtrace_rs::backtrace::libunwind::trace::h261606ad26a499c1
[INFO] [stdout]                                at /rustc/0e09125c6c3c2fd70d7de961bcf0e51575235fad/library/std/src/../../backtrace/src/backtrace/libunwind.rs:104:5
[INFO] [stdout]    1:     0x55fcb7d77dc6 - std::backtrace_rs::backtrace::trace_unsynchronized::hd183f0625477fb28
[INFO] [stdout]                                at /rustc/0e09125c6c3c2fd70d7de961bcf0e51575235fad/library/std/src/../../backtrace/src/backtrace/mod.rs:66:5
[INFO] [stdout]    2:     0x55fcb7d77dc6 - std::sys_common::backtrace::_print_fmt::hd7f8fef21b4eda67
[INFO] [stdout]                                at /rustc/0e09125c6c3c2fd70d7de961bcf0e51575235fad/library/std/src/sys_common/backtrace.rs:68:5
[INFO] [stdout]    3:     0x55fcb7d77dc6 - <std::sys_common::backtrace::_print::DisplayBacktrace as core::fmt::Display>::fmt::h623d9b51f2f453f1
[INFO] [stdout]                                at /rustc/0e09125c6c3c2fd70d7de961bcf0e51575235fad/library/std/src/sys_common/backtrace.rs:44:22
[INFO] [stdout]    4:     0x55fcb7da0ee0 - core::fmt::rt::Argument::fmt::h9f417ac76a86f368
[INFO] [stdout]                                at /rustc/0e09125c6c3c2fd70d7de961bcf0e51575235fad/library/core/src/fmt/rt.rs:142:9
[INFO] [stdout]    5:     0x55fcb7da0ee0 - core::fmt::write::hc9b6faf4ac2aeff7
[INFO] [stdout]                                at /rustc/0e09125c6c3c2fd70d7de961bcf0e51575235fad/library/core/src/fmt/mod.rs:1120:17
[INFO] [stdout]    6:     0x55fcb7d755ef - std::io::Write::write_fmt::he04625a3a989fec3
[INFO] [stdout]                                at /rustc/0e09125c6c3c2fd70d7de961bcf0e51575235fad/library/std/src/io/mod.rs:1810:15
[INFO] [stdout]    7:     0x55fcb7d77ba4 - std::sys_common::backtrace::_print::hd5d66399c7df88a2
[INFO] [stdout]                                at /rustc/0e09125c6c3c2fd70d7de961bcf0e51575235fad/library/std/src/sys_common/backtrace.rs:47:5
[INFO] [stdout]    8:     0x55fcb7d77ba4 - std::sys_common::backtrace::print::he81ed2da642d37e5
[INFO] [stdout]                                at /rustc/0e09125c6c3c2fd70d7de961bcf0e51575235fad/library/std/src/sys_common/backtrace.rs:34:9
[INFO] [stdout]    9:     0x55fcb7d79917 - std::panicking::default_hook::{{closure}}::h85773f4fa117163d
[INFO] [stdout]   10:     0x55fcb7d795fd - std::panicking::default_hook::h6a1694a91d09b278
[INFO] [stdout]                                at /rustc/0e09125c6c3c2fd70d7de961bcf0e51575235fad/library/std/src/panicking.rs:289:9
[INFO] [stdout]   11:     0x55fcb7c475b7 - <alloc::boxed::Box<F,A> as core::ops::function::Fn<Args>>::call::h616ac37fa3cd6c8f
[INFO] [stdout]                                at /rustc/0e09125c6c3c2fd70d7de961bcf0e51575235fad/library/alloc/src/boxed.rs:2029:9
[INFO] [stdout]   12:     0x55fcb7c475b7 - test::test_main::{{closure}}::h00d84697cefdcbb6
[INFO] [stdout]                                at /rustc/0e09125c6c3c2fd70d7de961bcf0e51575235fad/library/test/src/lib.rs:138:21
[INFO] [stdout]   13:     0x55fcb7d79f36 - <alloc::boxed::Box<F,A> as core::ops::function::Fn<Args>>::call::hcb3fe3b9bb537ba8
[INFO] [stdout]                                at /rustc/0e09125c6c3c2fd70d7de961bcf0e51575235fad/library/alloc/src/boxed.rs:2029:9
[INFO] [stdout]   14:     0x55fcb7d79f36 - std::panicking::rust_panic_with_hook::h0a7ad96e90f7145b
[INFO] [stdout]                                at /rustc/0e09125c6c3c2fd70d7de961bcf0e51575235fad/library/std/src/panicking.rs:783:13
[INFO] [stdout]   15:     0x55fcb7d79c49 - std::panicking::begin_panic_handler::{{closure}}::h7919090525c6485e
[INFO] [stdout]                                at /rustc/0e09125c6c3c2fd70d7de961bcf0e51575235fad/library/std/src/panicking.rs:649:13
[INFO] [stdout]   16:     0x55fcb7d782c6 - std::sys_common::backtrace::__rust_end_short_backtrace::hf3289479464f7dfe
[INFO] [stdout]                                at /rustc/0e09125c6c3c2fd70d7de961bcf0e51575235fad/library/std/src/sys_common/backtrace.rs:171:18
[INFO] [stdout]   17:     0x55fcb7d799e0 - rust_begin_unwind
[INFO] [stdout]                                at /rustc/0e09125c6c3c2fd70d7de961bcf0e51575235fad/library/std/src/panicking.rs:645:5
[INFO] [stdout]   18:     0x55fcb7bc6875 - core::panicking::panic_fmt::hcc9f77c5c132af55
[INFO] [stdout]                                at /rustc/0e09125c6c3c2fd70d7de961bcf0e51575235fad/library/core/src/panicking.rs:72:14
[INFO] [stdout]   19:     0x55fcb7bc6933 - core::panicking::panic::h5a1259c1164bd480
[INFO] [stdout]                                at /rustc/0e09125c6c3c2fd70d7de961bcf0e51575235fad/library/core/src/panicking.rs:144:5
[INFO] [stdout]   20:     0x55fcb7c10a65 - core::option::Option<T>::unwrap::hbc272a529c5fb13e
[INFO] [stdout]                                at /rustc/0e09125c6c3c2fd70d7de961bcf0e51575235fad/library/core/src/option.rs:931:21
[INFO] [stdout]   21:     0x55fcb7c02417 - ni_fpga_interface_build::FpgaCInterface::from_custom_header::ha81a0de5673bbc83
[INFO] [stdout]                                at /opt/rustwide/workdir/src/lib.rs:88:30
[INFO] [stdout]   22:     0x55fcb7bef21e - ni_fpga_interface_build::test::test_constructs_from_custom_header_absolute_path::hb3fbf53c95c69044
[INFO] [stdout]                                at /opt/rustwide/workdir/src/lib.rs:185:30
[INFO] [stdout]   23:     0x55fcb7bef1d7 - ni_fpga_interface_build::test::test_constructs_from_custom_header_absolute_path::{{closure}}::h1dc465f25a9811d7
[INFO] [stdout]                                at /opt/rustwide/workdir/src/lib.rs:183:58
[INFO] [stdout]   24:     0x55fcb7be8056 - core::ops::function::FnOnce::call_once::hf6dbc66707516d80
[INFO] [stdout]                                at /rustc/0e09125c6c3c2fd70d7de961bcf0e51575235fad/library/core/src/ops/function.rs:250:5
[INFO] [stdout]   25:     0x55fcb7c4ce8f - core::ops::function::FnOnce::call_once::hd64d26f405258157
[INFO] [stdout]                                at /rustc/0e09125c6c3c2fd70d7de961bcf0e51575235fad/library/core/src/ops/function.rs:250:5
[INFO] [stdout]   26:     0x55fcb7c4ce8f - test::__rust_begin_short_backtrace::he21b0b7a6d731bf9
[INFO] [stdout]                                at /rustc/0e09125c6c3c2fd70d7de961bcf0e51575235fad/library/test/src/lib.rs:627:18
[INFO] [stdout]   27:     0x55fcb7c4bc11 - test::run_test_in_process::{{closure}}::hf5c73986d7bdfde2
[INFO] [stdout]                                at /rustc/0e09125c6c3c2fd70d7de961bcf0e51575235fad/library/test/src/lib.rs:650:60
[INFO] [stdout]   28:     0x55fcb7c4bc11 - <core::panic::unwind_safe::AssertUnwindSafe<F> as core::ops::function::FnOnce<()>>::call_once::h330011ad032aadc0
[INFO] [stdout]                                at /rustc/0e09125c6c3c2fd70d7de961bcf0e51575235fad/library/core/src/panic/unwind_safe.rs:272:9
[INFO] [stdout]   29:     0x55fcb7c4bc11 - std::panicking::try::do_call::he61b0a958b795a41
[INFO] [stdout]                                at /rustc/0e09125c6c3c2fd70d7de961bcf0e51575235fad/library/std/src/panicking.rs:552:40
[INFO] [stdout]   30:     0x55fcb7c4bc11 - std::panicking::try::h7309da130f906eb7
[INFO] [stdout]                                at /rustc/0e09125c6c3c2fd70d7de961bcf0e51575235fad/library/std/src/panicking.rs:516:19
[INFO] [stdout]   31:     0x55fcb7c4bc11 - std::panic::catch_unwind::hc5c3a06fdaf0a92a
[INFO] [stdout]                                at /rustc/0e09125c6c3c2fd70d7de961bcf0e51575235fad/library/std/src/panic.rs:142:14
[INFO] [stdout]   32:     0x55fcb7c4bc11 - test::run_test_in_process::h7e7b7c71c3324e0f
[INFO] [stdout]                                at /rustc/0e09125c6c3c2fd70d7de961bcf0e51575235fad/library/test/src/lib.rs:650:27
[INFO] [stdout]   33:     0x55fcb7c4bc11 - test::run_test::{{closure}}::h1f509f28f5cf20b1
[INFO] [stdout]                                at /rustc/0e09125c6c3c2fd70d7de961bcf0e51575235fad/library/test/src/lib.rs:573:43
[INFO] [stdout]   34:     0x55fcb7c12f46 - test::run_test::{{closure}}::h1754218abf443f6d
[INFO] [stdout]                                at /rustc/0e09125c6c3c2fd70d7de961bcf0e51575235fad/library/test/src/lib.rs:601:41
[INFO] [stdout]   35:     0x55fcb7c12f46 - std::sys_common::backtrace::__rust_begin_short_backtrace::h2ee174b9d5954948
[INFO] [stdout]                                at /rustc/0e09125c6c3c2fd70d7de961bcf0e51575235fad/library/std/src/sys_common/backtrace.rs:155:18
[INFO] [stdout]   36:     0x55fcb7c17fa7 - std::thread::Builder::spawn_unchecked_::{{closure}}::{{closure}}::hf60bee9c1a17ef09
[INFO] [stdout]                                at /rustc/0e09125c6c3c2fd70d7de961bcf0e51575235fad/library/std/src/thread/mod.rs:529:17
[INFO] [stdout]   37:     0x55fcb7c17fa7 - <core::panic::unwind_safe::AssertUnwindSafe<F> as core::ops::function::FnOnce<()>>::call_once::h33d0dddec5216160
[INFO] [stdout]                                at /rustc/0e09125c6c3c2fd70d7de961bcf0e51575235fad/library/core/src/panic/unwind_safe.rs:272:9
[INFO] [stdout]   38:     0x55fcb7c17fa7 - std::panicking::try::do_call::h144b3048b546f835
[INFO] [stdout]                                at /rustc/0e09125c6c3c2fd70d7de961bcf0e51575235fad/library/std/src/panicking.rs:552:40
[INFO] [stdout]   39:     0x55fcb7c17fa7 - std::panicking::try::h978244d04646189f
[INFO] [stdout]                                at /rustc/0e09125c6c3c2fd70d7de961bcf0e51575235fad/library/std/src/panicking.rs:516:19
[INFO] [stdout]   40:     0x55fcb7c17fa7 - std::panic::catch_unwind::hdf436369d188fe86
[INFO] [stdout]                                at /rustc/0e09125c6c3c2fd70d7de961bcf0e51575235fad/library/std/src/panic.rs:142:14
[INFO] [stdout]   41:     0x55fcb7c17fa7 - std::thread::Builder::spawn_unchecked_::{{closure}}::h87329cbdd33c79ec
[INFO] [stdout]                                at /rustc/0e09125c6c3c2fd70d7de961bcf0e51575235fad/library/std/src/thread/mod.rs:528:30
[INFO] [stdout]   42:     0x55fcb7c17fa7 - core::ops::function::FnOnce::call_once{{vtable.shim}}::h401abbe67897d450
[INFO] [stdout]                                at /rustc/0e09125c6c3c2fd70d7de961bcf0e51575235fad/library/core/src/ops/function.rs:250:5
[INFO] [stdout]   43:     0x55fcb7d7eb45 - <alloc::boxed::Box<F,A> as core::ops::function::FnOnce<Args>>::call_once::h5d7c8f150ab9c84c
[INFO] [stdout]                                at /rustc/0e09125c6c3c2fd70d7de961bcf0e51575235fad/library/alloc/src/boxed.rs:2015:9
[INFO] [stdout]   44:     0x55fcb7d7eb45 - <alloc::boxed::Box<F,A> as core::ops::function::FnOnce<Args>>::call_once::h570d5b005c242c15
[INFO] [stdout]                                at /rustc/0e09125c6c3c2fd70d7de961bcf0e51575235fad/library/alloc/src/boxed.rs:2015:9
[INFO] [stdout]   45:     0x55fcb7d7eb45 - std::sys::unix::thread::Thread::new::thread_start::h36b0a20c0b2361ad
[INFO] [stdout]                                at /rustc/0e09125c6c3c2fd70d7de961bcf0e51575235fad/library/std/src/sys/unix/thread.rs:108:17
[INFO] [stdout]   46:     0x7f97f0b77ac3 - <unknown>
[INFO] [stdout]   47:     0x7f97f0c08bf4 - __clone
[INFO] [stdout]   48:                0x0 - <unknown>
[INFO] [stdout] 
[INFO] [stdout] 
[INFO] [stdout] failures:
[INFO] [stdout]     test::test_constructs_from_custom_header_absolute_path
[INFO] [stdout] 
[INFO] [stdout] test result: FAILED. 30 passed; 1 failed; 1 ignored; 0 measured; 0 filtered out; finished in 0.02s
[INFO] [stdout] 
[INFO] [stderr] error: test failed, to rerun pass `--lib`
[INFO] running `Command { std: "docker" "inspect" "4ca0668224ce286e6c50ddc00f5392fbec04541bb64daec666c29ae1cbf4c82c", kill_on_drop: false }`
[INFO] running `Command { std: "docker" "rm" "-f" "4ca0668224ce286e6c50ddc00f5392fbec04541bb64daec666c29ae1cbf4c82c", kill_on_drop: false }`
[INFO] [stdout] 4ca0668224ce286e6c50ddc00f5392fbec04541bb64daec666c29ae1cbf4c82c
