[INFO] fetching crate ngyn_shared 0.2.8...
[INFO] testing ngyn_shared-0.2.8 against 1.75.0 for beta-1.76-1
[INFO] extracting crate ngyn_shared 0.2.8 into /workspace/builds/worker-1-tc1/source
[INFO] validating manifest of crates.io crate ngyn_shared 0.2.8 on toolchain 1.75.0
[INFO] running `Command { std: CARGO_HOME="/workspace/cargo-home" RUSTUP_HOME="/workspace/rustup-home" "/workspace/cargo-home/bin/cargo" "+1.75.0" "metadata" "--manifest-path" "Cargo.toml" "--no-deps", kill_on_drop: false }`
[INFO] started tweaking crates.io crate ngyn_shared 0.2.8
[INFO] finished tweaking crates.io crate ngyn_shared 0.2.8
[INFO] tweaked toml for crates.io crate ngyn_shared 0.2.8 written to /workspace/builds/worker-1-tc1/source/Cargo.toml
[INFO] running `Command { std: CARGO_HOME="/workspace/cargo-home" RUSTUP_HOME="/workspace/rustup-home" "/workspace/cargo-home/bin/cargo" "+1.75.0" "generate-lockfile" "--manifest-path" "Cargo.toml", kill_on_drop: false }`
[INFO] [stderr]     Updating crates.io index
[INFO] running `Command { std: CARGO_HOME="/workspace/cargo-home" RUSTUP_HOME="/workspace/rustup-home" "/workspace/cargo-home/bin/cargo" "+1.75.0" "fetch" "--manifest-path" "Cargo.toml", kill_on_drop: false }`
[INFO] [stderr]  Downloading crates ...
[INFO] [stderr]   Downloaded route-recognizer v0.2.0
[INFO] [stderr]   Downloaded async-session v2.0.1
[INFO] [stderr]   Downloaded tide v0.16.0
[INFO] [stderr]   Downloaded async-sse v4.1.0
[INFO] [stderr]   Downloaded nject-macro v0.3.1
[INFO] [stderr]   Downloaded nject v0.3.1
[INFO] running `Command { std: "docker" "create" "-v" "/var/lib/crater-agent-workspace/builds/worker-1-tc1/target:/opt/rustwide/target:rw,Z" "-v" "/var/lib/crater-agent-workspace/builds/worker-1-tc1/source:/opt/rustwide/workdir:ro,Z" "-v" "/var/lib/crater-agent-workspace/cargo-home:/opt/rustwide/cargo-home:ro,Z" "-v" "/var/lib/crater-agent-workspace/rustup-home:/opt/rustwide/rustup-home:ro,Z" "-e" "SOURCE_DIR=/opt/rustwide/workdir" "-e" "CARGO_TARGET_DIR=/opt/rustwide/target" "-e" "CARGO_HOME=/opt/rustwide/cargo-home" "-e" "RUSTUP_HOME=/opt/rustwide/rustup-home" "-w" "/opt/rustwide/workdir" "-m" "1610612736" "--user" "0:0" "--network" "none" "ghcr.io/rust-lang/crates-build-env/linux@sha256:2788e3201cd34a07e3172128adcd8b3090168a8e3bcc40d7c032b9dda1df7d1c" "/opt/rustwide/cargo-home/bin/cargo" "+1.75.0" "metadata" "--no-deps" "--format-version=1", kill_on_drop: false }`
[INFO] [stdout] ee7b0638c9cc29431dd87b74de7223c6e825393b7c979bee117b724ce010f7a3
[INFO] running `Command { std: "docker" "start" "-a" "ee7b0638c9cc29431dd87b74de7223c6e825393b7c979bee117b724ce010f7a3", kill_on_drop: false }`
[INFO] running `Command { std: "docker" "inspect" "ee7b0638c9cc29431dd87b74de7223c6e825393b7c979bee117b724ce010f7a3", kill_on_drop: false }`
[INFO] running `Command { std: "docker" "rm" "-f" "ee7b0638c9cc29431dd87b74de7223c6e825393b7c979bee117b724ce010f7a3", kill_on_drop: false }`
[INFO] [stdout] ee7b0638c9cc29431dd87b74de7223c6e825393b7c979bee117b724ce010f7a3
[INFO] running `Command { std: "docker" "create" "-v" "/var/lib/crater-agent-workspace/builds/worker-1-tc1/target:/opt/rustwide/target:rw,Z" "-v" "/var/lib/crater-agent-workspace/builds/worker-1-tc1/source:/opt/rustwide/workdir:ro,Z" "-v" "/var/lib/crater-agent-workspace/cargo-home:/opt/rustwide/cargo-home:ro,Z" "-v" "/var/lib/crater-agent-workspace/rustup-home:/opt/rustwide/rustup-home:ro,Z" "-e" "SOURCE_DIR=/opt/rustwide/workdir" "-e" "CARGO_TARGET_DIR=/opt/rustwide/target" "-e" "CARGO_INCREMENTAL=0" "-e" "RUST_BACKTRACE=full" "-e" "RUSTFLAGS=--cap-lints=warn" "-e" "RUSTDOCFLAGS=--cap-lints=warn" "-e" "CARGO_HOME=/opt/rustwide/cargo-home" "-e" "RUSTUP_HOME=/opt/rustwide/rustup-home" "-w" "/opt/rustwide/workdir" "-m" "1610612736" "--user" "0:0" "--network" "none" "ghcr.io/rust-lang/crates-build-env/linux@sha256:2788e3201cd34a07e3172128adcd8b3090168a8e3bcc40d7c032b9dda1df7d1c" "/opt/rustwide/cargo-home/bin/cargo" "+1.75.0" "build" "--frozen" "--message-format=json", kill_on_drop: false }`
[INFO] [stdout] 9d8048c070e7173b51d42711ba379a470ce11df3cfa720831d5953f5696d19d5
[INFO] running `Command { std: "docker" "start" "-a" "9d8048c070e7173b51d42711ba379a470ce11df3cfa720831d5953f5696d19d5", kill_on_drop: false }`
[INFO] [stderr]    Compiling nject-macro v0.3.1
[INFO] [stderr]    Compiling nject v0.3.1
[INFO] [stderr]    Compiling ngyn_shared v0.2.8 (/opt/rustwide/workdir)
[INFO] [stderr]     Finished dev [unoptimized + debuginfo] target(s) in 0.86s
[INFO] running `Command { std: "docker" "inspect" "9d8048c070e7173b51d42711ba379a470ce11df3cfa720831d5953f5696d19d5", kill_on_drop: false }`
[INFO] running `Command { std: "docker" "rm" "-f" "9d8048c070e7173b51d42711ba379a470ce11df3cfa720831d5953f5696d19d5", kill_on_drop: false }`
[INFO] [stdout] 9d8048c070e7173b51d42711ba379a470ce11df3cfa720831d5953f5696d19d5
[INFO] running `Command { std: "docker" "create" "-v" "/var/lib/crater-agent-workspace/builds/worker-1-tc1/target:/opt/rustwide/target:rw,Z" "-v" "/var/lib/crater-agent-workspace/builds/worker-1-tc1/source:/opt/rustwide/workdir:ro,Z" "-v" "/var/lib/crater-agent-workspace/cargo-home:/opt/rustwide/cargo-home:ro,Z" "-v" "/var/lib/crater-agent-workspace/rustup-home:/opt/rustwide/rustup-home:ro,Z" "-e" "SOURCE_DIR=/opt/rustwide/workdir" "-e" "CARGO_TARGET_DIR=/opt/rustwide/target" "-e" "CARGO_INCREMENTAL=0" "-e" "RUST_BACKTRACE=full" "-e" "RUSTFLAGS=--cap-lints=warn" "-e" "RUSTDOCFLAGS=--cap-lints=warn" "-e" "CARGO_HOME=/opt/rustwide/cargo-home" "-e" "RUSTUP_HOME=/opt/rustwide/rustup-home" "-w" "/opt/rustwide/workdir" "-m" "1610612736" "--user" "0:0" "--network" "none" "ghcr.io/rust-lang/crates-build-env/linux@sha256:2788e3201cd34a07e3172128adcd8b3090168a8e3bcc40d7c032b9dda1df7d1c" "/opt/rustwide/cargo-home/bin/cargo" "+1.75.0" "test" "--frozen" "--no-run" "--message-format=json", kill_on_drop: false }`
[INFO] [stdout] 578f9cfc85f620664bbffedd50f49d7d117487528e711e36bb6892563b21cc2f
[INFO] running `Command { std: "docker" "start" "-a" "578f9cfc85f620664bbffedd50f49d7d117487528e711e36bb6892563b21cc2f", kill_on_drop: false }`
[INFO] [stderr]    Compiling ngyn_shared v0.2.8 (/opt/rustwide/workdir)
[INFO] [stderr]     Finished test [unoptimized + debuginfo] target(s) in 0.25s
[INFO] running `Command { std: "docker" "inspect" "578f9cfc85f620664bbffedd50f49d7d117487528e711e36bb6892563b21cc2f", kill_on_drop: false }`
[INFO] running `Command { std: "docker" "rm" "-f" "578f9cfc85f620664bbffedd50f49d7d117487528e711e36bb6892563b21cc2f", kill_on_drop: false }`
[INFO] [stdout] 578f9cfc85f620664bbffedd50f49d7d117487528e711e36bb6892563b21cc2f
[INFO] running `Command { std: "docker" "create" "-v" "/var/lib/crater-agent-workspace/builds/worker-1-tc1/target:/opt/rustwide/target:rw,Z" "-v" "/var/lib/crater-agent-workspace/builds/worker-1-tc1/source:/opt/rustwide/workdir:ro,Z" "-v" "/var/lib/crater-agent-workspace/cargo-home:/opt/rustwide/cargo-home:ro,Z" "-v" "/var/lib/crater-agent-workspace/rustup-home:/opt/rustwide/rustup-home:ro,Z" "-e" "SOURCE_DIR=/opt/rustwide/workdir" "-e" "CARGO_TARGET_DIR=/opt/rustwide/target" "-e" "CARGO_INCREMENTAL=0" "-e" "RUST_BACKTRACE=full" "-e" "RUSTFLAGS=--cap-lints=warn" "-e" "RUSTDOCFLAGS=--cap-lints=warn" "-e" "CARGO_HOME=/opt/rustwide/cargo-home" "-e" "RUSTUP_HOME=/opt/rustwide/rustup-home" "-w" "/opt/rustwide/workdir" "-m" "1610612736" "--user" "0:0" "--network" "none" "ghcr.io/rust-lang/crates-build-env/linux@sha256:2788e3201cd34a07e3172128adcd8b3090168a8e3bcc40d7c032b9dda1df7d1c" "/opt/rustwide/cargo-home/bin/cargo" "+1.75.0" "test" "--frozen", kill_on_drop: false }`
[INFO] [stdout] be895759a89ef04572d41d0e127d2fe6bd652a97b053233d9308cf5d1e023b94
[INFO] running `Command { std: "docker" "start" "-a" "be895759a89ef04572d41d0e127d2fe6bd652a97b053233d9308cf5d1e023b94", kill_on_drop: false }`
[INFO] [stderr]     Finished test [unoptimized + debuginfo] target(s) in 0.04s
[INFO] [stderr]      Running unittests src/lib.rs (/opt/rustwide/target/debug/deps/ngyn_shared-dece4abf1538002b)
[INFO] [stdout] 
[INFO] [stdout] running 0 tests
[INFO] [stdout] 
[INFO] [stdout] test result: ok. 0 passed; 0 failed; 0 ignored; 0 measured; 0 filtered out; finished in 0.00s
[INFO] [stdout] 
[INFO] [stderr]    Doc-tests ngyn_shared
[INFO] [stdout] 
[INFO] [stdout] running 1 test
[INFO] [stdout] test src/core/engine.rs - core::engine::NgynEngine::route (line 19) ... FAILED
[INFO] [stdout] 
[INFO] [stdout] failures:
[INFO] [stdout] 
[INFO] [stdout] ---- src/core/engine.rs - core::engine::NgynEngine::route (line 19) stdout ----
[INFO] [stdout] error[E0433]: failed to resolve: use of undeclared crate or module `ngyn`
[INFO] [stdout]  --> src/core/engine.rs:20:5
[INFO] [stdout]   |
[INFO] [stdout] 3 | use ngyn::{platforms::{NgynApplication, NgynEngine}, HttpMethod, NgynRequest, NgynResponse};
[INFO] [stdout]   |     ^^^^ use of undeclared crate or module `ngyn`
[INFO] [stdout] 
[INFO] [stdout] error[E0432]: unresolved import `ngyn`
[INFO] [stdout]  --> src/core/engine.rs:20:5
[INFO] [stdout]   |
[INFO] [stdout] 3 | use ngyn::{platforms::{NgynApplication, NgynEngine}, HttpMethod, NgynRequest, NgynResponse};
[INFO] [stdout]   |     ^^^^ use of undeclared crate or module `ngyn`
[INFO] [stdout] 
[INFO] [stdout] error: aborting due to 2 previous errors
[INFO] [stdout] 
[INFO] [stdout] Some errors have detailed explanations: E0432, E0433.
[INFO] [stdout] For more information about an error, try `rustc --explain E0432`.
[INFO] [stdout] Couldn't compile the test.
[INFO] [stdout] 
[INFO] [stdout] failures:
[INFO] [stdout]     src/core/engine.rs - core::engine::NgynEngine::route (line 19)
[INFO] [stdout] 
[INFO] [stdout] test result: FAILED. 0 passed; 1 failed; 0 ignored; 0 measured; 0 filtered out; finished in 0.04s
[INFO] [stdout] 
[INFO] [stderr] error: doctest failed, to rerun pass `--doc`
[INFO] running `Command { std: "docker" "inspect" "be895759a89ef04572d41d0e127d2fe6bd652a97b053233d9308cf5d1e023b94", kill_on_drop: false }`
[INFO] running `Command { std: "docker" "rm" "-f" "be895759a89ef04572d41d0e127d2fe6bd652a97b053233d9308cf5d1e023b94", kill_on_drop: false }`
[INFO] [stdout] be895759a89ef04572d41d0e127d2fe6bd652a97b053233d9308cf5d1e023b94
[INFO] testing ngyn_shared-0.2.8 against beta-2023-12-22 for beta-1.76-1
[INFO] extracting crate ngyn_shared 0.2.8 into /workspace/builds/worker-1-tc2/source
[INFO] validating manifest of crates.io crate ngyn_shared 0.2.8 on toolchain beta-2023-12-22
[INFO] running `Command { std: CARGO_HOME="/workspace/cargo-home" RUSTUP_HOME="/workspace/rustup-home" "/workspace/cargo-home/bin/cargo" "+beta-2023-12-22" "metadata" "--manifest-path" "Cargo.toml" "--no-deps", kill_on_drop: false }`
[INFO] started tweaking crates.io crate ngyn_shared 0.2.8
[INFO] finished tweaking crates.io crate ngyn_shared 0.2.8
[INFO] tweaked toml for crates.io crate ngyn_shared 0.2.8 written to /workspace/builds/worker-1-tc2/source/Cargo.toml
[INFO] running `Command { std: CARGO_HOME="/workspace/cargo-home" RUSTUP_HOME="/workspace/rustup-home" "/workspace/cargo-home/bin/cargo" "+beta-2023-12-22" "generate-lockfile" "--manifest-path" "Cargo.toml", kill_on_drop: false }`
[INFO] [stderr]     Updating crates.io index
[INFO] running `Command { std: CARGO_HOME="/workspace/cargo-home" RUSTUP_HOME="/workspace/rustup-home" "/workspace/cargo-home/bin/cargo" "+beta-2023-12-22" "fetch" "--manifest-path" "Cargo.toml", kill_on_drop: false }`
[INFO] running `Command { std: "docker" "create" "-v" "/var/lib/crater-agent-workspace/builds/worker-1-tc2/target:/opt/rustwide/target:rw,Z" "-v" "/var/lib/crater-agent-workspace/builds/worker-1-tc2/source:/opt/rustwide/workdir:ro,Z" "-v" "/var/lib/crater-agent-workspace/cargo-home:/opt/rustwide/cargo-home:ro,Z" "-v" "/var/lib/crater-agent-workspace/rustup-home:/opt/rustwide/rustup-home:ro,Z" "-e" "SOURCE_DIR=/opt/rustwide/workdir" "-e" "CARGO_TARGET_DIR=/opt/rustwide/target" "-e" "CARGO_HOME=/opt/rustwide/cargo-home" "-e" "RUSTUP_HOME=/opt/rustwide/rustup-home" "-w" "/opt/rustwide/workdir" "-m" "1610612736" "--user" "0:0" "--network" "none" "ghcr.io/rust-lang/crates-build-env/linux@sha256:2788e3201cd34a07e3172128adcd8b3090168a8e3bcc40d7c032b9dda1df7d1c" "/opt/rustwide/cargo-home/bin/cargo" "+beta-2023-12-22" "metadata" "--no-deps" "--format-version=1", kill_on_drop: false }`
[INFO] [stdout] c1137c2d1a2db62eebe0d460181c7f598b975522e51eb47295e831efb88c5401
[INFO] running `Command { std: "docker" "start" "-a" "c1137c2d1a2db62eebe0d460181c7f598b975522e51eb47295e831efb88c5401", kill_on_drop: false }`
[INFO] running `Command { std: "docker" "inspect" "c1137c2d1a2db62eebe0d460181c7f598b975522e51eb47295e831efb88c5401", kill_on_drop: false }`
[INFO] running `Command { std: "docker" "rm" "-f" "c1137c2d1a2db62eebe0d460181c7f598b975522e51eb47295e831efb88c5401", kill_on_drop: false }`
[INFO] [stdout] c1137c2d1a2db62eebe0d460181c7f598b975522e51eb47295e831efb88c5401
[INFO] running `Command { std: "docker" "create" "-v" "/var/lib/crater-agent-workspace/builds/worker-1-tc2/target:/opt/rustwide/target:rw,Z" "-v" "/var/lib/crater-agent-workspace/builds/worker-1-tc2/source:/opt/rustwide/workdir:ro,Z" "-v" "/var/lib/crater-agent-workspace/cargo-home:/opt/rustwide/cargo-home:ro,Z" "-v" "/var/lib/crater-agent-workspace/rustup-home:/opt/rustwide/rustup-home:ro,Z" "-e" "SOURCE_DIR=/opt/rustwide/workdir" "-e" "CARGO_TARGET_DIR=/opt/rustwide/target" "-e" "CARGO_INCREMENTAL=0" "-e" "RUST_BACKTRACE=full" "-e" "RUSTFLAGS=--cap-lints=warn" "-e" "RUSTDOCFLAGS=--cap-lints=warn" "-e" "CARGO_HOME=/opt/rustwide/cargo-home" "-e" "RUSTUP_HOME=/opt/rustwide/rustup-home" "-w" "/opt/rustwide/workdir" "-m" "1610612736" "--user" "0:0" "--network" "none" "ghcr.io/rust-lang/crates-build-env/linux@sha256:2788e3201cd34a07e3172128adcd8b3090168a8e3bcc40d7c032b9dda1df7d1c" "/opt/rustwide/cargo-home/bin/cargo" "+beta-2023-12-22" "build" "--frozen" "--message-format=json", kill_on_drop: false }`
[INFO] [stdout] 0e9669996c07f29f1c386ff664e714211cb628414c6098bbe37275479e17e8aa
[INFO] running `Command { std: "docker" "start" "-a" "0e9669996c07f29f1c386ff664e714211cb628414c6098bbe37275479e17e8aa", kill_on_drop: false }`
[INFO] [stderr]    Compiling nject-macro v0.3.1
[INFO] [stderr]    Compiling nject v0.3.1
[INFO] [stderr]    Compiling ngyn_shared v0.2.8 (/opt/rustwide/workdir)
[INFO] [stderr]     Finished dev [unoptimized + debuginfo] target(s) in 0.89s
[INFO] running `Command { std: "docker" "inspect" "0e9669996c07f29f1c386ff664e714211cb628414c6098bbe37275479e17e8aa", kill_on_drop: false }`
[INFO] running `Command { std: "docker" "rm" "-f" "0e9669996c07f29f1c386ff664e714211cb628414c6098bbe37275479e17e8aa", kill_on_drop: false }`
[INFO] [stdout] 0e9669996c07f29f1c386ff664e714211cb628414c6098bbe37275479e17e8aa
[INFO] running `Command { std: "docker" "create" "-v" "/var/lib/crater-agent-workspace/builds/worker-1-tc2/target:/opt/rustwide/target:rw,Z" "-v" "/var/lib/crater-agent-workspace/builds/worker-1-tc2/source:/opt/rustwide/workdir:ro,Z" "-v" "/var/lib/crater-agent-workspace/cargo-home:/opt/rustwide/cargo-home:ro,Z" "-v" "/var/lib/crater-agent-workspace/rustup-home:/opt/rustwide/rustup-home:ro,Z" "-e" "SOURCE_DIR=/opt/rustwide/workdir" "-e" "CARGO_TARGET_DIR=/opt/rustwide/target" "-e" "CARGO_INCREMENTAL=0" "-e" "RUST_BACKTRACE=full" "-e" "RUSTFLAGS=--cap-lints=warn" "-e" "RUSTDOCFLAGS=--cap-lints=warn" "-e" "CARGO_HOME=/opt/rustwide/cargo-home" "-e" "RUSTUP_HOME=/opt/rustwide/rustup-home" "-w" "/opt/rustwide/workdir" "-m" "1610612736" "--user" "0:0" "--network" "none" "ghcr.io/rust-lang/crates-build-env/linux@sha256:2788e3201cd34a07e3172128adcd8b3090168a8e3bcc40d7c032b9dda1df7d1c" "/opt/rustwide/cargo-home/bin/cargo" "+beta-2023-12-22" "test" "--frozen" "--no-run" "--message-format=json", kill_on_drop: false }`
[INFO] [stdout] 82414963cfe374eed0e8e0132ac9a23dc2c7f9409afd6aaf3f417bab4f714982
[INFO] running `Command { std: "docker" "start" "-a" "82414963cfe374eed0e8e0132ac9a23dc2c7f9409afd6aaf3f417bab4f714982", kill_on_drop: false }`
[INFO] [stderr]    Compiling ngyn_shared v0.2.8 (/opt/rustwide/workdir)
[INFO] [stderr]     Finished test [unoptimized + debuginfo] target(s) in 0.25s
[INFO] running `Command { std: "docker" "inspect" "82414963cfe374eed0e8e0132ac9a23dc2c7f9409afd6aaf3f417bab4f714982", kill_on_drop: false }`
[INFO] running `Command { std: "docker" "rm" "-f" "82414963cfe374eed0e8e0132ac9a23dc2c7f9409afd6aaf3f417bab4f714982", kill_on_drop: false }`
[INFO] [stdout] 82414963cfe374eed0e8e0132ac9a23dc2c7f9409afd6aaf3f417bab4f714982
[INFO] running `Command { std: "docker" "create" "-v" "/var/lib/crater-agent-workspace/builds/worker-1-tc2/target:/opt/rustwide/target:rw,Z" "-v" "/var/lib/crater-agent-workspace/builds/worker-1-tc2/source:/opt/rustwide/workdir:ro,Z" "-v" "/var/lib/crater-agent-workspace/cargo-home:/opt/rustwide/cargo-home:ro,Z" "-v" "/var/lib/crater-agent-workspace/rustup-home:/opt/rustwide/rustup-home:ro,Z" "-e" "SOURCE_DIR=/opt/rustwide/workdir" "-e" "CARGO_TARGET_DIR=/opt/rustwide/target" "-e" "CARGO_INCREMENTAL=0" "-e" "RUST_BACKTRACE=full" "-e" "RUSTFLAGS=--cap-lints=warn" "-e" "RUSTDOCFLAGS=--cap-lints=warn" "-e" "CARGO_HOME=/opt/rustwide/cargo-home" "-e" "RUSTUP_HOME=/opt/rustwide/rustup-home" "-w" "/opt/rustwide/workdir" "-m" "1610612736" "--user" "0:0" "--network" "none" "ghcr.io/rust-lang/crates-build-env/linux@sha256:2788e3201cd34a07e3172128adcd8b3090168a8e3bcc40d7c032b9dda1df7d1c" "/opt/rustwide/cargo-home/bin/cargo" "+beta-2023-12-22" "test" "--frozen", kill_on_drop: false }`
[INFO] [stdout] dbf3663dfedab4dedd0af25f9ddbeaf8f18068d1e9c440393478f0e03608cc28
[INFO] running `Command { std: "docker" "start" "-a" "dbf3663dfedab4dedd0af25f9ddbeaf8f18068d1e9c440393478f0e03608cc28", kill_on_drop: false }`
[INFO] [stderr]     Finished test [unoptimized + debuginfo] target(s) in 0.04s
[INFO] [stderr]      Running unittests src/lib.rs (/opt/rustwide/target/debug/deps/ngyn_shared-0304a6d101218ffd)
[INFO] [stdout] 
[INFO] [stdout] running 0 tests
[INFO] [stdout] 
[INFO] [stdout] test result: ok. 0 passed; 0 failed; 0 ignored; 0 measured; 0 filtered out; finished in 0.00s
[INFO] [stdout] 
[INFO] [stderr]    Doc-tests ngyn_shared
[INFO] [stdout] 
[INFO] [stdout] running 1 test
[INFO] [stdout] test src/core/engine.rs - core::engine::NgynEngine::route (line 19) ... FAILED
[INFO] [stdout] 
[INFO] [stdout] failures:
[INFO] [stdout] 
[INFO] [stdout] ---- src/core/engine.rs - core::engine::NgynEngine::route (line 19) stdout ----
[INFO] [stdout] error[E0433]: failed to resolve: use of undeclared crate or module `ngyn`
[INFO] [stdout]  --> src/core/engine.rs:20:5
[INFO] [stdout]   |
[INFO] [stdout] 3 | use ngyn::{platforms::{NgynApplication, NgynEngine}, HttpMethod, NgynRequest, NgynResponse};
[INFO] [stdout]   |     ^^^^ use of undeclared crate or module `ngyn`
[INFO] [stdout] 
[INFO] [stdout] error[E0432]: unresolved import `ngyn`
[INFO] [stdout]  --> src/core/engine.rs:20:5
[INFO] [stdout]   |
[INFO] [stdout] 3 | use ngyn::{platforms::{NgynApplication, NgynEngine}, HttpMethod, NgynRequest, NgynResponse};
[INFO] [stdout]   |     ^^^^ use of undeclared crate or module `ngyn`
[INFO] [stdout] 
[INFO] [stdout] error: aborting due to 2 previous errors
[INFO] [stdout] 
[INFO] [stdout] Some errors have detailed explanations: E0432, E0433.
[INFO] [stdout] For more information about an error, try `rustc --explain E0432`.
[INFO] [stdout] Couldn't compile the test.
[INFO] [stdout] 
[INFO] [stdout] failures:
[INFO] [stdout]     src/core/engine.rs - core::engine::NgynEngine::route (line 19)
[INFO] [stdout] 
[INFO] [stdout] test result: FAILED. 0 passed; 1 failed; 0 ignored; 0 measured; 0 filtered out; finished in 0.04s
[INFO] [stdout] 
[INFO] [stderr] error: doctest failed, to rerun pass `--doc`
[INFO] running `Command { std: "docker" "inspect" "dbf3663dfedab4dedd0af25f9ddbeaf8f18068d1e9c440393478f0e03608cc28", kill_on_drop: false }`
[INFO] running `Command { std: "docker" "rm" "-f" "dbf3663dfedab4dedd0af25f9ddbeaf8f18068d1e9c440393478f0e03608cc28", kill_on_drop: false }`
[INFO] [stdout] dbf3663dfedab4dedd0af25f9ddbeaf8f18068d1e9c440393478f0e03608cc28
