[INFO] fetching crate ngyn 0.2.8...
[INFO] testing ngyn-0.2.8 against 1.75.0 for beta-1.76-1
[INFO] extracting crate ngyn 0.2.8 into /workspace/builds/worker-3-tc1/source
[INFO] validating manifest of crates.io crate ngyn 0.2.8 on toolchain 1.75.0
[INFO] running `Command { std: CARGO_HOME="/workspace/cargo-home" RUSTUP_HOME="/workspace/rustup-home" "/workspace/cargo-home/bin/cargo" "+1.75.0" "metadata" "--manifest-path" "Cargo.toml" "--no-deps", kill_on_drop: false }`
[INFO] started tweaking crates.io crate ngyn 0.2.8
[INFO] finished tweaking crates.io crate ngyn 0.2.8
[INFO] tweaked toml for crates.io crate ngyn 0.2.8 written to /workspace/builds/worker-3-tc1/source/Cargo.toml
[INFO] running `Command { std: CARGO_HOME="/workspace/cargo-home" RUSTUP_HOME="/workspace/rustup-home" "/workspace/cargo-home/bin/cargo" "+1.75.0" "generate-lockfile" "--manifest-path" "Cargo.toml", kill_on_drop: false }`
[INFO] [stderr]     Updating crates.io index
[INFO] running `Command { std: CARGO_HOME="/workspace/cargo-home" RUSTUP_HOME="/workspace/rustup-home" "/workspace/cargo-home/bin/cargo" "+1.75.0" "fetch" "--manifest-path" "Cargo.toml", kill_on_drop: false }`
[INFO] [stderr]  Downloading crates ...
[INFO] [stderr]   Downloaded crypto-mac v0.10.0
[INFO] [stderr]   Downloaded vercel_runtime v1.1.0
[INFO] [stderr]   Downloaded lambda_runtime_api_client v0.8.0
[INFO] [stderr]   Downloaded vercel_runtime_router v1.1.0
[INFO] [stderr]   Downloaded vercel_runtime_macro v1.1.0
[INFO] [stderr]   Downloaded ngyn_shared v0.2.8
[INFO] [stderr]   Downloaded query_map v0.7.0
[INFO] [stderr]   Downloaded async-session v2.0.1
[INFO] [stderr]   Downloaded lambda_http v0.8.3
[INFO] [stderr]   Downloaded aws_lambda_events v0.12.1
[INFO] [stderr]   Downloaded femme v2.2.1
[INFO] [stderr]   Downloaded base64 v0.20.0
[INFO] [stderr]   Downloaded lambda_runtime v0.8.3
[INFO] [stderr]   Downloaded ngyn_macros v0.2.8
[INFO] [stderr]   Downloaded nject-macro v0.3.1
[INFO] [stderr]   Downloaded nject v0.3.1
[INFO] running `Command { std: "docker" "create" "-v" "/var/lib/crater-agent-workspace/builds/worker-3-tc1/target:/opt/rustwide/target:rw,Z" "-v" "/var/lib/crater-agent-workspace/builds/worker-3-tc1/source:/opt/rustwide/workdir:ro,Z" "-v" "/var/lib/crater-agent-workspace/cargo-home:/opt/rustwide/cargo-home:ro,Z" "-v" "/var/lib/crater-agent-workspace/rustup-home:/opt/rustwide/rustup-home:ro,Z" "-e" "SOURCE_DIR=/opt/rustwide/workdir" "-e" "CARGO_TARGET_DIR=/opt/rustwide/target" "-e" "CARGO_HOME=/opt/rustwide/cargo-home" "-e" "RUSTUP_HOME=/opt/rustwide/rustup-home" "-w" "/opt/rustwide/workdir" "-m" "1610612736" "--user" "0:0" "--network" "none" "ghcr.io/rust-lang/crates-build-env/linux@sha256:2788e3201cd34a07e3172128adcd8b3090168a8e3bcc40d7c032b9dda1df7d1c" "/opt/rustwide/cargo-home/bin/cargo" "+1.75.0" "metadata" "--no-deps" "--format-version=1", kill_on_drop: false }`
[INFO] [stdout] c21bc4055c33fd986b86e71bea27728e171df63a762dd98ba0ad8014fcdc9e30
[INFO] running `Command { std: "docker" "start" "-a" "c21bc4055c33fd986b86e71bea27728e171df63a762dd98ba0ad8014fcdc9e30", kill_on_drop: false }`
[INFO] running `Command { std: "docker" "inspect" "c21bc4055c33fd986b86e71bea27728e171df63a762dd98ba0ad8014fcdc9e30", kill_on_drop: false }`
[INFO] running `Command { std: "docker" "rm" "-f" "c21bc4055c33fd986b86e71bea27728e171df63a762dd98ba0ad8014fcdc9e30", kill_on_drop: false }`
[INFO] [stdout] c21bc4055c33fd986b86e71bea27728e171df63a762dd98ba0ad8014fcdc9e30
[INFO] running `Command { std: "docker" "create" "-v" "/var/lib/crater-agent-workspace/builds/worker-3-tc1/target:/opt/rustwide/target:rw,Z" "-v" "/var/lib/crater-agent-workspace/builds/worker-3-tc1/source:/opt/rustwide/workdir:ro,Z" "-v" "/var/lib/crater-agent-workspace/cargo-home:/opt/rustwide/cargo-home:ro,Z" "-v" "/var/lib/crater-agent-workspace/rustup-home:/opt/rustwide/rustup-home:ro,Z" "-e" "SOURCE_DIR=/opt/rustwide/workdir" "-e" "CARGO_TARGET_DIR=/opt/rustwide/target" "-e" "CARGO_INCREMENTAL=0" "-e" "RUST_BACKTRACE=full" "-e" "RUSTFLAGS=--cap-lints=warn" "-e" "RUSTDOCFLAGS=--cap-lints=warn" "-e" "CARGO_HOME=/opt/rustwide/cargo-home" "-e" "RUSTUP_HOME=/opt/rustwide/rustup-home" "-w" "/opt/rustwide/workdir" "-m" "1610612736" "--user" "0:0" "--network" "none" "ghcr.io/rust-lang/crates-build-env/linux@sha256:2788e3201cd34a07e3172128adcd8b3090168a8e3bcc40d7c032b9dda1df7d1c" "/opt/rustwide/cargo-home/bin/cargo" "+1.75.0" "build" "--frozen" "--message-format=json", kill_on_drop: false }`
[INFO] [stdout] dfc57b319a0ddbeb844440f90cd09d8d8f6fee7ac4ccbf53e097a6bc4c4c322b
[INFO] running `Command { std: "docker" "start" "-a" "dfc57b319a0ddbeb844440f90cd09d8d8f6fee7ac4ccbf53e097a6bc4c4c322b", kill_on_drop: false }`
[INFO] [stderr]    Compiling crossbeam-utils v0.8.18
[INFO] [stderr]    Compiling parking v2.2.0
[INFO] [stderr]    Compiling futures-core v0.3.30
[INFO] [stderr]    Compiling futures-io v0.3.30
[INFO] [stderr]    Compiling libc v0.2.151
[INFO] [stderr]    Compiling slab v0.4.9
[INFO] [stderr]    Compiling rustix v0.38.28
[INFO] [stderr]    Compiling tracing-core v0.1.32
[INFO] [stderr]    Compiling futures-lite v2.1.0
[INFO] [stderr]    Compiling syn v2.0.48
[INFO] [stderr]    Compiling value-bag v1.4.3
[INFO] [stderr]    Compiling tracing v0.1.40
[INFO] [stderr]    Compiling linux-raw-sys v0.4.12
[INFO] [stderr]    Compiling io-lifetimes v1.0.11
[INFO] [stderr]    Compiling log v0.4.20
[INFO] [stderr]    Compiling polling v2.8.0
[INFO] [stderr]    Compiling concurrent-queue v2.4.0
[INFO] [stderr]    Compiling async-trait v0.1.77
[INFO] [stderr]    Compiling syn v1.0.109
[INFO] [stderr]    Compiling event-listener v4.0.2
[INFO] [stderr]    Compiling rustix v0.37.27
[INFO] [stderr]    Compiling async-task v4.7.0
[INFO] [stderr]    Compiling atomic-waker v1.1.2
[INFO] [stderr]    Compiling event-listener-strategy v0.4.0
[INFO] [stderr]    Compiling piper v0.2.1
[INFO] [stderr]    Compiling async-lock v3.2.0
[INFO] [stderr]    Compiling async-channel v2.1.1
[INFO] [stderr]    Compiling async-io v1.13.0
[INFO] [stderr]    Compiling fastrand v1.9.0
[INFO] [stderr]    Compiling waker-fn v1.1.1
[INFO] [stderr]    Compiling linux-raw-sys v0.3.8
[INFO] [stderr]    Compiling futures-lite v1.13.0
[INFO] [stderr]    Compiling socket2 v0.4.10
[INFO] [stderr]    Compiling blocking v1.5.1
[INFO] [stderr]    Compiling async-executor v1.8.0
[INFO] [stderr]    Compiling async-lock v2.8.0
[INFO] [stderr]    Compiling once_cell v1.19.0
[INFO] [stderr]    Compiling async-channel v1.9.0
[INFO] [stderr]    Compiling kv-log-macro v1.0.7
[INFO] [stderr]    Compiling nject-macro v0.3.1
[INFO] [stderr]    Compiling nject v0.3.1
[INFO] [stderr]    Compiling ngyn_shared v0.2.8
[INFO] [stderr]    Compiling async-attributes v1.1.2
[INFO] [stderr]    Compiling ngyn_macros v0.2.8
[INFO] [stderr]    Compiling polling v3.3.1
[INFO] [stderr]    Compiling async-io v2.2.2
[INFO] [stderr]    Compiling async-global-executor v2.4.1
[INFO] [stderr]    Compiling async-std v1.12.0
[INFO] [stderr]    Compiling ngyn v0.2.8 (/opt/rustwide/workdir)
[INFO] [stderr]     Finished dev [unoptimized + debuginfo] target(s) in 7.25s
[INFO] running `Command { std: "docker" "inspect" "dfc57b319a0ddbeb844440f90cd09d8d8f6fee7ac4ccbf53e097a6bc4c4c322b", kill_on_drop: false }`
[INFO] running `Command { std: "docker" "rm" "-f" "dfc57b319a0ddbeb844440f90cd09d8d8f6fee7ac4ccbf53e097a6bc4c4c322b", kill_on_drop: false }`
[INFO] [stdout] dfc57b319a0ddbeb844440f90cd09d8d8f6fee7ac4ccbf53e097a6bc4c4c322b
[INFO] running `Command { std: "docker" "create" "-v" "/var/lib/crater-agent-workspace/builds/worker-3-tc1/target:/opt/rustwide/target:rw,Z" "-v" "/var/lib/crater-agent-workspace/builds/worker-3-tc1/source:/opt/rustwide/workdir:ro,Z" "-v" "/var/lib/crater-agent-workspace/cargo-home:/opt/rustwide/cargo-home:ro,Z" "-v" "/var/lib/crater-agent-workspace/rustup-home:/opt/rustwide/rustup-home:ro,Z" "-e" "SOURCE_DIR=/opt/rustwide/workdir" "-e" "CARGO_TARGET_DIR=/opt/rustwide/target" "-e" "CARGO_INCREMENTAL=0" "-e" "RUST_BACKTRACE=full" "-e" "RUSTFLAGS=--cap-lints=warn" "-e" "RUSTDOCFLAGS=--cap-lints=warn" "-e" "CARGO_HOME=/opt/rustwide/cargo-home" "-e" "RUSTUP_HOME=/opt/rustwide/rustup-home" "-w" "/opt/rustwide/workdir" "-m" "1610612736" "--user" "0:0" "--network" "none" "ghcr.io/rust-lang/crates-build-env/linux@sha256:2788e3201cd34a07e3172128adcd8b3090168a8e3bcc40d7c032b9dda1df7d1c" "/opt/rustwide/cargo-home/bin/cargo" "+1.75.0" "test" "--frozen" "--no-run" "--message-format=json", kill_on_drop: false }`
[INFO] [stdout] 657fac33dd8e91b0f73c004341d7320677d3d099b36db972bf0a89ac1d7ca23d
[INFO] running `Command { std: "docker" "start" "-a" "657fac33dd8e91b0f73c004341d7320677d3d099b36db972bf0a89ac1d7ca23d", kill_on_drop: false }`
[INFO] [stderr]    Compiling ngyn v0.2.8 (/opt/rustwide/workdir)
[INFO] [stderr]     Finished test [unoptimized + debuginfo] target(s) in 0.28s
[INFO] running `Command { std: "docker" "inspect" "657fac33dd8e91b0f73c004341d7320677d3d099b36db972bf0a89ac1d7ca23d", kill_on_drop: false }`
[INFO] running `Command { std: "docker" "rm" "-f" "657fac33dd8e91b0f73c004341d7320677d3d099b36db972bf0a89ac1d7ca23d", kill_on_drop: false }`
[INFO] [stdout] 657fac33dd8e91b0f73c004341d7320677d3d099b36db972bf0a89ac1d7ca23d
[INFO] running `Command { std: "docker" "create" "-v" "/var/lib/crater-agent-workspace/builds/worker-3-tc1/target:/opt/rustwide/target:rw,Z" "-v" "/var/lib/crater-agent-workspace/builds/worker-3-tc1/source:/opt/rustwide/workdir:ro,Z" "-v" "/var/lib/crater-agent-workspace/cargo-home:/opt/rustwide/cargo-home:ro,Z" "-v" "/var/lib/crater-agent-workspace/rustup-home:/opt/rustwide/rustup-home:ro,Z" "-e" "SOURCE_DIR=/opt/rustwide/workdir" "-e" "CARGO_TARGET_DIR=/opt/rustwide/target" "-e" "CARGO_INCREMENTAL=0" "-e" "RUST_BACKTRACE=full" "-e" "RUSTFLAGS=--cap-lints=warn" "-e" "RUSTDOCFLAGS=--cap-lints=warn" "-e" "CARGO_HOME=/opt/rustwide/cargo-home" "-e" "RUSTUP_HOME=/opt/rustwide/rustup-home" "-w" "/opt/rustwide/workdir" "-m" "1610612736" "--user" "0:0" "--network" "none" "ghcr.io/rust-lang/crates-build-env/linux@sha256:2788e3201cd34a07e3172128adcd8b3090168a8e3bcc40d7c032b9dda1df7d1c" "/opt/rustwide/cargo-home/bin/cargo" "+1.75.0" "test" "--frozen", kill_on_drop: false }`
[INFO] [stdout] 22a21ad47c283b07342534bdef7bc5e9914e538c4f767a15db87cda82c5d276b
[INFO] running `Command { std: "docker" "start" "-a" "22a21ad47c283b07342534bdef7bc5e9914e538c4f767a15db87cda82c5d276b", kill_on_drop: false }`
[INFO] [stderr]     Finished test [unoptimized + debuginfo] target(s) in 0.11s
[INFO] [stderr]      Running unittests src/lib.rs (/opt/rustwide/target/debug/deps/ngyn-3fb32a7d5df9f73f)
[INFO] [stdout] 
[INFO] [stdout] running 0 tests
[INFO] [stdout] 
[INFO] [stdout] test result: ok. 0 passed; 0 failed; 0 ignored; 0 measured; 0 filtered out; finished in 0.00s
[INFO] [stdout] 
[INFO] [stderr]    Doc-tests ngyn
[INFO] [stdout] 
[INFO] [stdout] running 1 test
[INFO] [stdout] test src/app/factory.rs - app::factory::NgynFactory<Application>::build (line 33) ... FAILED
[INFO] [stdout] 
[INFO] [stdout] failures:
[INFO] [stdout] 
[INFO] [stdout] ---- src/app/factory.rs - app::factory::NgynFactory<Application>::build (line 33) stdout ----
[INFO] [stdout] error[E0432]: unresolved import `ngyn::platforms::NgynApplication`
[INFO] [stdout]  --> src/app/factory.rs:35:33
[INFO] [stdout]   |
[INFO] [stdout] 5 | use ngyn::{module, NgynFactory, platforms::NgynApplication};
[INFO] [stdout]   |                                 ^^^^^^^^^^^^^^^^^^^^^^^^^^ no `NgynApplication` in `platforms`
[INFO] [stdout] 
[INFO] [stdout] error: aborting due to previous error
[INFO] [stdout] 
[INFO] [stdout] For more information about this error, try `rustc --explain E0432`.
[INFO] [stdout] Couldn't compile the test.
[INFO] [stdout] 
[INFO] [stdout] failures:
[INFO] [stdout]     src/app/factory.rs - app::factory::NgynFactory<Application>::build (line 33)
[INFO] [stdout] 
[INFO] [stdout] test result: FAILED. 0 passed; 1 failed; 0 ignored; 0 measured; 0 filtered out; finished in 0.06s
[INFO] [stdout] 
[INFO] [stderr] error: doctest failed, to rerun pass `--doc`
[INFO] running `Command { std: "docker" "inspect" "22a21ad47c283b07342534bdef7bc5e9914e538c4f767a15db87cda82c5d276b", kill_on_drop: false }`
[INFO] running `Command { std: "docker" "rm" "-f" "22a21ad47c283b07342534bdef7bc5e9914e538c4f767a15db87cda82c5d276b", kill_on_drop: false }`
[INFO] [stdout] 22a21ad47c283b07342534bdef7bc5e9914e538c4f767a15db87cda82c5d276b
