[INFO] fetching crate new-home-application 1.1.0...
[INFO] testing new-home-application-1.1.0 against 1.75.0 for beta-1.76-1
[INFO] extracting crate new-home-application 1.1.0 into /workspace/builds/worker-2-tc1/source
[INFO] validating manifest of crates.io crate new-home-application 1.1.0 on toolchain 1.75.0
[INFO] running `Command { std: CARGO_HOME="/workspace/cargo-home" RUSTUP_HOME="/workspace/rustup-home" "/workspace/cargo-home/bin/cargo" "+1.75.0" "metadata" "--manifest-path" "Cargo.toml" "--no-deps", kill_on_drop: false }`
[INFO] started tweaking crates.io crate new-home-application 1.1.0
[INFO] finished tweaking crates.io crate new-home-application 1.1.0
[INFO] tweaked toml for crates.io crate new-home-application 1.1.0 written to /workspace/builds/worker-2-tc1/source/Cargo.toml
[INFO] crate crates.io crate new-home-application 1.1.0 already has a lockfile, it will not be regenerated
[INFO] running `Command { std: CARGO_HOME="/workspace/cargo-home" RUSTUP_HOME="/workspace/rustup-home" "/workspace/cargo-home/bin/cargo" "+1.75.0" "fetch" "--manifest-path" "Cargo.toml", kill_on_drop: false }`
[INFO] [stderr]  Downloading crates ...
[INFO] [stderr]   Downloaded actix-macros v0.1.2
[INFO] [stderr]   Downloaded memchr v2.3.0
[INFO] [stderr]   Downloaded net2 v0.2.35
[INFO] [stderr]   Downloaded widestring v0.4.2
[INFO] [stderr]   Downloaded trust-dns-resolver v0.19.5
[INFO] [stderr]   Downloaded trust-dns-proto v0.19.5
[INFO] [stderr]   Downloaded serde_json v1.0.44
[INFO] [stderr]   Downloaded derive_more v0.99.10
[INFO] running `Command { std: "docker" "create" "-v" "/var/lib/crater-agent-workspace/builds/worker-2-tc1/target:/opt/rustwide/target:rw,Z" "-v" "/var/lib/crater-agent-workspace/builds/worker-2-tc1/source:/opt/rustwide/workdir:ro,Z" "-v" "/var/lib/crater-agent-workspace/cargo-home:/opt/rustwide/cargo-home:ro,Z" "-v" "/var/lib/crater-agent-workspace/rustup-home:/opt/rustwide/rustup-home:ro,Z" "-e" "SOURCE_DIR=/opt/rustwide/workdir" "-e" "CARGO_TARGET_DIR=/opt/rustwide/target" "-e" "CARGO_HOME=/opt/rustwide/cargo-home" "-e" "RUSTUP_HOME=/opt/rustwide/rustup-home" "-w" "/opt/rustwide/workdir" "-m" "1610612736" "--user" "0:0" "--network" "none" "ghcr.io/rust-lang/crates-build-env/linux@sha256:2788e3201cd34a07e3172128adcd8b3090168a8e3bcc40d7c032b9dda1df7d1c" "/opt/rustwide/cargo-home/bin/cargo" "+1.75.0" "metadata" "--no-deps" "--format-version=1", kill_on_drop: false }`
[INFO] [stdout] 273ba8f73d66671994b7e1c851b4ebfb9e1fcb3d23e9572616cd2a7ef1d3e00f
[INFO] running `Command { std: "docker" "start" "-a" "273ba8f73d66671994b7e1c851b4ebfb9e1fcb3d23e9572616cd2a7ef1d3e00f", kill_on_drop: false }`
[INFO] running `Command { std: "docker" "inspect" "273ba8f73d66671994b7e1c851b4ebfb9e1fcb3d23e9572616cd2a7ef1d3e00f", kill_on_drop: false }`
[INFO] running `Command { std: "docker" "rm" "-f" "273ba8f73d66671994b7e1c851b4ebfb9e1fcb3d23e9572616cd2a7ef1d3e00f", kill_on_drop: false }`
[INFO] [stdout] 273ba8f73d66671994b7e1c851b4ebfb9e1fcb3d23e9572616cd2a7ef1d3e00f
[INFO] running `Command { std: "docker" "create" "-v" "/var/lib/crater-agent-workspace/builds/worker-2-tc1/target:/opt/rustwide/target:rw,Z" "-v" "/var/lib/crater-agent-workspace/builds/worker-2-tc1/source:/opt/rustwide/workdir:ro,Z" "-v" "/var/lib/crater-agent-workspace/cargo-home:/opt/rustwide/cargo-home:ro,Z" "-v" "/var/lib/crater-agent-workspace/rustup-home:/opt/rustwide/rustup-home:ro,Z" "-e" "SOURCE_DIR=/opt/rustwide/workdir" "-e" "CARGO_TARGET_DIR=/opt/rustwide/target" "-e" "CARGO_INCREMENTAL=0" "-e" "RUST_BACKTRACE=full" "-e" "RUSTFLAGS=--cap-lints=warn" "-e" "RUSTDOCFLAGS=--cap-lints=warn" "-e" "CARGO_HOME=/opt/rustwide/cargo-home" "-e" "RUSTUP_HOME=/opt/rustwide/rustup-home" "-w" "/opt/rustwide/workdir" "-m" "1610612736" "--user" "0:0" "--network" "none" "ghcr.io/rust-lang/crates-build-env/linux@sha256:2788e3201cd34a07e3172128adcd8b3090168a8e3bcc40d7c032b9dda1df7d1c" "/opt/rustwide/cargo-home/bin/cargo" "+1.75.0" "build" "--frozen" "--message-format=json", kill_on_drop: false }`
[INFO] [stdout] 6cd66b0da45d8d0904a7550db20d958a4eaf5a72418e2bdb891cb5d18fe8a239
[INFO] running `Command { std: "docker" "start" "-a" "6cd66b0da45d8d0904a7550db20d958a4eaf5a72418e2bdb891cb5d18fe8a239", kill_on_drop: false }`
[INFO] [stderr]    Compiling libc v0.2.77
[INFO] [stderr]    Compiling proc-macro2 v1.0.19
[INFO] [stderr]    Compiling unicode-xid v0.2.0
[INFO] [stderr]    Compiling syn v1.0.36
[INFO] [stderr]    Compiling cfg-if v0.1.10
[INFO] [stderr]    Compiling log v0.4.11
[INFO] [stderr]    Compiling memchr v2.3.0
[INFO] [stderr]    Compiling futures-core v0.3.5
[INFO] [stderr]    Compiling slab v0.4.2
[INFO] [stderr]    Compiling lazy_static v1.4.0
[INFO] [stderr]    Compiling pin-project-internal v0.4.23
[INFO] [stderr]    Compiling futures-sink v0.3.5
[INFO] [stderr]    Compiling getrandom v0.1.15
[INFO] [stderr]    Compiling futures-channel v0.3.5
[INFO] [stderr]    Compiling once_cell v1.4.1
[INFO] [stderr]    Compiling smallvec v1.4.2
[INFO] [stderr]    Compiling futures-io v0.3.5
[INFO] [stderr]    Compiling arc-swap v0.4.7
[INFO] [stderr]    Compiling futures-task v0.3.5
[INFO] [stderr]    Compiling pin-project-lite v0.1.7
[INFO] [stderr]    Compiling pin-utils v0.1.0
[INFO] [stderr]    Compiling fnv v1.0.7
[INFO] [stderr]    Compiling tinyvec v0.3.4
[INFO] [stderr]    Compiling matches v0.1.8
[INFO] [stderr]    Compiling bytes v0.5.6
[INFO] [stderr]    Compiling scopeguard v1.1.0
[INFO] [stderr]    Compiling gimli v0.22.0
[INFO] [stderr]    Compiling unicode-bidi v0.3.4
[INFO] [stderr]    Compiling quote v1.0.7
[INFO] [stderr]    Compiling instant v0.1.6
[INFO] [stderr]    Compiling autocfg v1.0.0
[INFO] [stderr]    Compiling iovec v0.1.4
[INFO] [stderr]    Compiling net2 v0.2.35
[INFO] [stderr]    Compiling signal-hook-registry v1.2.1
[INFO] [stderr]    Compiling unicode-normalization v0.1.13
[INFO] [stderr]    Compiling unicode-segmentation v1.6.0
[INFO] [stderr]    Compiling mio v0.6.22
[INFO] [stderr]    Compiling rand_core v0.5.1
[INFO] [stderr]    Compiling adler v0.2.3
[INFO] [stderr]    Compiling ppv-lite86 v0.2.9
[INFO] [stderr]    Compiling miniz_oxide v0.4.1
[INFO] [stderr]    Compiling heck v0.3.1
[INFO] [stderr]    Compiling crossbeam-utils v0.7.2
[INFO] [stderr]    Compiling num_cpus v1.13.0
[INFO] [stderr]    Compiling rand_chacha v0.2.2
[INFO] [stderr]    Compiling mio-uds v0.6.8
[INFO] [stderr]    Compiling tokio v0.2.22
[INFO] [stderr]    Compiling idna v0.2.0
[INFO] [stderr]    Compiling parking_lot_core v0.8.0
[INFO] [stderr]    Compiling lock_api v0.4.1
[INFO] [stderr]    Compiling object v0.20.0
[INFO] [stderr]    Compiling addr2line v0.13.0
[INFO] [stderr]    Compiling rustc-demangle v0.1.16
[INFO] [stderr]    Compiling maybe-uninit v2.0.0
[INFO] [stderr]    Compiling serde_derive v1.0.114
[INFO] [stderr]    Compiling match_cfg v0.1.0
[INFO] [stderr]    Compiling percent-encoding v2.1.0
[INFO] [stderr]    Compiling hostname v0.3.1
[INFO] [stderr]    Compiling parking_lot v0.11.0
[INFO] [stderr]    Compiling rand v0.7.3
[INFO] [stderr]    Compiling url v2.1.1
[INFO] [stderr]    Compiling threadpool v1.8.1
[INFO] [stderr]    Compiling linked-hash-map v0.5.3
[INFO] [stderr]    Compiling ryu v1.0.2
[INFO] [stderr]    Compiling serde v1.0.114
[INFO] [stderr]    Compiling quick-error v1.2.3
[INFO] [stderr]    Compiling bitflags v1.2.1
[INFO] [stderr]    Compiling resolv-conf v0.6.3
[INFO] [stderr]    Compiling backtrace v0.3.50
[INFO] [stderr]    Compiling lru-cache v0.1.2
[INFO] [stderr]    Compiling copyless v0.1.5
[INFO] [stderr]    Compiling crossbeam-channel v0.4.4
[INFO] [stderr]    Compiling tokio-util v0.3.1
[INFO] [stderr]    Compiling itoa v0.4.4
[INFO] [stderr]    Compiling thiserror-impl v1.0.20
[INFO] [stderr]    Compiling async-trait v0.1.40
[INFO] [stderr]    Compiling derive_more v0.99.10
[INFO] [stderr]    Compiling enum-as-inner v0.3.3
[INFO] [stderr]    Compiling actix-macros v0.1.2
[INFO] [stderr]    Compiling actix_derive v0.5.0
[INFO] [stderr]    Compiling thiserror v1.0.20
[INFO] [stderr]    Compiling pin-project v0.4.23
[INFO] [stderr]    Compiling futures-util v0.3.5
[INFO] [stderr]    Compiling actix-threadpool v0.3.3
[INFO] [stderr]    Compiling futures v0.3.5
[INFO] [stderr]    Compiling actix-rt v1.1.1
[INFO] [stderr]    Compiling trust-dns-proto v0.19.5
[INFO] [stderr]    Compiling trust-dns-resolver v0.19.5
[INFO] [stderr]    Compiling serde_json v1.0.44
[INFO] [stderr]    Compiling actix v0.10.0
[INFO] [stderr]    Compiling new-home-application v1.1.0 (/opt/rustwide/workdir)
[INFO] [stderr]     Finished dev [unoptimized + debuginfo] target(s) in 20.75s
[INFO] running `Command { std: "docker" "inspect" "6cd66b0da45d8d0904a7550db20d958a4eaf5a72418e2bdb891cb5d18fe8a239", kill_on_drop: false }`
[INFO] running `Command { std: "docker" "rm" "-f" "6cd66b0da45d8d0904a7550db20d958a4eaf5a72418e2bdb891cb5d18fe8a239", kill_on_drop: false }`
[INFO] [stdout] 6cd66b0da45d8d0904a7550db20d958a4eaf5a72418e2bdb891cb5d18fe8a239
[INFO] running `Command { std: "docker" "create" "-v" "/var/lib/crater-agent-workspace/builds/worker-2-tc1/target:/opt/rustwide/target:rw,Z" "-v" "/var/lib/crater-agent-workspace/builds/worker-2-tc1/source:/opt/rustwide/workdir:ro,Z" "-v" "/var/lib/crater-agent-workspace/cargo-home:/opt/rustwide/cargo-home:ro,Z" "-v" "/var/lib/crater-agent-workspace/rustup-home:/opt/rustwide/rustup-home:ro,Z" "-e" "SOURCE_DIR=/opt/rustwide/workdir" "-e" "CARGO_TARGET_DIR=/opt/rustwide/target" "-e" "CARGO_INCREMENTAL=0" "-e" "RUST_BACKTRACE=full" "-e" "RUSTFLAGS=--cap-lints=warn" "-e" "RUSTDOCFLAGS=--cap-lints=warn" "-e" "CARGO_HOME=/opt/rustwide/cargo-home" "-e" "RUSTUP_HOME=/opt/rustwide/rustup-home" "-w" "/opt/rustwide/workdir" "-m" "1610612736" "--user" "0:0" "--network" "none" "ghcr.io/rust-lang/crates-build-env/linux@sha256:2788e3201cd34a07e3172128adcd8b3090168a8e3bcc40d7c032b9dda1df7d1c" "/opt/rustwide/cargo-home/bin/cargo" "+1.75.0" "test" "--frozen" "--no-run" "--message-format=json", kill_on_drop: false }`
[INFO] [stdout] 51aaedf81ff2a4823d031dbccb01d8422837f156e69ebe7f2def9d3fb97878ca
[INFO] running `Command { std: "docker" "start" "-a" "51aaedf81ff2a4823d031dbccb01d8422837f156e69ebe7f2def9d3fb97878ca", kill_on_drop: false }`
[INFO] [stderr]    Compiling new-home-application v1.1.0 (/opt/rustwide/workdir)
[INFO] [stderr]     Finished test [unoptimized + debuginfo] target(s) in 1.48s
[INFO] running `Command { std: "docker" "inspect" "51aaedf81ff2a4823d031dbccb01d8422837f156e69ebe7f2def9d3fb97878ca", kill_on_drop: false }`
[INFO] running `Command { std: "docker" "rm" "-f" "51aaedf81ff2a4823d031dbccb01d8422837f156e69ebe7f2def9d3fb97878ca", kill_on_drop: false }`
[INFO] [stdout] 51aaedf81ff2a4823d031dbccb01d8422837f156e69ebe7f2def9d3fb97878ca
[INFO] running `Command { std: "docker" "create" "-v" "/var/lib/crater-agent-workspace/builds/worker-2-tc1/target:/opt/rustwide/target:rw,Z" "-v" "/var/lib/crater-agent-workspace/builds/worker-2-tc1/source:/opt/rustwide/workdir:ro,Z" "-v" "/var/lib/crater-agent-workspace/cargo-home:/opt/rustwide/cargo-home:ro,Z" "-v" "/var/lib/crater-agent-workspace/rustup-home:/opt/rustwide/rustup-home:ro,Z" "-e" "SOURCE_DIR=/opt/rustwide/workdir" "-e" "CARGO_TARGET_DIR=/opt/rustwide/target" "-e" "CARGO_INCREMENTAL=0" "-e" "RUST_BACKTRACE=full" "-e" "RUSTFLAGS=--cap-lints=warn" "-e" "RUSTDOCFLAGS=--cap-lints=warn" "-e" "CARGO_HOME=/opt/rustwide/cargo-home" "-e" "RUSTUP_HOME=/opt/rustwide/rustup-home" "-w" "/opt/rustwide/workdir" "-m" "1610612736" "--user" "0:0" "--network" "none" "ghcr.io/rust-lang/crates-build-env/linux@sha256:2788e3201cd34a07e3172128adcd8b3090168a8e3bcc40d7c032b9dda1df7d1c" "/opt/rustwide/cargo-home/bin/cargo" "+1.75.0" "test" "--frozen", kill_on_drop: false }`
[INFO] [stdout] 028632791e80e81192f8843682394a7f05540dbc80fe384abcf276afbcb7e635
[INFO] running `Command { std: "docker" "start" "-a" "028632791e80e81192f8843682394a7f05540dbc80fe384abcf276afbcb7e635", kill_on_drop: false }`
[INFO] [stderr]     Finished test [unoptimized + debuginfo] target(s) in 0.07s
[INFO] [stderr]      Running unittests src/lib.rs (/opt/rustwide/target/debug/deps/new_home_application-a6cb11db0b138cc9)
[INFO] [stdout] 
[INFO] [stdout] running 0 tests
[INFO] [stdout] 
[INFO] [stdout] test result: ok. 0 passed; 0 failed; 0 ignored; 0 measured; 0 filtered out; finished in 0.00s
[INFO] [stdout] 
[INFO] [stderr]    Doc-tests new-home-application
[INFO] [stdout] 
[INFO] [stdout] running 1 test
[INFO] [stdout] test src/lib.rs - (line 39) ... FAILED
[INFO] [stdout] 
[INFO] [stdout] failures:
[INFO] [stdout] 
[INFO] [stdout] ---- src/lib.rs - (line 39) stdout ----
[INFO] [stdout] error[E0407]: method `set_arguments` is not a member of trait `Method`
[INFO] [stdout]   --> src/lib.rs:65:5
[INFO] [stdout]    |
[INFO] [stdout] 29 | /     fn set_arguments(
[INFO] [stdout] 30 | |         &mut self,
[INFO] [stdout] 31 | |         arguments: HashMap<String, Value>,
[INFO] [stdout] 32 | |     ) -> Result<(), MethodError> {
[INFO] [stdout] ...  |
[INFO] [stdout] 47 | |         Ok(())
[INFO] [stdout] 48 | |     }
[INFO] [stdout]    | |_____^ not a member of trait `Method`
[INFO] [stdout] 
[INFO] [stdout] error[E0407]: method `call` is not a member of trait `MethodCallable`
[INFO] [stdout]   --> src/lib.rs:88:5
[INFO] [stdout]    |
[INFO] [stdout] 52 | /     fn call(&mut self, _: MethodCall) -> MethodResult {
[INFO] [stdout] 53 | |         unimplemented!()
[INFO] [stdout] 54 | |     }
[INFO] [stdout]    | |_____^ not a member of trait `MethodCallable`
[INFO] [stdout] 
[INFO] [stdout] error[E0046]: not all trait items implemented, missing: `ArgumentsType`, `secure_call`
[INFO] [stdout]   --> src/lib.rs:87:1
[INFO] [stdout]    |
[INFO] [stdout] 51 | impl MethodCallable for ExampleMethod {
[INFO] [stdout]    | ^^^^^^^^^^^^^^^^^^^^^^^^^^^^^^^^^^^^^ missing `ArgumentsType`, `secure_call` in implementation
[INFO] [stdout]    |
[INFO] [stdout]    = help: implement the missing item: `type ArgumentsType = /* Type */;`
[INFO] [stdout]    = help: implement the missing item: `fn secure_call(&mut self, _: std::string::String, _: <Self as MethodCallable>::ArgumentsType) -> MethodResult { todo!() }`
[INFO] [stdout] 
[INFO] [stdout] error: aborting due to 3 previous errors
[INFO] [stdout] 
[INFO] [stdout] Some errors have detailed explanations: E0046, E0407.
[INFO] [stdout] For more information about an error, try `rustc --explain E0046`.
[INFO] [stdout] Couldn't compile the test.
[INFO] [stdout] 
[INFO] [stdout] failures:
[INFO] [stdout]     src/lib.rs - (line 39)
[INFO] [stdout] 
[INFO] [stdout] test result: FAILED. 0 passed; 1 failed; 0 ignored; 0 measured; 0 filtered out; finished in 0.10s
[INFO] [stdout] 
[INFO] [stderr] error: doctest failed, to rerun pass `--doc`
[INFO] running `Command { std: "docker" "inspect" "028632791e80e81192f8843682394a7f05540dbc80fe384abcf276afbcb7e635", kill_on_drop: false }`
[INFO] running `Command { std: "docker" "rm" "-f" "028632791e80e81192f8843682394a7f05540dbc80fe384abcf276afbcb7e635", kill_on_drop: false }`
[INFO] [stdout] 028632791e80e81192f8843682394a7f05540dbc80fe384abcf276afbcb7e635
[INFO] testing new-home-application-1.1.0 against beta-2023-12-22 for beta-1.76-1
[INFO] extracting crate new-home-application 1.1.0 into /workspace/builds/worker-2-tc2/source
[INFO] validating manifest of crates.io crate new-home-application 1.1.0 on toolchain beta-2023-12-22
[INFO] running `Command { std: CARGO_HOME="/workspace/cargo-home" RUSTUP_HOME="/workspace/rustup-home" "/workspace/cargo-home/bin/cargo" "+beta-2023-12-22" "metadata" "--manifest-path" "Cargo.toml" "--no-deps", kill_on_drop: false }`
[INFO] started tweaking crates.io crate new-home-application 1.1.0
[INFO] finished tweaking crates.io crate new-home-application 1.1.0
[INFO] tweaked toml for crates.io crate new-home-application 1.1.0 written to /workspace/builds/worker-2-tc2/source/Cargo.toml
[INFO] crate crates.io crate new-home-application 1.1.0 already has a lockfile, it will not be regenerated
[INFO] running `Command { std: CARGO_HOME="/workspace/cargo-home" RUSTUP_HOME="/workspace/rustup-home" "/workspace/cargo-home/bin/cargo" "+beta-2023-12-22" "fetch" "--manifest-path" "Cargo.toml", kill_on_drop: false }`
[INFO] running `Command { std: "docker" "create" "-v" "/var/lib/crater-agent-workspace/builds/worker-2-tc2/target:/opt/rustwide/target:rw,Z" "-v" "/var/lib/crater-agent-workspace/builds/worker-2-tc2/source:/opt/rustwide/workdir:ro,Z" "-v" "/var/lib/crater-agent-workspace/cargo-home:/opt/rustwide/cargo-home:ro,Z" "-v" "/var/lib/crater-agent-workspace/rustup-home:/opt/rustwide/rustup-home:ro,Z" "-e" "SOURCE_DIR=/opt/rustwide/workdir" "-e" "CARGO_TARGET_DIR=/opt/rustwide/target" "-e" "CARGO_HOME=/opt/rustwide/cargo-home" "-e" "RUSTUP_HOME=/opt/rustwide/rustup-home" "-w" "/opt/rustwide/workdir" "-m" "1610612736" "--user" "0:0" "--network" "none" "ghcr.io/rust-lang/crates-build-env/linux@sha256:2788e3201cd34a07e3172128adcd8b3090168a8e3bcc40d7c032b9dda1df7d1c" "/opt/rustwide/cargo-home/bin/cargo" "+beta-2023-12-22" "metadata" "--no-deps" "--format-version=1", kill_on_drop: false }`
[INFO] [stdout] c79ea70ba47c021ff85e2f0e86588c065a15a256368e3325b5c514434e616f6f
[INFO] running `Command { std: "docker" "start" "-a" "c79ea70ba47c021ff85e2f0e86588c065a15a256368e3325b5c514434e616f6f", kill_on_drop: false }`
[INFO] running `Command { std: "docker" "inspect" "c79ea70ba47c021ff85e2f0e86588c065a15a256368e3325b5c514434e616f6f", kill_on_drop: false }`
[INFO] running `Command { std: "docker" "rm" "-f" "c79ea70ba47c021ff85e2f0e86588c065a15a256368e3325b5c514434e616f6f", kill_on_drop: false }`
[INFO] [stdout] c79ea70ba47c021ff85e2f0e86588c065a15a256368e3325b5c514434e616f6f
[INFO] running `Command { std: "docker" "create" "-v" "/var/lib/crater-agent-workspace/builds/worker-2-tc2/target:/opt/rustwide/target:rw,Z" "-v" "/var/lib/crater-agent-workspace/builds/worker-2-tc2/source:/opt/rustwide/workdir:ro,Z" "-v" "/var/lib/crater-agent-workspace/cargo-home:/opt/rustwide/cargo-home:ro,Z" "-v" "/var/lib/crater-agent-workspace/rustup-home:/opt/rustwide/rustup-home:ro,Z" "-e" "SOURCE_DIR=/opt/rustwide/workdir" "-e" "CARGO_TARGET_DIR=/opt/rustwide/target" "-e" "CARGO_INCREMENTAL=0" "-e" "RUST_BACKTRACE=full" "-e" "RUSTFLAGS=--cap-lints=warn" "-e" "RUSTDOCFLAGS=--cap-lints=warn" "-e" "CARGO_HOME=/opt/rustwide/cargo-home" "-e" "RUSTUP_HOME=/opt/rustwide/rustup-home" "-w" "/opt/rustwide/workdir" "-m" "1610612736" "--user" "0:0" "--network" "none" "ghcr.io/rust-lang/crates-build-env/linux@sha256:2788e3201cd34a07e3172128adcd8b3090168a8e3bcc40d7c032b9dda1df7d1c" "/opt/rustwide/cargo-home/bin/cargo" "+beta-2023-12-22" "build" "--frozen" "--message-format=json", kill_on_drop: false }`
[INFO] [stdout] ab5d61ac6f6409f65654515828e9a4761b7d402c1b98823ef43efd422c171065
[INFO] running `Command { std: "docker" "start" "-a" "ab5d61ac6f6409f65654515828e9a4761b7d402c1b98823ef43efd422c171065", kill_on_drop: false }`
[INFO] [stderr]    Compiling libc v0.2.77
[INFO] [stderr]    Compiling proc-macro2 v1.0.19
[INFO] [stderr]    Compiling unicode-xid v0.2.0
[INFO] [stderr]    Compiling syn v1.0.36
[INFO] [stderr]    Compiling cfg-if v0.1.10
[INFO] [stderr]    Compiling log v0.4.11
[INFO] [stderr]    Compiling memchr v2.3.0
[INFO] [stderr]    Compiling futures-core v0.3.5
[INFO] [stderr]    Compiling slab v0.4.2
[INFO] [stderr]    Compiling pin-project-internal v0.4.23
[INFO] [stderr]    Compiling lazy_static v1.4.0
[INFO] [stderr]    Compiling futures-sink v0.3.5
[INFO] [stderr]    Compiling getrandom v0.1.15
[INFO] [stderr]    Compiling futures-channel v0.3.5
[INFO] [stderr]    Compiling once_cell v1.4.1
[INFO] [stderr]    Compiling smallvec v1.4.2
[INFO] [stderr]    Compiling futures-io v0.3.5
[INFO] [stderr]    Compiling arc-swap v0.4.7
[INFO] [stderr]    Compiling futures-task v0.3.5
[INFO] [stderr]    Compiling bytes v0.5.6
[INFO] [stderr]    Compiling tinyvec v0.3.4
[INFO] [stderr]    Compiling fnv v1.0.7
[INFO] [stderr]    Compiling pin-project-lite v0.1.7
[INFO] [stderr]    Compiling matches v0.1.8
[INFO] [stderr]    Compiling pin-utils v0.1.0
[INFO] [stderr]    Compiling unicode-bidi v0.3.4
[INFO] [stderr]    Compiling autocfg v1.0.0
[INFO] [stderr]    Compiling gimli v0.22.0
[INFO] [stderr]    Compiling iovec v0.1.4
[INFO] [stderr]    Compiling net2 v0.2.35
[INFO] [stderr]    Compiling quote v1.0.7
[INFO] [stderr]    Compiling mio v0.6.22
[INFO] [stderr]    Compiling signal-hook-registry v1.2.1
[INFO] [stderr]    Compiling rand_core v0.5.1
[INFO] [stderr]    Compiling unicode-normalization v0.1.13
[INFO] [stderr]    Compiling scopeguard v1.1.0
[INFO] [stderr]    Compiling instant v0.1.6
[INFO] [stderr]    Compiling unicode-segmentation v1.6.0
[INFO] [stderr]    Compiling ppv-lite86 v0.2.9
[INFO] [stderr]    Compiling adler v0.2.3
[INFO] [stderr]    Compiling miniz_oxide v0.4.1
[INFO] [stderr]    Compiling parking_lot_core v0.8.0
[INFO] [stderr]    Compiling mio-uds v0.6.8
[INFO] [stderr]    Compiling heck v0.3.1
[INFO] [stderr]    Compiling idna v0.2.0
[INFO] [stderr]    Compiling tokio v0.2.22
[INFO] [stderr]    Compiling rand_chacha v0.2.2
[INFO] [stderr]    Compiling lock_api v0.4.1
[INFO] [stderr]    Compiling crossbeam-utils v0.7.2
[INFO] [stderr]    Compiling num_cpus v1.13.0
[INFO] [stderr]    Compiling object v0.20.0
[INFO] [stderr]    Compiling percent-encoding v2.1.0
[INFO] [stderr]    Compiling match_cfg v0.1.0
[INFO] [stderr]    Compiling serde_derive v1.0.114
[INFO] [stderr]    Compiling maybe-uninit v2.0.0
[INFO] [stderr]    Compiling rustc-demangle v0.1.16
[INFO] [stderr]    Compiling hostname v0.3.1
[INFO] [stderr]    Compiling addr2line v0.13.0
[INFO] [stderr]    Compiling url v2.1.1
[INFO] [stderr]    Compiling threadpool v1.8.1
[INFO] [stderr]    Compiling parking_lot v0.11.0
[INFO] [stderr]    Compiling rand v0.7.3
[INFO] [stderr]    Compiling linked-hash-map v0.5.3
[INFO] [stderr]    Compiling bitflags v1.2.1
[INFO] [stderr]    Compiling serde v1.0.114
[INFO] [stderr]    Compiling ryu v1.0.2
[INFO] [stderr]    Compiling quick-error v1.2.3
[INFO] [stderr]    Compiling resolv-conf v0.6.3
[INFO] [stderr]    Compiling lru-cache v0.1.2
[INFO] [stderr]    Compiling copyless v0.1.5
[INFO] [stderr]    Compiling crossbeam-channel v0.4.4
[INFO] [stderr]    Compiling backtrace v0.3.50
[INFO] [stderr]    Compiling itoa v0.4.4
[INFO] [stderr]    Compiling tokio-util v0.3.1
[INFO] [stderr]    Compiling thiserror-impl v1.0.20
[INFO] [stderr]    Compiling derive_more v0.99.10
[INFO] [stderr]    Compiling enum-as-inner v0.3.3
[INFO] [stderr]    Compiling async-trait v0.1.40
[INFO] [stderr]    Compiling actix-macros v0.1.2
[INFO] [stderr]    Compiling actix_derive v0.5.0
[INFO] [stderr]    Compiling thiserror v1.0.20
[INFO] [stderr]    Compiling pin-project v0.4.23
[INFO] [stderr]    Compiling futures-util v0.3.5
[INFO] [stderr]    Compiling actix-threadpool v0.3.3
[INFO] [stderr]    Compiling futures v0.3.5
[INFO] [stderr]    Compiling actix-rt v1.1.1
[INFO] [stderr]    Compiling trust-dns-proto v0.19.5
[INFO] [stderr]    Compiling trust-dns-resolver v0.19.5
[INFO] [stderr]    Compiling serde_json v1.0.44
[INFO] [stderr]    Compiling actix v0.10.0
[INFO] [stderr]    Compiling new-home-application v1.1.0 (/opt/rustwide/workdir)
[INFO] [stderr]     Finished dev [unoptimized + debuginfo] target(s) in 17.85s
[INFO] running `Command { std: "docker" "inspect" "ab5d61ac6f6409f65654515828e9a4761b7d402c1b98823ef43efd422c171065", kill_on_drop: false }`
[INFO] running `Command { std: "docker" "rm" "-f" "ab5d61ac6f6409f65654515828e9a4761b7d402c1b98823ef43efd422c171065", kill_on_drop: false }`
[INFO] [stdout] ab5d61ac6f6409f65654515828e9a4761b7d402c1b98823ef43efd422c171065
[INFO] running `Command { std: "docker" "create" "-v" "/var/lib/crater-agent-workspace/builds/worker-2-tc2/target:/opt/rustwide/target:rw,Z" "-v" "/var/lib/crater-agent-workspace/builds/worker-2-tc2/source:/opt/rustwide/workdir:ro,Z" "-v" "/var/lib/crater-agent-workspace/cargo-home:/opt/rustwide/cargo-home:ro,Z" "-v" "/var/lib/crater-agent-workspace/rustup-home:/opt/rustwide/rustup-home:ro,Z" "-e" "SOURCE_DIR=/opt/rustwide/workdir" "-e" "CARGO_TARGET_DIR=/opt/rustwide/target" "-e" "CARGO_INCREMENTAL=0" "-e" "RUST_BACKTRACE=full" "-e" "RUSTFLAGS=--cap-lints=warn" "-e" "RUSTDOCFLAGS=--cap-lints=warn" "-e" "CARGO_HOME=/opt/rustwide/cargo-home" "-e" "RUSTUP_HOME=/opt/rustwide/rustup-home" "-w" "/opt/rustwide/workdir" "-m" "1610612736" "--user" "0:0" "--network" "none" "ghcr.io/rust-lang/crates-build-env/linux@sha256:2788e3201cd34a07e3172128adcd8b3090168a8e3bcc40d7c032b9dda1df7d1c" "/opt/rustwide/cargo-home/bin/cargo" "+beta-2023-12-22" "test" "--frozen" "--no-run" "--message-format=json", kill_on_drop: false }`
[INFO] [stdout] 95d573a342a7a14490d49b1b705107e42c66e74e278b9447a3f90bf8300a80ad
[INFO] running `Command { std: "docker" "start" "-a" "95d573a342a7a14490d49b1b705107e42c66e74e278b9447a3f90bf8300a80ad", kill_on_drop: false }`
[INFO] [stderr]    Compiling new-home-application v1.1.0 (/opt/rustwide/workdir)
[INFO] [stderr]     Finished test [unoptimized + debuginfo] target(s) in 1.28s
[INFO] running `Command { std: "docker" "inspect" "95d573a342a7a14490d49b1b705107e42c66e74e278b9447a3f90bf8300a80ad", kill_on_drop: false }`
[INFO] running `Command { std: "docker" "rm" "-f" "95d573a342a7a14490d49b1b705107e42c66e74e278b9447a3f90bf8300a80ad", kill_on_drop: false }`
[INFO] [stdout] 95d573a342a7a14490d49b1b705107e42c66e74e278b9447a3f90bf8300a80ad
[INFO] running `Command { std: "docker" "create" "-v" "/var/lib/crater-agent-workspace/builds/worker-2-tc2/target:/opt/rustwide/target:rw,Z" "-v" "/var/lib/crater-agent-workspace/builds/worker-2-tc2/source:/opt/rustwide/workdir:ro,Z" "-v" "/var/lib/crater-agent-workspace/cargo-home:/opt/rustwide/cargo-home:ro,Z" "-v" "/var/lib/crater-agent-workspace/rustup-home:/opt/rustwide/rustup-home:ro,Z" "-e" "SOURCE_DIR=/opt/rustwide/workdir" "-e" "CARGO_TARGET_DIR=/opt/rustwide/target" "-e" "CARGO_INCREMENTAL=0" "-e" "RUST_BACKTRACE=full" "-e" "RUSTFLAGS=--cap-lints=warn" "-e" "RUSTDOCFLAGS=--cap-lints=warn" "-e" "CARGO_HOME=/opt/rustwide/cargo-home" "-e" "RUSTUP_HOME=/opt/rustwide/rustup-home" "-w" "/opt/rustwide/workdir" "-m" "1610612736" "--user" "0:0" "--network" "none" "ghcr.io/rust-lang/crates-build-env/linux@sha256:2788e3201cd34a07e3172128adcd8b3090168a8e3bcc40d7c032b9dda1df7d1c" "/opt/rustwide/cargo-home/bin/cargo" "+beta-2023-12-22" "test" "--frozen", kill_on_drop: false }`
[INFO] [stdout] 291817aeb323e15df5703206c2568e9dab7d408bcd3cc0cd552683d63fc4ee25
[INFO] running `Command { std: "docker" "start" "-a" "291817aeb323e15df5703206c2568e9dab7d408bcd3cc0cd552683d63fc4ee25", kill_on_drop: false }`
[INFO] [stderr]     Finished test [unoptimized + debuginfo] target(s) in 0.07s
[INFO] [stderr]      Running unittests src/lib.rs (/opt/rustwide/target/debug/deps/new_home_application-85f7709f83af5ac9)
[INFO] [stdout] 
[INFO] [stdout] running 0 tests
[INFO] [stdout] 
[INFO] [stdout] test result: ok. 0 passed; 0 failed; 0 ignored; 0 measured; 0 filtered out; finished in 0.00s
[INFO] [stdout] 
[INFO] [stderr]    Doc-tests new-home-application
[INFO] [stdout] 
[INFO] [stdout] running 1 test
[INFO] [stdout] test src/lib.rs - (line 39) ... FAILED
[INFO] [stdout] 
[INFO] [stdout] failures:
[INFO] [stdout] 
[INFO] [stdout] ---- src/lib.rs - (line 39) stdout ----
[INFO] [stdout] error[E0407]: method `set_arguments` is not a member of trait `Method`
[INFO] [stdout]   --> src/lib.rs:65:5
[INFO] [stdout]    |
[INFO] [stdout] 29 | /     fn set_arguments(
[INFO] [stdout] 30 | |         &mut self,
[INFO] [stdout] 31 | |         arguments: HashMap<String, Value>,
[INFO] [stdout] 32 | |     ) -> Result<(), MethodError> {
[INFO] [stdout] ...  |
[INFO] [stdout] 47 | |         Ok(())
[INFO] [stdout] 48 | |     }
[INFO] [stdout]    | |_____^ not a member of trait `Method`
[INFO] [stdout] 
[INFO] [stdout] error[E0407]: method `call` is not a member of trait `MethodCallable`
[INFO] [stdout]   --> src/lib.rs:88:5
[INFO] [stdout]    |
[INFO] [stdout] 52 | /     fn call(&mut self, _: MethodCall) -> MethodResult {
[INFO] [stdout] 53 | |         unimplemented!()
[INFO] [stdout] 54 | |     }
[INFO] [stdout]    | |_____^ not a member of trait `MethodCallable`
[INFO] [stdout] 
[INFO] [stdout] error[E0046]: not all trait items implemented, missing: `ArgumentsType`, `secure_call`
[INFO] [stdout]   --> src/lib.rs:87:1
[INFO] [stdout]    |
[INFO] [stdout] 51 | impl MethodCallable for ExampleMethod {
[INFO] [stdout]    | ^^^^^^^^^^^^^^^^^^^^^^^^^^^^^^^^^^^^^ missing `ArgumentsType`, `secure_call` in implementation
[INFO] [stdout]    |
[INFO] [stdout]    = help: implement the missing item: `type ArgumentsType = /* Type */;`
[INFO] [stdout]    = help: implement the missing item: `fn secure_call(&mut self, _: std::string::String, _: <Self as MethodCallable>::ArgumentsType) -> MethodResult { todo!() }`
[INFO] [stdout] 
[INFO] [stdout] error: aborting due to 3 previous errors
[INFO] [stdout] 
[INFO] [stdout] Some errors have detailed explanations: E0046, E0407.
[INFO] [stdout] For more information about an error, try `rustc --explain E0046`.
[INFO] [stdout] Couldn't compile the test.
[INFO] [stdout] 
[INFO] [stdout] failures:
[INFO] [stdout]     src/lib.rs - (line 39)
[INFO] [stdout] 
[INFO] [stdout] test result: FAILED. 0 passed; 1 failed; 0 ignored; 0 measured; 0 filtered out; finished in 0.06s
[INFO] [stdout] 
[INFO] [stderr] error: doctest failed, to rerun pass `--doc`
[INFO] running `Command { std: "docker" "inspect" "291817aeb323e15df5703206c2568e9dab7d408bcd3cc0cd552683d63fc4ee25", kill_on_drop: false }`
[INFO] running `Command { std: "docker" "rm" "-f" "291817aeb323e15df5703206c2568e9dab7d408bcd3cc0cd552683d63fc4ee25", kill_on_drop: false }`
[INFO] [stdout] 291817aeb323e15df5703206c2568e9dab7d408bcd3cc0cd552683d63fc4ee25
