[INFO] fetching crate neuedu-cryptos 0.1.6...
[INFO] testing neuedu-cryptos-0.1.6 against 1.75.0 for beta-1.76-1
[INFO] extracting crate neuedu-cryptos 0.1.6 into /workspace/builds/worker-3-tc1/source
[INFO] validating manifest of crates.io crate neuedu-cryptos 0.1.6 on toolchain 1.75.0
[INFO] running `Command { std: CARGO_HOME="/workspace/cargo-home" RUSTUP_HOME="/workspace/rustup-home" "/workspace/cargo-home/bin/cargo" "+1.75.0" "metadata" "--manifest-path" "Cargo.toml" "--no-deps", kill_on_drop: false }`
[INFO] started tweaking crates.io crate neuedu-cryptos 0.1.6
[INFO] finished tweaking crates.io crate neuedu-cryptos 0.1.6
[INFO] tweaked toml for crates.io crate neuedu-cryptos 0.1.6 written to /workspace/builds/worker-3-tc1/source/Cargo.toml
[INFO] running `Command { std: CARGO_HOME="/workspace/cargo-home" RUSTUP_HOME="/workspace/rustup-home" "/workspace/cargo-home/bin/cargo" "+1.75.0" "generate-lockfile" "--manifest-path" "Cargo.toml", kill_on_drop: false }`
[INFO] running `Command { std: CARGO_HOME="/workspace/cargo-home" RUSTUP_HOME="/workspace/rustup-home" "/workspace/cargo-home/bin/cargo" "+1.75.0" "fetch" "--manifest-path" "Cargo.toml", kill_on_drop: false }`
[INFO] running `Command { std: "docker" "create" "-v" "/var/lib/crater-agent-workspace/builds/worker-3-tc1/target:/opt/rustwide/target:rw,Z" "-v" "/var/lib/crater-agent-workspace/builds/worker-3-tc1/source:/opt/rustwide/workdir:ro,Z" "-v" "/var/lib/crater-agent-workspace/cargo-home:/opt/rustwide/cargo-home:ro,Z" "-v" "/var/lib/crater-agent-workspace/rustup-home:/opt/rustwide/rustup-home:ro,Z" "-e" "SOURCE_DIR=/opt/rustwide/workdir" "-e" "CARGO_TARGET_DIR=/opt/rustwide/target" "-e" "CARGO_HOME=/opt/rustwide/cargo-home" "-e" "RUSTUP_HOME=/opt/rustwide/rustup-home" "-w" "/opt/rustwide/workdir" "-m" "1610612736" "--user" "0:0" "--network" "none" "ghcr.io/rust-lang/crates-build-env/linux@sha256:2788e3201cd34a07e3172128adcd8b3090168a8e3bcc40d7c032b9dda1df7d1c" "/opt/rustwide/cargo-home/bin/cargo" "+1.75.0" "metadata" "--no-deps" "--format-version=1", kill_on_drop: false }`
[INFO] [stdout] 2f3bb51e2dc33c78f3c2ee71e4779bdcf87973997b345c1d5a7e3c42388b698f
[INFO] running `Command { std: "docker" "start" "-a" "2f3bb51e2dc33c78f3c2ee71e4779bdcf87973997b345c1d5a7e3c42388b698f", kill_on_drop: false }`
[INFO] running `Command { std: "docker" "inspect" "2f3bb51e2dc33c78f3c2ee71e4779bdcf87973997b345c1d5a7e3c42388b698f", kill_on_drop: false }`
[INFO] running `Command { std: "docker" "rm" "-f" "2f3bb51e2dc33c78f3c2ee71e4779bdcf87973997b345c1d5a7e3c42388b698f", kill_on_drop: false }`
[INFO] [stdout] 2f3bb51e2dc33c78f3c2ee71e4779bdcf87973997b345c1d5a7e3c42388b698f
[INFO] running `Command { std: "docker" "create" "-v" "/var/lib/crater-agent-workspace/builds/worker-3-tc1/target:/opt/rustwide/target:rw,Z" "-v" "/var/lib/crater-agent-workspace/builds/worker-3-tc1/source:/opt/rustwide/workdir:ro,Z" "-v" "/var/lib/crater-agent-workspace/cargo-home:/opt/rustwide/cargo-home:ro,Z" "-v" "/var/lib/crater-agent-workspace/rustup-home:/opt/rustwide/rustup-home:ro,Z" "-e" "SOURCE_DIR=/opt/rustwide/workdir" "-e" "CARGO_TARGET_DIR=/opt/rustwide/target" "-e" "CARGO_INCREMENTAL=0" "-e" "RUST_BACKTRACE=full" "-e" "RUSTFLAGS=--cap-lints=warn" "-e" "RUSTDOCFLAGS=--cap-lints=warn" "-e" "CARGO_HOME=/opt/rustwide/cargo-home" "-e" "RUSTUP_HOME=/opt/rustwide/rustup-home" "-w" "/opt/rustwide/workdir" "-m" "1610612736" "--user" "0:0" "--network" "none" "ghcr.io/rust-lang/crates-build-env/linux@sha256:2788e3201cd34a07e3172128adcd8b3090168a8e3bcc40d7c032b9dda1df7d1c" "/opt/rustwide/cargo-home/bin/cargo" "+1.75.0" "build" "--frozen" "--message-format=json", kill_on_drop: false }`
[INFO] [stdout] 1d089e03af39d063ee3473217ae7e4c3f879ad1ea081aca5fc1b77c96fa6721b
[INFO] running `Command { std: "docker" "start" "-a" "1d089e03af39d063ee3473217ae7e4c3f879ad1ea081aca5fc1b77c96fa6721b", kill_on_drop: false }`
[INFO] [stderr]    Compiling neuedu-cryptos v0.1.6 (/opt/rustwide/workdir)
[INFO] [stderr]     Finished dev [unoptimized + debuginfo] target(s) in 0.17s
[INFO] running `Command { std: "docker" "inspect" "1d089e03af39d063ee3473217ae7e4c3f879ad1ea081aca5fc1b77c96fa6721b", kill_on_drop: false }`
[INFO] running `Command { std: "docker" "rm" "-f" "1d089e03af39d063ee3473217ae7e4c3f879ad1ea081aca5fc1b77c96fa6721b", kill_on_drop: false }`
[INFO] [stdout] 1d089e03af39d063ee3473217ae7e4c3f879ad1ea081aca5fc1b77c96fa6721b
[INFO] running `Command { std: "docker" "create" "-v" "/var/lib/crater-agent-workspace/builds/worker-3-tc1/target:/opt/rustwide/target:rw,Z" "-v" "/var/lib/crater-agent-workspace/builds/worker-3-tc1/source:/opt/rustwide/workdir:ro,Z" "-v" "/var/lib/crater-agent-workspace/cargo-home:/opt/rustwide/cargo-home:ro,Z" "-v" "/var/lib/crater-agent-workspace/rustup-home:/opt/rustwide/rustup-home:ro,Z" "-e" "SOURCE_DIR=/opt/rustwide/workdir" "-e" "CARGO_TARGET_DIR=/opt/rustwide/target" "-e" "CARGO_INCREMENTAL=0" "-e" "RUST_BACKTRACE=full" "-e" "RUSTFLAGS=--cap-lints=warn" "-e" "RUSTDOCFLAGS=--cap-lints=warn" "-e" "CARGO_HOME=/opt/rustwide/cargo-home" "-e" "RUSTUP_HOME=/opt/rustwide/rustup-home" "-w" "/opt/rustwide/workdir" "-m" "1610612736" "--user" "0:0" "--network" "none" "ghcr.io/rust-lang/crates-build-env/linux@sha256:2788e3201cd34a07e3172128adcd8b3090168a8e3bcc40d7c032b9dda1df7d1c" "/opt/rustwide/cargo-home/bin/cargo" "+1.75.0" "test" "--frozen" "--no-run" "--message-format=json", kill_on_drop: false }`
[INFO] [stdout] 059e50e520457b35eb257b33960d1bc4ec320392ce039e56f754a5988082ddf8
[INFO] running `Command { std: "docker" "start" "-a" "059e50e520457b35eb257b33960d1bc4ec320392ce039e56f754a5988082ddf8", kill_on_drop: false }`
[INFO] [stderr]    Compiling neuedu-cryptos v0.1.6 (/opt/rustwide/workdir)
[INFO] [stderr]     Finished test [unoptimized + debuginfo] target(s) in 0.36s
[INFO] running `Command { std: "docker" "inspect" "059e50e520457b35eb257b33960d1bc4ec320392ce039e56f754a5988082ddf8", kill_on_drop: false }`
[INFO] running `Command { std: "docker" "rm" "-f" "059e50e520457b35eb257b33960d1bc4ec320392ce039e56f754a5988082ddf8", kill_on_drop: false }`
[INFO] [stdout] 059e50e520457b35eb257b33960d1bc4ec320392ce039e56f754a5988082ddf8
[INFO] running `Command { std: "docker" "create" "-v" "/var/lib/crater-agent-workspace/builds/worker-3-tc1/target:/opt/rustwide/target:rw,Z" "-v" "/var/lib/crater-agent-workspace/builds/worker-3-tc1/source:/opt/rustwide/workdir:ro,Z" "-v" "/var/lib/crater-agent-workspace/cargo-home:/opt/rustwide/cargo-home:ro,Z" "-v" "/var/lib/crater-agent-workspace/rustup-home:/opt/rustwide/rustup-home:ro,Z" "-e" "SOURCE_DIR=/opt/rustwide/workdir" "-e" "CARGO_TARGET_DIR=/opt/rustwide/target" "-e" "CARGO_INCREMENTAL=0" "-e" "RUST_BACKTRACE=full" "-e" "RUSTFLAGS=--cap-lints=warn" "-e" "RUSTDOCFLAGS=--cap-lints=warn" "-e" "CARGO_HOME=/opt/rustwide/cargo-home" "-e" "RUSTUP_HOME=/opt/rustwide/rustup-home" "-w" "/opt/rustwide/workdir" "-m" "1610612736" "--user" "0:0" "--network" "none" "ghcr.io/rust-lang/crates-build-env/linux@sha256:2788e3201cd34a07e3172128adcd8b3090168a8e3bcc40d7c032b9dda1df7d1c" "/opt/rustwide/cargo-home/bin/cargo" "+1.75.0" "test" "--frozen", kill_on_drop: false }`
[INFO] [stdout] f1f6d6465d713290027879499d5fb47e764da6fac5e0c644dc74f546678e0c66
[INFO] running `Command { std: "docker" "start" "-a" "f1f6d6465d713290027879499d5fb47e764da6fac5e0c644dc74f546678e0c66", kill_on_drop: false }`
[INFO] [stderr]     Finished test [unoptimized + debuginfo] target(s) in 0.01s
[INFO] [stderr]      Running unittests src/lib.rs (/opt/rustwide/target/debug/deps/neuedu_cryptos-22bbcbeac4f577c9)
[INFO] [stdout] 
[INFO] [stdout] running 9 tests
[INFO] [stdout] test tests::sm3_3 ... ok
[INFO] [stdout] test tests::sm4_cbc_padding_none ... ok
[INFO] [stdout] test tests::sm4_ecb_padding_bit ... ok
[INFO] [stdout] test tests::sm4_cfb_padding_none ... ok
[INFO] [stdout] test tests::sm3_512 ... ok
[INFO] [stdout] test tests::sm4_ecb_padding_none ... ok
[INFO] [stdout] test tests::sm4_ecb_padding_pkcs7 ... ok
[INFO] [stdout] test tests::sm4_ecb_padding_zero ... ok
[INFO] [stdout] test tests::sm4_ofb_padding_none ... ok
[INFO] [stdout] 
[INFO] [stdout] test result: ok. 9 passed; 0 failed; 0 ignored; 0 measured; 0 filtered out; finished in 0.00s
[INFO] [stdout] 
[INFO] [stderr]    Doc-tests neuedu-cryptos
[INFO] [stdout] 
[INFO] [stdout] running 8 tests
[INFO] [stdout] test src/block_ciphers/paddings.rs - block_ciphers::paddings::PaddingMethod::Method3 (line 49) ... FAILED
[INFO] [stdout] test src/block_ciphers/paddings.rs - block_ciphers::paddings::PaddingMethod::Method3 (line 43) ... FAILED
[INFO] [stdout] test src/block_ciphers/operation_modes.rs - block_ciphers::operation_modes::OperationMode::CBC (line 26) ... FAILED
[INFO] [stdout] test src/block_ciphers/operation_modes.rs - block_ciphers::operation_modes::OperationMode::OFB (line 68) ... FAILED
[INFO] [stdout] test src/block_ciphers/operation_modes.rs - block_ciphers::operation_modes::OperationMode::CFB (line 47) ... FAILED
[INFO] [stdout] test src/lib.rs - (line 26) ... ok
[INFO] [stdout] test src/lib.rs - (line 51) ... ok
[INFO] [stdout] test src/lib.rs - (line 9) ... ok
[INFO] [stdout] 
[INFO] [stdout] failures:
[INFO] [stdout] 
[INFO] [stdout] ---- src/block_ciphers/paddings.rs - block_ciphers::paddings::PaddingMethod::Method3 (line 49) stdout ----
[INFO] [stdout] error: comparison operators cannot be chained
[INFO] [stdout]  --> src/block_ciphers/paddings.rs:50:8
[INFO] [stdout]   |
[INFO] [stdout] 3 | Method3<None>
[INFO] [stdout]   |        ^    ^
[INFO] [stdout]   |
[INFO] [stdout]   = help: use `::<...>` instead of `<...>` to specify lifetime, type, or const arguments
[INFO] [stdout]   = help: or use `(...)` if you meant to specify fn arguments
[INFO] [stdout] 
[INFO] [stdout] error: aborting due to previous error
[INFO] [stdout] 
[INFO] [stdout] Couldn't compile the test.
[INFO] [stdout] ---- src/block_ciphers/paddings.rs - block_ciphers::paddings::PaddingMethod::Method3 (line 43) stdout ----
[INFO] [stdout] error: comparison operators cannot be chained
[INFO] [stdout]  --> src/block_ciphers/paddings.rs:44:8
[INFO] [stdout]   |
[INFO] [stdout] 3 | Method3<Some(31)>
[INFO] [stdout]   |        ^        ^
[INFO] [stdout]   |
[INFO] [stdout]   = help: use `::<...>` instead of `<...>` to specify lifetime, type, or const arguments
[INFO] [stdout]   = help: or use `(...)` if you meant to specify fn arguments
[INFO] [stdout] 
[INFO] [stdout] error: aborting due to previous error
[INFO] [stdout] 
[INFO] [stdout] Couldn't compile the test.
[INFO] [stdout] ---- src/block_ciphers/operation_modes.rs - block_ciphers::operation_modes::OperationMode::CBC (line 26) stdout ----
[INFO] [stdout] error[E0425]: cannot find function, tuple struct or tuple variant `CBC` in this scope
[INFO] [stdout]  --> src/block_ciphers/operation_modes.rs:32:1
[INFO] [stdout]   |
[INFO] [stdout] 8 | CBC(IV.to_vec())
[INFO] [stdout]   | ^^^ not found in this scope
[INFO] [stdout]   |
[INFO] [stdout] help: consider importing this tuple variant
[INFO] [stdout]   |
[INFO] [stdout] 2 + use neuedu_cryptos::block_ciphers::OperationMode::CBC;
[INFO] [stdout]   |
[INFO] [stdout] 
[INFO] [stdout] error: aborting due to previous error
[INFO] [stdout] 
[INFO] [stdout] For more information about this error, try `rustc --explain E0425`.
[INFO] [stdout] Couldn't compile the test.
[INFO] [stdout] ---- src/block_ciphers/operation_modes.rs - block_ciphers::operation_modes::OperationMode::OFB (line 68) stdout ----
[INFO] [stdout] error[E0425]: cannot find function, tuple struct or tuple variant `OFB` in this scope
[INFO] [stdout]  --> src/block_ciphers/operation_modes.rs:74:1
[INFO] [stdout]   |
[INFO] [stdout] 8 | OFB(IV.to_vec())
[INFO] [stdout]   | ^^^ not found in this scope
[INFO] [stdout]   |
[INFO] [stdout] help: consider importing this tuple variant
[INFO] [stdout]   |
[INFO] [stdout] 2 + use neuedu_cryptos::block_ciphers::OperationMode::OFB;
[INFO] [stdout]   |
[INFO] [stdout] 
[INFO] [stdout] error: aborting due to previous error
[INFO] [stdout] 
[INFO] [stdout] For more information about this error, try `rustc --explain E0425`.
[INFO] [stdout] Couldn't compile the test.
[INFO] [stdout] ---- src/block_ciphers/operation_modes.rs - block_ciphers::operation_modes::OperationMode::CFB (line 47) stdout ----
[INFO] [stdout] error[E0425]: cannot find function, tuple struct or tuple variant `CFB` in this scope
[INFO] [stdout]  --> src/block_ciphers/operation_modes.rs:53:1
[INFO] [stdout]   |
[INFO] [stdout] 8 | CFB(IV.to_vec())
[INFO] [stdout]   | ^^^ not found in this scope
[INFO] [stdout]   |
[INFO] [stdout] help: consider importing this tuple variant
[INFO] [stdout]   |
[INFO] [stdout] 2 + use neuedu_cryptos::block_ciphers::OperationMode::CFB;
[INFO] [stdout]   |
[INFO] [stdout] 
[INFO] [stdout] error: aborting due to previous error
[INFO] [stdout] 
[INFO] [stdout] For more information about this error, try `rustc --explain E0425`.
[INFO] [stdout] Couldn't compile the test.
[INFO] [stdout] 
[INFO] [stdout] failures:
[INFO] [stdout]     src/block_ciphers/operation_modes.rs - block_ciphers::operation_modes::OperationMode::CBC (line 26)
[INFO] [stdout]     src/block_ciphers/operation_modes.rs - block_ciphers::operation_modes::OperationMode::CFB (line 47)
[INFO] [stdout]     src/block_ciphers/operation_modes.rs - block_ciphers::operation_modes::OperationMode::OFB (line 68)
[INFO] [stdout]     src/block_ciphers/paddings.rs - block_ciphers::paddings::PaddingMethod::Method3 (line 43)
[INFO] [stdout]     src/block_ciphers/paddings.rs - block_ciphers::paddings::PaddingMethod::Method3 (line 49)
[INFO] [stdout] 
[INFO] [stdout] test result: FAILED. 3 passed; 5 failed; 0 ignored; 0 measured; 0 filtered out; finished in 0.17s
[INFO] [stdout] 
[INFO] [stderr] error: doctest failed, to rerun pass `--doc`
[INFO] running `Command { std: "docker" "inspect" "f1f6d6465d713290027879499d5fb47e764da6fac5e0c644dc74f546678e0c66", kill_on_drop: false }`
[INFO] running `Command { std: "docker" "rm" "-f" "f1f6d6465d713290027879499d5fb47e764da6fac5e0c644dc74f546678e0c66", kill_on_drop: false }`
[INFO] [stdout] f1f6d6465d713290027879499d5fb47e764da6fac5e0c644dc74f546678e0c66
