[INFO] fetching crate netlink-sys-mio-0-8 0.8.3...
[INFO] testing netlink-sys-mio-0-8-0.8.3 against 1.75.0 for beta-1.76-1
[INFO] extracting crate netlink-sys-mio-0-8 0.8.3 into /workspace/builds/worker-1-tc1/source
[INFO] validating manifest of crates.io crate netlink-sys-mio-0-8 0.8.3 on toolchain 1.75.0
[INFO] running `Command { std: CARGO_HOME="/workspace/cargo-home" RUSTUP_HOME="/workspace/rustup-home" "/workspace/cargo-home/bin/cargo" "+1.75.0" "metadata" "--manifest-path" "Cargo.toml" "--no-deps", kill_on_drop: false }`
[INFO] started tweaking crates.io crate netlink-sys-mio-0-8 0.8.3
[INFO] removed 0 missing examples
[INFO] finished tweaking crates.io crate netlink-sys-mio-0-8 0.8.3
[INFO] tweaked toml for crates.io crate netlink-sys-mio-0-8 0.8.3 written to /workspace/builds/worker-1-tc1/source/Cargo.toml
[INFO] crate crates.io crate netlink-sys-mio-0-8 0.8.3 already has a lockfile, it will not be regenerated
[INFO] running `Command { std: CARGO_HOME="/workspace/cargo-home" RUSTUP_HOME="/workspace/rustup-home" "/workspace/cargo-home/bin/cargo" "+1.75.0" "fetch" "--manifest-path" "Cargo.toml", kill_on_drop: false }`
[INFO] [stderr]     Updating crates.io index
[INFO] [stderr]  Downloading crates ...
[INFO] [stderr]   Downloaded netlink-proto v0.9.2
[INFO] [stderr]   Downloaded value-bag v1.0.0-alpha.8
[INFO] [stderr]   Downloaded async-std v1.11.0
[INFO] [stderr]   Downloaded libc v0.2.123
[INFO] [stderr]   Downloaded netlink-sys v0.8.2
[INFO] [stderr]   Downloaded ctor v0.1.22
[INFO] [stderr]   Downloaded async-global-executor v2.0.4
[INFO] [stderr]   Downloaded netlink-packet-audit v0.4.0
[INFO] running `Command { std: "docker" "create" "-v" "/var/lib/crater-agent-workspace/builds/worker-1-tc1/target:/opt/rustwide/target:rw,Z" "-v" "/var/lib/crater-agent-workspace/builds/worker-1-tc1/source:/opt/rustwide/workdir:ro,Z" "-v" "/var/lib/crater-agent-workspace/cargo-home:/opt/rustwide/cargo-home:ro,Z" "-v" "/var/lib/crater-agent-workspace/rustup-home:/opt/rustwide/rustup-home:ro,Z" "-e" "SOURCE_DIR=/opt/rustwide/workdir" "-e" "CARGO_TARGET_DIR=/opt/rustwide/target" "-e" "CARGO_HOME=/opt/rustwide/cargo-home" "-e" "RUSTUP_HOME=/opt/rustwide/rustup-home" "-w" "/opt/rustwide/workdir" "-m" "1610612736" "--user" "0:0" "--network" "none" "ghcr.io/rust-lang/crates-build-env/linux@sha256:2788e3201cd34a07e3172128adcd8b3090168a8e3bcc40d7c032b9dda1df7d1c" "/opt/rustwide/cargo-home/bin/cargo" "+1.75.0" "metadata" "--no-deps" "--format-version=1", kill_on_drop: false }`
[INFO] [stdout] 92223e79df31aa71c45103cabd68a401658af41a69b26f164d6ebdeb0fe8fa7c
[INFO] running `Command { std: "docker" "start" "-a" "92223e79df31aa71c45103cabd68a401658af41a69b26f164d6ebdeb0fe8fa7c", kill_on_drop: false }`
[INFO] running `Command { std: "docker" "inspect" "92223e79df31aa71c45103cabd68a401658af41a69b26f164d6ebdeb0fe8fa7c", kill_on_drop: false }`
[INFO] running `Command { std: "docker" "rm" "-f" "92223e79df31aa71c45103cabd68a401658af41a69b26f164d6ebdeb0fe8fa7c", kill_on_drop: false }`
[INFO] [stdout] 92223e79df31aa71c45103cabd68a401658af41a69b26f164d6ebdeb0fe8fa7c
[INFO] running `Command { std: "docker" "create" "-v" "/var/lib/crater-agent-workspace/builds/worker-1-tc1/target:/opt/rustwide/target:rw,Z" "-v" "/var/lib/crater-agent-workspace/builds/worker-1-tc1/source:/opt/rustwide/workdir:ro,Z" "-v" "/var/lib/crater-agent-workspace/cargo-home:/opt/rustwide/cargo-home:ro,Z" "-v" "/var/lib/crater-agent-workspace/rustup-home:/opt/rustwide/rustup-home:ro,Z" "-e" "SOURCE_DIR=/opt/rustwide/workdir" "-e" "CARGO_TARGET_DIR=/opt/rustwide/target" "-e" "CARGO_INCREMENTAL=0" "-e" "RUST_BACKTRACE=full" "-e" "RUSTFLAGS=--cap-lints=warn" "-e" "RUSTDOCFLAGS=--cap-lints=warn" "-e" "CARGO_HOME=/opt/rustwide/cargo-home" "-e" "RUSTUP_HOME=/opt/rustwide/rustup-home" "-w" "/opt/rustwide/workdir" "-m" "1610612736" "--user" "0:0" "--network" "none" "ghcr.io/rust-lang/crates-build-env/linux@sha256:2788e3201cd34a07e3172128adcd8b3090168a8e3bcc40d7c032b9dda1df7d1c" "/opt/rustwide/cargo-home/bin/cargo" "+1.75.0" "build" "--frozen" "--message-format=json", kill_on_drop: false }`
[INFO] [stdout] af0334539241362477539c4fec69d8b365f8d844e0b8e043a1a3d9056734d740
[INFO] running `Command { std: "docker" "start" "-a" "af0334539241362477539c4fec69d8b365f8d844e0b8e043a1a3d9056734d740", kill_on_drop: false }`
[INFO] [stderr]    Compiling proc-macro2 v1.0.37
[INFO] [stderr]    Compiling unicode-xid v0.2.2
[INFO] [stderr]    Compiling syn v1.0.91
[INFO] [stderr]    Compiling libc v0.2.123
[INFO] [stderr]    Compiling log v0.4.16
[INFO] [stderr]    Compiling bytes v1.1.0
[INFO] [stderr]    Compiling value-bag v1.0.0-alpha.8
[INFO] [stderr]    Compiling quote v1.0.18
[INFO] [stderr]    Compiling ctor v0.1.22
[INFO] [stderr]    Compiling netlink-sys-mio-0-8 v0.8.3 (/opt/rustwide/workdir)
[INFO] [stderr]     Finished dev [unoptimized + debuginfo] target(s) in 4.90s
[INFO] running `Command { std: "docker" "inspect" "af0334539241362477539c4fec69d8b365f8d844e0b8e043a1a3d9056734d740", kill_on_drop: false }`
[INFO] running `Command { std: "docker" "rm" "-f" "af0334539241362477539c4fec69d8b365f8d844e0b8e043a1a3d9056734d740", kill_on_drop: false }`
[INFO] [stdout] af0334539241362477539c4fec69d8b365f8d844e0b8e043a1a3d9056734d740
[INFO] running `Command { std: "docker" "create" "-v" "/var/lib/crater-agent-workspace/builds/worker-1-tc1/target:/opt/rustwide/target:rw,Z" "-v" "/var/lib/crater-agent-workspace/builds/worker-1-tc1/source:/opt/rustwide/workdir:ro,Z" "-v" "/var/lib/crater-agent-workspace/cargo-home:/opt/rustwide/cargo-home:ro,Z" "-v" "/var/lib/crater-agent-workspace/rustup-home:/opt/rustwide/rustup-home:ro,Z" "-e" "SOURCE_DIR=/opt/rustwide/workdir" "-e" "CARGO_TARGET_DIR=/opt/rustwide/target" "-e" "CARGO_INCREMENTAL=0" "-e" "RUST_BACKTRACE=full" "-e" "RUSTFLAGS=--cap-lints=warn" "-e" "RUSTDOCFLAGS=--cap-lints=warn" "-e" "CARGO_HOME=/opt/rustwide/cargo-home" "-e" "RUSTUP_HOME=/opt/rustwide/rustup-home" "-w" "/opt/rustwide/workdir" "-m" "1610612736" "--user" "0:0" "--network" "none" "ghcr.io/rust-lang/crates-build-env/linux@sha256:2788e3201cd34a07e3172128adcd8b3090168a8e3bcc40d7c032b9dda1df7d1c" "/opt/rustwide/cargo-home/bin/cargo" "+1.75.0" "test" "--frozen" "--no-run" "--message-format=json", kill_on_drop: false }`
[INFO] [stdout] 29ce47d181d1f94964d6c70415adef37cb9347054d41aa7a289ca499a64b060d
[INFO] running `Command { std: "docker" "start" "-a" "29ce47d181d1f94964d6c70415adef37cb9347054d41aa7a289ca499a64b060d", kill_on_drop: false }`
[INFO] [stderr]    Compiling futures-core v0.3.21
[INFO] [stderr]    Compiling memchr v2.4.1
[INFO] [stderr]    Compiling pin-project-lite v0.2.8
[INFO] [stderr]    Compiling futures-io v0.3.21
[INFO] [stderr]    Compiling slab v0.4.6
[INFO] [stderr]    Compiling cache-padded v1.2.0
[INFO] [stderr]    Compiling futures-channel v0.3.21
[INFO] [stderr]    Compiling futures-task v0.3.21
[INFO] [stderr]    Compiling parking v2.0.0
[INFO] [stderr]    Compiling futures-util v0.3.21
[INFO] [stderr]    Compiling futures-sink v0.3.21
[INFO] [stderr]    Compiling socket2 v0.4.4
[INFO] [stderr]    Compiling event-listener v2.5.2
[INFO] [stderr]    Compiling fastrand v1.7.0
[INFO] [stderr]    Compiling anyhow v1.0.56
[INFO] [stderr]    Compiling waker-fn v1.1.0
[INFO] [stderr]    Compiling concurrent-queue v1.2.2
[INFO] [stderr]    Compiling futures-macro v0.3.21
[INFO] [stderr]    Compiling thiserror-impl v1.0.30
[INFO] [stderr]    Compiling num_cpus v1.13.1
[INFO] [stderr]    Compiling once_cell v1.10.0
[INFO] [stderr]    Compiling async-task v4.2.0
[INFO] [stderr]    Compiling paste v1.0.7
[INFO] [stderr]    Compiling byteorder v1.4.3
[INFO] [stderr]    Compiling mio v0.8.2
[INFO] [stderr]    Compiling polling v2.2.0
[INFO] [stderr]    Compiling tokio-macros v1.7.0
[INFO] [stderr]    Compiling crossbeam-utils v0.8.8
[INFO] [stderr]    Compiling atomic-waker v1.0.0
[INFO] [stderr]    Compiling async-mutex v1.4.0
[INFO] [stderr]    Compiling async-channel v1.6.1
[INFO] [stderr]    Compiling netlink-sys v0.8.2
[INFO] [stderr]    Compiling async-lock v2.5.0
[INFO] [stderr]    Compiling kv-log-macro v1.0.7
[INFO] [stderr]    Compiling async-attributes v1.1.2
[INFO] [stderr]    Compiling futures-lite v1.12.0
[INFO] [stderr]    Compiling tokio v1.17.0
[INFO] [stderr]    Compiling thiserror v1.0.30
[INFO] [stderr]    Compiling netlink-packet-utils v0.5.1
[INFO] [stderr]    Compiling async-io v1.6.0
[INFO] [stderr]    Compiling async-executor v1.4.1
[INFO] [stderr]    Compiling blocking v1.2.0
[INFO] [stderr]    Compiling netlink-packet-core v0.4.2
[INFO] [stderr]    Compiling async-global-executor v2.0.4
[INFO] [stderr]    Compiling async-std v1.11.0
[INFO] [stderr]    Compiling futures-executor v0.3.21
[INFO] [stderr]    Compiling futures v0.3.21
[INFO] [stderr]    Compiling netlink-proto v0.9.2
[INFO] [stderr]    Compiling netlink-packet-audit v0.4.0
[INFO] [stderr]    Compiling netlink-sys-mio-0-8 v0.8.3 (/opt/rustwide/workdir)
[INFO] [stderr]     Finished test [unoptimized + debuginfo] target(s) in 5.33s
[INFO] running `Command { std: "docker" "inspect" "29ce47d181d1f94964d6c70415adef37cb9347054d41aa7a289ca499a64b060d", kill_on_drop: false }`
[INFO] running `Command { std: "docker" "rm" "-f" "29ce47d181d1f94964d6c70415adef37cb9347054d41aa7a289ca499a64b060d", kill_on_drop: false }`
[INFO] [stdout] 29ce47d181d1f94964d6c70415adef37cb9347054d41aa7a289ca499a64b060d
[INFO] running `Command { std: "docker" "create" "-v" "/var/lib/crater-agent-workspace/builds/worker-1-tc1/target:/opt/rustwide/target:rw,Z" "-v" "/var/lib/crater-agent-workspace/builds/worker-1-tc1/source:/opt/rustwide/workdir:ro,Z" "-v" "/var/lib/crater-agent-workspace/cargo-home:/opt/rustwide/cargo-home:ro,Z" "-v" "/var/lib/crater-agent-workspace/rustup-home:/opt/rustwide/rustup-home:ro,Z" "-e" "SOURCE_DIR=/opt/rustwide/workdir" "-e" "CARGO_TARGET_DIR=/opt/rustwide/target" "-e" "CARGO_INCREMENTAL=0" "-e" "RUST_BACKTRACE=full" "-e" "RUSTFLAGS=--cap-lints=warn" "-e" "RUSTDOCFLAGS=--cap-lints=warn" "-e" "CARGO_HOME=/opt/rustwide/cargo-home" "-e" "RUSTUP_HOME=/opt/rustwide/rustup-home" "-w" "/opt/rustwide/workdir" "-m" "1610612736" "--user" "0:0" "--network" "none" "ghcr.io/rust-lang/crates-build-env/linux@sha256:2788e3201cd34a07e3172128adcd8b3090168a8e3bcc40d7c032b9dda1df7d1c" "/opt/rustwide/cargo-home/bin/cargo" "+1.75.0" "test" "--frozen", kill_on_drop: false }`
[INFO] [stdout] e4c4121a3faf8caa15d3e78185ca707ce8faa29cc6cf7d2656fe41171d92f268
[INFO] running `Command { std: "docker" "start" "-a" "e4c4121a3faf8caa15d3e78185ca707ce8faa29cc6cf7d2656fe41171d92f268", kill_on_drop: false }`
[INFO] [stderr]     Finished test [unoptimized + debuginfo] target(s) in 0.05s
[INFO] [stderr]      Running unittests src/lib.rs (/opt/rustwide/target/debug/deps/netlink_sys_mio_0_8-32b9461b73f1738a)
[INFO] [stdout] 
[INFO] [stdout] running 6 tests
[INFO] [stdout] test socket::test::bind ... ok
[INFO] [stdout] test socket::test::connect ... ok
[INFO] [stdout] test socket::test::bind_auto ... ok
[INFO] [stdout] test socket::test::new ... ok
[INFO] [stdout] test socket::test::options ... ok
[INFO] [stdout] test socket::test::set_non_blocking ... ok
[INFO] [stdout] 
[INFO] [stdout] test result: ok. 6 passed; 0 failed; 0 ignored; 0 measured; 0 filtered out; finished in 0.00s
[INFO] [stdout] 
[INFO] [stderr]    Doc-tests netlink-sys-mio-0-8
[INFO] [stdout] 
[INFO] [stdout] running 5 tests
[INFO] [stdout] test src/addr.rs - addr::SocketAddr (line 69) ... FAILED
[INFO] [stdout] test src/addr.rs - addr::SocketAddr (line 55) ... FAILED
[INFO] [stdout] test src/addr.rs - addr::SocketAddr (line 28) ... FAILED
[INFO] [stdout] test src/socket.rs - socket::Socket::connect (line 152) ... FAILED
[INFO] [stdout] test src/socket.rs - socket::Socket (line 21) ... FAILED
[INFO] [stdout] 
[INFO] [stdout] failures:
[INFO] [stdout] 
[INFO] [stdout] ---- src/addr.rs - addr::SocketAddr (line 69) stdout ----
[INFO] [stdout] error[E0433]: failed to resolve: use of undeclared crate or module `netlink_sys`
[INFO] [stdout]  --> src/addr.rs:70:5
[INFO] [stdout]   |
[INFO] [stdout] 3 | use netlink_sys::{protocols::NETLINK_ROUTE, Socket, SocketAddr};
[INFO] [stdout]   |     ^^^^^^^^^^^ use of undeclared crate or module `netlink_sys`
[INFO] [stdout] 
[INFO] [stdout] error[E0432]: unresolved import `netlink_sys`
[INFO] [stdout]  --> src/addr.rs:70:5
[INFO] [stdout]   |
[INFO] [stdout] 3 | use netlink_sys::{protocols::NETLINK_ROUTE, Socket, SocketAddr};
[INFO] [stdout]   |     ^^^^^^^^^^^ use of undeclared crate or module `netlink_sys`
[INFO] [stdout] 
[INFO] [stdout] error: aborting due to 2 previous errors
[INFO] [stdout] 
[INFO] [stdout] Some errors have detailed explanations: E0432, E0433.
[INFO] [stdout] For more information about an error, try `rustc --explain E0432`.
[INFO] [stdout] Couldn't compile the test.
[INFO] [stdout] ---- src/addr.rs - addr::SocketAddr (line 55) stdout ----
[INFO] [stdout] error[E0433]: failed to resolve: use of undeclared crate or module `netlink_sys`
[INFO] [stdout]  --> src/addr.rs:56:5
[INFO] [stdout]   |
[INFO] [stdout] 3 | use netlink_sys::{protocols::NETLINK_ROUTE, Socket, SocketAddr};
[INFO] [stdout]   |     ^^^^^^^^^^^ use of undeclared crate or module `netlink_sys`
[INFO] [stdout] 
[INFO] [stdout] error[E0432]: unresolved import `netlink_sys`
[INFO] [stdout]  --> src/addr.rs:56:5
[INFO] [stdout]   |
[INFO] [stdout] 3 | use netlink_sys::{protocols::NETLINK_ROUTE, Socket, SocketAddr};
[INFO] [stdout]   |     ^^^^^^^^^^^ use of undeclared crate or module `netlink_sys`
[INFO] [stdout] 
[INFO] [stdout] error: aborting due to 2 previous errors
[INFO] [stdout] 
[INFO] [stdout] Some errors have detailed explanations: E0432, E0433.
[INFO] [stdout] For more information about an error, try `rustc --explain E0432`.
[INFO] [stdout] Couldn't compile the test.
[INFO] [stdout] ---- src/addr.rs - addr::SocketAddr (line 28) stdout ----
[INFO] [stdout] error[E0433]: failed to resolve: use of undeclared crate or module `netlink_sys`
[INFO] [stdout]  --> src/addr.rs:30:5
[INFO] [stdout]   |
[INFO] [stdout] 4 | use netlink_sys::{
[INFO] [stdout]   |     ^^^^^^^^^^^ use of undeclared crate or module `netlink_sys`
[INFO] [stdout] 
[INFO] [stdout] error[E0432]: unresolved import `netlink_sys`
[INFO] [stdout]  --> src/addr.rs:30:5
[INFO] [stdout]   |
[INFO] [stdout] 4 | use netlink_sys::{
[INFO] [stdout]   |     ^^^^^^^^^^^ use of undeclared crate or module `netlink_sys`
[INFO] [stdout] 
[INFO] [stdout] error: aborting due to 2 previous errors
[INFO] [stdout] 
[INFO] [stdout] Some errors have detailed explanations: E0432, E0433.
[INFO] [stdout] For more information about an error, try `rustc --explain E0432`.
[INFO] [stdout] Couldn't compile the test.
[INFO] [stdout] ---- src/socket.rs - socket::Socket::connect (line 152) stdout ----
[INFO] [stdout] error[E0433]: failed to resolve: use of undeclared crate or module `netlink_sys`
[INFO] [stdout]  --> src/socket.rs:153:5
[INFO] [stdout]   |
[INFO] [stdout] 3 | use netlink_sys::{protocols::NETLINK_ROUTE, Socket, SocketAddr};
[INFO] [stdout]   |     ^^^^^^^^^^^ use of undeclared crate or module `netlink_sys`
[INFO] [stdout] 
[INFO] [stdout] error[E0432]: unresolved import `netlink_sys`
[INFO] [stdout]  --> src/socket.rs:153:5
[INFO] [stdout]   |
[INFO] [stdout] 3 | use netlink_sys::{protocols::NETLINK_ROUTE, Socket, SocketAddr};
[INFO] [stdout]   |     ^^^^^^^^^^^ use of undeclared crate or module `netlink_sys`
[INFO] [stdout] 
[INFO] [stdout] error: aborting due to 2 previous errors
[INFO] [stdout] 
[INFO] [stdout] Some errors have detailed explanations: E0432, E0433.
[INFO] [stdout] For more information about an error, try `rustc --explain E0432`.
[INFO] [stdout] Couldn't compile the test.
[INFO] [stdout] ---- src/socket.rs - socket::Socket (line 21) stdout ----
[INFO] [stdout] error[E0433]: failed to resolve: use of undeclared crate or module `netlink_sys`
[INFO] [stdout]  --> src/socket.rs:22:5
[INFO] [stdout]   |
[INFO] [stdout] 3 | use netlink_sys::{protocols::NETLINK_ROUTE, Socket, SocketAddr};
[INFO] [stdout]   |     ^^^^^^^^^^^ use of undeclared crate or module `netlink_sys`
[INFO] [stdout] 
[INFO] [stdout] error[E0432]: unresolved import `netlink_sys`
[INFO] [stdout]  --> src/socket.rs:22:5
[INFO] [stdout]   |
[INFO] [stdout] 3 | use netlink_sys::{protocols::NETLINK_ROUTE, Socket, SocketAddr};
[INFO] [stdout]   |     ^^^^^^^^^^^ use of undeclared crate or module `netlink_sys`
[INFO] [stdout] 
[INFO] [stdout] error: aborting due to 2 previous errors
[INFO] [stdout] 
[INFO] [stdout] Some errors have detailed explanations: E0432, E0433.
[INFO] [stdout] For more information about an error, try `rustc --explain E0432`.
[INFO] [stdout] Couldn't compile the test.
[INFO] [stdout] 
[INFO] [stdout] failures:
[INFO] [stdout]     src/addr.rs - addr::SocketAddr (line 28)
[INFO] [stdout]     src/addr.rs - addr::SocketAddr (line 55)
[INFO] [stdout]     src/addr.rs - addr::SocketAddr (line 69)
[INFO] [stdout]     src/socket.rs - socket::Socket (line 21)
[INFO] [stdout]     src/socket.rs - socket::Socket::connect (line 152)
[INFO] [stdout] 
[INFO] [stdout] test result: FAILED. 0 passed; 5 failed; 0 ignored; 0 measured; 0 filtered out; finished in 0.06s
[INFO] [stdout] 
[INFO] [stderr] error: doctest failed, to rerun pass `--doc`
[INFO] running `Command { std: "docker" "inspect" "e4c4121a3faf8caa15d3e78185ca707ce8faa29cc6cf7d2656fe41171d92f268", kill_on_drop: false }`
[INFO] running `Command { std: "docker" "rm" "-f" "e4c4121a3faf8caa15d3e78185ca707ce8faa29cc6cf7d2656fe41171d92f268", kill_on_drop: false }`
[INFO] [stdout] e4c4121a3faf8caa15d3e78185ca707ce8faa29cc6cf7d2656fe41171d92f268
