[INFO] fetching crate net-route 0.2.8...
[INFO] testing net-route-0.2.8 against 1.75.0 for beta-1.76-1
[INFO] extracting crate net-route 0.2.8 into /workspace/builds/worker-0-tc1/source
[INFO] validating manifest of crates.io crate net-route 0.2.8 on toolchain 1.75.0
[INFO] running `Command { std: CARGO_HOME="/workspace/cargo-home" RUSTUP_HOME="/workspace/rustup-home" "/workspace/cargo-home/bin/cargo" "+1.75.0" "metadata" "--manifest-path" "Cargo.toml" "--no-deps", kill_on_drop: false }`
[INFO] removed /workspace/builds/worker-0-tc1/source/.cargo/config.toml
[INFO] started tweaking crates.io crate net-route 0.2.8
[INFO] finished tweaking crates.io crate net-route 0.2.8
[INFO] tweaked toml for crates.io crate net-route 0.2.8 written to /workspace/builds/worker-0-tc1/source/Cargo.toml
[INFO] crate crates.io crate net-route 0.2.8 already has a lockfile, it will not be regenerated
[INFO] running `Command { std: CARGO_HOME="/workspace/cargo-home" RUSTUP_HOME="/workspace/rustup-home" "/workspace/cargo-home/bin/cargo" "+1.75.0" "fetch" "--manifest-path" "Cargo.toml", kill_on_drop: false }`
[INFO] [stderr]  Downloading crates ...
[INFO] [stderr]   Downloaded netlink-packet-core v0.7.0
[INFO] [stderr]   Downloaded netlink-proto v0.11.2
[INFO] [stderr]   Downloaded rtnetlink v0.13.1
[INFO] [stderr]   Downloaded netlink-packet-route v0.17.1
[INFO] running `Command { std: "docker" "create" "-v" "/var/lib/crater-agent-workspace/builds/worker-0-tc1/target:/opt/rustwide/target:rw,Z" "-v" "/var/lib/crater-agent-workspace/builds/worker-0-tc1/source:/opt/rustwide/workdir:ro,Z" "-v" "/var/lib/crater-agent-workspace/cargo-home:/opt/rustwide/cargo-home:ro,Z" "-v" "/var/lib/crater-agent-workspace/rustup-home:/opt/rustwide/rustup-home:ro,Z" "-e" "SOURCE_DIR=/opt/rustwide/workdir" "-e" "CARGO_TARGET_DIR=/opt/rustwide/target" "-e" "CARGO_HOME=/opt/rustwide/cargo-home" "-e" "RUSTUP_HOME=/opt/rustwide/rustup-home" "-w" "/opt/rustwide/workdir" "-m" "1610612736" "--user" "0:0" "--network" "none" "ghcr.io/rust-lang/crates-build-env/linux@sha256:2788e3201cd34a07e3172128adcd8b3090168a8e3bcc40d7c032b9dda1df7d1c" "/opt/rustwide/cargo-home/bin/cargo" "+1.75.0" "metadata" "--no-deps" "--format-version=1", kill_on_drop: false }`
[INFO] [stdout] 541432609d2a3396acd5f50a685972aa053135049ef11efc5ef5d722109681a0
[INFO] running `Command { std: "docker" "start" "-a" "541432609d2a3396acd5f50a685972aa053135049ef11efc5ef5d722109681a0", kill_on_drop: false }`
[INFO] running `Command { std: "docker" "inspect" "541432609d2a3396acd5f50a685972aa053135049ef11efc5ef5d722109681a0", kill_on_drop: false }`
[INFO] running `Command { std: "docker" "rm" "-f" "541432609d2a3396acd5f50a685972aa053135049ef11efc5ef5d722109681a0", kill_on_drop: false }`
[INFO] [stdout] 541432609d2a3396acd5f50a685972aa053135049ef11efc5ef5d722109681a0
[INFO] running `Command { std: "docker" "create" "-v" "/var/lib/crater-agent-workspace/builds/worker-0-tc1/target:/opt/rustwide/target:rw,Z" "-v" "/var/lib/crater-agent-workspace/builds/worker-0-tc1/source:/opt/rustwide/workdir:ro,Z" "-v" "/var/lib/crater-agent-workspace/cargo-home:/opt/rustwide/cargo-home:ro,Z" "-v" "/var/lib/crater-agent-workspace/rustup-home:/opt/rustwide/rustup-home:ro,Z" "-e" "SOURCE_DIR=/opt/rustwide/workdir" "-e" "CARGO_TARGET_DIR=/opt/rustwide/target" "-e" "CARGO_INCREMENTAL=0" "-e" "RUST_BACKTRACE=full" "-e" "RUSTFLAGS=--cap-lints=warn" "-e" "RUSTDOCFLAGS=--cap-lints=warn" "-e" "CARGO_HOME=/opt/rustwide/cargo-home" "-e" "RUSTUP_HOME=/opt/rustwide/rustup-home" "-w" "/opt/rustwide/workdir" "-m" "1610612736" "--user" "0:0" "--network" "none" "ghcr.io/rust-lang/crates-build-env/linux@sha256:2788e3201cd34a07e3172128adcd8b3090168a8e3bcc40d7c032b9dda1df7d1c" "/opt/rustwide/cargo-home/bin/cargo" "+1.75.0" "build" "--frozen" "--message-format=json", kill_on_drop: false }`
[INFO] [stdout] 40e27dd8409fd5dca07bb8e78cb8fe36d0e896d4b08e3d241ced7d5f87a7a7b2
[INFO] running `Command { std: "docker" "start" "-a" "40e27dd8409fd5dca07bb8e78cb8fe36d0e896d4b08e3d241ced7d5f87a7a7b2", kill_on_drop: false }`
[INFO] [stderr]    Compiling proc-macro2 v1.0.69
[INFO] [stderr]    Compiling unicode-ident v1.0.5
[INFO] [stderr]    Compiling syn v1.0.102
[INFO] [stderr]    Compiling futures-core v0.3.24
[INFO] [stderr]    Compiling libc v0.2.149
[INFO] [stderr]    Compiling futures-task v0.3.24
[INFO] [stderr]    Compiling futures-channel v0.3.24
[INFO] [stderr]    Compiling thiserror v1.0.37
[INFO] [stderr]    Compiling anyhow v1.0.65
[INFO] [stderr]    Compiling pin-project-lite v0.2.9
[INFO] [stderr]    Compiling glob v0.3.0
[INFO] [stderr]    Compiling slab v0.4.7
[INFO] [stderr]    Compiling memchr v2.5.0
[INFO] [stderr]    Compiling futures-sink v0.3.24
[INFO] [stderr]    Compiling futures-util v0.3.24
[INFO] [stderr]    Compiling futures-io v0.3.24
[INFO] [stderr]    Compiling prettyplease v0.2.15
[INFO] [stderr]    Compiling tokio v1.21.2
[INFO] [stderr]    Compiling minimal-lexical v0.2.1
[INFO] [stderr]    Compiling paste v1.0.9
[INFO] [stderr]    Compiling clang-sys v1.4.0
[INFO] [stderr]    Compiling libloading v0.7.3
[INFO] [stderr]    Compiling either v1.8.0
[INFO] [stderr]    Compiling bytes v1.2.1
[INFO] [stderr]    Compiling bindgen v0.69.1
[INFO] [stderr]    Compiling regex-syntax v0.6.27
[INFO] [stderr]    Compiling shlex v1.1.0
[INFO] [stderr]    Compiling peeking_take_while v0.1.2
[INFO] [stderr]    Compiling lazycell v1.3.0
[INFO] [stderr]    Compiling lazy_static v1.4.0
[INFO] [stderr]    Compiling rustc-hash v1.1.0
[INFO] [stderr]    Compiling bitflags v2.4.1
[INFO] [stderr]    Compiling nom v7.1.1
[INFO] [stderr]    Compiling quote v1.0.33
[INFO] [stderr]    Compiling syn v2.0.38
[INFO] [stderr]    Compiling which v4.3.0
[INFO] [stderr]    Compiling socket2 v0.4.7
[INFO] [stderr]    Compiling mio v0.8.4
[INFO] [stderr]    Compiling nix v0.26.4
[INFO] [stderr]    Compiling regex v1.6.0
[INFO] [stderr]    Compiling cexpr v0.6.0
[INFO] [stderr]    Compiling thiserror-impl v1.0.37
[INFO] [stderr]    Compiling futures-macro v0.3.24
[INFO] [stderr]    Compiling tokio-macros v1.8.0
[INFO] [stderr]    Compiling async-stream-impl v0.3.3
[INFO] [stderr]    Compiling async-stream v0.3.3
[INFO] [stderr]    Compiling netlink-packet-utils v0.5.2
[INFO] [stderr]    Compiling netlink-packet-core v0.7.0
[INFO] [stderr]    Compiling netlink-packet-route v0.17.1
[INFO] [stderr]    Compiling futures-executor v0.3.24
[INFO] [stderr]    Compiling futures v0.3.24
[INFO] [stderr]    Compiling netlink-sys v0.8.5
[INFO] [stderr]    Compiling netlink-proto v0.11.2
[INFO] [stderr]    Compiling rtnetlink v0.13.1
[INFO] [stderr]    Compiling net-route v0.2.8 (/opt/rustwide/workdir)
[INFO] [stdout] warning: use of deprecated constant `bindgen::CargoCallbacks`: Use `CargoCallbacks::new()` instead. Please, check the documentation for further information.
[INFO] [stdout]   --> build.rs:30:44
[INFO] [stdout]    |
[INFO] [stdout] 30 |         .parse_callbacks(Box::new(bindgen::CargoCallbacks))
[INFO] [stdout]    |                                            ^^^^^^^^^^^^^^
[INFO] [stdout]    |
[INFO] [stdout]    = note: `#[warn(deprecated)]` on by default
[INFO] [stdout] 
[INFO] [stdout] 
[INFO] [stdout] warning: 1 warning emitted
[INFO] [stdout] 
[INFO] [stdout] 
[INFO] [stderr]     Finished dev [unoptimized + debuginfo] target(s) in 13.52s
[INFO] running `Command { std: "docker" "inspect" "40e27dd8409fd5dca07bb8e78cb8fe36d0e896d4b08e3d241ced7d5f87a7a7b2", kill_on_drop: false }`
[INFO] running `Command { std: "docker" "rm" "-f" "40e27dd8409fd5dca07bb8e78cb8fe36d0e896d4b08e3d241ced7d5f87a7a7b2", kill_on_drop: false }`
[INFO] [stdout] 40e27dd8409fd5dca07bb8e78cb8fe36d0e896d4b08e3d241ced7d5f87a7a7b2
[INFO] running `Command { std: "docker" "create" "-v" "/var/lib/crater-agent-workspace/builds/worker-0-tc1/target:/opt/rustwide/target:rw,Z" "-v" "/var/lib/crater-agent-workspace/builds/worker-0-tc1/source:/opt/rustwide/workdir:ro,Z" "-v" "/var/lib/crater-agent-workspace/cargo-home:/opt/rustwide/cargo-home:ro,Z" "-v" "/var/lib/crater-agent-workspace/rustup-home:/opt/rustwide/rustup-home:ro,Z" "-e" "SOURCE_DIR=/opt/rustwide/workdir" "-e" "CARGO_TARGET_DIR=/opt/rustwide/target" "-e" "CARGO_INCREMENTAL=0" "-e" "RUST_BACKTRACE=full" "-e" "RUSTFLAGS=--cap-lints=warn" "-e" "RUSTDOCFLAGS=--cap-lints=warn" "-e" "CARGO_HOME=/opt/rustwide/cargo-home" "-e" "RUSTUP_HOME=/opt/rustwide/rustup-home" "-w" "/opt/rustwide/workdir" "-m" "1610612736" "--user" "0:0" "--network" "none" "ghcr.io/rust-lang/crates-build-env/linux@sha256:2788e3201cd34a07e3172128adcd8b3090168a8e3bcc40d7c032b9dda1df7d1c" "/opt/rustwide/cargo-home/bin/cargo" "+1.75.0" "test" "--frozen" "--no-run" "--message-format=json", kill_on_drop: false }`
[INFO] [stdout] 5f88eb8748c13db5b2527720b4a06d67a3e9f8a89b2331308e050856ab13351c
[INFO] running `Command { std: "docker" "start" "-a" "5f88eb8748c13db5b2527720b4a06d67a3e9f8a89b2331308e050856ab13351c", kill_on_drop: false }`
[INFO] [stderr]    Compiling tokio v1.21.2
[INFO] [stderr]    Compiling num_cpus v1.13.1
[INFO] [stdout] warning: use of deprecated constant `bindgen::CargoCallbacks`: Use `CargoCallbacks::new()` instead. Please, check the documentation for further information.
[INFO] [stdout]   --> build.rs:30:44
[INFO] [stdout]    |
[INFO] [stdout] 30 |         .parse_callbacks(Box::new(bindgen::CargoCallbacks))
[INFO] [stdout]    |                                            ^^^^^^^^^^^^^^
[INFO] [stdout]    |
[INFO] [stdout]    = note: `#[warn(deprecated)]` on by default
[INFO] [stdout] 
[INFO] [stdout] 
[INFO] [stdout] warning: 1 warning emitted
[INFO] [stdout] 
[INFO] [stdout] 
[INFO] [stderr]    Compiling netlink-sys v0.8.5
[INFO] [stderr]    Compiling netlink-proto v0.11.2
[INFO] [stderr]    Compiling rtnetlink v0.13.1
[INFO] [stderr]    Compiling net-route v0.2.8 (/opt/rustwide/workdir)
[INFO] [stderr]     Finished test [unoptimized + debuginfo] target(s) in 4.89s
[INFO] running `Command { std: "docker" "inspect" "5f88eb8748c13db5b2527720b4a06d67a3e9f8a89b2331308e050856ab13351c", kill_on_drop: false }`
[INFO] running `Command { std: "docker" "rm" "-f" "5f88eb8748c13db5b2527720b4a06d67a3e9f8a89b2331308e050856ab13351c", kill_on_drop: false }`
[INFO] [stdout] 5f88eb8748c13db5b2527720b4a06d67a3e9f8a89b2331308e050856ab13351c
[INFO] running `Command { std: "docker" "create" "-v" "/var/lib/crater-agent-workspace/builds/worker-0-tc1/target:/opt/rustwide/target:rw,Z" "-v" "/var/lib/crater-agent-workspace/builds/worker-0-tc1/source:/opt/rustwide/workdir:ro,Z" "-v" "/var/lib/crater-agent-workspace/cargo-home:/opt/rustwide/cargo-home:ro,Z" "-v" "/var/lib/crater-agent-workspace/rustup-home:/opt/rustwide/rustup-home:ro,Z" "-e" "SOURCE_DIR=/opt/rustwide/workdir" "-e" "CARGO_TARGET_DIR=/opt/rustwide/target" "-e" "CARGO_INCREMENTAL=0" "-e" "RUST_BACKTRACE=full" "-e" "RUSTFLAGS=--cap-lints=warn" "-e" "RUSTDOCFLAGS=--cap-lints=warn" "-e" "CARGO_HOME=/opt/rustwide/cargo-home" "-e" "RUSTUP_HOME=/opt/rustwide/rustup-home" "-w" "/opt/rustwide/workdir" "-m" "1610612736" "--user" "0:0" "--network" "none" "ghcr.io/rust-lang/crates-build-env/linux@sha256:2788e3201cd34a07e3172128adcd8b3090168a8e3bcc40d7c032b9dda1df7d1c" "/opt/rustwide/cargo-home/bin/cargo" "+1.75.0" "test" "--frozen", kill_on_drop: false }`
[INFO] [stdout] 9acb1d77a55ee2973ec07d6f49f9595c8cb88da4e38620fcc949dcafd1d9ae91
[INFO] running `Command { std: "docker" "start" "-a" "9acb1d77a55ee2973ec07d6f49f9595c8cb88da4e38620fcc949dcafd1d9ae91", kill_on_drop: false }`
[INFO] [stderr] warning: use of deprecated constant `bindgen::CargoCallbacks`: Use `CargoCallbacks::new()` instead. Please, check the documentation for further information.
[INFO] [stderr]   --> build.rs:30:44
[INFO] [stderr]    |
[INFO] [stderr] 30 |         .parse_callbacks(Box::new(bindgen::CargoCallbacks))
[INFO] [stderr]    |                                            ^^^^^^^^^^^^^^
[INFO] [stderr]    |
[INFO] [stderr]    = note: `#[warn(deprecated)]` on by default
[INFO] [stderr] 
[INFO] [stderr] warning: `net-route` (build script) generated 1 warning
[INFO] [stderr]     Finished test [unoptimized + debuginfo] target(s) in 0.04s
[INFO] [stderr]      Running unittests src/lib.rs (/opt/rustwide/target/debug/deps/net_route-0d93b75b11a3042c)
[INFO] [stdout] 
[INFO] [stdout] running 2 tests
[INFO] [stdout] test tests::it_calculates_v4_netmask ... ok
[INFO] [stdout] test tests::it_calculates_v6_netmask ... ok
[INFO] [stdout] 
[INFO] [stdout] test result: ok. 2 passed; 0 failed; 0 ignored; 0 measured; 0 filtered out; finished in 0.00s
[INFO] [stdout] 
[INFO] [stderr]    Doc-tests net-route
[INFO] [stdout] 
[INFO] [stdout] running 2 tests
[INFO] [stdout] test src/lib.rs - (line 19) ... FAILED
[INFO] [stdout] test src/lib.rs - (line 9) ... FAILED
[INFO] [stdout] 
[INFO] [stdout] failures:
[INFO] [stdout] 
[INFO] [stdout] ---- src/lib.rs - (line 19) stdout ----
[INFO] [stdout] error[E0433]: failed to resolve: use of undeclared type `Handle`
[INFO] [stdout]  --> src/lib.rs:20:14
[INFO] [stdout]   |
[INFO] [stdout] 3 | let handle = Handle::new()?;
[INFO] [stdout]   |              ^^^^^^ use of undeclared type `Handle`
[INFO] [stdout]   |
[INFO] [stdout] help: consider importing one of these items
[INFO] [stdout]   |
[INFO] [stdout] 2 + use net_route::Handle;
[INFO] [stdout]   |
[INFO] [stdout] 2 + use rtnetlink::Handle;
[INFO] [stdout]   |
[INFO] [stdout] 2 + use tokio::runtime::Handle;
[INFO] [stdout]   |
[INFO] [stdout] 
[INFO] [stdout] error[E0425]: cannot find value `value` in this scope
[INFO] [stdout]  --> src/lib.rs:24:22
[INFO] [stdout]   |
[INFO] [stdout] 7 |     println!("{:?}", value);
[INFO] [stdout]   |                      ^^^^^ not found in this scope
[INFO] [stdout] 
[INFO] [stdout] error[E0728]: `await` is only allowed inside `async` functions and blocks
[INFO] [stdout]  --> src/lib.rs:23:39
[INFO] [stdout]   |
[INFO] [stdout] 2 | fn main() { #[allow(non_snake_case)] fn _doctest_main_src_lib_rs_19_0() {
[INFO] [stdout]   |                                         ----------------------------- this is not `async`
[INFO] [stdout] ...
[INFO] [stdout] 6 | while let Some(event) = stream.next().await {
[INFO] [stdout]   |                                       ^^^^^ only allowed inside `async` functions and blocks
[INFO] [stdout] 
[INFO] [stdout] error: aborting due to 3 previous errors
[INFO] [stdout] 
[INFO] [stdout] Some errors have detailed explanations: E0425, E0433, E0728.
[INFO] [stdout] For more information about an error, try `rustc --explain E0425`.
[INFO] [stdout] Couldn't compile the test.
[INFO] [stdout] ---- src/lib.rs - (line 9) stdout ----
[INFO] [stdout] error[E0433]: failed to resolve: use of undeclared type `Handle`
[INFO] [stdout]  --> src/lib.rs:11:14
[INFO] [stdout]   |
[INFO] [stdout] 4 | let handle = Handle::new()?;
[INFO] [stdout]   |              ^^^^^^ use of undeclared type `Handle`
[INFO] [stdout]   |
[INFO] [stdout] help: consider importing one of these items
[INFO] [stdout]   |
[INFO] [stdout] 3 + use net_route::Handle;
[INFO] [stdout]   |
[INFO] [stdout] 3 + use rtnetlink::Handle;
[INFO] [stdout]   |
[INFO] [stdout] 3 + use tokio::runtime::Handle;
[INFO] [stdout]   |
[INFO] [stdout] 
[INFO] [stdout] error[E0433]: failed to resolve: use of undeclared type `Route`
[INFO] [stdout]  --> src/lib.rs:12:13
[INFO] [stdout]   |
[INFO] [stdout] 5 | let route = Route::new("10.14.0.0".parse().unwrap(), 24)
[INFO] [stdout]   |             ^^^^^ use of undeclared type `Route`
[INFO] [stdout]   |
[INFO] [stdout] help: consider importing this struct
[INFO] [stdout]   |
[INFO] [stdout] 3 + use net_route::Route;
[INFO] [stdout]   |
[INFO] [stdout] 
[INFO] [stdout] error[E0728]: `await` is only allowed inside `async` functions and blocks
[INFO] [stdout]  --> src/lib.rs:15:20
[INFO] [stdout]   |
[INFO] [stdout] 3 | fn main() { #[allow(non_snake_case)] fn _doctest_main_src_lib_rs_9_0() {
[INFO] [stdout]   |                                         ---------------------------- this is not `async`
[INFO] [stdout] ...
[INFO] [stdout] 8 | handle.add(&route).await
[INFO] [stdout]   |                    ^^^^^ only allowed inside `async` functions and blocks
[INFO] [stdout] 
[INFO] [stdout] error[E0615]: attempted to take value of method `parse` on type `&'static str`
[INFO] [stdout]  --> src/lib.rs:14:31
[INFO] [stdout]   |
[INFO] [stdout] 7 |     .with_gateway("192.1.2.1".parse.unwrap());
[INFO] [stdout]   |                               ^^^^^ method, not a field
[INFO] [stdout]   |
[INFO] [stdout] help: use parentheses to call the method
[INFO] [stdout]   |
[INFO] [stdout] 7 |     .with_gateway("192.1.2.1".parse().unwrap());
[INFO] [stdout]   |                                    ++
[INFO] [stdout] 
[INFO] [stdout] error: aborting due to 4 previous errors
[INFO] [stdout] 
[INFO] [stdout] Some errors have detailed explanations: E0433, E0615, E0728.
[INFO] [stdout] For more information about an error, try `rustc --explain E0433`.
[INFO] [stdout] Couldn't compile the test.
[INFO] [stdout] 
[INFO] [stdout] failures:
[INFO] [stdout]     src/lib.rs - (line 19)
[INFO] [stdout]     src/lib.rs - (line 9)
[INFO] [stdout] 
[INFO] [stdout] test result: FAILED. 0 passed; 2 failed; 0 ignored; 0 measured; 0 filtered out; finished in 0.05s
[INFO] [stdout] 
[INFO] [stderr] error: doctest failed, to rerun pass `--doc`
[INFO] running `Command { std: "docker" "inspect" "9acb1d77a55ee2973ec07d6f49f9595c8cb88da4e38620fcc949dcafd1d9ae91", kill_on_drop: false }`
[INFO] running `Command { std: "docker" "rm" "-f" "9acb1d77a55ee2973ec07d6f49f9595c8cb88da4e38620fcc949dcafd1d9ae91", kill_on_drop: false }`
[INFO] [stdout] 9acb1d77a55ee2973ec07d6f49f9595c8cb88da4e38620fcc949dcafd1d9ae91
