[INFO] fetching crate neos 0.6.5...
[INFO] testing neos-0.6.5 against 1.75.0 for beta-1.76-1
[INFO] extracting crate neos 0.6.5 into /workspace/builds/worker-2-tc1/source
[INFO] validating manifest of crates.io crate neos 0.6.5 on toolchain 1.75.0
[INFO] running `Command { std: CARGO_HOME="/workspace/cargo-home" RUSTUP_HOME="/workspace/rustup-home" "/workspace/cargo-home/bin/cargo" "+1.75.0" "metadata" "--manifest-path" "Cargo.toml" "--no-deps", kill_on_drop: false }`
[INFO] started tweaking crates.io crate neos 0.6.5
[INFO] finished tweaking crates.io crate neos 0.6.5
[INFO] tweaked toml for crates.io crate neos 0.6.5 written to /workspace/builds/worker-2-tc1/source/Cargo.toml
[INFO] running `Command { std: CARGO_HOME="/workspace/cargo-home" RUSTUP_HOME="/workspace/rustup-home" "/workspace/cargo-home/bin/cargo" "+1.75.0" "generate-lockfile" "--manifest-path" "Cargo.toml", kill_on_drop: false }`
[INFO] [stderr]     Updating crates.io index
[INFO] running `Command { std: CARGO_HOME="/workspace/cargo-home" RUSTUP_HOME="/workspace/rustup-home" "/workspace/cargo-home/bin/cargo" "+1.75.0" "fetch" "--manifest-path" "Cargo.toml", kill_on_drop: false }`
[INFO] [stderr]  Downloading crates ...
[INFO] [stderr]   Downloaded governor v0.5.1
[INFO] [stderr]   Downloaded racal v0.3.3
[INFO] running `Command { std: "docker" "create" "-v" "/var/lib/crater-agent-workspace/builds/worker-2-tc1/target:/opt/rustwide/target:rw,Z" "-v" "/var/lib/crater-agent-workspace/builds/worker-2-tc1/source:/opt/rustwide/workdir:ro,Z" "-v" "/var/lib/crater-agent-workspace/cargo-home:/opt/rustwide/cargo-home:ro,Z" "-v" "/var/lib/crater-agent-workspace/rustup-home:/opt/rustwide/rustup-home:ro,Z" "-e" "SOURCE_DIR=/opt/rustwide/workdir" "-e" "CARGO_TARGET_DIR=/opt/rustwide/target" "-e" "CARGO_HOME=/opt/rustwide/cargo-home" "-e" "RUSTUP_HOME=/opt/rustwide/rustup-home" "-w" "/opt/rustwide/workdir" "-m" "1610612736" "--user" "0:0" "--network" "none" "ghcr.io/rust-lang/crates-build-env/linux@sha256:2788e3201cd34a07e3172128adcd8b3090168a8e3bcc40d7c032b9dda1df7d1c" "/opt/rustwide/cargo-home/bin/cargo" "+1.75.0" "metadata" "--no-deps" "--format-version=1", kill_on_drop: false }`
[INFO] [stdout] 4ff25d34910bdf2ff94ad9b657a48b765f8a07b7c6e2305e7f172e92bba23f5d
[INFO] running `Command { std: "docker" "start" "-a" "4ff25d34910bdf2ff94ad9b657a48b765f8a07b7c6e2305e7f172e92bba23f5d", kill_on_drop: false }`
[INFO] running `Command { std: "docker" "inspect" "4ff25d34910bdf2ff94ad9b657a48b765f8a07b7c6e2305e7f172e92bba23f5d", kill_on_drop: false }`
[INFO] running `Command { std: "docker" "rm" "-f" "4ff25d34910bdf2ff94ad9b657a48b765f8a07b7c6e2305e7f172e92bba23f5d", kill_on_drop: false }`
[INFO] [stdout] 4ff25d34910bdf2ff94ad9b657a48b765f8a07b7c6e2305e7f172e92bba23f5d
[INFO] running `Command { std: "docker" "create" "-v" "/var/lib/crater-agent-workspace/builds/worker-2-tc1/target:/opt/rustwide/target:rw,Z" "-v" "/var/lib/crater-agent-workspace/builds/worker-2-tc1/source:/opt/rustwide/workdir:ro,Z" "-v" "/var/lib/crater-agent-workspace/cargo-home:/opt/rustwide/cargo-home:ro,Z" "-v" "/var/lib/crater-agent-workspace/rustup-home:/opt/rustwide/rustup-home:ro,Z" "-e" "SOURCE_DIR=/opt/rustwide/workdir" "-e" "CARGO_TARGET_DIR=/opt/rustwide/target" "-e" "CARGO_INCREMENTAL=0" "-e" "RUST_BACKTRACE=full" "-e" "RUSTFLAGS=--cap-lints=warn" "-e" "RUSTDOCFLAGS=--cap-lints=warn" "-e" "CARGO_HOME=/opt/rustwide/cargo-home" "-e" "RUSTUP_HOME=/opt/rustwide/rustup-home" "-w" "/opt/rustwide/workdir" "-m" "1610612736" "--user" "0:0" "--network" "none" "ghcr.io/rust-lang/crates-build-env/linux@sha256:2788e3201cd34a07e3172128adcd8b3090168a8e3bcc40d7c032b9dda1df7d1c" "/opt/rustwide/cargo-home/bin/cargo" "+1.75.0" "build" "--frozen" "--message-format=json", kill_on_drop: false }`
[INFO] [stdout] 47de766995b7485ded911c20de05606119867bdffbf9aa25469fff4bb8ab5d55
[INFO] running `Command { std: "docker" "start" "-a" "47de766995b7485ded911c20de05606119867bdffbf9aa25469fff4bb8ab5d55", kill_on_drop: false }`
[INFO] [stderr]    Compiling serde v1.0.194
[INFO] [stderr]    Compiling serde_json v1.0.111
[INFO] [stderr]    Compiling syn v1.0.109
[INFO] [stderr]    Compiling rustversion v1.0.14
[INFO] [stderr]    Compiling nanorand v0.7.0
[INFO] [stderr]    Compiling syn v2.0.48
[INFO] [stderr]    Compiling strum_macros v0.24.3
[INFO] [stderr]    Compiling darling_core v0.20.3
[INFO] [stderr]    Compiling serde_derive v1.0.194
[INFO] [stderr]    Compiling strum v0.24.1
[INFO] [stderr]    Compiling darling_macro v0.20.3
[INFO] [stderr]    Compiling darling v0.20.3
[INFO] [stderr]    Compiling serde_with_macros v2.3.3
[INFO] [stderr]    Compiling deranged v0.3.11
[INFO] [stderr]    Compiling racal v0.3.3
[INFO] [stderr]    Compiling time v0.3.31
[INFO] [stderr]    Compiling serde_with v2.3.3
[INFO] [stderr]    Compiling neos v0.6.5 (/opt/rustwide/workdir)
[INFO] [stderr]     Finished dev [unoptimized + debuginfo] target(s) in 10.62s
[INFO] running `Command { std: "docker" "inspect" "47de766995b7485ded911c20de05606119867bdffbf9aa25469fff4bb8ab5d55", kill_on_drop: false }`
[INFO] running `Command { std: "docker" "rm" "-f" "47de766995b7485ded911c20de05606119867bdffbf9aa25469fff4bb8ab5d55", kill_on_drop: false }`
[INFO] [stdout] 47de766995b7485ded911c20de05606119867bdffbf9aa25469fff4bb8ab5d55
[INFO] running `Command { std: "docker" "create" "-v" "/var/lib/crater-agent-workspace/builds/worker-2-tc1/target:/opt/rustwide/target:rw,Z" "-v" "/var/lib/crater-agent-workspace/builds/worker-2-tc1/source:/opt/rustwide/workdir:ro,Z" "-v" "/var/lib/crater-agent-workspace/cargo-home:/opt/rustwide/cargo-home:ro,Z" "-v" "/var/lib/crater-agent-workspace/rustup-home:/opt/rustwide/rustup-home:ro,Z" "-e" "SOURCE_DIR=/opt/rustwide/workdir" "-e" "CARGO_TARGET_DIR=/opt/rustwide/target" "-e" "CARGO_INCREMENTAL=0" "-e" "RUST_BACKTRACE=full" "-e" "RUSTFLAGS=--cap-lints=warn" "-e" "RUSTDOCFLAGS=--cap-lints=warn" "-e" "CARGO_HOME=/opt/rustwide/cargo-home" "-e" "RUSTUP_HOME=/opt/rustwide/rustup-home" "-w" "/opt/rustwide/workdir" "-m" "1610612736" "--user" "0:0" "--network" "none" "ghcr.io/rust-lang/crates-build-env/linux@sha256:2788e3201cd34a07e3172128adcd8b3090168a8e3bcc40d7c032b9dda1df7d1c" "/opt/rustwide/cargo-home/bin/cargo" "+1.75.0" "test" "--frozen" "--no-run" "--message-format=json", kill_on_drop: false }`
[INFO] [stdout] 96dffb3dcfb794579410cfe3d1a7a4210d3f6873a5df5e78dc932519493f516c
[INFO] running `Command { std: "docker" "start" "-a" "96dffb3dcfb794579410cfe3d1a7a4210d3f6873a5df5e78dc932519493f516c", kill_on_drop: false }`
[INFO] [stderr]    Compiling async-stream-impl v0.3.5
[INFO] [stderr]    Compiling serde v1.0.194
[INFO] [stderr]    Compiling tokio v1.35.1
[INFO] [stderr]    Compiling serde_with_macros v2.3.3
[INFO] [stderr]    Compiling async-stream v0.3.5
[INFO] [stderr]    Compiling tokio-stream v0.1.14
[INFO] [stderr]    Compiling tokio-test v0.4.3
[INFO] [stderr]    Compiling serde_json v1.0.111
[INFO] [stderr]    Compiling deranged v0.3.11
[INFO] [stderr]    Compiling racal v0.3.3
[INFO] [stderr]    Compiling time v0.3.31
[INFO] [stderr]    Compiling serde_with v2.3.3
[INFO] [stderr]    Compiling neos v0.6.5 (/opt/rustwide/workdir)
[INFO] [stderr]     Finished test [unoptimized + debuginfo] target(s) in 6.13s
[INFO] running `Command { std: "docker" "inspect" "96dffb3dcfb794579410cfe3d1a7a4210d3f6873a5df5e78dc932519493f516c", kill_on_drop: false }`
[INFO] running `Command { std: "docker" "rm" "-f" "96dffb3dcfb794579410cfe3d1a7a4210d3f6873a5df5e78dc932519493f516c", kill_on_drop: false }`
[INFO] [stdout] 96dffb3dcfb794579410cfe3d1a7a4210d3f6873a5df5e78dc932519493f516c
[INFO] running `Command { std: "docker" "create" "-v" "/var/lib/crater-agent-workspace/builds/worker-2-tc1/target:/opt/rustwide/target:rw,Z" "-v" "/var/lib/crater-agent-workspace/builds/worker-2-tc1/source:/opt/rustwide/workdir:ro,Z" "-v" "/var/lib/crater-agent-workspace/cargo-home:/opt/rustwide/cargo-home:ro,Z" "-v" "/var/lib/crater-agent-workspace/rustup-home:/opt/rustwide/rustup-home:ro,Z" "-e" "SOURCE_DIR=/opt/rustwide/workdir" "-e" "CARGO_TARGET_DIR=/opt/rustwide/target" "-e" "CARGO_INCREMENTAL=0" "-e" "RUST_BACKTRACE=full" "-e" "RUSTFLAGS=--cap-lints=warn" "-e" "RUSTDOCFLAGS=--cap-lints=warn" "-e" "CARGO_HOME=/opt/rustwide/cargo-home" "-e" "RUSTUP_HOME=/opt/rustwide/rustup-home" "-w" "/opt/rustwide/workdir" "-m" "1610612736" "--user" "0:0" "--network" "none" "ghcr.io/rust-lang/crates-build-env/linux@sha256:2788e3201cd34a07e3172128adcd8b3090168a8e3bcc40d7c032b9dda1df7d1c" "/opt/rustwide/cargo-home/bin/cargo" "+1.75.0" "test" "--frozen", kill_on_drop: false }`
[INFO] [stdout] e6e87864997f2eb1ca6dd343a62d1c38313c54c7e5ee821c4b4d7750171291ec
[INFO] running `Command { std: "docker" "start" "-a" "e6e87864997f2eb1ca6dd343a62d1c38313c54c7e5ee821c4b4d7750171291ec", kill_on_drop: false }`
[INFO] [stderr]     Finished test [unoptimized + debuginfo] target(s) in 0.05s
[INFO] [stderr]      Running unittests src/lib.rs (/opt/rustwide/target/debug/deps/neos-c62955a8e2f01eba)
[INFO] [stdout] 
[INFO] [stdout] running 3 tests
[INFO] [stdout] test model::output_device::tests::deserialize_vr_num ... ok
[INFO] [stdout] test model::output_device::tests::serialize_vr ... ok
[INFO] [stdout] test model::output_device::tests::deserialize_vr_str ... ok
[INFO] [stdout] 
[INFO] [stdout] test result: ok. 3 passed; 0 failed; 0 ignored; 0 measured; 0 filtered out; finished in 0.00s
[INFO] [stdout] 
[INFO] [stderr]    Doc-tests neos
[INFO] [stderr] warning: unknown lint: `rustdoc::missing_doc_code_examples`
[INFO] [stderr]   --> src/lib.rs:37:1
[INFO] [stderr]    |
[INFO] [stderr] 37 | #![warn(rustdoc::missing_doc_code_examples)]
[INFO] [stderr]    | ^^^^^^^^^^^^^^^^^^^^^^^^^^^^^^^^^^^^^^^^^^^^
[INFO] [stderr]    |
[INFO] [stderr]    = note: the `rustdoc::missing_doc_code_examples` lint is unstable
[INFO] [stderr]    = note: see issue #101730 <https://github.com/rust-lang/rust/issues/101730> for more information
[INFO] [stderr]    = note: `#[warn(unknown_lints)]` on by default
[INFO] [stderr] 
[INFO] [stderr] warning: 1 warning emitted
[INFO] [stderr] 
[INFO] [stdout] 
[INFO] [stdout] running 11 tests
[INFO] [stdout] test src/query/users.rs - query::users::UserStatus (line 97) - compile ... FAILED
[INFO] [stdout] test src/query/users.rs - query::users::UserInfo (line 53) - compile ... FAILED
[INFO] [stdout] test src/id.rs - id (line 6) - compile fail ... ok
[INFO] [stdout] test src/id.rs - id::Group (line 121) ... ok
[INFO] [stdout] test src/id.rs - id::Owner (line 160) ... ok
[INFO] [stdout] test src/id.rs - id::Any (line 134) ... ok
[INFO] [stdout] test src/id.rs - id::Record (line 123) ... ok
[INFO] [stdout] test src/id.rs - id::Machine (line 124) ... ok
[INFO] [stdout] test src/id.rs - id::User (line 120) ... ok
[INFO] [stdout] test src/id.rs - id::Session (line 122) ... ok
[INFO] [stdout] test src/lib.rs - (line 14) ... ok
[INFO] [stdout] 
[INFO] [stdout] failures:
[INFO] [stdout] 
[INFO] [stdout] ---- src/query/users.rs - query::users::UserStatus (line 97) stdout ----
[INFO] [stdout] error[E0432]: unresolved import `neos::api_client`
[INFO] [stdout]  --> src/query/users.rs:100:12
[INFO] [stdout]   |
[INFO] [stdout] 6 | use neos::{api_client::{UnauthenticatedNeos, ApiClient}, query::UserStatus};
[INFO] [stdout]   |            ^^^^^^^^^^ could not find `api_client` in `neos`
[INFO] [stdout] 
[INFO] [stdout] error: aborting due to previous error
[INFO] [stdout] 
[INFO] [stdout] For more information about this error, try `rustc --explain E0432`.
[INFO] [stdout] Couldn't compile the test.
[INFO] [stdout] ---- src/query/users.rs - query::users::UserInfo (line 53) stdout ----
[INFO] [stdout] error[E0432]: unresolved import `neos::api_client`
[INFO] [stdout]  --> src/query/users.rs:56:12
[INFO] [stdout]   |
[INFO] [stdout] 6 | use neos::{api_client::{UnauthenticatedNeos, ApiClient}, query::UserSearch};
[INFO] [stdout]   |            ^^^^^^^^^^ could not find `api_client` in `neos`
[INFO] [stdout] 
[INFO] [stdout] error: aborting due to previous error
[INFO] [stdout] 
[INFO] [stdout] For more information about this error, try `rustc --explain E0432`.
[INFO] [stdout] Couldn't compile the test.
[INFO] [stdout] 
[INFO] [stdout] failures:
[INFO] [stdout]     src/query/users.rs - query::users::UserInfo (line 53)
[INFO] [stdout]     src/query/users.rs - query::users::UserStatus (line 97)
[INFO] [stdout] 
[INFO] [stdout] test result: FAILED. 9 passed; 2 failed; 0 ignored; 0 measured; 0 filtered out; finished in 0.38s
[INFO] [stdout] 
[INFO] [stderr] error: doctest failed, to rerun pass `--doc`
[INFO] running `Command { std: "docker" "inspect" "e6e87864997f2eb1ca6dd343a62d1c38313c54c7e5ee821c4b4d7750171291ec", kill_on_drop: false }`
[INFO] running `Command { std: "docker" "rm" "-f" "e6e87864997f2eb1ca6dd343a62d1c38313c54c7e5ee821c4b4d7750171291ec", kill_on_drop: false }`
[INFO] [stdout] e6e87864997f2eb1ca6dd343a62d1c38313c54c7e5ee821c4b4d7750171291ec
[INFO] testing neos-0.6.5 against beta-2023-12-22 for beta-1.76-1
[INFO] extracting crate neos 0.6.5 into /workspace/builds/worker-2-tc2/source
[INFO] validating manifest of crates.io crate neos 0.6.5 on toolchain beta-2023-12-22
[INFO] running `Command { std: CARGO_HOME="/workspace/cargo-home" RUSTUP_HOME="/workspace/rustup-home" "/workspace/cargo-home/bin/cargo" "+beta-2023-12-22" "metadata" "--manifest-path" "Cargo.toml" "--no-deps", kill_on_drop: false }`
[INFO] started tweaking crates.io crate neos 0.6.5
[INFO] finished tweaking crates.io crate neos 0.6.5
[INFO] tweaked toml for crates.io crate neos 0.6.5 written to /workspace/builds/worker-2-tc2/source/Cargo.toml
[INFO] running `Command { std: CARGO_HOME="/workspace/cargo-home" RUSTUP_HOME="/workspace/rustup-home" "/workspace/cargo-home/bin/cargo" "+beta-2023-12-22" "generate-lockfile" "--manifest-path" "Cargo.toml", kill_on_drop: false }`
[INFO] [stderr]     Updating crates.io index
[INFO] running `Command { std: CARGO_HOME="/workspace/cargo-home" RUSTUP_HOME="/workspace/rustup-home" "/workspace/cargo-home/bin/cargo" "+beta-2023-12-22" "fetch" "--manifest-path" "Cargo.toml", kill_on_drop: false }`
[INFO] running `Command { std: "docker" "create" "-v" "/var/lib/crater-agent-workspace/builds/worker-2-tc2/target:/opt/rustwide/target:rw,Z" "-v" "/var/lib/crater-agent-workspace/builds/worker-2-tc2/source:/opt/rustwide/workdir:ro,Z" "-v" "/var/lib/crater-agent-workspace/cargo-home:/opt/rustwide/cargo-home:ro,Z" "-v" "/var/lib/crater-agent-workspace/rustup-home:/opt/rustwide/rustup-home:ro,Z" "-e" "SOURCE_DIR=/opt/rustwide/workdir" "-e" "CARGO_TARGET_DIR=/opt/rustwide/target" "-e" "CARGO_HOME=/opt/rustwide/cargo-home" "-e" "RUSTUP_HOME=/opt/rustwide/rustup-home" "-w" "/opt/rustwide/workdir" "-m" "1610612736" "--user" "0:0" "--network" "none" "ghcr.io/rust-lang/crates-build-env/linux@sha256:2788e3201cd34a07e3172128adcd8b3090168a8e3bcc40d7c032b9dda1df7d1c" "/opt/rustwide/cargo-home/bin/cargo" "+beta-2023-12-22" "metadata" "--no-deps" "--format-version=1", kill_on_drop: false }`
[INFO] [stdout] 9e9f514c84692f09820a23abc9b428b2d17a9f532df536bb1cad866744cb5e24
[INFO] running `Command { std: "docker" "start" "-a" "9e9f514c84692f09820a23abc9b428b2d17a9f532df536bb1cad866744cb5e24", kill_on_drop: false }`
[INFO] running `Command { std: "docker" "inspect" "9e9f514c84692f09820a23abc9b428b2d17a9f532df536bb1cad866744cb5e24", kill_on_drop: false }`
[INFO] running `Command { std: "docker" "rm" "-f" "9e9f514c84692f09820a23abc9b428b2d17a9f532df536bb1cad866744cb5e24", kill_on_drop: false }`
[INFO] [stdout] 9e9f514c84692f09820a23abc9b428b2d17a9f532df536bb1cad866744cb5e24
[INFO] running `Command { std: "docker" "create" "-v" "/var/lib/crater-agent-workspace/builds/worker-2-tc2/target:/opt/rustwide/target:rw,Z" "-v" "/var/lib/crater-agent-workspace/builds/worker-2-tc2/source:/opt/rustwide/workdir:ro,Z" "-v" "/var/lib/crater-agent-workspace/cargo-home:/opt/rustwide/cargo-home:ro,Z" "-v" "/var/lib/crater-agent-workspace/rustup-home:/opt/rustwide/rustup-home:ro,Z" "-e" "SOURCE_DIR=/opt/rustwide/workdir" "-e" "CARGO_TARGET_DIR=/opt/rustwide/target" "-e" "CARGO_INCREMENTAL=0" "-e" "RUST_BACKTRACE=full" "-e" "RUSTFLAGS=--cap-lints=warn" "-e" "RUSTDOCFLAGS=--cap-lints=warn" "-e" "CARGO_HOME=/opt/rustwide/cargo-home" "-e" "RUSTUP_HOME=/opt/rustwide/rustup-home" "-w" "/opt/rustwide/workdir" "-m" "1610612736" "--user" "0:0" "--network" "none" "ghcr.io/rust-lang/crates-build-env/linux@sha256:2788e3201cd34a07e3172128adcd8b3090168a8e3bcc40d7c032b9dda1df7d1c" "/opt/rustwide/cargo-home/bin/cargo" "+beta-2023-12-22" "build" "--frozen" "--message-format=json", kill_on_drop: false }`
[INFO] [stdout] ed7f1274c1f51a9babb2646ec8a49f9d1ca44b3f3e25c62b47ca74f1583dc9c3
[INFO] running `Command { std: "docker" "start" "-a" "ed7f1274c1f51a9babb2646ec8a49f9d1ca44b3f3e25c62b47ca74f1583dc9c3", kill_on_drop: false }`
[INFO] [stderr]    Compiling serde v1.0.194
[INFO] [stderr]    Compiling serde_json v1.0.111
[INFO] [stderr]    Compiling rustversion v1.0.14
[INFO] [stderr]    Compiling syn v1.0.109
[INFO] [stderr]    Compiling nanorand v0.7.0
[INFO] [stderr]    Compiling syn v2.0.48
[INFO] [stderr]    Compiling strum_macros v0.24.3
[INFO] [stderr]    Compiling darling_core v0.20.3
[INFO] [stderr]    Compiling serde_derive v1.0.194
[INFO] [stderr]    Compiling strum v0.24.1
[INFO] [stderr]    Compiling darling_macro v0.20.3
[INFO] [stderr]    Compiling darling v0.20.3
[INFO] [stderr]    Compiling serde_with_macros v2.3.3
[INFO] [stderr]    Compiling deranged v0.3.11
[INFO] [stderr]    Compiling racal v0.3.3
[INFO] [stderr]    Compiling time v0.3.31
[INFO] [stderr]    Compiling serde_with v2.3.3
[INFO] [stderr]    Compiling neos v0.6.5 (/opt/rustwide/workdir)
[INFO] [stderr]     Finished dev [unoptimized + debuginfo] target(s) in 10.39s
[INFO] running `Command { std: "docker" "inspect" "ed7f1274c1f51a9babb2646ec8a49f9d1ca44b3f3e25c62b47ca74f1583dc9c3", kill_on_drop: false }`
[INFO] running `Command { std: "docker" "rm" "-f" "ed7f1274c1f51a9babb2646ec8a49f9d1ca44b3f3e25c62b47ca74f1583dc9c3", kill_on_drop: false }`
[INFO] [stdout] ed7f1274c1f51a9babb2646ec8a49f9d1ca44b3f3e25c62b47ca74f1583dc9c3
[INFO] running `Command { std: "docker" "create" "-v" "/var/lib/crater-agent-workspace/builds/worker-2-tc2/target:/opt/rustwide/target:rw,Z" "-v" "/var/lib/crater-agent-workspace/builds/worker-2-tc2/source:/opt/rustwide/workdir:ro,Z" "-v" "/var/lib/crater-agent-workspace/cargo-home:/opt/rustwide/cargo-home:ro,Z" "-v" "/var/lib/crater-agent-workspace/rustup-home:/opt/rustwide/rustup-home:ro,Z" "-e" "SOURCE_DIR=/opt/rustwide/workdir" "-e" "CARGO_TARGET_DIR=/opt/rustwide/target" "-e" "CARGO_INCREMENTAL=0" "-e" "RUST_BACKTRACE=full" "-e" "RUSTFLAGS=--cap-lints=warn" "-e" "RUSTDOCFLAGS=--cap-lints=warn" "-e" "CARGO_HOME=/opt/rustwide/cargo-home" "-e" "RUSTUP_HOME=/opt/rustwide/rustup-home" "-w" "/opt/rustwide/workdir" "-m" "1610612736" "--user" "0:0" "--network" "none" "ghcr.io/rust-lang/crates-build-env/linux@sha256:2788e3201cd34a07e3172128adcd8b3090168a8e3bcc40d7c032b9dda1df7d1c" "/opt/rustwide/cargo-home/bin/cargo" "+beta-2023-12-22" "test" "--frozen" "--no-run" "--message-format=json", kill_on_drop: false }`
[INFO] [stdout] 3a7cbad7f7b2b83e9e07dc5e9f0be03beb4cd4557a7363fc9ff386155290a3a0
[INFO] running `Command { std: "docker" "start" "-a" "3a7cbad7f7b2b83e9e07dc5e9f0be03beb4cd4557a7363fc9ff386155290a3a0", kill_on_drop: false }`
[INFO] [stderr]    Compiling async-stream-impl v0.3.5
[INFO] [stderr]    Compiling serde v1.0.194
[INFO] [stderr]    Compiling tokio v1.35.1
[INFO] [stderr]    Compiling serde_with_macros v2.3.3
[INFO] [stderr]    Compiling async-stream v0.3.5
[INFO] [stderr]    Compiling tokio-stream v0.1.14
[INFO] [stderr]    Compiling tokio-test v0.4.3
[INFO] [stderr]    Compiling serde_json v1.0.111
[INFO] [stderr]    Compiling deranged v0.3.11
[INFO] [stderr]    Compiling racal v0.3.3
[INFO] [stderr]    Compiling time v0.3.31
[INFO] [stderr]    Compiling serde_with v2.3.3
[INFO] [stderr]    Compiling neos v0.6.5 (/opt/rustwide/workdir)
[INFO] [stderr]     Finished test [unoptimized + debuginfo] target(s) in 5.93s
[INFO] running `Command { std: "docker" "inspect" "3a7cbad7f7b2b83e9e07dc5e9f0be03beb4cd4557a7363fc9ff386155290a3a0", kill_on_drop: false }`
[INFO] running `Command { std: "docker" "rm" "-f" "3a7cbad7f7b2b83e9e07dc5e9f0be03beb4cd4557a7363fc9ff386155290a3a0", kill_on_drop: false }`
[INFO] [stdout] 3a7cbad7f7b2b83e9e07dc5e9f0be03beb4cd4557a7363fc9ff386155290a3a0
[INFO] running `Command { std: "docker" "create" "-v" "/var/lib/crater-agent-workspace/builds/worker-2-tc2/target:/opt/rustwide/target:rw,Z" "-v" "/var/lib/crater-agent-workspace/builds/worker-2-tc2/source:/opt/rustwide/workdir:ro,Z" "-v" "/var/lib/crater-agent-workspace/cargo-home:/opt/rustwide/cargo-home:ro,Z" "-v" "/var/lib/crater-agent-workspace/rustup-home:/opt/rustwide/rustup-home:ro,Z" "-e" "SOURCE_DIR=/opt/rustwide/workdir" "-e" "CARGO_TARGET_DIR=/opt/rustwide/target" "-e" "CARGO_INCREMENTAL=0" "-e" "RUST_BACKTRACE=full" "-e" "RUSTFLAGS=--cap-lints=warn" "-e" "RUSTDOCFLAGS=--cap-lints=warn" "-e" "CARGO_HOME=/opt/rustwide/cargo-home" "-e" "RUSTUP_HOME=/opt/rustwide/rustup-home" "-w" "/opt/rustwide/workdir" "-m" "1610612736" "--user" "0:0" "--network" "none" "ghcr.io/rust-lang/crates-build-env/linux@sha256:2788e3201cd34a07e3172128adcd8b3090168a8e3bcc40d7c032b9dda1df7d1c" "/opt/rustwide/cargo-home/bin/cargo" "+beta-2023-12-22" "test" "--frozen", kill_on_drop: false }`
[INFO] [stdout] e66b9f43c15eaf3dde22a25819504bbe13117e28fc82909216cab18c2f5a299a
[INFO] running `Command { std: "docker" "start" "-a" "e66b9f43c15eaf3dde22a25819504bbe13117e28fc82909216cab18c2f5a299a", kill_on_drop: false }`
[INFO] [stderr]     Finished test [unoptimized + debuginfo] target(s) in 0.05s
[INFO] [stderr]      Running unittests src/lib.rs (/opt/rustwide/target/debug/deps/neos-d552c0378bd69010)
[INFO] [stdout] 
[INFO] [stdout] running 3 tests
[INFO] [stdout] test model::output_device::tests::deserialize_vr_num ... ok
[INFO] [stdout] test model::output_device::tests::serialize_vr ... ok
[INFO] [stdout] test model::output_device::tests::deserialize_vr_str ... ok
[INFO] [stdout] 
[INFO] [stdout] test result: ok. 3 passed; 0 failed; 0 ignored; 0 measured; 0 filtered out; finished in 0.00s
[INFO] [stdout] 
[INFO] [stderr]    Doc-tests neos
[INFO] [stderr] warning: unknown lint: `rustdoc::missing_doc_code_examples`
[INFO] [stderr]   --> src/lib.rs:37:1
[INFO] [stderr]    |
[INFO] [stderr] 37 | #![warn(rustdoc::missing_doc_code_examples)]
[INFO] [stderr]    | ^^^^^^^^^^^^^^^^^^^^^^^^^^^^^^^^^^^^^^^^^^^^
[INFO] [stderr]    |
[INFO] [stderr]    = note: the `rustdoc::missing_doc_code_examples` lint is unstable
[INFO] [stderr]    = note: see issue #101730 <https://github.com/rust-lang/rust/issues/101730> for more information
[INFO] [stderr]    = note: `#[warn(unknown_lints)]` on by default
[INFO] [stderr] 
[INFO] [stderr] warning: 1 warning emitted
[INFO] [stderr] 
[INFO] [stdout] 
[INFO] [stdout] running 11 tests
[INFO] [stdout] test src/query/users.rs - query::users::UserInfo (line 53) - compile ... FAILED
[INFO] [stdout] test src/query/users.rs - query::users::UserStatus (line 97) - compile ... FAILED
[INFO] [stdout] test src/id.rs - id (line 6) - compile fail ... ok
[INFO] [stdout] test src/id.rs - id::Any (line 134) ... ok
[INFO] [stdout] test src/id.rs - id::Session (line 122) ... ok
[INFO] [stdout] test src/id.rs - id::Machine (line 124) ... ok
[INFO] [stdout] test src/id.rs - id::Owner (line 160) ... ok
[INFO] [stdout] test src/id.rs - id::User (line 120) ... ok
[INFO] [stdout] test src/id.rs - id::Record (line 123) ... ok
[INFO] [stdout] test src/id.rs - id::Group (line 121) ... ok
[INFO] [stdout] test src/lib.rs - (line 14) ... ok
[INFO] [stdout] 
[INFO] [stdout] failures:
[INFO] [stdout] 
[INFO] [stdout] ---- src/query/users.rs - query::users::UserInfo (line 53) stdout ----
[INFO] [stdout] error[E0432]: unresolved import `neos::api_client`
[INFO] [stdout]  --> src/query/users.rs:56:12
[INFO] [stdout]   |
[INFO] [stdout] 6 | use neos::{api_client::{UnauthenticatedNeos, ApiClient}, query::UserSearch};
[INFO] [stdout]   |            ^^^^^^^^^^ could not find `api_client` in `neos`
[INFO] [stdout] 
[INFO] [stdout] error: aborting due to 1 previous error
[INFO] [stdout] 
[INFO] [stdout] For more information about this error, try `rustc --explain E0432`.
[INFO] [stdout] Couldn't compile the test.
[INFO] [stdout] ---- src/query/users.rs - query::users::UserStatus (line 97) stdout ----
[INFO] [stdout] error[E0432]: unresolved import `neos::api_client`
[INFO] [stdout]  --> src/query/users.rs:100:12
[INFO] [stdout]   |
[INFO] [stdout] 6 | use neos::{api_client::{UnauthenticatedNeos, ApiClient}, query::UserStatus};
[INFO] [stdout]   |            ^^^^^^^^^^ could not find `api_client` in `neos`
[INFO] [stdout] 
[INFO] [stdout] error: aborting due to 1 previous error
[INFO] [stdout] 
[INFO] [stdout] For more information about this error, try `rustc --explain E0432`.
[INFO] [stdout] Couldn't compile the test.
[INFO] [stdout] 
[INFO] [stdout] failures:
[INFO] [stdout]     src/query/users.rs - query::users::UserInfo (line 53)
[INFO] [stdout]     src/query/users.rs - query::users::UserStatus (line 97)
[INFO] [stdout] 
[INFO] [stdout] test result: FAILED. 9 passed; 2 failed; 0 ignored; 0 measured; 0 filtered out; finished in 0.36s
[INFO] [stdout] 
[INFO] [stderr] error: doctest failed, to rerun pass `--doc`
[INFO] running `Command { std: "docker" "inspect" "e66b9f43c15eaf3dde22a25819504bbe13117e28fc82909216cab18c2f5a299a", kill_on_drop: false }`
[INFO] running `Command { std: "docker" "rm" "-f" "e66b9f43c15eaf3dde22a25819504bbe13117e28fc82909216cab18c2f5a299a", kill_on_drop: false }`
[INFO] [stdout] e66b9f43c15eaf3dde22a25819504bbe13117e28fc82909216cab18c2f5a299a
