[INFO] fetching crate neko-cli 0.1.0...
[INFO] testing neko-cli-0.1.0 against 1.75.0 for beta-1.76-1
[INFO] extracting crate neko-cli 0.1.0 into /workspace/builds/worker-7-tc1/source
[INFO] validating manifest of crates.io crate neko-cli 0.1.0 on toolchain 1.75.0
[INFO] running `Command { std: CARGO_HOME="/workspace/cargo-home" RUSTUP_HOME="/workspace/rustup-home" "/workspace/cargo-home/bin/cargo" "+1.75.0" "metadata" "--manifest-path" "Cargo.toml" "--no-deps", kill_on_drop: false }`
[INFO] started tweaking crates.io crate neko-cli 0.1.0
[INFO] finished tweaking crates.io crate neko-cli 0.1.0
[INFO] tweaked toml for crates.io crate neko-cli 0.1.0 written to /workspace/builds/worker-7-tc1/source/Cargo.toml
[INFO] crate crates.io crate neko-cli 0.1.0 already has a lockfile, it will not be regenerated
[INFO] running `Command { std: CARGO_HOME="/workspace/cargo-home" RUSTUP_HOME="/workspace/rustup-home" "/workspace/cargo-home/bin/cargo" "+1.75.0" "fetch" "--manifest-path" "Cargo.toml", kill_on_drop: false }`
[INFO] running `Command { std: "docker" "create" "-v" "/var/lib/crater-agent-workspace/builds/worker-7-tc1/target:/opt/rustwide/target:rw,Z" "-v" "/var/lib/crater-agent-workspace/builds/worker-7-tc1/source:/opt/rustwide/workdir:ro,Z" "-v" "/var/lib/crater-agent-workspace/cargo-home:/opt/rustwide/cargo-home:ro,Z" "-v" "/var/lib/crater-agent-workspace/rustup-home:/opt/rustwide/rustup-home:ro,Z" "-e" "SOURCE_DIR=/opt/rustwide/workdir" "-e" "CARGO_TARGET_DIR=/opt/rustwide/target" "-e" "CARGO_HOME=/opt/rustwide/cargo-home" "-e" "RUSTUP_HOME=/opt/rustwide/rustup-home" "-w" "/opt/rustwide/workdir" "-m" "1610612736" "--user" "0:0" "--network" "none" "ghcr.io/rust-lang/crates-build-env/linux@sha256:2788e3201cd34a07e3172128adcd8b3090168a8e3bcc40d7c032b9dda1df7d1c" "/opt/rustwide/cargo-home/bin/cargo" "+1.75.0" "metadata" "--no-deps" "--format-version=1", kill_on_drop: false }`
[INFO] [stdout] 53bc9a8ddf48f5dab3394b5265b0dd9cb387135e2e1f8f15d0d2d72b08bf5d23
[INFO] running `Command { std: "docker" "start" "-a" "53bc9a8ddf48f5dab3394b5265b0dd9cb387135e2e1f8f15d0d2d72b08bf5d23", kill_on_drop: false }`
[INFO] running `Command { std: "docker" "inspect" "53bc9a8ddf48f5dab3394b5265b0dd9cb387135e2e1f8f15d0d2d72b08bf5d23", kill_on_drop: false }`
[INFO] running `Command { std: "docker" "rm" "-f" "53bc9a8ddf48f5dab3394b5265b0dd9cb387135e2e1f8f15d0d2d72b08bf5d23", kill_on_drop: false }`
[INFO] [stdout] 53bc9a8ddf48f5dab3394b5265b0dd9cb387135e2e1f8f15d0d2d72b08bf5d23
[INFO] running `Command { std: "docker" "create" "-v" "/var/lib/crater-agent-workspace/builds/worker-7-tc1/target:/opt/rustwide/target:rw,Z" "-v" "/var/lib/crater-agent-workspace/builds/worker-7-tc1/source:/opt/rustwide/workdir:ro,Z" "-v" "/var/lib/crater-agent-workspace/cargo-home:/opt/rustwide/cargo-home:ro,Z" "-v" "/var/lib/crater-agent-workspace/rustup-home:/opt/rustwide/rustup-home:ro,Z" "-e" "SOURCE_DIR=/opt/rustwide/workdir" "-e" "CARGO_TARGET_DIR=/opt/rustwide/target" "-e" "CARGO_INCREMENTAL=0" "-e" "RUST_BACKTRACE=full" "-e" "RUSTFLAGS=--cap-lints=warn" "-e" "RUSTDOCFLAGS=--cap-lints=warn" "-e" "CARGO_HOME=/opt/rustwide/cargo-home" "-e" "RUSTUP_HOME=/opt/rustwide/rustup-home" "-w" "/opt/rustwide/workdir" "-m" "1610612736" "--user" "0:0" "--network" "none" "ghcr.io/rust-lang/crates-build-env/linux@sha256:2788e3201cd34a07e3172128adcd8b3090168a8e3bcc40d7c032b9dda1df7d1c" "/opt/rustwide/cargo-home/bin/cargo" "+1.75.0" "build" "--frozen" "--message-format=json", kill_on_drop: false }`
[INFO] [stdout] ba650ae9dda21ace64c9d00f99b0684575f195c477c411571e48f574958cfab2
[INFO] running `Command { std: "docker" "start" "-a" "ba650ae9dda21ace64c9d00f99b0684575f195c477c411571e48f574958cfab2", kill_on_drop: false }`
[INFO] [stderr]    Compiling neko-cli v0.1.0 (/opt/rustwide/workdir)
[INFO] [stdout] warning: unused variable: `config`
[INFO] [stdout]   --> src/create_app.rs:15:16
[INFO] [stdout]    |
[INFO] [stdout] 15 |     pub fn new(config: Config) -> Result<(), Error> {
[INFO] [stdout]    |                ^^^^^^ help: if this is intentional, prefix it with an underscore: `_config`
[INFO] [stdout]    |
[INFO] [stdout]    = note: `#[warn(unused_variables)]` on by default
[INFO] [stdout] 
[INFO] [stdout] 
[INFO] [stdout] warning: 1 warning emitted
[INFO] [stdout] 
[INFO] [stdout] 
[INFO] [stderr]     Finished dev [unoptimized + debuginfo] target(s) in 0.45s
[INFO] running `Command { std: "docker" "inspect" "ba650ae9dda21ace64c9d00f99b0684575f195c477c411571e48f574958cfab2", kill_on_drop: false }`
[INFO] running `Command { std: "docker" "rm" "-f" "ba650ae9dda21ace64c9d00f99b0684575f195c477c411571e48f574958cfab2", kill_on_drop: false }`
[INFO] [stdout] ba650ae9dda21ace64c9d00f99b0684575f195c477c411571e48f574958cfab2
[INFO] running `Command { std: "docker" "create" "-v" "/var/lib/crater-agent-workspace/builds/worker-7-tc1/target:/opt/rustwide/target:rw,Z" "-v" "/var/lib/crater-agent-workspace/builds/worker-7-tc1/source:/opt/rustwide/workdir:ro,Z" "-v" "/var/lib/crater-agent-workspace/cargo-home:/opt/rustwide/cargo-home:ro,Z" "-v" "/var/lib/crater-agent-workspace/rustup-home:/opt/rustwide/rustup-home:ro,Z" "-e" "SOURCE_DIR=/opt/rustwide/workdir" "-e" "CARGO_TARGET_DIR=/opt/rustwide/target" "-e" "CARGO_INCREMENTAL=0" "-e" "RUST_BACKTRACE=full" "-e" "RUSTFLAGS=--cap-lints=warn" "-e" "RUSTDOCFLAGS=--cap-lints=warn" "-e" "CARGO_HOME=/opt/rustwide/cargo-home" "-e" "RUSTUP_HOME=/opt/rustwide/rustup-home" "-w" "/opt/rustwide/workdir" "-m" "1610612736" "--user" "0:0" "--network" "none" "ghcr.io/rust-lang/crates-build-env/linux@sha256:2788e3201cd34a07e3172128adcd8b3090168a8e3bcc40d7c032b9dda1df7d1c" "/opt/rustwide/cargo-home/bin/cargo" "+1.75.0" "test" "--frozen" "--no-run" "--message-format=json", kill_on_drop: false }`
[INFO] [stdout] f137ef8070cfa9c9c91ad74bd1506171bf4b701453f6fca2256cfbeef72dec7a
[INFO] running `Command { std: "docker" "start" "-a" "f137ef8070cfa9c9c91ad74bd1506171bf4b701453f6fca2256cfbeef72dec7a", kill_on_drop: false }`
[INFO] [stdout] warning: unused variable: `config`
[INFO] [stdout]   --> src/create_app.rs:15:16
[INFO] [stdout]    |
[INFO] [stdout] 15 |     pub fn new(config: Config) -> Result<(), Error> {
[INFO] [stdout]    |                ^^^^^^ help: if this is intentional, prefix it with an underscore: `_config`
[INFO] [stdout]    |
[INFO] [stdout]    = note: `#[warn(unused_variables)]` on by default
[INFO] [stdout] 
[INFO] [stdout] 
[INFO] [stderr]    Compiling neko-cli v0.1.0 (/opt/rustwide/workdir)
[INFO] [stdout] warning: 1 warning emitted
[INFO] [stdout] 
[INFO] [stdout] 
[INFO] [stdout] warning: unused variable: `config`
[INFO] [stdout]   --> src/create_app.rs:15:16
[INFO] [stdout]    |
[INFO] [stdout] 15 |     pub fn new(config: Config) -> Result<(), Error> {
[INFO] [stdout]    |                ^^^^^^ help: if this is intentional, prefix it with an underscore: `_config`
[INFO] [stdout]    |
[INFO] [stdout]    = note: `#[warn(unused_variables)]` on by default
[INFO] [stdout] 
[INFO] [stdout] 
[INFO] [stdout] warning: 1 warning emitted
[INFO] [stdout] 
[INFO] [stdout] 
[INFO] [stderr]     Finished test [unoptimized + debuginfo] target(s) in 0.49s
[INFO] running `Command { std: "docker" "inspect" "f137ef8070cfa9c9c91ad74bd1506171bf4b701453f6fca2256cfbeef72dec7a", kill_on_drop: false }`
[INFO] running `Command { std: "docker" "rm" "-f" "f137ef8070cfa9c9c91ad74bd1506171bf4b701453f6fca2256cfbeef72dec7a", kill_on_drop: false }`
[INFO] [stdout] f137ef8070cfa9c9c91ad74bd1506171bf4b701453f6fca2256cfbeef72dec7a
[INFO] running `Command { std: "docker" "create" "-v" "/var/lib/crater-agent-workspace/builds/worker-7-tc1/target:/opt/rustwide/target:rw,Z" "-v" "/var/lib/crater-agent-workspace/builds/worker-7-tc1/source:/opt/rustwide/workdir:ro,Z" "-v" "/var/lib/crater-agent-workspace/cargo-home:/opt/rustwide/cargo-home:ro,Z" "-v" "/var/lib/crater-agent-workspace/rustup-home:/opt/rustwide/rustup-home:ro,Z" "-e" "SOURCE_DIR=/opt/rustwide/workdir" "-e" "CARGO_TARGET_DIR=/opt/rustwide/target" "-e" "CARGO_INCREMENTAL=0" "-e" "RUST_BACKTRACE=full" "-e" "RUSTFLAGS=--cap-lints=warn" "-e" "RUSTDOCFLAGS=--cap-lints=warn" "-e" "CARGO_HOME=/opt/rustwide/cargo-home" "-e" "RUSTUP_HOME=/opt/rustwide/rustup-home" "-w" "/opt/rustwide/workdir" "-m" "1610612736" "--user" "0:0" "--network" "none" "ghcr.io/rust-lang/crates-build-env/linux@sha256:2788e3201cd34a07e3172128adcd8b3090168a8e3bcc40d7c032b9dda1df7d1c" "/opt/rustwide/cargo-home/bin/cargo" "+1.75.0" "test" "--frozen", kill_on_drop: false }`
[INFO] [stdout] ed825c6e295991c0304d5ee249a246c8baf3df6d1cc1646bc4f8db3f7b54b992
[INFO] running `Command { std: "docker" "start" "-a" "ed825c6e295991c0304d5ee249a246c8baf3df6d1cc1646bc4f8db3f7b54b992", kill_on_drop: false }`
[INFO] [stderr] warning: unused variable: `config`
[INFO] [stderr]   --> src/create_app.rs:15:16
[INFO] [stderr]    |
[INFO] [stderr] 15 |     pub fn new(config: Config) -> Result<(), Error> {
[INFO] [stderr]    |                ^^^^^^ help: if this is intentional, prefix it with an underscore: `_config`
[INFO] [stderr]    |
[INFO] [stderr]    = note: `#[warn(unused_variables)]` on by default
[INFO] [stderr] 
[INFO] [stderr] warning: `neko-cli` (lib) generated 1 warning (run `cargo fix --lib -p neko-cli` to apply 1 suggestion)
[INFO] [stderr] warning: `neko-cli` (lib test) generated 1 warning (1 duplicate)
[INFO] [stderr]     Finished test [unoptimized + debuginfo] target(s) in 0.02s
[INFO] [stderr]      Running unittests src/lib.rs (/opt/rustwide/target/debug/deps/neko_cli-309785271893ad5a)
[INFO] [stdout] 
[INFO] [stdout] running 2 tests
[INFO] [stdout] test tests::case_sensitive ... ok
[INFO] [stdout] test tests::case_insensitive ... ok
[INFO] [stdout] 
[INFO] [stdout] test result: ok. 2 passed; 0 failed; 0 ignored; 0 measured; 0 filtered out; finished in 0.01s
[INFO] [stdout] 
[INFO] [stderr]      Running unittests src/main.rs (/opt/rustwide/target/debug/deps/neko_cli-e84f7e39f5e4ab78)
[INFO] [stdout] 
[INFO] [stdout] running 0 tests
[INFO] [stdout] 
[INFO] [stdout] test result: ok. 0 passed; 0 failed; 0 ignored; 0 measured; 0 filtered out; finished in 0.00s
[INFO] [stdout] 
[INFO] [stderr]    Doc-tests neko-cli
[INFO] [stdout] 
[INFO] [stdout] running 1 test
[INFO] [stdout] test src/create_app.rs - create_app::ignore_files (line 23) ... FAILED
[INFO] [stdout] 
[INFO] [stdout] failures:
[INFO] [stdout] 
[INFO] [stdout] ---- src/create_app.rs - create_app::ignore_files (line 23) stdout ----
[INFO] [stdout] error[E0433]: failed to resolve: use of undeclared crate or module `skyl`
[INFO] [stdout]  --> src/create_app.rs:25:24
[INFO] [stdout]   |
[INFO] [stdout] 3 |    let ignore_config = skyl::create_app::ignore_files();
[INFO] [stdout]   |                        ^^^^ use of undeclared crate or module `skyl`
[INFO] [stdout]   |
[INFO] [stdout] help: consider importing this module
[INFO] [stdout]   |
[INFO] [stdout] 2 + use neko_cli::create_app;
[INFO] [stdout]   |
[INFO] [stdout] help: if you import `create_app`, refer to it directly
[INFO] [stdout]   |
[INFO] [stdout] 3 -    let ignore_config = skyl::create_app::ignore_files();
[INFO] [stdout] 3 +    let ignore_config = create_app::ignore_files();
[INFO] [stdout]   |
[INFO] [stdout] 
[INFO] [stdout] error: aborting due to previous error
[INFO] [stdout] 
[INFO] [stdout] For more information about this error, try `rustc --explain E0433`.
[INFO] [stdout] Couldn't compile the test.
[INFO] [stdout] 
[INFO] [stdout] failures:
[INFO] [stdout]     src/create_app.rs - create_app::ignore_files (line 23)
[INFO] [stdout] 
[INFO] [stdout] test result: FAILED. 0 passed; 1 failed; 0 ignored; 0 measured; 0 filtered out; finished in 0.08s
[INFO] [stdout] 
[INFO] [stderr] error: doctest failed, to rerun pass `--doc`
[INFO] running `Command { std: "docker" "inspect" "ed825c6e295991c0304d5ee249a246c8baf3df6d1cc1646bc4f8db3f7b54b992", kill_on_drop: false }`
[INFO] running `Command { std: "docker" "rm" "-f" "ed825c6e295991c0304d5ee249a246c8baf3df6d1cc1646bc4f8db3f7b54b992", kill_on_drop: false }`
[INFO] [stdout] ed825c6e295991c0304d5ee249a246c8baf3df6d1cc1646bc4f8db3f7b54b992
[INFO] testing neko-cli-0.1.0 against beta-2023-12-22 for beta-1.76-1
[INFO] extracting crate neko-cli 0.1.0 into /workspace/builds/worker-7-tc2/source
[INFO] validating manifest of crates.io crate neko-cli 0.1.0 on toolchain beta-2023-12-22
[INFO] running `Command { std: CARGO_HOME="/workspace/cargo-home" RUSTUP_HOME="/workspace/rustup-home" "/workspace/cargo-home/bin/cargo" "+beta-2023-12-22" "metadata" "--manifest-path" "Cargo.toml" "--no-deps", kill_on_drop: false }`
[INFO] started tweaking crates.io crate neko-cli 0.1.0
[INFO] finished tweaking crates.io crate neko-cli 0.1.0
[INFO] tweaked toml for crates.io crate neko-cli 0.1.0 written to /workspace/builds/worker-7-tc2/source/Cargo.toml
[INFO] crate crates.io crate neko-cli 0.1.0 already has a lockfile, it will not be regenerated
[INFO] running `Command { std: CARGO_HOME="/workspace/cargo-home" RUSTUP_HOME="/workspace/rustup-home" "/workspace/cargo-home/bin/cargo" "+beta-2023-12-22" "fetch" "--manifest-path" "Cargo.toml", kill_on_drop: false }`
[INFO] running `Command { std: "docker" "create" "-v" "/var/lib/crater-agent-workspace/builds/worker-7-tc2/target:/opt/rustwide/target:rw,Z" "-v" "/var/lib/crater-agent-workspace/builds/worker-7-tc2/source:/opt/rustwide/workdir:ro,Z" "-v" "/var/lib/crater-agent-workspace/cargo-home:/opt/rustwide/cargo-home:ro,Z" "-v" "/var/lib/crater-agent-workspace/rustup-home:/opt/rustwide/rustup-home:ro,Z" "-e" "SOURCE_DIR=/opt/rustwide/workdir" "-e" "CARGO_TARGET_DIR=/opt/rustwide/target" "-e" "CARGO_HOME=/opt/rustwide/cargo-home" "-e" "RUSTUP_HOME=/opt/rustwide/rustup-home" "-w" "/opt/rustwide/workdir" "-m" "1610612736" "--user" "0:0" "--network" "none" "ghcr.io/rust-lang/crates-build-env/linux@sha256:2788e3201cd34a07e3172128adcd8b3090168a8e3bcc40d7c032b9dda1df7d1c" "/opt/rustwide/cargo-home/bin/cargo" "+beta-2023-12-22" "metadata" "--no-deps" "--format-version=1", kill_on_drop: false }`
[INFO] [stdout] 151769a77cb3ac7b14491c4e25213300f67b5754a10bdb7d49617ee146535db4
[INFO] running `Command { std: "docker" "start" "-a" "151769a77cb3ac7b14491c4e25213300f67b5754a10bdb7d49617ee146535db4", kill_on_drop: false }`
[INFO] running `Command { std: "docker" "inspect" "151769a77cb3ac7b14491c4e25213300f67b5754a10bdb7d49617ee146535db4", kill_on_drop: false }`
[INFO] running `Command { std: "docker" "rm" "-f" "151769a77cb3ac7b14491c4e25213300f67b5754a10bdb7d49617ee146535db4", kill_on_drop: false }`
[INFO] [stdout] 151769a77cb3ac7b14491c4e25213300f67b5754a10bdb7d49617ee146535db4
[INFO] running `Command { std: "docker" "create" "-v" "/var/lib/crater-agent-workspace/builds/worker-7-tc2/target:/opt/rustwide/target:rw,Z" "-v" "/var/lib/crater-agent-workspace/builds/worker-7-tc2/source:/opt/rustwide/workdir:ro,Z" "-v" "/var/lib/crater-agent-workspace/cargo-home:/opt/rustwide/cargo-home:ro,Z" "-v" "/var/lib/crater-agent-workspace/rustup-home:/opt/rustwide/rustup-home:ro,Z" "-e" "SOURCE_DIR=/opt/rustwide/workdir" "-e" "CARGO_TARGET_DIR=/opt/rustwide/target" "-e" "CARGO_INCREMENTAL=0" "-e" "RUST_BACKTRACE=full" "-e" "RUSTFLAGS=--cap-lints=warn" "-e" "RUSTDOCFLAGS=--cap-lints=warn" "-e" "CARGO_HOME=/opt/rustwide/cargo-home" "-e" "RUSTUP_HOME=/opt/rustwide/rustup-home" "-w" "/opt/rustwide/workdir" "-m" "1610612736" "--user" "0:0" "--network" "none" "ghcr.io/rust-lang/crates-build-env/linux@sha256:2788e3201cd34a07e3172128adcd8b3090168a8e3bcc40d7c032b9dda1df7d1c" "/opt/rustwide/cargo-home/bin/cargo" "+beta-2023-12-22" "build" "--frozen" "--message-format=json", kill_on_drop: false }`
[INFO] [stdout] 8440cc636b3de922ccec4fc1b60c2f093c620597922b8b7af34e9ca5617679ad
[INFO] running `Command { std: "docker" "start" "-a" "8440cc636b3de922ccec4fc1b60c2f093c620597922b8b7af34e9ca5617679ad", kill_on_drop: false }`
[INFO] [stderr]    Compiling neko-cli v0.1.0 (/opt/rustwide/workdir)
[INFO] [stdout] warning: unused variable: `config`
[INFO] [stdout]   --> src/create_app.rs:15:16
[INFO] [stdout]    |
[INFO] [stdout] 15 |     pub fn new(config: Config) -> Result<(), Error> {
[INFO] [stdout]    |                ^^^^^^ help: if this is intentional, prefix it with an underscore: `_config`
[INFO] [stdout]    |
[INFO] [stdout]    = note: `#[warn(unused_variables)]` on by default
[INFO] [stdout] 
[INFO] [stdout] 
[INFO] [stdout] warning: 1 warning emitted
[INFO] [stdout] 
[INFO] [stdout] 
[INFO] [stderr]     Finished dev [unoptimized + debuginfo] target(s) in 0.30s
[INFO] running `Command { std: "docker" "inspect" "8440cc636b3de922ccec4fc1b60c2f093c620597922b8b7af34e9ca5617679ad", kill_on_drop: false }`
[INFO] running `Command { std: "docker" "rm" "-f" "8440cc636b3de922ccec4fc1b60c2f093c620597922b8b7af34e9ca5617679ad", kill_on_drop: false }`
[INFO] [stdout] 8440cc636b3de922ccec4fc1b60c2f093c620597922b8b7af34e9ca5617679ad
[INFO] running `Command { std: "docker" "create" "-v" "/var/lib/crater-agent-workspace/builds/worker-7-tc2/target:/opt/rustwide/target:rw,Z" "-v" "/var/lib/crater-agent-workspace/builds/worker-7-tc2/source:/opt/rustwide/workdir:ro,Z" "-v" "/var/lib/crater-agent-workspace/cargo-home:/opt/rustwide/cargo-home:ro,Z" "-v" "/var/lib/crater-agent-workspace/rustup-home:/opt/rustwide/rustup-home:ro,Z" "-e" "SOURCE_DIR=/opt/rustwide/workdir" "-e" "CARGO_TARGET_DIR=/opt/rustwide/target" "-e" "CARGO_INCREMENTAL=0" "-e" "RUST_BACKTRACE=full" "-e" "RUSTFLAGS=--cap-lints=warn" "-e" "RUSTDOCFLAGS=--cap-lints=warn" "-e" "CARGO_HOME=/opt/rustwide/cargo-home" "-e" "RUSTUP_HOME=/opt/rustwide/rustup-home" "-w" "/opt/rustwide/workdir" "-m" "1610612736" "--user" "0:0" "--network" "none" "ghcr.io/rust-lang/crates-build-env/linux@sha256:2788e3201cd34a07e3172128adcd8b3090168a8e3bcc40d7c032b9dda1df7d1c" "/opt/rustwide/cargo-home/bin/cargo" "+beta-2023-12-22" "test" "--frozen" "--no-run" "--message-format=json", kill_on_drop: false }`
[INFO] [stdout] bf950ecc128d2c484b38f1d850c9f6b35ef62a7840cbb2a8444f697becf51474
[INFO] running `Command { std: "docker" "start" "-a" "bf950ecc128d2c484b38f1d850c9f6b35ef62a7840cbb2a8444f697becf51474", kill_on_drop: false }`
[INFO] [stdout] warning: unused variable: `config`
[INFO] [stdout]   --> src/create_app.rs:15:16
[INFO] [stdout]    |
[INFO] [stdout] 15 |     pub fn new(config: Config) -> Result<(), Error> {
[INFO] [stdout]    |                ^^^^^^ help: if this is intentional, prefix it with an underscore: `_config`
[INFO] [stdout]    |
[INFO] [stdout]    = note: `#[warn(unused_variables)]` on by default
[INFO] [stdout] 
[INFO] [stdout] 
[INFO] [stderr]    Compiling neko-cli v0.1.0 (/opt/rustwide/workdir)
[INFO] [stdout] warning: 1 warning emitted
[INFO] [stdout] 
[INFO] [stdout] 
[INFO] [stdout] warning: unused variable: `config`
[INFO] [stdout]   --> src/create_app.rs:15:16
[INFO] [stdout]    |
[INFO] [stdout] 15 |     pub fn new(config: Config) -> Result<(), Error> {
[INFO] [stdout]    |                ^^^^^^ help: if this is intentional, prefix it with an underscore: `_config`
[INFO] [stdout]    |
[INFO] [stdout]    = note: `#[warn(unused_variables)]` on by default
[INFO] [stdout] 
[INFO] [stdout] 
[INFO] [stdout] warning: 1 warning emitted
[INFO] [stdout] 
[INFO] [stdout] 
[INFO] [stderr]     Finished test [unoptimized + debuginfo] target(s) in 0.28s
[INFO] running `Command { std: "docker" "inspect" "bf950ecc128d2c484b38f1d850c9f6b35ef62a7840cbb2a8444f697becf51474", kill_on_drop: false }`
[INFO] running `Command { std: "docker" "rm" "-f" "bf950ecc128d2c484b38f1d850c9f6b35ef62a7840cbb2a8444f697becf51474", kill_on_drop: false }`
[INFO] [stdout] bf950ecc128d2c484b38f1d850c9f6b35ef62a7840cbb2a8444f697becf51474
[INFO] running `Command { std: "docker" "create" "-v" "/var/lib/crater-agent-workspace/builds/worker-7-tc2/target:/opt/rustwide/target:rw,Z" "-v" "/var/lib/crater-agent-workspace/builds/worker-7-tc2/source:/opt/rustwide/workdir:ro,Z" "-v" "/var/lib/crater-agent-workspace/cargo-home:/opt/rustwide/cargo-home:ro,Z" "-v" "/var/lib/crater-agent-workspace/rustup-home:/opt/rustwide/rustup-home:ro,Z" "-e" "SOURCE_DIR=/opt/rustwide/workdir" "-e" "CARGO_TARGET_DIR=/opt/rustwide/target" "-e" "CARGO_INCREMENTAL=0" "-e" "RUST_BACKTRACE=full" "-e" "RUSTFLAGS=--cap-lints=warn" "-e" "RUSTDOCFLAGS=--cap-lints=warn" "-e" "CARGO_HOME=/opt/rustwide/cargo-home" "-e" "RUSTUP_HOME=/opt/rustwide/rustup-home" "-w" "/opt/rustwide/workdir" "-m" "1610612736" "--user" "0:0" "--network" "none" "ghcr.io/rust-lang/crates-build-env/linux@sha256:2788e3201cd34a07e3172128adcd8b3090168a8e3bcc40d7c032b9dda1df7d1c" "/opt/rustwide/cargo-home/bin/cargo" "+beta-2023-12-22" "test" "--frozen", kill_on_drop: false }`
[INFO] [stdout] ad87780999c62416b4be3ca257609ed8ee36d833fe00f2917d27c7281a3d0fb0
[INFO] running `Command { std: "docker" "start" "-a" "ad87780999c62416b4be3ca257609ed8ee36d833fe00f2917d27c7281a3d0fb0", kill_on_drop: false }`
[INFO] [stderr] warning: unused variable: `config`
[INFO] [stderr]   --> src/create_app.rs:15:16
[INFO] [stderr]    |
[INFO] [stderr] 15 |     pub fn new(config: Config) -> Result<(), Error> {
[INFO] [stderr]    |                ^^^^^^ help: if this is intentional, prefix it with an underscore: `_config`
[INFO] [stderr]    |
[INFO] [stderr]    = note: `#[warn(unused_variables)]` on by default
[INFO] [stderr] 
[INFO] [stderr] warning: `neko-cli` (lib) generated 1 warning (run `cargo fix --lib -p neko-cli` to apply 1 suggestion)
[INFO] [stderr] warning: `neko-cli` (lib test) generated 1 warning (1 duplicate)
[INFO] [stderr]     Finished test [unoptimized + debuginfo] target(s) in 0.00s
[INFO] [stderr]      Running unittests src/lib.rs (/opt/rustwide/target/debug/deps/neko_cli-b6426563d64bdc45)
[INFO] [stdout] 
[INFO] [stdout] running 2 tests
[INFO] [stdout] test tests::case_insensitive ... ok
[INFO] [stdout] test tests::case_sensitive ... ok
[INFO] [stdout] 
[INFO] [stdout] test result: ok. 2 passed; 0 failed; 0 ignored; 0 measured; 0 filtered out; finished in 0.00s
[INFO] [stdout] 
[INFO] [stderr]      Running unittests src/main.rs (/opt/rustwide/target/debug/deps/neko_cli-b1b4475073b2d5e0)
[INFO] [stdout] 
[INFO] [stdout] running 0 tests
[INFO] [stdout] 
[INFO] [stdout] test result: ok. 0 passed; 0 failed; 0 ignored; 0 measured; 0 filtered out; finished in 0.00s
[INFO] [stdout] 
[INFO] [stderr]    Doc-tests neko-cli
[INFO] [stdout] 
[INFO] [stdout] running 1 test
[INFO] [stdout] test src/create_app.rs - create_app::ignore_files (line 23) ... FAILED
[INFO] [stdout] 
[INFO] [stdout] failures:
[INFO] [stdout] 
[INFO] [stdout] ---- src/create_app.rs - create_app::ignore_files (line 23) stdout ----
[INFO] [stdout] error[E0433]: failed to resolve: use of undeclared crate or module `skyl`
[INFO] [stdout]  --> src/create_app.rs:25:24
[INFO] [stdout]   |
[INFO] [stdout] 3 |    let ignore_config = skyl::create_app::ignore_files();
[INFO] [stdout]   |                        ^^^^ use of undeclared crate or module `skyl`
[INFO] [stdout]   |
[INFO] [stdout] help: consider importing this module
[INFO] [stdout]   |
[INFO] [stdout] 2 + use neko_cli::create_app;
[INFO] [stdout]   |
[INFO] [stdout] help: if you import `create_app`, refer to it directly
[INFO] [stdout]   |
[INFO] [stdout] 3 -    let ignore_config = skyl::create_app::ignore_files();
[INFO] [stdout] 3 +    let ignore_config = create_app::ignore_files();
[INFO] [stdout]   |
[INFO] [stdout] 
[INFO] [stdout] error: aborting due to 1 previous error
[INFO] [stdout] 
[INFO] [stdout] For more information about this error, try `rustc --explain E0433`.
[INFO] [stdout] Couldn't compile the test.
[INFO] [stdout] 
[INFO] [stdout] failures:
[INFO] [stdout]     src/create_app.rs - create_app::ignore_files (line 23)
[INFO] [stdout] 
[INFO] [stdout] test result: FAILED. 0 passed; 1 failed; 0 ignored; 0 measured; 0 filtered out; finished in 0.06s
[INFO] [stdout] 
[INFO] [stderr] error: doctest failed, to rerun pass `--doc`
[INFO] running `Command { std: "docker" "inspect" "ad87780999c62416b4be3ca257609ed8ee36d833fe00f2917d27c7281a3d0fb0", kill_on_drop: false }`
[INFO] running `Command { std: "docker" "rm" "-f" "ad87780999c62416b4be3ca257609ed8ee36d833fe00f2917d27c7281a3d0fb0", kill_on_drop: false }`
[INFO] [stdout] ad87780999c62416b4be3ca257609ed8ee36d833fe00f2917d27c7281a3d0fb0
