[INFO] fetching crate near-sdk-witgen 0.0.2...
[INFO] testing near-sdk-witgen-0.0.2 against 1.75.0 for beta-1.76-1
[INFO] extracting crate near-sdk-witgen 0.0.2 into /workspace/builds/worker-0-tc1/source
[INFO] validating manifest of crates.io crate near-sdk-witgen 0.0.2 on toolchain 1.75.0
[INFO] running `Command { std: CARGO_HOME="/workspace/cargo-home" RUSTUP_HOME="/workspace/rustup-home" "/workspace/cargo-home/bin/cargo" "+1.75.0" "metadata" "--manifest-path" "Cargo.toml" "--no-deps", kill_on_drop: false }`
[INFO] started tweaking crates.io crate near-sdk-witgen 0.0.2
[INFO] finished tweaking crates.io crate near-sdk-witgen 0.0.2
[INFO] tweaked toml for crates.io crate near-sdk-witgen 0.0.2 written to /workspace/builds/worker-0-tc1/source/Cargo.toml
[INFO] running `Command { std: CARGO_HOME="/workspace/cargo-home" RUSTUP_HOME="/workspace/rustup-home" "/workspace/cargo-home/bin/cargo" "+1.75.0" "generate-lockfile" "--manifest-path" "Cargo.toml", kill_on_drop: false }`
[INFO] [stderr]     Updating crates.io index
[INFO] running `Command { std: CARGO_HOME="/workspace/cargo-home" RUSTUP_HOME="/workspace/rustup-home" "/workspace/cargo-home/bin/cargo" "+1.75.0" "fetch" "--manifest-path" "Cargo.toml", kill_on_drop: false }`
[INFO] running `Command { std: "docker" "create" "-v" "/var/lib/crater-agent-workspace/builds/worker-0-tc1/target:/opt/rustwide/target:rw,Z" "-v" "/var/lib/crater-agent-workspace/builds/worker-0-tc1/source:/opt/rustwide/workdir:ro,Z" "-v" "/var/lib/crater-agent-workspace/cargo-home:/opt/rustwide/cargo-home:ro,Z" "-v" "/var/lib/crater-agent-workspace/rustup-home:/opt/rustwide/rustup-home:ro,Z" "-e" "SOURCE_DIR=/opt/rustwide/workdir" "-e" "CARGO_TARGET_DIR=/opt/rustwide/target" "-e" "CARGO_HOME=/opt/rustwide/cargo-home" "-e" "RUSTUP_HOME=/opt/rustwide/rustup-home" "-w" "/opt/rustwide/workdir" "-m" "1610612736" "--user" "0:0" "--network" "none" "ghcr.io/rust-lang/crates-build-env/linux@sha256:2788e3201cd34a07e3172128adcd8b3090168a8e3bcc40d7c032b9dda1df7d1c" "/opt/rustwide/cargo-home/bin/cargo" "+1.75.0" "metadata" "--no-deps" "--format-version=1", kill_on_drop: false }`
[INFO] [stdout] 39f213bfa20a928b829dd676ebee4870789d419b37a047f0bb5df513bc001cae
[INFO] running `Command { std: "docker" "start" "-a" "39f213bfa20a928b829dd676ebee4870789d419b37a047f0bb5df513bc001cae", kill_on_drop: false }`
[INFO] running `Command { std: "docker" "inspect" "39f213bfa20a928b829dd676ebee4870789d419b37a047f0bb5df513bc001cae", kill_on_drop: false }`
[INFO] running `Command { std: "docker" "rm" "-f" "39f213bfa20a928b829dd676ebee4870789d419b37a047f0bb5df513bc001cae", kill_on_drop: false }`
[INFO] [stdout] 39f213bfa20a928b829dd676ebee4870789d419b37a047f0bb5df513bc001cae
[INFO] running `Command { std: "docker" "create" "-v" "/var/lib/crater-agent-workspace/builds/worker-0-tc1/target:/opt/rustwide/target:rw,Z" "-v" "/var/lib/crater-agent-workspace/builds/worker-0-tc1/source:/opt/rustwide/workdir:ro,Z" "-v" "/var/lib/crater-agent-workspace/cargo-home:/opt/rustwide/cargo-home:ro,Z" "-v" "/var/lib/crater-agent-workspace/rustup-home:/opt/rustwide/rustup-home:ro,Z" "-e" "SOURCE_DIR=/opt/rustwide/workdir" "-e" "CARGO_TARGET_DIR=/opt/rustwide/target" "-e" "CARGO_INCREMENTAL=0" "-e" "RUST_BACKTRACE=full" "-e" "RUSTFLAGS=--cap-lints=warn" "-e" "RUSTDOCFLAGS=--cap-lints=warn" "-e" "CARGO_HOME=/opt/rustwide/cargo-home" "-e" "RUSTUP_HOME=/opt/rustwide/rustup-home" "-w" "/opt/rustwide/workdir" "-m" "1610612736" "--user" "0:0" "--network" "none" "ghcr.io/rust-lang/crates-build-env/linux@sha256:2788e3201cd34a07e3172128adcd8b3090168a8e3bcc40d7c032b9dda1df7d1c" "/opt/rustwide/cargo-home/bin/cargo" "+1.75.0" "build" "--frozen" "--message-format=json", kill_on_drop: false }`
[INFO] [stdout] 98984c66954a5b81940d60454a353203382e2aae4ab49335d2cb6d7758f254be
[INFO] running `Command { std: "docker" "start" "-a" "98984c66954a5b81940d60454a353203382e2aae4ab49335d2cb6d7758f254be", kill_on_drop: false }`
[INFO] [stderr]    Compiling proc-macro2 v1.0.75
[INFO] [stderr]    Compiling unicode-ident v1.0.12
[INFO] [stderr]    Compiling anyhow v1.0.79
[INFO] [stderr]    Compiling syn v1.0.109
[INFO] [stderr]    Compiling quote v1.0.35
[INFO] [stderr]    Compiling near-sdk-witgen v0.0.2 (/opt/rustwide/workdir)
[INFO] [stdout] warning: unused import: `impl_item_method_info::*`
[INFO] [stdout]  --> src/core_impl/code_generator/mod.rs:5:9
[INFO] [stdout]   |
[INFO] [stdout] 5 | pub use impl_item_method_info::*;
[INFO] [stdout]   |         ^^^^^^^^^^^^^^^^^^^^^^^^
[INFO] [stdout]   |
[INFO] [stdout]   = note: `#[warn(unused_imports)]` on by default
[INFO] [stdout] 
[INFO] [stdout] 
[INFO] [stdout] warning: unused import: `item_trait_info::*`
[INFO] [stdout]  --> src/core_impl/code_generator/mod.rs:8:9
[INFO] [stdout]   |
[INFO] [stdout] 8 | pub use item_trait_info::*;
[INFO] [stdout]   |         ^^^^^^^^^^^^^^^^^^
[INFO] [stdout] 
[INFO] [stdout] 
[INFO] [stdout] warning: unused import: `trait_item_method_info::*`
[INFO] [stdout]   --> src/core_impl/code_generator/mod.rs:11:9
[INFO] [stdout]    |
[INFO] [stdout] 11 | pub use trait_item_method_info::*;
[INFO] [stdout]    |         ^^^^^^^^^^^^^^^^^^^^^^^^^
[INFO] [stdout] 
[INFO] [stdout] 
[INFO] [stdout] warning: unused import: `item_impl_info::*`
[INFO] [stdout]   --> src/core_impl/code_generator/mod.rs:14:9
[INFO] [stdout]    |
[INFO] [stdout] 14 | pub use item_impl_info::*;
[INFO] [stdout]    |         ^^^^^^^^^^^^^^^^^
[INFO] [stdout] 
[INFO] [stdout] 
[INFO] [stdout] warning: 4 warnings emitted
[INFO] [stdout] 
[INFO] [stdout] 
[INFO] [stderr]     Finished dev [unoptimized + debuginfo] target(s) in 3.24s
[INFO] running `Command { std: "docker" "inspect" "98984c66954a5b81940d60454a353203382e2aae4ab49335d2cb6d7758f254be", kill_on_drop: false }`
[INFO] running `Command { std: "docker" "rm" "-f" "98984c66954a5b81940d60454a353203382e2aae4ab49335d2cb6d7758f254be", kill_on_drop: false }`
[INFO] [stdout] 98984c66954a5b81940d60454a353203382e2aae4ab49335d2cb6d7758f254be
[INFO] running `Command { std: "docker" "create" "-v" "/var/lib/crater-agent-workspace/builds/worker-0-tc1/target:/opt/rustwide/target:rw,Z" "-v" "/var/lib/crater-agent-workspace/builds/worker-0-tc1/source:/opt/rustwide/workdir:ro,Z" "-v" "/var/lib/crater-agent-workspace/cargo-home:/opt/rustwide/cargo-home:ro,Z" "-v" "/var/lib/crater-agent-workspace/rustup-home:/opt/rustwide/rustup-home:ro,Z" "-e" "SOURCE_DIR=/opt/rustwide/workdir" "-e" "CARGO_TARGET_DIR=/opt/rustwide/target" "-e" "CARGO_INCREMENTAL=0" "-e" "RUST_BACKTRACE=full" "-e" "RUSTFLAGS=--cap-lints=warn" "-e" "RUSTDOCFLAGS=--cap-lints=warn" "-e" "CARGO_HOME=/opt/rustwide/cargo-home" "-e" "RUSTUP_HOME=/opt/rustwide/rustup-home" "-w" "/opt/rustwide/workdir" "-m" "1610612736" "--user" "0:0" "--network" "none" "ghcr.io/rust-lang/crates-build-env/linux@sha256:2788e3201cd34a07e3172128adcd8b3090168a8e3bcc40d7c032b9dda1df7d1c" "/opt/rustwide/cargo-home/bin/cargo" "+1.75.0" "test" "--frozen" "--no-run" "--message-format=json", kill_on_drop: false }`
[INFO] [stdout] 29ee9d64d9df79c2a03f14e247088b0fb40a99d9590a66fa2672bb1b66315459
[INFO] running `Command { std: "docker" "start" "-a" "29ee9d64d9df79c2a03f14e247088b0fb40a99d9590a66fa2672bb1b66315459", kill_on_drop: false }`
[INFO] [stdout] warning: unused import: `impl_item_method_info::*`
[INFO] [stdout]  --> src/core_impl/code_generator/mod.rs:5:9
[INFO] [stdout]   |
[INFO] [stdout] 5 | pub use impl_item_method_info::*;
[INFO] [stdout]   |         ^^^^^^^^^^^^^^^^^^^^^^^^
[INFO] [stdout]   |
[INFO] [stdout]   = note: `#[warn(unused_imports)]` on by default
[INFO] [stdout] 
[INFO] [stdout] 
[INFO] [stdout] warning: unused import: `item_trait_info::*`
[INFO] [stdout]  --> src/core_impl/code_generator/mod.rs:8:9
[INFO] [stdout]   |
[INFO] [stdout] 8 | pub use item_trait_info::*;
[INFO] [stdout]   |         ^^^^^^^^^^^^^^^^^^
[INFO] [stdout] 
[INFO] [stdout] 
[INFO] [stdout] warning: unused import: `trait_item_method_info::*`
[INFO] [stdout]   --> src/core_impl/code_generator/mod.rs:11:9
[INFO] [stdout]    |
[INFO] [stdout] 11 | pub use trait_item_method_info::*;
[INFO] [stdout]    |         ^^^^^^^^^^^^^^^^^^^^^^^^^
[INFO] [stdout] 
[INFO] [stdout] 
[INFO] [stderr]    Compiling near-sdk-witgen v0.0.2 (/opt/rustwide/workdir)
[INFO] [stdout] warning: unused import: `item_impl_info::*`
[INFO] [stdout]   --> src/core_impl/code_generator/mod.rs:14:9
[INFO] [stdout]    |
[INFO] [stdout] 14 | pub use item_impl_info::*;
[INFO] [stdout]    |         ^^^^^^^^^^^^^^^^^
[INFO] [stdout] 
[INFO] [stdout] 
[INFO] [stdout] warning: 4 warnings emitted
[INFO] [stdout] 
[INFO] [stdout] 
[INFO] [stdout] warning: unused import: `impl_item_method_info::*`
[INFO] [stdout]  --> src/core_impl/code_generator/mod.rs:5:9
[INFO] [stdout]   |
[INFO] [stdout] 5 | pub use impl_item_method_info::*;
[INFO] [stdout]   |         ^^^^^^^^^^^^^^^^^^^^^^^^
[INFO] [stdout]   |
[INFO] [stdout]   = note: `#[warn(unused_imports)]` on by default
[INFO] [stdout] 
[INFO] [stdout] 
[INFO] [stdout] warning: unused import: `item_trait_info::*`
[INFO] [stdout]  --> src/core_impl/code_generator/mod.rs:8:9
[INFO] [stdout]   |
[INFO] [stdout] 8 | pub use item_trait_info::*;
[INFO] [stdout]   |         ^^^^^^^^^^^^^^^^^^
[INFO] [stdout] 
[INFO] [stdout] 
[INFO] [stdout] warning: unused import: `trait_item_method_info::*`
[INFO] [stdout]   --> src/core_impl/code_generator/mod.rs:11:9
[INFO] [stdout]    |
[INFO] [stdout] 11 | pub use trait_item_method_info::*;
[INFO] [stdout]    |         ^^^^^^^^^^^^^^^^^^^^^^^^^
[INFO] [stdout] 
[INFO] [stdout] 
[INFO] [stdout] warning: unused import: `item_impl_info::*`
[INFO] [stdout]   --> src/core_impl/code_generator/mod.rs:14:9
[INFO] [stdout]    |
[INFO] [stdout] 14 | pub use item_impl_info::*;
[INFO] [stdout]    |         ^^^^^^^^^^^^^^^^^
[INFO] [stdout] 
[INFO] [stdout] 
[INFO] [stdout] warning: 4 warnings emitted
[INFO] [stdout] 
[INFO] [stdout] 
[INFO] [stderr]     Finished test [unoptimized + debuginfo] target(s) in 0.97s
[INFO] running `Command { std: "docker" "inspect" "29ee9d64d9df79c2a03f14e247088b0fb40a99d9590a66fa2672bb1b66315459", kill_on_drop: false }`
[INFO] running `Command { std: "docker" "rm" "-f" "29ee9d64d9df79c2a03f14e247088b0fb40a99d9590a66fa2672bb1b66315459", kill_on_drop: false }`
[INFO] [stdout] 29ee9d64d9df79c2a03f14e247088b0fb40a99d9590a66fa2672bb1b66315459
[INFO] running `Command { std: "docker" "create" "-v" "/var/lib/crater-agent-workspace/builds/worker-0-tc1/target:/opt/rustwide/target:rw,Z" "-v" "/var/lib/crater-agent-workspace/builds/worker-0-tc1/source:/opt/rustwide/workdir:ro,Z" "-v" "/var/lib/crater-agent-workspace/cargo-home:/opt/rustwide/cargo-home:ro,Z" "-v" "/var/lib/crater-agent-workspace/rustup-home:/opt/rustwide/rustup-home:ro,Z" "-e" "SOURCE_DIR=/opt/rustwide/workdir" "-e" "CARGO_TARGET_DIR=/opt/rustwide/target" "-e" "CARGO_INCREMENTAL=0" "-e" "RUST_BACKTRACE=full" "-e" "RUSTFLAGS=--cap-lints=warn" "-e" "RUSTDOCFLAGS=--cap-lints=warn" "-e" "CARGO_HOME=/opt/rustwide/cargo-home" "-e" "RUSTUP_HOME=/opt/rustwide/rustup-home" "-w" "/opt/rustwide/workdir" "-m" "1610612736" "--user" "0:0" "--network" "none" "ghcr.io/rust-lang/crates-build-env/linux@sha256:2788e3201cd34a07e3172128adcd8b3090168a8e3bcc40d7c032b9dda1df7d1c" "/opt/rustwide/cargo-home/bin/cargo" "+1.75.0" "test" "--frozen", kill_on_drop: false }`
[INFO] [stdout] f58c8e7d0b9e644f5ebe1a7ccd2cc29eef36c8345a0f84e604b01fd2bf7d171e
[INFO] running `Command { std: "docker" "start" "-a" "f58c8e7d0b9e644f5ebe1a7ccd2cc29eef36c8345a0f84e604b01fd2bf7d171e", kill_on_drop: false }`
[INFO] [stderr] warning: unused import: `impl_item_method_info::*`
[INFO] [stderr]  --> src/core_impl/code_generator/mod.rs:5:9
[INFO] [stderr]   |
[INFO] [stderr] 5 | pub use impl_item_method_info::*;
[INFO] [stderr]   |         ^^^^^^^^^^^^^^^^^^^^^^^^
[INFO] [stderr]   |
[INFO] [stderr]   = note: `#[warn(unused_imports)]` on by default
[INFO] [stderr] 
[INFO] [stderr] warning: unused import: `item_trait_info::*`
[INFO] [stderr]  --> src/core_impl/code_generator/mod.rs:8:9
[INFO] [stderr]   |
[INFO] [stderr] 8 | pub use item_trait_info::*;
[INFO] [stderr]   |         ^^^^^^^^^^^^^^^^^^
[INFO] [stderr] 
[INFO] [stderr] warning: unused import: `trait_item_method_info::*`
[INFO] [stderr]   --> src/core_impl/code_generator/mod.rs:11:9
[INFO] [stderr]    |
[INFO] [stderr] 11 | pub use trait_item_method_info::*;
[INFO] [stderr]    |         ^^^^^^^^^^^^^^^^^^^^^^^^^
[INFO] [stderr] 
[INFO] [stderr] warning: unused import: `item_impl_info::*`
[INFO] [stderr]   --> src/core_impl/code_generator/mod.rs:14:9
[INFO] [stderr]    |
[INFO] [stderr] 14 | pub use item_impl_info::*;
[INFO] [stderr]    |         ^^^^^^^^^^^^^^^^^
[INFO] [stderr] 
[INFO] [stderr] warning: `near-sdk-witgen` (lib) generated 4 warnings (run `cargo fix --lib -p near-sdk-witgen` to apply 4 suggestions)
[INFO] [stderr] warning: `near-sdk-witgen` (lib test) generated 4 warnings (4 duplicates)
[INFO] [stderr]     Finished test [unoptimized + debuginfo] target(s) in 0.01s
[INFO] [stderr]      Running unittests src/lib.rs (/opt/rustwide/target/debug/deps/near_sdk_witgen-180d1068c7385985)
[INFO] [stdout] 
[INFO] [stdout] running 27 tests
[INFO] [stdout] test core_impl::code_generator::item_impl_info::tests::arg_no_return_no_mut ... ok
[INFO] [stdout] test core_impl::code_generator::item_impl_info::tests::arg_ref ... ok
[INFO] [stdout] test core_impl::code_generator::item_impl_info::tests::arg_mut_ref ... ok
[INFO] [stdout] test core_impl::code_generator::item_impl_info::tests::args_no_return_mut ... ok
[INFO] [stdout] test core_impl::code_generator::item_impl_info::tests::args_return_mut_borsh ... ok
[INFO] [stdout] test core_impl::code_generator::item_impl_info::tests::args_return_ref ... ok
[INFO] [stdout] test core_impl::code_generator::item_impl_info::tests::no_args_no_return_no_mut ... ok
[INFO] [stdout] test core_impl::code_generator::item_impl_info::tests::callback_args_vec ... ok
[INFO] [stdout] test core_impl::code_generator::item_impl_info::tests::no_args_no_return_mut ... ok
[INFO] [stdout] test core_impl::code_generator::item_impl_info::tests::marshall_one_arg ... ok
[INFO] [stdout] test core_impl::code_generator::item_impl_info::tests::init_no_return ... ok
[INFO] [stdout] test core_impl::code_generator::item_impl_info::tests::args_return_mut ... ok
[INFO] [stdout] test core_impl::code_generator::item_impl_info::tests::mut_owned_no_args_no_return ... ok
[INFO] [stdout] test core_impl::code_generator::item_impl_info::tests::callback_args ... ok
[INFO] [stdout] test core_impl::code_generator::item_impl_info::tests::no_args_no_return_mut_payable ... ok
[INFO] [stdout] test core_impl::code_generator::item_impl_info::tests::init_payable ... ok
[INFO] [stdout] test core_impl::code_generator::item_impl_info::tests::marshall_borsh ... ok
[INFO] [stdout] test core_impl::code_generator::item_impl_info::tests::owned_no_args_no_return_no_mut ... ok
[INFO] [stdout] test core_impl::code_generator::item_impl_info::tests::init_ignore_state ... ok
[INFO] [stdout] test core_impl::code_generator::item_impl_info::tests::trait_implt ... ok
[INFO] [stdout] test core_impl::code_generator::item_impl_info::tests::callback_args_only ... ok
[INFO] [stdout] test core_impl::code_generator::item_impl_info::tests::private_method ... ok
[INFO] [stdout] test core_impl::code_generator::item_impl_info::tests::simple_init ... ok
[INFO] [stdout] test core_impl::code_generator::item_impl_info::tests::callback_args_mixed_serialization ... ok
[INFO] [stdout] test core_impl::code_generator::item_impl_info::tests::callback_args_results ... ok
[INFO] [stdout] test core_impl::code_generator::item_trait_info::tests::serialize_with_borsh ... FAILED
[INFO] [stdout] test core_impl::code_generator::item_trait_info::tests::standard ... FAILED
[INFO] [stdout] 
[INFO] [stdout] failures:
[INFO] [stdout] 
[INFO] [stdout] ---- core_impl::code_generator::item_trait_info::tests::serialize_with_borsh stdout ----
[INFO] [stdout] thread 'core_impl::code_generator::item_trait_info::tests::serialize_with_borsh' panicked at src/core_impl/code_generator/item_trait_info.rs:130:9:
[INFO] [stdout] assertion `left == right` failed
[INFO] [stdout]   left: "pub mod TestExt { use super :: * ; use near_sdk :: { Gas , Balance , AccountId , Promise } ; pub fn test (v : Vec < String > , __account_id : AccountId , __balance : near_sdk :: Balance , __gas : near_sdk :: Gas) -> near_sdk :: Promise { # [derive (near_sdk :: borsh :: BorshSerialize)] struct Input { v : Vec < String > , } let args = Input { v , } ; let args = near_sdk :: borsh :: BorshSerialize :: try_to_vec (& args) . expect (\"Failed to serialize the cross contract args using Borsh.\") ; near_sdk :: Promise :: new (__account_id) . function_call (\"test\" . to_string () , args , __balance , __gas ,) } }"
[INFO] [stdout]  right: "pub mod test_ext { use super :: * ; use near_sdk :: { Gas , Balance , AccountId , Promise } ; pub fn test (v : Vec < String > , __account_id : AccountId , __balance : near_sdk :: Balance , __gas : near_sdk :: Gas) -> near_sdk :: Promise { # [derive (near_sdk :: borsh :: BorshSerialize)] struct Input { v : Vec < String > , } let args = Input { v , } ; let args = near_sdk :: borsh :: BorshSerialize :: try_to_vec (& args) . expect (\"Failed to serialize the cross contract args using Borsh.\") ; near_sdk :: Promise :: new (__account_id) . function_call (\"test\" . to_string () , args , __balance , __gas ,) } }"
[INFO] [stdout] stack backtrace:
[INFO] [stdout]    0:     0x55655ac1272c - std::backtrace_rs::backtrace::libunwind::trace::ha637c64ce894333a
[INFO] [stdout]                                at /rustc/82e1608dfa6e0b5569232559e3d385fea5a93112/library/std/src/../../backtrace/src/backtrace/libunwind.rs:104:5
[INFO] [stdout]    1:     0x55655ac1272c - std::backtrace_rs::backtrace::trace_unsynchronized::h47f62dea28e0c88d
[INFO] [stdout]                                at /rustc/82e1608dfa6e0b5569232559e3d385fea5a93112/library/std/src/../../backtrace/src/backtrace/mod.rs:66:5
[INFO] [stdout]    2:     0x55655ac1272c - std::sys_common::backtrace::_print_fmt::h9eef0abe20ede486
[INFO] [stdout]                                at /rustc/82e1608dfa6e0b5569232559e3d385fea5a93112/library/std/src/sys_common/backtrace.rs:67:5
[INFO] [stdout]    3:     0x55655ac1272c - <std::sys_common::backtrace::_print::DisplayBacktrace as core::fmt::Display>::fmt::hed7f999df88cc644
[INFO] [stdout]                                at /rustc/82e1608dfa6e0b5569232559e3d385fea5a93112/library/std/src/sys_common/backtrace.rs:44:22
[INFO] [stdout]    4:     0x55655ac3c530 - core::fmt::rt::Argument::fmt::h1539a9308b8d058d
[INFO] [stdout]                                at /rustc/82e1608dfa6e0b5569232559e3d385fea5a93112/library/core/src/fmt/rt.rs:142:9
[INFO] [stdout]    5:     0x55655ac3c530 - core::fmt::write::h3a39390d8560d9c9
[INFO] [stdout]                                at /rustc/82e1608dfa6e0b5569232559e3d385fea5a93112/library/core/src/fmt/mod.rs:1120:17
[INFO] [stdout]    6:     0x55655ac100cf - std::io::Write::write_fmt::h040b369f3a0f9cbc
[INFO] [stdout]                                at /rustc/82e1608dfa6e0b5569232559e3d385fea5a93112/library/std/src/io/mod.rs:1762:15
[INFO] [stdout]    7:     0x55655ac12514 - std::sys_common::backtrace::_print::h894006fb5c6f3d45
[INFO] [stdout]                                at /rustc/82e1608dfa6e0b5569232559e3d385fea5a93112/library/std/src/sys_common/backtrace.rs:47:5
[INFO] [stdout]    8:     0x55655ac12514 - std::sys_common::backtrace::print::h23a2d212c6fff936
[INFO] [stdout]                                at /rustc/82e1608dfa6e0b5569232559e3d385fea5a93112/library/std/src/sys_common/backtrace.rs:34:9
[INFO] [stdout]    9:     0x55655ac141d7 - std::panicking::default_hook::{{closure}}::h8a1d2ee00185001a
[INFO] [stdout]   10:     0x55655ac13ec3 - std::panicking::default_hook::h6038f2eba384e475
[INFO] [stdout]                                at /rustc/82e1608dfa6e0b5569232559e3d385fea5a93112/library/std/src/panicking.rs:289:9
[INFO] [stdout]   11:     0x55655aa771e7 - <alloc::boxed::Box<F,A> as core::ops::function::Fn<Args>>::call::h0ad024c9bdc6d768
[INFO] [stdout]                                at /rustc/82e1608dfa6e0b5569232559e3d385fea5a93112/library/alloc/src/boxed.rs:2021:9
[INFO] [stdout]   12:     0x55655aa771e7 - test::test_main::{{closure}}::h7500b54257359db6
[INFO] [stdout]                                at /rustc/82e1608dfa6e0b5569232559e3d385fea5a93112/library/test/src/lib.rs:138:21
[INFO] [stdout]   13:     0x55655ac147e8 - <alloc::boxed::Box<F,A> as core::ops::function::Fn<Args>>::call::h1f8f335eaa9cfaee
[INFO] [stdout]                                at /rustc/82e1608dfa6e0b5569232559e3d385fea5a93112/library/alloc/src/boxed.rs:2021:9
[INFO] [stdout]   14:     0x55655ac147e8 - std::panicking::rust_panic_with_hook::h2b5517d590cab22e
[INFO] [stdout]                                at /rustc/82e1608dfa6e0b5569232559e3d385fea5a93112/library/std/src/panicking.rs:783:13
[INFO] [stdout]   15:     0x55655ac1453e - std::panicking::begin_panic_handler::{{closure}}::h233112c06e0ef43e
[INFO] [stdout]                                at /rustc/82e1608dfa6e0b5569232559e3d385fea5a93112/library/std/src/panicking.rs:657:13
[INFO] [stdout]   16:     0x55655ac12bf6 - std::sys_common::backtrace::__rust_end_short_backtrace::h6e893f24d7ebbff8
[INFO] [stdout]                                at /rustc/82e1608dfa6e0b5569232559e3d385fea5a93112/library/std/src/sys_common/backtrace.rs:170:18
[INFO] [stdout]   17:     0x55655ac142a2 - rust_begin_unwind
[INFO] [stdout]                                at /rustc/82e1608dfa6e0b5569232559e3d385fea5a93112/library/std/src/panicking.rs:645:5
[INFO] [stdout]   18:     0x55655a9fe925 - core::panicking::panic_fmt::hbf0e066aabfa482c
[INFO] [stdout]                                at /rustc/82e1608dfa6e0b5569232559e3d385fea5a93112/library/core/src/panicking.rs:72:14
[INFO] [stdout]   19:     0x55655a9fed3b - core::panicking::assert_failed_inner::h0bba8b7c26ee4492
[INFO] [stdout]   20:     0x55655aa3b1ee - core::panicking::assert_failed::h243787c66a4e69d9
[INFO] [stdout]                                at /rustc/82e1608dfa6e0b5569232559e3d385fea5a93112/library/core/src/panicking.rs:279:5
[INFO] [stdout]   21:     0x55655aa35942 - near_sdk_witgen::core_impl::code_generator::item_trait_info::tests::serialize_with_borsh::hca4d650c7e821036
[INFO] [stdout]                                at /opt/rustwide/workdir/src/core_impl/code_generator/item_trait_info.rs:130:9
[INFO] [stdout]   22:     0x55655aa33f67 - near_sdk_witgen::core_impl::code_generator::item_trait_info::tests::serialize_with_borsh::{{closure}}::h44b1922997e8cffd
[INFO] [stdout]                                at /opt/rustwide/workdir/src/core_impl/code_generator/item_trait_info.rs:92:30
[INFO] [stdout]   23:     0x55655aa3f806 - core::ops::function::FnOnce::call_once::hdee7387c110af588
[INFO] [stdout]                                at /rustc/82e1608dfa6e0b5569232559e3d385fea5a93112/library/core/src/ops/function.rs:250:5
[INFO] [stdout]   24:     0x55655aa7c83f - core::ops::function::FnOnce::call_once::h2b5d431d5046312d
[INFO] [stdout]                                at /rustc/82e1608dfa6e0b5569232559e3d385fea5a93112/library/core/src/ops/function.rs:250:5
[INFO] [stdout]   25:     0x55655aa7c83f - test::__rust_begin_short_backtrace::h7714669af176e207
[INFO] [stdout]                                at /rustc/82e1608dfa6e0b5569232559e3d385fea5a93112/library/test/src/lib.rs:628:18
[INFO] [stdout]   26:     0x55655aa7b855 - test::run_test_in_process::{{closure}}::h85218797dcbcec12
[INFO] [stdout]                                at /rustc/82e1608dfa6e0b5569232559e3d385fea5a93112/library/test/src/lib.rs:651:60
[INFO] [stdout]   27:     0x55655aa7b855 - <core::panic::unwind_safe::AssertUnwindSafe<F> as core::ops::function::FnOnce<()>>::call_once::h76c106ea31c14d7b
[INFO] [stdout]                                at /rustc/82e1608dfa6e0b5569232559e3d385fea5a93112/library/core/src/panic/unwind_safe.rs:272:9
[INFO] [stdout]   28:     0x55655aa7b855 - std::panicking::try::do_call::h3bd5d0f6620ee946
[INFO] [stdout]                                at /rustc/82e1608dfa6e0b5569232559e3d385fea5a93112/library/std/src/panicking.rs:552:40
[INFO] [stdout]   29:     0x55655aa7b855 - std::panicking::try::h232e535e4744fe31
[INFO] [stdout]                                at /rustc/82e1608dfa6e0b5569232559e3d385fea5a93112/library/std/src/panicking.rs:516:19
[INFO] [stdout]   30:     0x55655aa7b855 - std::panic::catch_unwind::h3ce3bd6ca8dbac68
[INFO] [stdout]                                at /rustc/82e1608dfa6e0b5569232559e3d385fea5a93112/library/std/src/panic.rs:142:14
[INFO] [stdout]   31:     0x55655aa7b855 - test::run_test_in_process::hc97b257c9621286a
[INFO] [stdout]                                at /rustc/82e1608dfa6e0b5569232559e3d385fea5a93112/library/test/src/lib.rs:651:27
[INFO] [stdout]   32:     0x55655aa7b855 - test::run_test::{{closure}}::h2aa798823a438d38
[INFO] [stdout]                                at /rustc/82e1608dfa6e0b5569232559e3d385fea5a93112/library/test/src/lib.rs:574:43
[INFO] [stdout]   33:     0x55655aa43b16 - test::run_test::{{closure}}::h87d231c78fb59832
[INFO] [stdout]                                at /rustc/82e1608dfa6e0b5569232559e3d385fea5a93112/library/test/src/lib.rs:602:41
[INFO] [stdout]   34:     0x55655aa43b16 - std::sys_common::backtrace::__rust_begin_short_backtrace::he6df152596625789
[INFO] [stdout]                                at /rustc/82e1608dfa6e0b5569232559e3d385fea5a93112/library/std/src/sys_common/backtrace.rs:154:18
[INFO] [stdout]   35:     0x55655aa48bc7 - std::thread::Builder::spawn_unchecked_::{{closure}}::{{closure}}::ha94be15d1e0acf36
[INFO] [stdout]                                at /rustc/82e1608dfa6e0b5569232559e3d385fea5a93112/library/std/src/thread/mod.rs:529:17
[INFO] [stdout]   36:     0x55655aa48bc7 - <core::panic::unwind_safe::AssertUnwindSafe<F> as core::ops::function::FnOnce<()>>::call_once::h9dc6bd6372f16606
[INFO] [stdout]                                at /rustc/82e1608dfa6e0b5569232559e3d385fea5a93112/library/core/src/panic/unwind_safe.rs:272:9
[INFO] [stdout]   37:     0x55655aa48bc7 - std::panicking::try::do_call::h9057517f80303cd4
[INFO] [stdout]                                at /rustc/82e1608dfa6e0b5569232559e3d385fea5a93112/library/std/src/panicking.rs:552:40
[INFO] [stdout]   38:     0x55655aa48bc7 - std::panicking::try::he3a30b11ee45340c
[INFO] [stdout]                                at /rustc/82e1608dfa6e0b5569232559e3d385fea5a93112/library/std/src/panicking.rs:516:19
[INFO] [stdout]   39:     0x55655aa48bc7 - std::panic::catch_unwind::h410458cfd3528b8b
[INFO] [stdout]                                at /rustc/82e1608dfa6e0b5569232559e3d385fea5a93112/library/std/src/panic.rs:142:14
[INFO] [stdout]   40:     0x55655aa48bc7 - std::thread::Builder::spawn_unchecked_::{{closure}}::h72ac3bdb567b737b
[INFO] [stdout]                                at /rustc/82e1608dfa6e0b5569232559e3d385fea5a93112/library/std/src/thread/mod.rs:528:30
[INFO] [stdout]   41:     0x55655aa48bc7 - core::ops::function::FnOnce::call_once{{vtable.shim}}::h38f34da3654a8344
[INFO] [stdout]                                at /rustc/82e1608dfa6e0b5569232559e3d385fea5a93112/library/core/src/ops/function.rs:250:5
[INFO] [stdout]   42:     0x55655ac19355 - <alloc::boxed::Box<F,A> as core::ops::function::FnOnce<Args>>::call_once::hc7eafaff61e32df9
[INFO] [stdout]                                at /rustc/82e1608dfa6e0b5569232559e3d385fea5a93112/library/alloc/src/boxed.rs:2007:9
[INFO] [stdout]   43:     0x55655ac19355 - <alloc::boxed::Box<F,A> as core::ops::function::FnOnce<Args>>::call_once::h6ba4a5de48dd2304
[INFO] [stdout]                                at /rustc/82e1608dfa6e0b5569232559e3d385fea5a93112/library/alloc/src/boxed.rs:2007:9
[INFO] [stdout]   44:     0x55655ac19355 - std::sys::unix::thread::Thread::new::thread_start::he469335aef763e45
[INFO] [stdout]                                at /rustc/82e1608dfa6e0b5569232559e3d385fea5a93112/library/std/src/sys/unix/thread.rs:108:17
[INFO] [stdout]   45:     0x7f4296f2aac3 - <unknown>
[INFO] [stdout]   46:     0x7f4296fbbbf4 - __clone
[INFO] [stdout]   47:                0x0 - <unknown>
[INFO] [stdout] 
[INFO] [stdout] ---- core_impl::code_generator::item_trait_info::tests::standard stdout ----
[INFO] [stdout] thread 'core_impl::code_generator::item_trait_info::tests::standard' panicked at src/core_impl/code_generator/item_trait_info.rs:88:9:
[INFO] [stdout] assertion `left == right` failed
[INFO] [stdout]   left: "pub mod ExternalCrossContract { use super :: * ; use near_sdk :: { Gas , Balance , AccountId , Promise } ; pub fn merge_sort (arr : Vec < u8 > , __account_id : AccountId , __balance : near_sdk :: Balance , __gas : near_sdk :: Gas) -> near_sdk :: Promise { # [derive (near_sdk :: serde :: Serialize)] # [serde (crate = \"near_sdk::serde\")] struct Input { arr : Vec < u8 > , } let args = Input { arr , } ; let args = near_sdk :: serde_json :: to_vec (& args) . expect (\"Failed to serialize the cross contract args using JSON.\") ; near_sdk :: Promise :: new (__account_id) . function_call (\"merge_sort\" . to_string () , args , __balance , __gas ,) } pub fn merge (__account_id : AccountId , __balance : near_sdk :: Balance , __gas : near_sdk :: Gas) -> near_sdk :: Promise { let args = vec ! [] ; near_sdk :: Promise :: new (__account_id) . function_call (\"merge\" . to_string () , args , __balance , __gas ,) } }"
[INFO] [stdout]  right: "pub mod external_cross_contract { use super :: * ; use near_sdk :: { Gas , Balance , AccountId , Promise } ; pub fn merge_sort (arr : Vec < u8 > , __account_id : AccountId , __balance : near_sdk :: Balance , __gas : near_sdk :: Gas) -> near_sdk :: Promise { # [derive (near_sdk :: serde :: Serialize)] # [serde (crate = \"near_sdk::serde\")] struct Input { arr : Vec < u8 > , } let args = Input { arr , } ; let args = near_sdk :: serde_json :: to_vec (& args) . expect (\"Failed to serialize the cross contract args using JSON.\") ; near_sdk :: Promise :: new (__account_id) . function_call (\"merge_sort\" . to_string () , args , __balance , __gas ,) } pub fn merge (__account_id : AccountId , __balance : near_sdk :: Balance , __gas : near_sdk :: Gas) -> near_sdk :: Promise { let args = vec ! [] ; near_sdk :: Promise :: new (__account_id) . function_call (\"merge\" . to_string () , args , __balance , __gas ,) } }"
[INFO] [stdout] stack backtrace:
[INFO] [stdout]    0:     0x55655ac1272c - std::backtrace_rs::backtrace::libunwind::trace::ha637c64ce894333a
[INFO] [stdout]                                at /rustc/82e1608dfa6e0b5569232559e3d385fea5a93112/library/std/src/../../backtrace/src/backtrace/libunwind.rs:104:5
[INFO] [stdout]    1:     0x55655ac1272c - std::backtrace_rs::backtrace::trace_unsynchronized::h47f62dea28e0c88d
[INFO] [stdout]                                at /rustc/82e1608dfa6e0b5569232559e3d385fea5a93112/library/std/src/../../backtrace/src/backtrace/mod.rs:66:5
[INFO] [stdout]    2:     0x55655ac1272c - std::sys_common::backtrace::_print_fmt::h9eef0abe20ede486
[INFO] [stdout]                                at /rustc/82e1608dfa6e0b5569232559e3d385fea5a93112/library/std/src/sys_common/backtrace.rs:67:5
[INFO] [stdout]    3:     0x55655ac1272c - <std::sys_common::backtrace::_print::DisplayBacktrace as core::fmt::Display>::fmt::hed7f999df88cc644
[INFO] [stdout]                                at /rustc/82e1608dfa6e0b5569232559e3d385fea5a93112/library/std/src/sys_common/backtrace.rs:44:22
[INFO] [stdout]    4:     0x55655ac3c530 - core::fmt::rt::Argument::fmt::h1539a9308b8d058d
[INFO] [stdout]                                at /rustc/82e1608dfa6e0b5569232559e3d385fea5a93112/library/core/src/fmt/rt.rs:142:9
[INFO] [stdout]    5:     0x55655ac3c530 - core::fmt::write::h3a39390d8560d9c9
[INFO] [stdout]                                at /rustc/82e1608dfa6e0b5569232559e3d385fea5a93112/library/core/src/fmt/mod.rs:1120:17
[INFO] [stdout]    6:     0x55655ac100cf - std::io::Write::write_fmt::h040b369f3a0f9cbc
[INFO] [stdout]                                at /rustc/82e1608dfa6e0b5569232559e3d385fea5a93112/library/std/src/io/mod.rs:1762:15
[INFO] [stdout]    7:     0x55655ac12514 - std::sys_common::backtrace::_print::h894006fb5c6f3d45
[INFO] [stdout]                                at /rustc/82e1608dfa6e0b5569232559e3d385fea5a93112/library/std/src/sys_common/backtrace.rs:47:5
[INFO] [stdout]    8:     0x55655ac12514 - std::sys_common::backtrace::print::h23a2d212c6fff936
[INFO] [stdout]                                at /rustc/82e1608dfa6e0b5569232559e3d385fea5a93112/library/std/src/sys_common/backtrace.rs:34:9
[INFO] [stdout]    9:     0x55655ac141d7 - std::panicking::default_hook::{{closure}}::h8a1d2ee00185001a
[INFO] [stdout]   10:     0x55655ac13ec3 - std::panicking::default_hook::h6038f2eba384e475
[INFO] [stdout]                                at /rustc/82e1608dfa6e0b5569232559e3d385fea5a93112/library/std/src/panicking.rs:289:9
[INFO] [stdout]   11:     0x55655aa771e7 - <alloc::boxed::Box<F,A> as core::ops::function::Fn<Args>>::call::h0ad024c9bdc6d768
[INFO] [stdout]                                at /rustc/82e1608dfa6e0b5569232559e3d385fea5a93112/library/alloc/src/boxed.rs:2021:9
[INFO] [stdout]   12:     0x55655aa771e7 - test::test_main::{{closure}}::h7500b54257359db6
[INFO] [stdout]                                at /rustc/82e1608dfa6e0b5569232559e3d385fea5a93112/library/test/src/lib.rs:138:21
[INFO] [stdout]   13:     0x55655ac147e8 - <alloc::boxed::Box<F,A> as core::ops::function::Fn<Args>>::call::h1f8f335eaa9cfaee
[INFO] [stdout]                                at /rustc/82e1608dfa6e0b5569232559e3d385fea5a93112/library/alloc/src/boxed.rs:2021:9
[INFO] [stdout]   14:     0x55655ac147e8 - std::panicking::rust_panic_with_hook::h2b5517d590cab22e
[INFO] [stdout]                                at /rustc/82e1608dfa6e0b5569232559e3d385fea5a93112/library/std/src/panicking.rs:783:13
[INFO] [stdout]   15:     0x55655ac1453e - std::panicking::begin_panic_handler::{{closure}}::h233112c06e0ef43e
[INFO] [stdout]                                at /rustc/82e1608dfa6e0b5569232559e3d385fea5a93112/library/std/src/panicking.rs:657:13
[INFO] [stdout]   16:     0x55655ac12bf6 - std::sys_common::backtrace::__rust_end_short_backtrace::h6e893f24d7ebbff8
[INFO] [stdout]                                at /rustc/82e1608dfa6e0b5569232559e3d385fea5a93112/library/std/src/sys_common/backtrace.rs:170:18
[INFO] [stdout]   17:     0x55655ac142a2 - rust_begin_unwind
[INFO] [stdout]                                at /rustc/82e1608dfa6e0b5569232559e3d385fea5a93112/library/std/src/panicking.rs:645:5
[INFO] [stdout]   18:     0x55655a9fe925 - core::panicking::panic_fmt::hbf0e066aabfa482c
[INFO] [stdout]                                at /rustc/82e1608dfa6e0b5569232559e3d385fea5a93112/library/core/src/panicking.rs:72:14
[INFO] [stdout]   19:     0x55655a9fed3b - core::panicking::assert_failed_inner::h0bba8b7c26ee4492
[INFO] [stdout]   20:     0x55655aa3b1ee - core::panicking::assert_failed::h243787c66a4e69d9
[INFO] [stdout]                                at /rustc/82e1608dfa6e0b5569232559e3d385fea5a93112/library/core/src/panicking.rs:279:5
[INFO] [stdout]   21:     0x55655aa33ec3 - near_sdk_witgen::core_impl::code_generator::item_trait_info::tests::standard::hfc720240dd4e811e
[INFO] [stdout]                                at /opt/rustwide/workdir/src/core_impl/code_generator/item_trait_info.rs:88:9
[INFO] [stdout]   22:     0x55655aa31737 - near_sdk_witgen::core_impl::code_generator::item_trait_info::tests::standard::{{closure}}::h51d6b50376102d7a
[INFO] [stdout]                                at /opt/rustwide/workdir/src/core_impl/code_generator/item_trait_info.rs:32:18
[INFO] [stdout]   23:     0x55655aa3f3b6 - core::ops::function::FnOnce::call_once::h433f466f269af41d
[INFO] [stdout]                                at /rustc/82e1608dfa6e0b5569232559e3d385fea5a93112/library/core/src/ops/function.rs:250:5
[INFO] [stdout]   24:     0x55655aa7c83f - core::ops::function::FnOnce::call_once::h2b5d431d5046312d
[INFO] [stdout]                                at /rustc/82e1608dfa6e0b5569232559e3d385fea5a93112/library/core/src/ops/function.rs:250:5
[INFO] [stdout]   25:     0x55655aa7c83f - test::__rust_begin_short_backtrace::h7714669af176e207
[INFO] [stdout]                                at /rustc/82e1608dfa6e0b5569232559e3d385fea5a93112/library/test/src/lib.rs:628:18
[INFO] [stdout]   26:     0x55655aa7b855 - test::run_test_in_process::{{closure}}::h85218797dcbcec12
[INFO] [stdout]                                at /rustc/82e1608dfa6e0b5569232559e3d385fea5a93112/library/test/src/lib.rs:651:60
[INFO] [stdout]   27:     0x55655aa7b855 - <core::panic::unwind_safe::AssertUnwindSafe<F> as core::ops::function::FnOnce<()>>::call_once::h76c106ea31c14d7b
[INFO] [stdout]                                at /rustc/82e1608dfa6e0b5569232559e3d385fea5a93112/library/core/src/panic/unwind_safe.rs:272:9
[INFO] [stdout]   28:     0x55655aa7b855 - std::panicking::try::do_call::h3bd5d0f6620ee946
[INFO] [stdout]                                at /rustc/82e1608dfa6e0b5569232559e3d385fea5a93112/library/std/src/panicking.rs:552:40
[INFO] [stdout]   29:     0x55655aa7b855 - std::panicking::try::h232e535e4744fe31
[INFO] [stdout]                                at /rustc/82e1608dfa6e0b5569232559e3d385fea5a93112/library/std/src/panicking.rs:516:19
[INFO] [stdout]   30:     0x55655aa7b855 - std::panic::catch_unwind::h3ce3bd6ca8dbac68
[INFO] [stdout]                                at /rustc/82e1608dfa6e0b5569232559e3d385fea5a93112/library/std/src/panic.rs:142:14
[INFO] [stdout]   31:     0x55655aa7b855 - test::run_test_in_process::hc97b257c9621286a
[INFO] [stdout]                                at /rustc/82e1608dfa6e0b5569232559e3d385fea5a93112/library/test/src/lib.rs:651:27
[INFO] [stdout]   32:     0x55655aa7b855 - test::run_test::{{closure}}::h2aa798823a438d38
[INFO] [stdout]                                at /rustc/82e1608dfa6e0b5569232559e3d385fea5a93112/library/test/src/lib.rs:574:43
[INFO] [stdout]   33:     0x55655aa43b16 - test::run_test::{{closure}}::h87d231c78fb59832
[INFO] [stdout]                                at /rustc/82e1608dfa6e0b5569232559e3d385fea5a93112/library/test/src/lib.rs:602:41
[INFO] [stdout]   34:     0x55655aa43b16 - std::sys_common::backtrace::__rust_begin_short_backtrace::he6df152596625789
[INFO] [stdout]                                at /rustc/82e1608dfa6e0b5569232559e3d385fea5a93112/library/std/src/sys_common/backtrace.rs:154:18
[INFO] [stdout]   35:     0x55655aa48bc7 - std::thread::Builder::spawn_unchecked_::{{closure}}::{{closure}}::ha94be15d1e0acf36
[INFO] [stdout]                                at /rustc/82e1608dfa6e0b5569232559e3d385fea5a93112/library/std/src/thread/mod.rs:529:17
[INFO] [stdout]   36:     0x55655aa48bc7 - <core::panic::unwind_safe::AssertUnwindSafe<F> as core::ops::function::FnOnce<()>>::call_once::h9dc6bd6372f16606
[INFO] [stdout]                                at /rustc/82e1608dfa6e0b5569232559e3d385fea5a93112/library/core/src/panic/unwind_safe.rs:272:9
[INFO] [stdout]   37:     0x55655aa48bc7 - std::panicking::try::do_call::h9057517f80303cd4
[INFO] [stdout]                                at /rustc/82e1608dfa6e0b5569232559e3d385fea5a93112/library/std/src/panicking.rs:552:40
[INFO] [stdout]   38:     0x55655aa48bc7 - std::panicking::try::he3a30b11ee45340c
[INFO] [stdout]                                at /rustc/82e1608dfa6e0b5569232559e3d385fea5a93112/library/std/src/panicking.rs:516:19
[INFO] [stdout]   39:     0x55655aa48bc7 - std::panic::catch_unwind::h410458cfd3528b8b
[INFO] [stdout]                                at /rustc/82e1608dfa6e0b5569232559e3d385fea5a93112/library/std/src/panic.rs:142:14
[INFO] [stdout]   40:     0x55655aa48bc7 - std::thread::Builder::spawn_unchecked_::{{closure}}::h72ac3bdb567b737b
[INFO] [stdout]                                at /rustc/82e1608dfa6e0b5569232559e3d385fea5a93112/library/std/src/thread/mod.rs:528:30
[INFO] [stdout]   41:     0x55655aa48bc7 - core::ops::function::FnOnce::call_once{{vtable.shim}}::h38f34da3654a8344
[INFO] [stdout]                                at /rustc/82e1608dfa6e0b5569232559e3d385fea5a93112/library/core/src/ops/function.rs:250:5
[INFO] [stdout]   42:     0x55655ac19355 - <alloc::boxed::Box<F,A> as core::ops::function::FnOnce<Args>>::call_once::hc7eafaff61e32df9
[INFO] [stdout]                                at /rustc/82e1608dfa6e0b5569232559e3d385fea5a93112/library/alloc/src/boxed.rs:2007:9
[INFO] [stdout]   43:     0x55655ac19355 - <alloc::boxed::Box<F,A> as core::ops::function::FnOnce<Args>>::call_once::h6ba4a5de48dd2304
[INFO] [stdout]                                at /rustc/82e1608dfa6e0b5569232559e3d385fea5a93112/library/alloc/src/boxed.rs:2007:9
[INFO] [stdout]   44:     0x55655ac19355 - std::sys::unix::thread::Thread::new::thread_start::he469335aef763e45
[INFO] [stdout]                                at /rustc/82e1608dfa6e0b5569232559e3d385fea5a93112/library/std/src/sys/unix/thread.rs:108:17
[INFO] [stdout]   45:     0x7f4296f2aac3 - <unknown>
[INFO] [stdout]   46:     0x7f4296fbbbf4 - __clone
[INFO] [stdout]   47:                0x0 - <unknown>
[INFO] [stdout] 
[INFO] [stdout] 
[INFO] [stdout] failures:
[INFO] [stdout]     core_impl::code_generator::item_trait_info::tests::serialize_with_borsh
[INFO] [stdout]     core_impl::code_generator::item_trait_info::tests::standard
[INFO] [stdout] 
[INFO] [stdout] test result: FAILED. 25 passed; 2 failed; 0 ignored; 0 measured; 0 filtered out; finished in 0.02s
[INFO] [stdout] 
[INFO] [stderr] error: test failed, to rerun pass `--lib`
[INFO] running `Command { std: "docker" "inspect" "f58c8e7d0b9e644f5ebe1a7ccd2cc29eef36c8345a0f84e604b01fd2bf7d171e", kill_on_drop: false }`
[INFO] running `Command { std: "docker" "rm" "-f" "f58c8e7d0b9e644f5ebe1a7ccd2cc29eef36c8345a0f84e604b01fd2bf7d171e", kill_on_drop: false }`
[INFO] [stdout] f58c8e7d0b9e644f5ebe1a7ccd2cc29eef36c8345a0f84e604b01fd2bf7d171e
[INFO] testing near-sdk-witgen-0.0.2 against beta-2023-12-22 for beta-1.76-1
[INFO] extracting crate near-sdk-witgen 0.0.2 into /workspace/builds/worker-0-tc2/source
[INFO] validating manifest of crates.io crate near-sdk-witgen 0.0.2 on toolchain beta-2023-12-22
[INFO] running `Command { std: CARGO_HOME="/workspace/cargo-home" RUSTUP_HOME="/workspace/rustup-home" "/workspace/cargo-home/bin/cargo" "+beta-2023-12-22" "metadata" "--manifest-path" "Cargo.toml" "--no-deps", kill_on_drop: false }`
[INFO] started tweaking crates.io crate near-sdk-witgen 0.0.2
[INFO] finished tweaking crates.io crate near-sdk-witgen 0.0.2
[INFO] tweaked toml for crates.io crate near-sdk-witgen 0.0.2 written to /workspace/builds/worker-0-tc2/source/Cargo.toml
[INFO] running `Command { std: CARGO_HOME="/workspace/cargo-home" RUSTUP_HOME="/workspace/rustup-home" "/workspace/cargo-home/bin/cargo" "+beta-2023-12-22" "generate-lockfile" "--manifest-path" "Cargo.toml", kill_on_drop: false }`
[INFO] [stderr]     Updating crates.io index
[INFO] running `Command { std: CARGO_HOME="/workspace/cargo-home" RUSTUP_HOME="/workspace/rustup-home" "/workspace/cargo-home/bin/cargo" "+beta-2023-12-22" "fetch" "--manifest-path" "Cargo.toml", kill_on_drop: false }`
[INFO] running `Command { std: "docker" "create" "-v" "/var/lib/crater-agent-workspace/builds/worker-0-tc2/target:/opt/rustwide/target:rw,Z" "-v" "/var/lib/crater-agent-workspace/builds/worker-0-tc2/source:/opt/rustwide/workdir:ro,Z" "-v" "/var/lib/crater-agent-workspace/cargo-home:/opt/rustwide/cargo-home:ro,Z" "-v" "/var/lib/crater-agent-workspace/rustup-home:/opt/rustwide/rustup-home:ro,Z" "-e" "SOURCE_DIR=/opt/rustwide/workdir" "-e" "CARGO_TARGET_DIR=/opt/rustwide/target" "-e" "CARGO_HOME=/opt/rustwide/cargo-home" "-e" "RUSTUP_HOME=/opt/rustwide/rustup-home" "-w" "/opt/rustwide/workdir" "-m" "1610612736" "--user" "0:0" "--network" "none" "ghcr.io/rust-lang/crates-build-env/linux@sha256:2788e3201cd34a07e3172128adcd8b3090168a8e3bcc40d7c032b9dda1df7d1c" "/opt/rustwide/cargo-home/bin/cargo" "+beta-2023-12-22" "metadata" "--no-deps" "--format-version=1", kill_on_drop: false }`
[INFO] [stdout] 43a4dcd5da2ead635ff91b32faa2a8d0663fcdecd11882f5f18f2c3ebf903979
[INFO] running `Command { std: "docker" "start" "-a" "43a4dcd5da2ead635ff91b32faa2a8d0663fcdecd11882f5f18f2c3ebf903979", kill_on_drop: false }`
[INFO] running `Command { std: "docker" "inspect" "43a4dcd5da2ead635ff91b32faa2a8d0663fcdecd11882f5f18f2c3ebf903979", kill_on_drop: false }`
[INFO] running `Command { std: "docker" "rm" "-f" "43a4dcd5da2ead635ff91b32faa2a8d0663fcdecd11882f5f18f2c3ebf903979", kill_on_drop: false }`
[INFO] [stdout] 43a4dcd5da2ead635ff91b32faa2a8d0663fcdecd11882f5f18f2c3ebf903979
[INFO] running `Command { std: "docker" "create" "-v" "/var/lib/crater-agent-workspace/builds/worker-0-tc2/target:/opt/rustwide/target:rw,Z" "-v" "/var/lib/crater-agent-workspace/builds/worker-0-tc2/source:/opt/rustwide/workdir:ro,Z" "-v" "/var/lib/crater-agent-workspace/cargo-home:/opt/rustwide/cargo-home:ro,Z" "-v" "/var/lib/crater-agent-workspace/rustup-home:/opt/rustwide/rustup-home:ro,Z" "-e" "SOURCE_DIR=/opt/rustwide/workdir" "-e" "CARGO_TARGET_DIR=/opt/rustwide/target" "-e" "CARGO_INCREMENTAL=0" "-e" "RUST_BACKTRACE=full" "-e" "RUSTFLAGS=--cap-lints=warn" "-e" "RUSTDOCFLAGS=--cap-lints=warn" "-e" "CARGO_HOME=/opt/rustwide/cargo-home" "-e" "RUSTUP_HOME=/opt/rustwide/rustup-home" "-w" "/opt/rustwide/workdir" "-m" "1610612736" "--user" "0:0" "--network" "none" "ghcr.io/rust-lang/crates-build-env/linux@sha256:2788e3201cd34a07e3172128adcd8b3090168a8e3bcc40d7c032b9dda1df7d1c" "/opt/rustwide/cargo-home/bin/cargo" "+beta-2023-12-22" "build" "--frozen" "--message-format=json", kill_on_drop: false }`
[INFO] [stdout] 951c758d5c8db72927a8292f84cfb81d6f67891c3df7492a9f55b5357419ac99
[INFO] running `Command { std: "docker" "start" "-a" "951c758d5c8db72927a8292f84cfb81d6f67891c3df7492a9f55b5357419ac99", kill_on_drop: false }`
[INFO] [stderr]    Compiling proc-macro2 v1.0.75
[INFO] [stderr]    Compiling unicode-ident v1.0.12
[INFO] [stderr]    Compiling anyhow v1.0.79
[INFO] [stderr]    Compiling syn v1.0.109
[INFO] [stderr]    Compiling quote v1.0.35
[INFO] [stderr]    Compiling near-sdk-witgen v0.0.2 (/opt/rustwide/workdir)
[INFO] [stdout] warning: unused import: `impl_item_method_info::*`
[INFO] [stdout]  --> src/core_impl/code_generator/mod.rs:5:9
[INFO] [stdout]   |
[INFO] [stdout] 5 | pub use impl_item_method_info::*;
[INFO] [stdout]   |         ^^^^^^^^^^^^^^^^^^^^^^^^
[INFO] [stdout]   |
[INFO] [stdout]   = note: `#[warn(unused_imports)]` on by default
[INFO] [stdout] 
[INFO] [stdout] 
[INFO] [stdout] warning: unused import: `item_trait_info::*`
[INFO] [stdout]  --> src/core_impl/code_generator/mod.rs:8:9
[INFO] [stdout]   |
[INFO] [stdout] 8 | pub use item_trait_info::*;
[INFO] [stdout]   |         ^^^^^^^^^^^^^^^^^^
[INFO] [stdout] 
[INFO] [stdout] 
[INFO] [stdout] warning: unused import: `trait_item_method_info::*`
[INFO] [stdout]   --> src/core_impl/code_generator/mod.rs:11:9
[INFO] [stdout]    |
[INFO] [stdout] 11 | pub use trait_item_method_info::*;
[INFO] [stdout]    |         ^^^^^^^^^^^^^^^^^^^^^^^^^
[INFO] [stdout] 
[INFO] [stdout] 
[INFO] [stdout] warning: unused import: `item_impl_info::*`
[INFO] [stdout]   --> src/core_impl/code_generator/mod.rs:14:9
[INFO] [stdout]    |
[INFO] [stdout] 14 | pub use item_impl_info::*;
[INFO] [stdout]    |         ^^^^^^^^^^^^^^^^^
[INFO] [stdout] 
[INFO] [stdout] 
[INFO] [stdout] warning: 4 warnings emitted
[INFO] [stdout] 
[INFO] [stdout] 
[INFO] [stderr]     Finished dev [unoptimized + debuginfo] target(s) in 3.56s
[INFO] running `Command { std: "docker" "inspect" "951c758d5c8db72927a8292f84cfb81d6f67891c3df7492a9f55b5357419ac99", kill_on_drop: false }`
[INFO] running `Command { std: "docker" "rm" "-f" "951c758d5c8db72927a8292f84cfb81d6f67891c3df7492a9f55b5357419ac99", kill_on_drop: false }`
[INFO] [stdout] 951c758d5c8db72927a8292f84cfb81d6f67891c3df7492a9f55b5357419ac99
[INFO] running `Command { std: "docker" "create" "-v" "/var/lib/crater-agent-workspace/builds/worker-0-tc2/target:/opt/rustwide/target:rw,Z" "-v" "/var/lib/crater-agent-workspace/builds/worker-0-tc2/source:/opt/rustwide/workdir:ro,Z" "-v" "/var/lib/crater-agent-workspace/cargo-home:/opt/rustwide/cargo-home:ro,Z" "-v" "/var/lib/crater-agent-workspace/rustup-home:/opt/rustwide/rustup-home:ro,Z" "-e" "SOURCE_DIR=/opt/rustwide/workdir" "-e" "CARGO_TARGET_DIR=/opt/rustwide/target" "-e" "CARGO_INCREMENTAL=0" "-e" "RUST_BACKTRACE=full" "-e" "RUSTFLAGS=--cap-lints=warn" "-e" "RUSTDOCFLAGS=--cap-lints=warn" "-e" "CARGO_HOME=/opt/rustwide/cargo-home" "-e" "RUSTUP_HOME=/opt/rustwide/rustup-home" "-w" "/opt/rustwide/workdir" "-m" "1610612736" "--user" "0:0" "--network" "none" "ghcr.io/rust-lang/crates-build-env/linux@sha256:2788e3201cd34a07e3172128adcd8b3090168a8e3bcc40d7c032b9dda1df7d1c" "/opt/rustwide/cargo-home/bin/cargo" "+beta-2023-12-22" "test" "--frozen" "--no-run" "--message-format=json", kill_on_drop: false }`
[INFO] [stdout] 7c08ff0f65cd12a0542e5a446d1acb63273cae432e24647c95da88cd720481db
[INFO] running `Command { std: "docker" "start" "-a" "7c08ff0f65cd12a0542e5a446d1acb63273cae432e24647c95da88cd720481db", kill_on_drop: false }`
[INFO] [stdout] warning: unused import: `impl_item_method_info::*`
[INFO] [stdout]  --> src/core_impl/code_generator/mod.rs:5:9
[INFO] [stdout]   |
[INFO] [stdout] 5 | pub use impl_item_method_info::*;
[INFO] [stdout]   |         ^^^^^^^^^^^^^^^^^^^^^^^^
[INFO] [stdout]   |
[INFO] [stdout]   = note: `#[warn(unused_imports)]` on by default
[INFO] [stdout] 
[INFO] [stdout] 
[INFO] [stdout] warning: unused import: `item_trait_info::*`
[INFO] [stdout]  --> src/core_impl/code_generator/mod.rs:8:9
[INFO] [stdout]   |
[INFO] [stdout] 8 | pub use item_trait_info::*;
[INFO] [stdout]   |         ^^^^^^^^^^^^^^^^^^
[INFO] [stdout] 
[INFO] [stdout] 
[INFO] [stdout] warning: unused import: `trait_item_method_info::*`
[INFO] [stdout]   --> src/core_impl/code_generator/mod.rs:11:9
[INFO] [stdout]    |
[INFO] [stdout] 11 | pub use trait_item_method_info::*;
[INFO] [stdout]    |         ^^^^^^^^^^^^^^^^^^^^^^^^^
[INFO] [stdout] 
[INFO] [stdout] 
[INFO] [stderr]    Compiling near-sdk-witgen v0.0.2 (/opt/rustwide/workdir)
[INFO] [stdout] warning: unused import: `item_impl_info::*`
[INFO] [stdout]   --> src/core_impl/code_generator/mod.rs:14:9
[INFO] [stdout]    |
[INFO] [stdout] 14 | pub use item_impl_info::*;
[INFO] [stdout]    |         ^^^^^^^^^^^^^^^^^
[INFO] [stdout] 
[INFO] [stdout] 
[INFO] [stdout] warning: 4 warnings emitted
[INFO] [stdout] 
[INFO] [stdout] 
[INFO] [stdout] warning: unused import: `impl_item_method_info::*`
[INFO] [stdout]  --> src/core_impl/code_generator/mod.rs:5:9
[INFO] [stdout]   |
[INFO] [stdout] 5 | pub use impl_item_method_info::*;
[INFO] [stdout]   |         ^^^^^^^^^^^^^^^^^^^^^^^^
[INFO] [stdout]   |
[INFO] [stdout]   = note: `#[warn(unused_imports)]` on by default
[INFO] [stdout] 
[INFO] [stdout] 
[INFO] [stdout] warning: unused import: `item_trait_info::*`
[INFO] [stdout]  --> src/core_impl/code_generator/mod.rs:8:9
[INFO] [stdout]   |
[INFO] [stdout] 8 | pub use item_trait_info::*;
[INFO] [stdout]   |         ^^^^^^^^^^^^^^^^^^
[INFO] [stdout] 
[INFO] [stdout] 
[INFO] [stdout] warning: unused import: `trait_item_method_info::*`
[INFO] [stdout]   --> src/core_impl/code_generator/mod.rs:11:9
[INFO] [stdout]    |
[INFO] [stdout] 11 | pub use trait_item_method_info::*;
[INFO] [stdout]    |         ^^^^^^^^^^^^^^^^^^^^^^^^^
[INFO] [stdout] 
[INFO] [stdout] 
[INFO] [stdout] warning: unused import: `item_impl_info::*`
[INFO] [stdout]   --> src/core_impl/code_generator/mod.rs:14:9
[INFO] [stdout]    |
[INFO] [stdout] 14 | pub use item_impl_info::*;
[INFO] [stdout]    |         ^^^^^^^^^^^^^^^^^
[INFO] [stdout] 
[INFO] [stdout] 
[INFO] [stdout] warning: 4 warnings emitted
[INFO] [stdout] 
[INFO] [stdout] 
[INFO] [stderr]     Finished test [unoptimized + debuginfo] target(s) in 1.04s
[INFO] running `Command { std: "docker" "inspect" "7c08ff0f65cd12a0542e5a446d1acb63273cae432e24647c95da88cd720481db", kill_on_drop: false }`
[INFO] running `Command { std: "docker" "rm" "-f" "7c08ff0f65cd12a0542e5a446d1acb63273cae432e24647c95da88cd720481db", kill_on_drop: false }`
[INFO] [stdout] 7c08ff0f65cd12a0542e5a446d1acb63273cae432e24647c95da88cd720481db
[INFO] running `Command { std: "docker" "create" "-v" "/var/lib/crater-agent-workspace/builds/worker-0-tc2/target:/opt/rustwide/target:rw,Z" "-v" "/var/lib/crater-agent-workspace/builds/worker-0-tc2/source:/opt/rustwide/workdir:ro,Z" "-v" "/var/lib/crater-agent-workspace/cargo-home:/opt/rustwide/cargo-home:ro,Z" "-v" "/var/lib/crater-agent-workspace/rustup-home:/opt/rustwide/rustup-home:ro,Z" "-e" "SOURCE_DIR=/opt/rustwide/workdir" "-e" "CARGO_TARGET_DIR=/opt/rustwide/target" "-e" "CARGO_INCREMENTAL=0" "-e" "RUST_BACKTRACE=full" "-e" "RUSTFLAGS=--cap-lints=warn" "-e" "RUSTDOCFLAGS=--cap-lints=warn" "-e" "CARGO_HOME=/opt/rustwide/cargo-home" "-e" "RUSTUP_HOME=/opt/rustwide/rustup-home" "-w" "/opt/rustwide/workdir" "-m" "1610612736" "--user" "0:0" "--network" "none" "ghcr.io/rust-lang/crates-build-env/linux@sha256:2788e3201cd34a07e3172128adcd8b3090168a8e3bcc40d7c032b9dda1df7d1c" "/opt/rustwide/cargo-home/bin/cargo" "+beta-2023-12-22" "test" "--frozen", kill_on_drop: false }`
[INFO] [stdout] 6f6b4937d97cc02dd12c59f4437f72bf44556c674139dc6d4ca6a7db5ffbe283
[INFO] running `Command { std: "docker" "start" "-a" "6f6b4937d97cc02dd12c59f4437f72bf44556c674139dc6d4ca6a7db5ffbe283", kill_on_drop: false }`
[INFO] [stderr] warning: unused import: `impl_item_method_info::*`
[INFO] [stderr]  --> src/core_impl/code_generator/mod.rs:5:9
[INFO] [stderr]   |
[INFO] [stderr] 5 | pub use impl_item_method_info::*;
[INFO] [stderr]   |         ^^^^^^^^^^^^^^^^^^^^^^^^
[INFO] [stderr]   |
[INFO] [stderr]   = note: `#[warn(unused_imports)]` on by default
[INFO] [stderr] 
[INFO] [stderr] warning: unused import: `item_trait_info::*`
[INFO] [stderr]  --> src/core_impl/code_generator/mod.rs:8:9
[INFO] [stderr]   |
[INFO] [stderr] 8 | pub use item_trait_info::*;
[INFO] [stderr]   |         ^^^^^^^^^^^^^^^^^^
[INFO] [stderr] 
[INFO] [stderr] warning: unused import: `trait_item_method_info::*`
[INFO] [stderr]   --> src/core_impl/code_generator/mod.rs:11:9
[INFO] [stderr]    |
[INFO] [stderr] 11 | pub use trait_item_method_info::*;
[INFO] [stderr]    |         ^^^^^^^^^^^^^^^^^^^^^^^^^
[INFO] [stderr] 
[INFO] [stderr] warning: unused import: `item_impl_info::*`
[INFO] [stderr]   --> src/core_impl/code_generator/mod.rs:14:9
[INFO] [stderr]    |
[INFO] [stderr] 14 | pub use item_impl_info::*;
[INFO] [stderr]    |         ^^^^^^^^^^^^^^^^^
[INFO] [stderr] 
[INFO] [stderr] warning: `near-sdk-witgen` (lib) generated 4 warnings (run `cargo fix --lib -p near-sdk-witgen` to apply 4 suggestions)
[INFO] [stderr] warning: `near-sdk-witgen` (lib test) generated 4 warnings (4 duplicates)
[INFO] [stderr]     Finished test [unoptimized + debuginfo] target(s) in 0.01s
[INFO] [stderr]      Running unittests src/lib.rs (/opt/rustwide/target/debug/deps/near_sdk_witgen-e85f3ca9b756cbf8)
[INFO] [stdout] 
[INFO] [stdout] running 27 tests
[INFO] [stdout] test core_impl::code_generator::item_impl_info::tests::arg_no_return_no_mut ... ok
[INFO] [stdout] test core_impl::code_generator::item_impl_info::tests::arg_ref ... ok
[INFO] [stdout] test core_impl::code_generator::item_impl_info::tests::arg_mut_ref ... ok
[INFO] [stdout] test core_impl::code_generator::item_impl_info::tests::args_no_return_mut ... ok
[INFO] [stdout] test core_impl::code_generator::item_impl_info::tests::args_return_mut ... ok
[INFO] [stdout] test core_impl::code_generator::item_impl_info::tests::args_return_ref ... ok
[INFO] [stdout] test core_impl::code_generator::item_impl_info::tests::no_args_no_return_no_mut ... ok
[INFO] [stdout] test core_impl::code_generator::item_impl_info::tests::init_no_return ... ok
[INFO] [stdout] test core_impl::code_generator::item_impl_info::tests::no_args_no_return_mut ... ok
[INFO] [stdout] test core_impl::code_generator::item_impl_info::tests::marshall_one_arg ... ok
[INFO] [stdout] test core_impl::code_generator::item_impl_info::tests::mut_owned_no_args_no_return ... ok
[INFO] [stdout] test core_impl::code_generator::item_impl_info::tests::no_args_no_return_mut_payable ... ok
[INFO] [stdout] test core_impl::code_generator::item_impl_info::tests::owned_no_args_no_return_no_mut ... ok
[INFO] [stdout] test core_impl::code_generator::item_impl_info::tests::args_return_mut_borsh ... ok
[INFO] [stdout] test core_impl::code_generator::item_impl_info::tests::private_method ... ok
[INFO] [stdout] test core_impl::code_generator::item_impl_info::tests::marshall_borsh ... ok
[INFO] [stdout] test core_impl::code_generator::item_impl_info::tests::callback_args_results ... ok
[INFO] [stdout] test core_impl::code_generator::item_impl_info::tests::callback_args_mixed_serialization ... ok
[INFO] [stdout] test core_impl::code_generator::item_impl_info::tests::init_payable ... ok
[INFO] [stdout] test core_impl::code_generator::item_impl_info::tests::callback_args_only ... ok
[INFO] [stdout] test core_impl::code_generator::item_impl_info::tests::init_ignore_state ... ok
[INFO] [stdout] test core_impl::code_generator::item_impl_info::tests::trait_implt ... ok
[INFO] [stdout] test core_impl::code_generator::item_impl_info::tests::callback_args_vec ... ok
[INFO] [stdout] test core_impl::code_generator::item_impl_info::tests::simple_init ... ok
[INFO] [stdout] test core_impl::code_generator::item_impl_info::tests::callback_args ... ok
[INFO] [stdout] test core_impl::code_generator::item_trait_info::tests::serialize_with_borsh ... FAILED
[INFO] [stdout] test core_impl::code_generator::item_trait_info::tests::standard ... FAILED
[INFO] [stdout] 
[INFO] [stdout] failures:
[INFO] [stdout] 
[INFO] [stdout] ---- core_impl::code_generator::item_trait_info::tests::serialize_with_borsh stdout ----
[INFO] [stdout] thread 'core_impl::code_generator::item_trait_info::tests::serialize_with_borsh' panicked at src/core_impl/code_generator/item_trait_info.rs:130:9:
[INFO] [stdout] assertion `left == right` failed
[INFO] [stdout]   left: "pub mod TestExt { use super :: * ; use near_sdk :: { Gas , Balance , AccountId , Promise } ; pub fn test (v : Vec < String > , __account_id : AccountId , __balance : near_sdk :: Balance , __gas : near_sdk :: Gas) -> near_sdk :: Promise { # [derive (near_sdk :: borsh :: BorshSerialize)] struct Input { v : Vec < String > , } let args = Input { v , } ; let args = near_sdk :: borsh :: BorshSerialize :: try_to_vec (& args) . expect (\"Failed to serialize the cross contract args using Borsh.\") ; near_sdk :: Promise :: new (__account_id) . function_call (\"test\" . to_string () , args , __balance , __gas ,) } }"
[INFO] [stdout]  right: "pub mod test_ext { use super :: * ; use near_sdk :: { Gas , Balance , AccountId , Promise } ; pub fn test (v : Vec < String > , __account_id : AccountId , __balance : near_sdk :: Balance , __gas : near_sdk :: Gas) -> near_sdk :: Promise { # [derive (near_sdk :: borsh :: BorshSerialize)] struct Input { v : Vec < String > , } let args = Input { v , } ; let args = near_sdk :: borsh :: BorshSerialize :: try_to_vec (& args) . expect (\"Failed to serialize the cross contract args using Borsh.\") ; near_sdk :: Promise :: new (__account_id) . function_call (\"test\" . to_string () , args , __balance , __gas ,) } }"
[INFO] [stdout] stack backtrace:
[INFO] [stdout]    0:     0x55972c95bdd6 - std::backtrace_rs::backtrace::libunwind::trace::h261606ad26a499c1
[INFO] [stdout]                                at /rustc/0e09125c6c3c2fd70d7de961bcf0e51575235fad/library/std/src/../../backtrace/src/backtrace/libunwind.rs:104:5
[INFO] [stdout]    1:     0x55972c95bdd6 - std::backtrace_rs::backtrace::trace_unsynchronized::hd183f0625477fb28
[INFO] [stdout]                                at /rustc/0e09125c6c3c2fd70d7de961bcf0e51575235fad/library/std/src/../../backtrace/src/backtrace/mod.rs:66:5
[INFO] [stdout]    2:     0x55972c95bdd6 - std::sys_common::backtrace::_print_fmt::hd7f8fef21b4eda67
[INFO] [stdout]                                at /rustc/0e09125c6c3c2fd70d7de961bcf0e51575235fad/library/std/src/sys_common/backtrace.rs:68:5
[INFO] [stdout]    3:     0x55972c95bdd6 - <std::sys_common::backtrace::_print::DisplayBacktrace as core::fmt::Display>::fmt::h623d9b51f2f453f1
[INFO] [stdout]                                at /rustc/0e09125c6c3c2fd70d7de961bcf0e51575235fad/library/std/src/sys_common/backtrace.rs:44:22
[INFO] [stdout]    4:     0x55972c984ed0 - core::fmt::rt::Argument::fmt::h9f417ac76a86f368
[INFO] [stdout]                                at /rustc/0e09125c6c3c2fd70d7de961bcf0e51575235fad/library/core/src/fmt/rt.rs:142:9
[INFO] [stdout]    5:     0x55972c984ed0 - core::fmt::write::hc9b6faf4ac2aeff7
[INFO] [stdout]                                at /rustc/0e09125c6c3c2fd70d7de961bcf0e51575235fad/library/core/src/fmt/mod.rs:1120:17
[INFO] [stdout]    6:     0x55972c95982f - std::io::Write::write_fmt::he04625a3a989fec3
[INFO] [stdout]                                at /rustc/0e09125c6c3c2fd70d7de961bcf0e51575235fad/library/std/src/io/mod.rs:1810:15
[INFO] [stdout]    7:     0x55972c95bbb4 - std::sys_common::backtrace::_print::hd5d66399c7df88a2
[INFO] [stdout]                                at /rustc/0e09125c6c3c2fd70d7de961bcf0e51575235fad/library/std/src/sys_common/backtrace.rs:47:5
[INFO] [stdout]    8:     0x55972c95bbb4 - std::sys_common::backtrace::print::he81ed2da642d37e5
[INFO] [stdout]                                at /rustc/0e09125c6c3c2fd70d7de961bcf0e51575235fad/library/std/src/sys_common/backtrace.rs:34:9
[INFO] [stdout]    9:     0x55972c95d927 - std::panicking::default_hook::{{closure}}::h85773f4fa117163d
[INFO] [stdout]   10:     0x55972c95d60d - std::panicking::default_hook::h6a1694a91d09b278
[INFO] [stdout]                                at /rustc/0e09125c6c3c2fd70d7de961bcf0e51575235fad/library/std/src/panicking.rs:289:9
[INFO] [stdout]   11:     0x55972c7bca47 - <alloc::boxed::Box<F,A> as core::ops::function::Fn<Args>>::call::h616ac37fa3cd6c8f
[INFO] [stdout]                                at /rustc/0e09125c6c3c2fd70d7de961bcf0e51575235fad/library/alloc/src/boxed.rs:2029:9
[INFO] [stdout]   12:     0x55972c7bca47 - test::test_main::{{closure}}::h00d84697cefdcbb6
[INFO] [stdout]                                at /rustc/0e09125c6c3c2fd70d7de961bcf0e51575235fad/library/test/src/lib.rs:138:21
[INFO] [stdout]   13:     0x55972c95df46 - <alloc::boxed::Box<F,A> as core::ops::function::Fn<Args>>::call::hcb3fe3b9bb537ba8
[INFO] [stdout]                                at /rustc/0e09125c6c3c2fd70d7de961bcf0e51575235fad/library/alloc/src/boxed.rs:2029:9
[INFO] [stdout]   14:     0x55972c95df46 - std::panicking::rust_panic_with_hook::h0a7ad96e90f7145b
[INFO] [stdout]                                at /rustc/0e09125c6c3c2fd70d7de961bcf0e51575235fad/library/std/src/panicking.rs:783:13
[INFO] [stdout]   15:     0x55972c95dc92 - std::panicking::begin_panic_handler::{{closure}}::h7919090525c6485e
[INFO] [stdout]                                at /rustc/0e09125c6c3c2fd70d7de961bcf0e51575235fad/library/std/src/panicking.rs:657:13
[INFO] [stdout]   16:     0x55972c95c2d6 - std::sys_common::backtrace::__rust_end_short_backtrace::hf3289479464f7dfe
[INFO] [stdout]                                at /rustc/0e09125c6c3c2fd70d7de961bcf0e51575235fad/library/std/src/sys_common/backtrace.rs:171:18
[INFO] [stdout]   17:     0x55972c95d9f0 - rust_begin_unwind
[INFO] [stdout]                                at /rustc/0e09125c6c3c2fd70d7de961bcf0e51575235fad/library/std/src/panicking.rs:645:5
[INFO] [stdout]   18:     0x55972c7418f5 - core::panicking::panic_fmt::hcc9f77c5c132af55
[INFO] [stdout]                                at /rustc/0e09125c6c3c2fd70d7de961bcf0e51575235fad/library/core/src/panicking.rs:72:14
[INFO] [stdout]   19:     0x55972c741d2b - core::panicking::assert_failed_inner::h9f13e27dd63c3a08
[INFO] [stdout]                                at /rustc/0e09125c6c3c2fd70d7de961bcf0e51575235fad/library/core/src/panicking.rs:342:17
[INFO] [stdout]   20:     0x55972c77e50e - core::panicking::assert_failed::h9d0e85714eeeffe6
[INFO] [stdout]                                at /rustc/0e09125c6c3c2fd70d7de961bcf0e51575235fad/library/core/src/panicking.rs:297:5
[INFO] [stdout]   21:     0x55972c77886c - near_sdk_witgen::core_impl::code_generator::item_trait_info::tests::serialize_with_borsh::hdd4f863cba573ac0
[INFO] [stdout]                                at /opt/rustwide/workdir/src/core_impl/code_generator/item_trait_info.rs:130:9
[INFO] [stdout]   22:     0x55972c776e87 - near_sdk_witgen::core_impl::code_generator::item_trait_info::tests::serialize_with_borsh::{{closure}}::h374e355572a82aa0
[INFO] [stdout]                                at /opt/rustwide/workdir/src/core_impl/code_generator/item_trait_info.rs:92:30
[INFO] [stdout]   23:     0x55972c7824b6 - core::ops::function::FnOnce::call_once::ha86afb29aceee20f
[INFO] [stdout]                                at /rustc/0e09125c6c3c2fd70d7de961bcf0e51575235fad/library/core/src/ops/function.rs:250:5
[INFO] [stdout]   24:     0x55972c7c231f - core::ops::function::FnOnce::call_once::hd64d26f405258157
[INFO] [stdout]                                at /rustc/0e09125c6c3c2fd70d7de961bcf0e51575235fad/library/core/src/ops/function.rs:250:5
[INFO] [stdout]   25:     0x55972c7c231f - test::__rust_begin_short_backtrace::he21b0b7a6d731bf9
[INFO] [stdout]                                at /rustc/0e09125c6c3c2fd70d7de961bcf0e51575235fad/library/test/src/lib.rs:627:18
[INFO] [stdout]   26:     0x55972c7c10a1 - test::run_test_in_process::{{closure}}::hf5c73986d7bdfde2
[INFO] [stdout]                                at /rustc/0e09125c6c3c2fd70d7de961bcf0e51575235fad/library/test/src/lib.rs:650:60
[INFO] [stdout]   27:     0x55972c7c10a1 - <core::panic::unwind_safe::AssertUnwindSafe<F> as core::ops::function::FnOnce<()>>::call_once::h330011ad032aadc0
[INFO] [stdout]                                at /rustc/0e09125c6c3c2fd70d7de961bcf0e51575235fad/library/core/src/panic/unwind_safe.rs:272:9
[INFO] [stdout]   28:     0x55972c7c10a1 - std::panicking::try::do_call::he61b0a958b795a41
[INFO] [stdout]                                at /rustc/0e09125c6c3c2fd70d7de961bcf0e51575235fad/library/std/src/panicking.rs:552:40
[INFO] [stdout]   29:     0x55972c7c10a1 - std::panicking::try::h7309da130f906eb7
[INFO] [stdout]                                at /rustc/0e09125c6c3c2fd70d7de961bcf0e51575235fad/library/std/src/panicking.rs:516:19
[INFO] [stdout]   30:     0x55972c7c10a1 - std::panic::catch_unwind::hc5c3a06fdaf0a92a
[INFO] [stdout]                                at /rustc/0e09125c6c3c2fd70d7de961bcf0e51575235fad/library/std/src/panic.rs:142:14
[INFO] [stdout]   31:     0x55972c7c10a1 - test::run_test_in_process::h7e7b7c71c3324e0f
[INFO] [stdout]                                at /rustc/0e09125c6c3c2fd70d7de961bcf0e51575235fad/library/test/src/lib.rs:650:27
[INFO] [stdout]   32:     0x55972c7c10a1 - test::run_test::{{closure}}::h1f509f28f5cf20b1
[INFO] [stdout]                                at /rustc/0e09125c6c3c2fd70d7de961bcf0e51575235fad/library/test/src/lib.rs:573:43
[INFO] [stdout]   33:     0x55972c7883d6 - test::run_test::{{closure}}::h1754218abf443f6d
[INFO] [stdout]                                at /rustc/0e09125c6c3c2fd70d7de961bcf0e51575235fad/library/test/src/lib.rs:601:41
[INFO] [stdout]   34:     0x55972c7883d6 - std::sys_common::backtrace::__rust_begin_short_backtrace::h2ee174b9d5954948
[INFO] [stdout]                                at /rustc/0e09125c6c3c2fd70d7de961bcf0e51575235fad/library/std/src/sys_common/backtrace.rs:155:18
[INFO] [stdout]   35:     0x55972c78d437 - std::thread::Builder::spawn_unchecked_::{{closure}}::{{closure}}::hf60bee9c1a17ef09
[INFO] [stdout]                                at /rustc/0e09125c6c3c2fd70d7de961bcf0e51575235fad/library/std/src/thread/mod.rs:529:17
[INFO] [stdout]   36:     0x55972c78d437 - <core::panic::unwind_safe::AssertUnwindSafe<F> as core::ops::function::FnOnce<()>>::call_once::h33d0dddec5216160
[INFO] [stdout]                                at /rustc/0e09125c6c3c2fd70d7de961bcf0e51575235fad/library/core/src/panic/unwind_safe.rs:272:9
[INFO] [stdout]   37:     0x55972c78d437 - std::panicking::try::do_call::h144b3048b546f835
[INFO] [stdout]                                at /rustc/0e09125c6c3c2fd70d7de961bcf0e51575235fad/library/std/src/panicking.rs:552:40
[INFO] [stdout]   38:     0x55972c78d437 - std::panicking::try::h978244d04646189f
[INFO] [stdout]                                at /rustc/0e09125c6c3c2fd70d7de961bcf0e51575235fad/library/std/src/panicking.rs:516:19
[INFO] [stdout]   39:     0x55972c78d437 - std::panic::catch_unwind::hdf436369d188fe86
[INFO] [stdout]                                at /rustc/0e09125c6c3c2fd70d7de961bcf0e51575235fad/library/std/src/panic.rs:142:14
[INFO] [stdout]   40:     0x55972c78d437 - std::thread::Builder::spawn_unchecked_::{{closure}}::h87329cbdd33c79ec
[INFO] [stdout]                                at /rustc/0e09125c6c3c2fd70d7de961bcf0e51575235fad/library/std/src/thread/mod.rs:528:30
[INFO] [stdout]   41:     0x55972c78d437 - core::ops::function::FnOnce::call_once{{vtable.shim}}::h401abbe67897d450
[INFO] [stdout]                                at /rustc/0e09125c6c3c2fd70d7de961bcf0e51575235fad/library/core/src/ops/function.rs:250:5
[INFO] [stdout]   42:     0x55972c962ad5 - <alloc::boxed::Box<F,A> as core::ops::function::FnOnce<Args>>::call_once::h5d7c8f150ab9c84c
[INFO] [stdout]                                at /rustc/0e09125c6c3c2fd70d7de961bcf0e51575235fad/library/alloc/src/boxed.rs:2015:9
[INFO] [stdout]   43:     0x55972c962ad5 - <alloc::boxed::Box<F,A> as core::ops::function::FnOnce<Args>>::call_once::h570d5b005c242c15
[INFO] [stdout]                                at /rustc/0e09125c6c3c2fd70d7de961bcf0e51575235fad/library/alloc/src/boxed.rs:2015:9
[INFO] [stdout]   44:     0x55972c962ad5 - std::sys::unix::thread::Thread::new::thread_start::h36b0a20c0b2361ad
[INFO] [stdout]                                at /rustc/0e09125c6c3c2fd70d7de961bcf0e51575235fad/library/std/src/sys/unix/thread.rs:108:17
[INFO] [stdout]   45:     0x7f50e4b9bac3 - <unknown>
[INFO] [stdout]   46:     0x7f50e4c2cbf4 - __clone
[INFO] [stdout]   47:                0x0 - <unknown>
[INFO] [stdout] 
[INFO] [stdout] ---- core_impl::code_generator::item_trait_info::tests::standard stdout ----
[INFO] [stdout] thread 'core_impl::code_generator::item_trait_info::tests::standard' panicked at src/core_impl/code_generator/item_trait_info.rs:88:9:
[INFO] [stdout] assertion `left == right` failed
[INFO] [stdout]   left: "pub mod ExternalCrossContract { use super :: * ; use near_sdk :: { Gas , Balance , AccountId , Promise } ; pub fn merge_sort (arr : Vec < u8 > , __account_id : AccountId , __balance : near_sdk :: Balance , __gas : near_sdk :: Gas) -> near_sdk :: Promise { # [derive (near_sdk :: serde :: Serialize)] # [serde (crate = \"near_sdk::serde\")] struct Input { arr : Vec < u8 > , } let args = Input { arr , } ; let args = near_sdk :: serde_json :: to_vec (& args) . expect (\"Failed to serialize the cross contract args using JSON.\") ; near_sdk :: Promise :: new (__account_id) . function_call (\"merge_sort\" . to_string () , args , __balance , __gas ,) } pub fn merge (__account_id : AccountId , __balance : near_sdk :: Balance , __gas : near_sdk :: Gas) -> near_sdk :: Promise { let args = vec ! [] ; near_sdk :: Promise :: new (__account_id) . function_call (\"merge\" . to_string () , args , __balance , __gas ,) } }"
[INFO] [stdout]  right: "pub mod external_cross_contract { use super :: * ; use near_sdk :: { Gas , Balance , AccountId , Promise } ; pub fn merge_sort (arr : Vec < u8 > , __account_id : AccountId , __balance : near_sdk :: Balance , __gas : near_sdk :: Gas) -> near_sdk :: Promise { # [derive (near_sdk :: serde :: Serialize)] # [serde (crate = \"near_sdk::serde\")] struct Input { arr : Vec < u8 > , } let args = Input { arr , } ; let args = near_sdk :: serde_json :: to_vec (& args) . expect (\"Failed to serialize the cross contract args using JSON.\") ; near_sdk :: Promise :: new (__account_id) . function_call (\"merge_sort\" . to_string () , args , __balance , __gas ,) } pub fn merge (__account_id : AccountId , __balance : near_sdk :: Balance , __gas : near_sdk :: Gas) -> near_sdk :: Promise { let args = vec ! [] ; near_sdk :: Promise :: new (__account_id) . function_call (\"merge\" . to_string () , args , __balance , __gas ,) } }"
[INFO] [stdout] stack backtrace:
[INFO] [stdout]    0:     0x55972c95bdd6 - std::backtrace_rs::backtrace::libunwind::trace::h261606ad26a499c1
[INFO] [stdout]                                at /rustc/0e09125c6c3c2fd70d7de961bcf0e51575235fad/library/std/src/../../backtrace/src/backtrace/libunwind.rs:104:5
[INFO] [stdout]    1:     0x55972c95bdd6 - std::backtrace_rs::backtrace::trace_unsynchronized::hd183f0625477fb28
[INFO] [stdout]                                at /rustc/0e09125c6c3c2fd70d7de961bcf0e51575235fad/library/std/src/../../backtrace/src/backtrace/mod.rs:66:5
[INFO] [stdout]    2:     0x55972c95bdd6 - std::sys_common::backtrace::_print_fmt::hd7f8fef21b4eda67
[INFO] [stdout]                                at /rustc/0e09125c6c3c2fd70d7de961bcf0e51575235fad/library/std/src/sys_common/backtrace.rs:68:5
[INFO] [stdout]    3:     0x55972c95bdd6 - <std::sys_common::backtrace::_print::DisplayBacktrace as core::fmt::Display>::fmt::h623d9b51f2f453f1
[INFO] [stdout]                                at /rustc/0e09125c6c3c2fd70d7de961bcf0e51575235fad/library/std/src/sys_common/backtrace.rs:44:22
[INFO] [stdout]    4:     0x55972c984ed0 - core::fmt::rt::Argument::fmt::h9f417ac76a86f368
[INFO] [stdout]                                at /rustc/0e09125c6c3c2fd70d7de961bcf0e51575235fad/library/core/src/fmt/rt.rs:142:9
[INFO] [stdout]    5:     0x55972c984ed0 - core::fmt::write::hc9b6faf4ac2aeff7
[INFO] [stdout]                                at /rustc/0e09125c6c3c2fd70d7de961bcf0e51575235fad/library/core/src/fmt/mod.rs:1120:17
[INFO] [stdout]    6:     0x55972c95982f - std::io::Write::write_fmt::he04625a3a989fec3
[INFO] [stdout]                                at /rustc/0e09125c6c3c2fd70d7de961bcf0e51575235fad/library/std/src/io/mod.rs:1810:15
[INFO] [stdout]    7:     0x55972c95bbb4 - std::sys_common::backtrace::_print::hd5d66399c7df88a2
[INFO] [stdout]                                at /rustc/0e09125c6c3c2fd70d7de961bcf0e51575235fad/library/std/src/sys_common/backtrace.rs:47:5
[INFO] [stdout]    8:     0x55972c95bbb4 - std::sys_common::backtrace::print::he81ed2da642d37e5
[INFO] [stdout]                                at /rustc/0e09125c6c3c2fd70d7de961bcf0e51575235fad/library/std/src/sys_common/backtrace.rs:34:9
[INFO] [stdout]    9:     0x55972c95d927 - std::panicking::default_hook::{{closure}}::h85773f4fa117163d
[INFO] [stdout]   10:     0x55972c95d60d - std::panicking::default_hook::h6a1694a91d09b278
[INFO] [stdout]                                at /rustc/0e09125c6c3c2fd70d7de961bcf0e51575235fad/library/std/src/panicking.rs:289:9
[INFO] [stdout]   11:     0x55972c7bca47 - <alloc::boxed::Box<F,A> as core::ops::function::Fn<Args>>::call::h616ac37fa3cd6c8f
[INFO] [stdout]                                at /rustc/0e09125c6c3c2fd70d7de961bcf0e51575235fad/library/alloc/src/boxed.rs:2029:9
[INFO] [stdout]   12:     0x55972c7bca47 - test::test_main::{{closure}}::h00d84697cefdcbb6
[INFO] [stdout]                                at /rustc/0e09125c6c3c2fd70d7de961bcf0e51575235fad/library/test/src/lib.rs:138:21
[INFO] [stdout]   13:     0x55972c95df46 - <alloc::boxed::Box<F,A> as core::ops::function::Fn<Args>>::call::hcb3fe3b9bb537ba8
[INFO] [stdout]                                at /rustc/0e09125c6c3c2fd70d7de961bcf0e51575235fad/library/alloc/src/boxed.rs:2029:9
[INFO] [stdout]   14:     0x55972c95df46 - std::panicking::rust_panic_with_hook::h0a7ad96e90f7145b
[INFO] [stdout]                                at /rustc/0e09125c6c3c2fd70d7de961bcf0e51575235fad/library/std/src/panicking.rs:783:13
[INFO] [stdout]   15:     0x55972c95dc92 - std::panicking::begin_panic_handler::{{closure}}::h7919090525c6485e
[INFO] [stdout]                                at /rustc/0e09125c6c3c2fd70d7de961bcf0e51575235fad/library/std/src/panicking.rs:657:13
[INFO] [stdout]   16:     0x55972c95c2d6 - std::sys_common::backtrace::__rust_end_short_backtrace::hf3289479464f7dfe
[INFO] [stdout]                                at /rustc/0e09125c6c3c2fd70d7de961bcf0e51575235fad/library/std/src/sys_common/backtrace.rs:171:18
[INFO] [stdout]   17:     0x55972c95d9f0 - rust_begin_unwind
[INFO] [stdout]                                at /rustc/0e09125c6c3c2fd70d7de961bcf0e51575235fad/library/std/src/panicking.rs:645:5
[INFO] [stdout]   18:     0x55972c7418f5 - core::panicking::panic_fmt::hcc9f77c5c132af55
[INFO] [stdout]                                at /rustc/0e09125c6c3c2fd70d7de961bcf0e51575235fad/library/core/src/panicking.rs:72:14
[INFO] [stdout]   19:     0x55972c741d2b - core::panicking::assert_failed_inner::h9f13e27dd63c3a08
[INFO] [stdout]                                at /rustc/0e09125c6c3c2fd70d7de961bcf0e51575235fad/library/core/src/panicking.rs:342:17
[INFO] [stdout]   20:     0x55972c77e50e - core::panicking::assert_failed::h9d0e85714eeeffe6
[INFO] [stdout]                                at /rustc/0e09125c6c3c2fd70d7de961bcf0e51575235fad/library/core/src/panicking.rs:297:5
[INFO] [stdout]   21:     0x55972c776ddd - near_sdk_witgen::core_impl::code_generator::item_trait_info::tests::standard::h1e0918d4a153f3c0
[INFO] [stdout]                                at /opt/rustwide/workdir/src/core_impl/code_generator/item_trait_info.rs:88:9
[INFO] [stdout]   22:     0x55972c774647 - near_sdk_witgen::core_impl::code_generator::item_trait_info::tests::standard::{{closure}}::h927cc6f4000c3917
[INFO] [stdout]                                at /opt/rustwide/workdir/src/core_impl/code_generator/item_trait_info.rs:32:18
[INFO] [stdout]   23:     0x55972c782536 - core::ops::function::FnOnce::call_once::hb4720d476151ecec
[INFO] [stdout]                                at /rustc/0e09125c6c3c2fd70d7de961bcf0e51575235fad/library/core/src/ops/function.rs:250:5
[INFO] [stdout]   24:     0x55972c7c231f - core::ops::function::FnOnce::call_once::hd64d26f405258157
[INFO] [stdout]                                at /rustc/0e09125c6c3c2fd70d7de961bcf0e51575235fad/library/core/src/ops/function.rs:250:5
[INFO] [stdout]   25:     0x55972c7c231f - test::__rust_begin_short_backtrace::he21b0b7a6d731bf9
[INFO] [stdout]                                at /rustc/0e09125c6c3c2fd70d7de961bcf0e51575235fad/library/test/src/lib.rs:627:18
[INFO] [stdout]   26:     0x55972c7c10a1 - test::run_test_in_process::{{closure}}::hf5c73986d7bdfde2
[INFO] [stdout]                                at /rustc/0e09125c6c3c2fd70d7de961bcf0e51575235fad/library/test/src/lib.rs:650:60
[INFO] [stdout]   27:     0x55972c7c10a1 - <core::panic::unwind_safe::AssertUnwindSafe<F> as core::ops::function::FnOnce<()>>::call_once::h330011ad032aadc0
[INFO] [stdout]                                at /rustc/0e09125c6c3c2fd70d7de961bcf0e51575235fad/library/core/src/panic/unwind_safe.rs:272:9
[INFO] [stdout]   28:     0x55972c7c10a1 - std::panicking::try::do_call::he61b0a958b795a41
[INFO] [stdout]                                at /rustc/0e09125c6c3c2fd70d7de961bcf0e51575235fad/library/std/src/panicking.rs:552:40
[INFO] [stdout]   29:     0x55972c7c10a1 - std::panicking::try::h7309da130f906eb7
[INFO] [stdout]                                at /rustc/0e09125c6c3c2fd70d7de961bcf0e51575235fad/library/std/src/panicking.rs:516:19
[INFO] [stdout]   30:     0x55972c7c10a1 - std::panic::catch_unwind::hc5c3a06fdaf0a92a
[INFO] [stdout]                                at /rustc/0e09125c6c3c2fd70d7de961bcf0e51575235fad/library/std/src/panic.rs:142:14
[INFO] [stdout]   31:     0x55972c7c10a1 - test::run_test_in_process::h7e7b7c71c3324e0f
[INFO] [stdout]                                at /rustc/0e09125c6c3c2fd70d7de961bcf0e51575235fad/library/test/src/lib.rs:650:27
[INFO] [stdout]   32:     0x55972c7c10a1 - test::run_test::{{closure}}::h1f509f28f5cf20b1
[INFO] [stdout]                                at /rustc/0e09125c6c3c2fd70d7de961bcf0e51575235fad/library/test/src/lib.rs:573:43
[INFO] [stdout]   33:     0x55972c7883d6 - test::run_test::{{closure}}::h1754218abf443f6d
[INFO] [stdout]                                at /rustc/0e09125c6c3c2fd70d7de961bcf0e51575235fad/library/test/src/lib.rs:601:41
[INFO] [stdout]   34:     0x55972c7883d6 - std::sys_common::backtrace::__rust_begin_short_backtrace::h2ee174b9d5954948
[INFO] [stdout]                                at /rustc/0e09125c6c3c2fd70d7de961bcf0e51575235fad/library/std/src/sys_common/backtrace.rs:155:18
[INFO] [stdout]   35:     0x55972c78d437 - std::thread::Builder::spawn_unchecked_::{{closure}}::{{closure}}::hf60bee9c1a17ef09
[INFO] [stdout]                                at /rustc/0e09125c6c3c2fd70d7de961bcf0e51575235fad/library/std/src/thread/mod.rs:529:17
[INFO] [stdout]   36:     0x55972c78d437 - <core::panic::unwind_safe::AssertUnwindSafe<F> as core::ops::function::FnOnce<()>>::call_once::h33d0dddec5216160
[INFO] [stdout]                                at /rustc/0e09125c6c3c2fd70d7de961bcf0e51575235fad/library/core/src/panic/unwind_safe.rs:272:9
[INFO] [stdout]   37:     0x55972c78d437 - std::panicking::try::do_call::h144b3048b546f835
[INFO] [stdout]                                at /rustc/0e09125c6c3c2fd70d7de961bcf0e51575235fad/library/std/src/panicking.rs:552:40
[INFO] [stdout]   38:     0x55972c78d437 - std::panicking::try::h978244d04646189f
[INFO] [stdout]                                at /rustc/0e09125c6c3c2fd70d7de961bcf0e51575235fad/library/std/src/panicking.rs:516:19
[INFO] [stdout]   39:     0x55972c78d437 - std::panic::catch_unwind::hdf436369d188fe86
[INFO] [stdout]                                at /rustc/0e09125c6c3c2fd70d7de961bcf0e51575235fad/library/std/src/panic.rs:142:14
[INFO] [stdout]   40:     0x55972c78d437 - std::thread::Builder::spawn_unchecked_::{{closure}}::h87329cbdd33c79ec
[INFO] [stdout]                                at /rustc/0e09125c6c3c2fd70d7de961bcf0e51575235fad/library/std/src/thread/mod.rs:528:30
[INFO] [stdout]   41:     0x55972c78d437 - core::ops::function::FnOnce::call_once{{vtable.shim}}::h401abbe67897d450
[INFO] [stdout]                                at /rustc/0e09125c6c3c2fd70d7de961bcf0e51575235fad/library/core/src/ops/function.rs:250:5
[INFO] [stdout]   42:     0x55972c962ad5 - <alloc::boxed::Box<F,A> as core::ops::function::FnOnce<Args>>::call_once::h5d7c8f150ab9c84c
[INFO] [stdout]                                at /rustc/0e09125c6c3c2fd70d7de961bcf0e51575235fad/library/alloc/src/boxed.rs:2015:9
[INFO] [stdout]   43:     0x55972c962ad5 - <alloc::boxed::Box<F,A> as core::ops::function::FnOnce<Args>>::call_once::h570d5b005c242c15
[INFO] [stdout]                                at /rustc/0e09125c6c3c2fd70d7de961bcf0e51575235fad/library/alloc/src/boxed.rs:2015:9
[INFO] [stdout]   44:     0x55972c962ad5 - std::sys::unix::thread::Thread::new::thread_start::h36b0a20c0b2361ad
[INFO] [stdout]                                at /rustc/0e09125c6c3c2fd70d7de961bcf0e51575235fad/library/std/src/sys/unix/thread.rs:108:17
[INFO] [stdout]   45:     0x7f50e4b9bac3 - <unknown>
[INFO] [stdout]   46:     0x7f50e4c2cbf4 - __clone
[INFO] [stdout]   47:                0x0 - <unknown>
[INFO] [stdout] 
[INFO] [stdout] 
[INFO] [stdout] failures:
[INFO] [stdout]     core_impl::code_generator::item_trait_info::tests::serialize_with_borsh
[INFO] [stdout]     core_impl::code_generator::item_trait_info::tests::standard
[INFO] [stdout] 
[INFO] [stdout] test result: FAILED. 25 passed; 2 failed; 0 ignored; 0 measured; 0 filtered out; finished in 0.02s
[INFO] [stdout] 
[INFO] [stderr] error: test failed, to rerun pass `--lib`
[INFO] running `Command { std: "docker" "inspect" "6f6b4937d97cc02dd12c59f4437f72bf44556c674139dc6d4ca6a7db5ffbe283", kill_on_drop: false }`
[INFO] running `Command { std: "docker" "rm" "-f" "6f6b4937d97cc02dd12c59f4437f72bf44556c674139dc6d4ca6a7db5ffbe283", kill_on_drop: false }`
[INFO] [stdout] 6f6b4937d97cc02dd12c59f4437f72bf44556c674139dc6d4ca6a7db5ffbe283
