[INFO] fetching crate ndk-context 0.1.1...
[INFO] testing ndk-context-0.1.1 against 1.75.0 for beta-1.76-1
[INFO] extracting crate ndk-context 0.1.1 into /workspace/builds/worker-2-tc1/source
[INFO] validating manifest of crates.io crate ndk-context 0.1.1 on toolchain 1.75.0
[INFO] running `Command { std: CARGO_HOME="/workspace/cargo-home" RUSTUP_HOME="/workspace/rustup-home" "/workspace/cargo-home/bin/cargo" "+1.75.0" "metadata" "--manifest-path" "Cargo.toml" "--no-deps", kill_on_drop: false }`
[INFO] started tweaking crates.io crate ndk-context 0.1.1
[INFO] finished tweaking crates.io crate ndk-context 0.1.1
[INFO] tweaked toml for crates.io crate ndk-context 0.1.1 written to /workspace/builds/worker-2-tc1/source/Cargo.toml
[INFO] running `Command { std: CARGO_HOME="/workspace/cargo-home" RUSTUP_HOME="/workspace/rustup-home" "/workspace/cargo-home/bin/cargo" "+1.75.0" "generate-lockfile" "--manifest-path" "Cargo.toml", kill_on_drop: false }`
[INFO] running `Command { std: CARGO_HOME="/workspace/cargo-home" RUSTUP_HOME="/workspace/rustup-home" "/workspace/cargo-home/bin/cargo" "+1.75.0" "fetch" "--manifest-path" "Cargo.toml", kill_on_drop: false }`
[INFO] running `Command { std: "docker" "create" "-v" "/var/lib/crater-agent-workspace/builds/worker-2-tc1/target:/opt/rustwide/target:rw,Z" "-v" "/var/lib/crater-agent-workspace/builds/worker-2-tc1/source:/opt/rustwide/workdir:ro,Z" "-v" "/var/lib/crater-agent-workspace/cargo-home:/opt/rustwide/cargo-home:ro,Z" "-v" "/var/lib/crater-agent-workspace/rustup-home:/opt/rustwide/rustup-home:ro,Z" "-e" "SOURCE_DIR=/opt/rustwide/workdir" "-e" "CARGO_TARGET_DIR=/opt/rustwide/target" "-e" "CARGO_HOME=/opt/rustwide/cargo-home" "-e" "RUSTUP_HOME=/opt/rustwide/rustup-home" "-w" "/opt/rustwide/workdir" "-m" "1610612736" "--user" "0:0" "--network" "none" "ghcr.io/rust-lang/crates-build-env/linux@sha256:2788e3201cd34a07e3172128adcd8b3090168a8e3bcc40d7c032b9dda1df7d1c" "/opt/rustwide/cargo-home/bin/cargo" "+1.75.0" "metadata" "--no-deps" "--format-version=1", kill_on_drop: false }`
[INFO] [stdout] 89444496bd0d3fa9fd0decab4419f6577913f9b0fd7d1b30da2c045533fe3302
[INFO] running `Command { std: "docker" "start" "-a" "89444496bd0d3fa9fd0decab4419f6577913f9b0fd7d1b30da2c045533fe3302", kill_on_drop: false }`
[INFO] running `Command { std: "docker" "inspect" "89444496bd0d3fa9fd0decab4419f6577913f9b0fd7d1b30da2c045533fe3302", kill_on_drop: false }`
[INFO] running `Command { std: "docker" "rm" "-f" "89444496bd0d3fa9fd0decab4419f6577913f9b0fd7d1b30da2c045533fe3302", kill_on_drop: false }`
[INFO] [stdout] 89444496bd0d3fa9fd0decab4419f6577913f9b0fd7d1b30da2c045533fe3302
[INFO] running `Command { std: "docker" "create" "-v" "/var/lib/crater-agent-workspace/builds/worker-2-tc1/target:/opt/rustwide/target:rw,Z" "-v" "/var/lib/crater-agent-workspace/builds/worker-2-tc1/source:/opt/rustwide/workdir:ro,Z" "-v" "/var/lib/crater-agent-workspace/cargo-home:/opt/rustwide/cargo-home:ro,Z" "-v" "/var/lib/crater-agent-workspace/rustup-home:/opt/rustwide/rustup-home:ro,Z" "-e" "SOURCE_DIR=/opt/rustwide/workdir" "-e" "CARGO_TARGET_DIR=/opt/rustwide/target" "-e" "CARGO_INCREMENTAL=0" "-e" "RUST_BACKTRACE=full" "-e" "RUSTFLAGS=--cap-lints=warn" "-e" "RUSTDOCFLAGS=--cap-lints=warn" "-e" "CARGO_HOME=/opt/rustwide/cargo-home" "-e" "RUSTUP_HOME=/opt/rustwide/rustup-home" "-w" "/opt/rustwide/workdir" "-m" "1610612736" "--user" "0:0" "--network" "none" "ghcr.io/rust-lang/crates-build-env/linux@sha256:2788e3201cd34a07e3172128adcd8b3090168a8e3bcc40d7c032b9dda1df7d1c" "/opt/rustwide/cargo-home/bin/cargo" "+1.75.0" "build" "--frozen" "--message-format=json", kill_on_drop: false }`
[INFO] [stdout] 7621341928b53adc52725d7b86dde870c128c7b7fa6005f50a650d82da3b62cb
[INFO] running `Command { std: "docker" "start" "-a" "7621341928b53adc52725d7b86dde870c128c7b7fa6005f50a650d82da3b62cb", kill_on_drop: false }`
[INFO] [stderr]    Compiling ndk-context v0.1.1 (/opt/rustwide/workdir)
[INFO] [stderr]     Finished dev [unoptimized + debuginfo] target(s) in 0.10s
[INFO] running `Command { std: "docker" "inspect" "7621341928b53adc52725d7b86dde870c128c7b7fa6005f50a650d82da3b62cb", kill_on_drop: false }`
[INFO] running `Command { std: "docker" "rm" "-f" "7621341928b53adc52725d7b86dde870c128c7b7fa6005f50a650d82da3b62cb", kill_on_drop: false }`
[INFO] [stdout] 7621341928b53adc52725d7b86dde870c128c7b7fa6005f50a650d82da3b62cb
[INFO] running `Command { std: "docker" "create" "-v" "/var/lib/crater-agent-workspace/builds/worker-2-tc1/target:/opt/rustwide/target:rw,Z" "-v" "/var/lib/crater-agent-workspace/builds/worker-2-tc1/source:/opt/rustwide/workdir:ro,Z" "-v" "/var/lib/crater-agent-workspace/cargo-home:/opt/rustwide/cargo-home:ro,Z" "-v" "/var/lib/crater-agent-workspace/rustup-home:/opt/rustwide/rustup-home:ro,Z" "-e" "SOURCE_DIR=/opt/rustwide/workdir" "-e" "CARGO_TARGET_DIR=/opt/rustwide/target" "-e" "CARGO_INCREMENTAL=0" "-e" "RUST_BACKTRACE=full" "-e" "RUSTFLAGS=--cap-lints=warn" "-e" "RUSTDOCFLAGS=--cap-lints=warn" "-e" "CARGO_HOME=/opt/rustwide/cargo-home" "-e" "RUSTUP_HOME=/opt/rustwide/rustup-home" "-w" "/opt/rustwide/workdir" "-m" "1610612736" "--user" "0:0" "--network" "none" "ghcr.io/rust-lang/crates-build-env/linux@sha256:2788e3201cd34a07e3172128adcd8b3090168a8e3bcc40d7c032b9dda1df7d1c" "/opt/rustwide/cargo-home/bin/cargo" "+1.75.0" "test" "--frozen" "--no-run" "--message-format=json", kill_on_drop: false }`
[INFO] [stdout] 2ec891d3ab81b20932d34be5ec7e7056a6b5113bce784fb36de424ad598dc7af
[INFO] running `Command { std: "docker" "start" "-a" "2ec891d3ab81b20932d34be5ec7e7056a6b5113bce784fb36de424ad598dc7af", kill_on_drop: false }`
[INFO] [stderr]    Compiling ndk-context v0.1.1 (/opt/rustwide/workdir)
[INFO] [stderr]     Finished test [unoptimized + debuginfo] target(s) in 0.37s
[INFO] running `Command { std: "docker" "inspect" "2ec891d3ab81b20932d34be5ec7e7056a6b5113bce784fb36de424ad598dc7af", kill_on_drop: false }`
[INFO] running `Command { std: "docker" "rm" "-f" "2ec891d3ab81b20932d34be5ec7e7056a6b5113bce784fb36de424ad598dc7af", kill_on_drop: false }`
[INFO] [stdout] 2ec891d3ab81b20932d34be5ec7e7056a6b5113bce784fb36de424ad598dc7af
[INFO] running `Command { std: "docker" "create" "-v" "/var/lib/crater-agent-workspace/builds/worker-2-tc1/target:/opt/rustwide/target:rw,Z" "-v" "/var/lib/crater-agent-workspace/builds/worker-2-tc1/source:/opt/rustwide/workdir:ro,Z" "-v" "/var/lib/crater-agent-workspace/cargo-home:/opt/rustwide/cargo-home:ro,Z" "-v" "/var/lib/crater-agent-workspace/rustup-home:/opt/rustwide/rustup-home:ro,Z" "-e" "SOURCE_DIR=/opt/rustwide/workdir" "-e" "CARGO_TARGET_DIR=/opt/rustwide/target" "-e" "CARGO_INCREMENTAL=0" "-e" "RUST_BACKTRACE=full" "-e" "RUSTFLAGS=--cap-lints=warn" "-e" "RUSTDOCFLAGS=--cap-lints=warn" "-e" "CARGO_HOME=/opt/rustwide/cargo-home" "-e" "RUSTUP_HOME=/opt/rustwide/rustup-home" "-w" "/opt/rustwide/workdir" "-m" "1610612736" "--user" "0:0" "--network" "none" "ghcr.io/rust-lang/crates-build-env/linux@sha256:2788e3201cd34a07e3172128adcd8b3090168a8e3bcc40d7c032b9dda1df7d1c" "/opt/rustwide/cargo-home/bin/cargo" "+1.75.0" "test" "--frozen", kill_on_drop: false }`
[INFO] [stdout] 2a20e019155ff3c4233761d7a8b632d2414ec23cbebb29c63a298a793399dda5
[INFO] running `Command { std: "docker" "start" "-a" "2a20e019155ff3c4233761d7a8b632d2414ec23cbebb29c63a298a793399dda5", kill_on_drop: false }`
[INFO] [stderr]     Finished test [unoptimized + debuginfo] target(s) in 0.01s
[INFO] [stderr]      Running unittests src/lib.rs (/opt/rustwide/target/debug/deps/ndk_context-c0dadf0402c020ee)
[INFO] [stdout] 
[INFO] [stdout] running 0 tests
[INFO] [stdout] 
[INFO] [stdout] test result: ok. 0 passed; 0 failed; 0 ignored; 0 measured; 0 filtered out; finished in 0.00s
[INFO] [stdout] 
[INFO] [stderr]    Doc-tests ndk-context
[INFO] [stdout] 
[INFO] [stdout] running 3 tests
[INFO] [stdout] test src/lib.rs - (line 6) - compile ... FAILED
[INFO] [stdout] test src/lib.rs - AndroidContext::context (line 50) - compile ... FAILED
[INFO] [stdout] test src/lib.rs - AndroidContext::vm (line 37) - compile ... FAILED
[INFO] [stdout] 
[INFO] [stdout] failures:
[INFO] [stdout] 
[INFO] [stdout] ---- src/lib.rs - (line 6) stdout ----
[INFO] [stdout] error[E0433]: failed to resolve: use of undeclared crate or module `jni`
[INFO] [stdout]  --> src/lib.rs:9:19
[INFO] [stdout]   |
[INFO] [stdout] 6 | let vm = unsafe { jni::JavaVM::from_raw(ctx.vm().cast()) }?;
[INFO] [stdout]   |                   ^^^ use of undeclared crate or module `jni`
[INFO] [stdout] 
[INFO] [stdout] error[E0433]: failed to resolve: use of undeclared crate or module `jni`
[INFO] [stdout]   --> src/lib.rs:15:26
[INFO] [stdout]    |
[INFO] [stdout] 12 |         ctx.context() as jni::sys::jobject,
[INFO] [stdout]    |                          ^^^ use of undeclared crate or module `jni`
[INFO] [stdout] 
[INFO] [stdout] error: aborting due to 2 previous errors
[INFO] [stdout] 
[INFO] [stdout] For more information about this error, try `rustc --explain E0433`.
[INFO] [stdout] Couldn't compile the test.
[INFO] [stdout] ---- src/lib.rs - AndroidContext::context (line 50) stdout ----
[INFO] [stdout] error[E0433]: failed to resolve: use of undeclared crate or module `jni`
[INFO] [stdout]  --> src/lib.rs:53:19
[INFO] [stdout]   |
[INFO] [stdout] 6 | let vm = unsafe { jni::JavaVM::from_raw(ctx.vm().cast()) }?;
[INFO] [stdout]   |                   ^^^ use of undeclared crate or module `jni`
[INFO] [stdout] 
[INFO] [stdout] error[E0433]: failed to resolve: use of undeclared crate or module `jni`
[INFO] [stdout]   --> src/lib.rs:59:26
[INFO] [stdout]    |
[INFO] [stdout] 12 |         ctx.context() as jni::sys::jobject,
[INFO] [stdout]    |                          ^^^ use of undeclared crate or module `jni`
[INFO] [stdout] 
[INFO] [stdout] error: aborting due to 2 previous errors
[INFO] [stdout] 
[INFO] [stdout] For more information about this error, try `rustc --explain E0433`.
[INFO] [stdout] Couldn't compile the test.
[INFO] [stdout] ---- src/lib.rs - AndroidContext::vm (line 37) stdout ----
[INFO] [stdout] error[E0433]: failed to resolve: use of undeclared crate or module `jni`
[INFO] [stdout]  --> src/lib.rs:40:19
[INFO] [stdout]   |
[INFO] [stdout] 6 | let vm = unsafe { jni::JavaVM::from_raw(ctx.vm().cast()) }?;
[INFO] [stdout]   |                   ^^^ use of undeclared crate or module `jni`
[INFO] [stdout] 
[INFO] [stdout] error: aborting due to previous error
[INFO] [stdout] 
[INFO] [stdout] For more information about this error, try `rustc --explain E0433`.
[INFO] [stdout] Couldn't compile the test.
[INFO] [stdout] 
[INFO] [stdout] failures:
[INFO] [stdout]     src/lib.rs - (line 6)
[INFO] [stdout]     src/lib.rs - AndroidContext::context (line 50)
[INFO] [stdout]     src/lib.rs - AndroidContext::vm (line 37)
[INFO] [stdout] 
[INFO] [stdout] test result: FAILED. 0 passed; 3 failed; 0 ignored; 0 measured; 0 filtered out; finished in 0.07s
[INFO] [stdout] 
[INFO] [stderr] error: doctest failed, to rerun pass `--doc`
[INFO] running `Command { std: "docker" "inspect" "2a20e019155ff3c4233761d7a8b632d2414ec23cbebb29c63a298a793399dda5", kill_on_drop: false }`
[INFO] running `Command { std: "docker" "rm" "-f" "2a20e019155ff3c4233761d7a8b632d2414ec23cbebb29c63a298a793399dda5", kill_on_drop: false }`
[INFO] [stdout] 2a20e019155ff3c4233761d7a8b632d2414ec23cbebb29c63a298a793399dda5
