[INFO] fetching crate ncw-convert 0.1.2...
[INFO] testing ncw-convert-0.1.2 against 1.75.0 for beta-1.76-1
[INFO] extracting crate ncw-convert 0.1.2 into /workspace/builds/worker-2-tc1/source
[INFO] validating manifest of crates.io crate ncw-convert 0.1.2 on toolchain 1.75.0
[INFO] running `Command { std: CARGO_HOME="/workspace/cargo-home" RUSTUP_HOME="/workspace/rustup-home" "/workspace/cargo-home/bin/cargo" "+1.75.0" "metadata" "--manifest-path" "Cargo.toml" "--no-deps", kill_on_drop: false }`
[INFO] started tweaking crates.io crate ncw-convert 0.1.2
[INFO] finished tweaking crates.io crate ncw-convert 0.1.2
[INFO] tweaked toml for crates.io crate ncw-convert 0.1.2 written to /workspace/builds/worker-2-tc1/source/Cargo.toml
[INFO] crate crates.io crate ncw-convert 0.1.2 already has a lockfile, it will not be regenerated
[INFO] running `Command { std: CARGO_HOME="/workspace/cargo-home" RUSTUP_HOME="/workspace/rustup-home" "/workspace/cargo-home/bin/cargo" "+1.75.0" "fetch" "--manifest-path" "Cargo.toml", kill_on_drop: false }`
[INFO] [stderr]     Updating crates.io index
[INFO] [stderr]  Downloading crates ...
[INFO] [stderr]   Downloaded ncw v0.1.2
[INFO] running `Command { std: "docker" "create" "-v" "/var/lib/crater-agent-workspace/builds/worker-2-tc1/target:/opt/rustwide/target:rw,Z" "-v" "/var/lib/crater-agent-workspace/builds/worker-2-tc1/source:/opt/rustwide/workdir:ro,Z" "-v" "/var/lib/crater-agent-workspace/cargo-home:/opt/rustwide/cargo-home:ro,Z" "-v" "/var/lib/crater-agent-workspace/rustup-home:/opt/rustwide/rustup-home:ro,Z" "-e" "SOURCE_DIR=/opt/rustwide/workdir" "-e" "CARGO_TARGET_DIR=/opt/rustwide/target" "-e" "CARGO_HOME=/opt/rustwide/cargo-home" "-e" "RUSTUP_HOME=/opt/rustwide/rustup-home" "-w" "/opt/rustwide/workdir" "-m" "1610612736" "--user" "0:0" "--network" "none" "ghcr.io/rust-lang/crates-build-env/linux@sha256:2788e3201cd34a07e3172128adcd8b3090168a8e3bcc40d7c032b9dda1df7d1c" "/opt/rustwide/cargo-home/bin/cargo" "+1.75.0" "metadata" "--no-deps" "--format-version=1", kill_on_drop: false }`
[INFO] [stdout] b58dd0b9fa7f3b12801ae40856968d7d2609e7a38622e4438daba06ca4b3f325
[INFO] running `Command { std: "docker" "start" "-a" "b58dd0b9fa7f3b12801ae40856968d7d2609e7a38622e4438daba06ca4b3f325", kill_on_drop: false }`
[INFO] running `Command { std: "docker" "inspect" "b58dd0b9fa7f3b12801ae40856968d7d2609e7a38622e4438daba06ca4b3f325", kill_on_drop: false }`
[INFO] running `Command { std: "docker" "rm" "-f" "b58dd0b9fa7f3b12801ae40856968d7d2609e7a38622e4438daba06ca4b3f325", kill_on_drop: false }`
[INFO] [stdout] b58dd0b9fa7f3b12801ae40856968d7d2609e7a38622e4438daba06ca4b3f325
[INFO] running `Command { std: "docker" "create" "-v" "/var/lib/crater-agent-workspace/builds/worker-2-tc1/target:/opt/rustwide/target:rw,Z" "-v" "/var/lib/crater-agent-workspace/builds/worker-2-tc1/source:/opt/rustwide/workdir:ro,Z" "-v" "/var/lib/crater-agent-workspace/cargo-home:/opt/rustwide/cargo-home:ro,Z" "-v" "/var/lib/crater-agent-workspace/rustup-home:/opt/rustwide/rustup-home:ro,Z" "-e" "SOURCE_DIR=/opt/rustwide/workdir" "-e" "CARGO_TARGET_DIR=/opt/rustwide/target" "-e" "CARGO_INCREMENTAL=0" "-e" "RUST_BACKTRACE=full" "-e" "RUSTFLAGS=--cap-lints=warn" "-e" "RUSTDOCFLAGS=--cap-lints=warn" "-e" "CARGO_HOME=/opt/rustwide/cargo-home" "-e" "RUSTUP_HOME=/opt/rustwide/rustup-home" "-w" "/opt/rustwide/workdir" "-m" "1610612736" "--user" "0:0" "--network" "none" "ghcr.io/rust-lang/crates-build-env/linux@sha256:2788e3201cd34a07e3172128adcd8b3090168a8e3bcc40d7c032b9dda1df7d1c" "/opt/rustwide/cargo-home/bin/cargo" "+1.75.0" "build" "--frozen" "--message-format=json", kill_on_drop: false }`
[INFO] [stdout] 8f2ed341371f14a4ee5fdb0ec0a4fe8d76b67b2b9da8d74cc2a23c5175f56a9f
[INFO] running `Command { std: "docker" "start" "-a" "8f2ed341371f14a4ee5fdb0ec0a4fe8d76b67b2b9da8d74cc2a23c5175f56a9f", kill_on_drop: false }`
[INFO] [stderr]    Compiling hound v3.5.0
[INFO] [stderr]    Compiling ncw v0.1.2
[INFO] [stderr]    Compiling ncw-convert v0.1.2 (/opt/rustwide/workdir)
[INFO] [stderr]     Finished dev [unoptimized + debuginfo] target(s) in 0.49s
[INFO] running `Command { std: "docker" "inspect" "8f2ed341371f14a4ee5fdb0ec0a4fe8d76b67b2b9da8d74cc2a23c5175f56a9f", kill_on_drop: false }`
[INFO] running `Command { std: "docker" "rm" "-f" "8f2ed341371f14a4ee5fdb0ec0a4fe8d76b67b2b9da8d74cc2a23c5175f56a9f", kill_on_drop: false }`
[INFO] [stdout] 8f2ed341371f14a4ee5fdb0ec0a4fe8d76b67b2b9da8d74cc2a23c5175f56a9f
[INFO] running `Command { std: "docker" "create" "-v" "/var/lib/crater-agent-workspace/builds/worker-2-tc1/target:/opt/rustwide/target:rw,Z" "-v" "/var/lib/crater-agent-workspace/builds/worker-2-tc1/source:/opt/rustwide/workdir:ro,Z" "-v" "/var/lib/crater-agent-workspace/cargo-home:/opt/rustwide/cargo-home:ro,Z" "-v" "/var/lib/crater-agent-workspace/rustup-home:/opt/rustwide/rustup-home:ro,Z" "-e" "SOURCE_DIR=/opt/rustwide/workdir" "-e" "CARGO_TARGET_DIR=/opt/rustwide/target" "-e" "CARGO_INCREMENTAL=0" "-e" "RUST_BACKTRACE=full" "-e" "RUSTFLAGS=--cap-lints=warn" "-e" "RUSTDOCFLAGS=--cap-lints=warn" "-e" "CARGO_HOME=/opt/rustwide/cargo-home" "-e" "RUSTUP_HOME=/opt/rustwide/rustup-home" "-w" "/opt/rustwide/workdir" "-m" "1610612736" "--user" "0:0" "--network" "none" "ghcr.io/rust-lang/crates-build-env/linux@sha256:2788e3201cd34a07e3172128adcd8b3090168a8e3bcc40d7c032b9dda1df7d1c" "/opt/rustwide/cargo-home/bin/cargo" "+1.75.0" "test" "--frozen" "--no-run" "--message-format=json", kill_on_drop: false }`
[INFO] [stdout] b2abdc77038417279c9fff8b32e74c9db2ccae70dc456a8e90d54bca1ae4d7bb
[INFO] running `Command { std: "docker" "start" "-a" "b2abdc77038417279c9fff8b32e74c9db2ccae70dc456a8e90d54bca1ae4d7bb", kill_on_drop: false }`
[INFO] [stderr]    Compiling ncw-convert v0.1.2 (/opt/rustwide/workdir)
[INFO] [stderr]     Finished test [unoptimized + debuginfo] target(s) in 0.36s
[INFO] running `Command { std: "docker" "inspect" "b2abdc77038417279c9fff8b32e74c9db2ccae70dc456a8e90d54bca1ae4d7bb", kill_on_drop: false }`
[INFO] running `Command { std: "docker" "rm" "-f" "b2abdc77038417279c9fff8b32e74c9db2ccae70dc456a8e90d54bca1ae4d7bb", kill_on_drop: false }`
[INFO] [stdout] b2abdc77038417279c9fff8b32e74c9db2ccae70dc456a8e90d54bca1ae4d7bb
[INFO] running `Command { std: "docker" "create" "-v" "/var/lib/crater-agent-workspace/builds/worker-2-tc1/target:/opt/rustwide/target:rw,Z" "-v" "/var/lib/crater-agent-workspace/builds/worker-2-tc1/source:/opt/rustwide/workdir:ro,Z" "-v" "/var/lib/crater-agent-workspace/cargo-home:/opt/rustwide/cargo-home:ro,Z" "-v" "/var/lib/crater-agent-workspace/rustup-home:/opt/rustwide/rustup-home:ro,Z" "-e" "SOURCE_DIR=/opt/rustwide/workdir" "-e" "CARGO_TARGET_DIR=/opt/rustwide/target" "-e" "CARGO_INCREMENTAL=0" "-e" "RUST_BACKTRACE=full" "-e" "RUSTFLAGS=--cap-lints=warn" "-e" "RUSTDOCFLAGS=--cap-lints=warn" "-e" "CARGO_HOME=/opt/rustwide/cargo-home" "-e" "RUSTUP_HOME=/opt/rustwide/rustup-home" "-w" "/opt/rustwide/workdir" "-m" "1610612736" "--user" "0:0" "--network" "none" "ghcr.io/rust-lang/crates-build-env/linux@sha256:2788e3201cd34a07e3172128adcd8b3090168a8e3bcc40d7c032b9dda1df7d1c" "/opt/rustwide/cargo-home/bin/cargo" "+1.75.0" "test" "--frozen", kill_on_drop: false }`
[INFO] [stdout] 61b4d45eaadfad49cd4ca60caca98ef2cc2c74e838280597a8aa234ec03f2960
[INFO] running `Command { std: "docker" "start" "-a" "61b4d45eaadfad49cd4ca60caca98ef2cc2c74e838280597a8aa234ec03f2960", kill_on_drop: false }`
[INFO] [stderr]     Finished test [unoptimized + debuginfo] target(s) in 0.00s
[INFO] [stderr]      Running unittests src/main.rs (/opt/rustwide/target/debug/deps/ncw_convert-086d54d18b39263a)
[INFO] [stdout] 
[INFO] [stdout] running 2 tests
[INFO] [stdout] test tests::test_read_16bit_mono ... FAILED
[INFO] [stdout] test tests::test_read_24bit_stereo ... FAILED
[INFO] [stdout] 
[INFO] [stdout] failures:
[INFO] [stdout] 
[INFO] [stdout] ---- tests::test_read_16bit_mono stdout ----
[INFO] [stdout] Error: Os { code: 2, kind: NotFound, message: "No such file or directory" }
[INFO] [stdout] 
[INFO] [stdout] ---- tests::test_read_24bit_stereo stdout ----
[INFO] [stdout] Error: Os { code: 2, kind: NotFound, message: "No such file or directory" }
[INFO] [stdout] 
[INFO] [stdout] 
[INFO] [stdout] failures:
[INFO] [stdout]     tests::test_read_16bit_mono
[INFO] [stdout]     tests::test_read_24bit_stereo
[INFO] [stdout] 
[INFO] [stdout] test result: FAILED. 0 passed; 2 failed; 0 ignored; 0 measured; 0 filtered out; finished in 0.00s
[INFO] [stdout] 
[INFO] [stderr] error: test failed, to rerun pass `--bin ncw-convert`
[INFO] running `Command { std: "docker" "inspect" "61b4d45eaadfad49cd4ca60caca98ef2cc2c74e838280597a8aa234ec03f2960", kill_on_drop: false }`
[INFO] running `Command { std: "docker" "rm" "-f" "61b4d45eaadfad49cd4ca60caca98ef2cc2c74e838280597a8aa234ec03f2960", kill_on_drop: false }`
[INFO] [stdout] 61b4d45eaadfad49cd4ca60caca98ef2cc2c74e838280597a8aa234ec03f2960
