[INFO] fetching crate nardol 0.0.3...
[INFO] testing nardol-0.0.3 against 1.75.0 for beta-1.76-1
[INFO] extracting crate nardol 0.0.3 into /workspace/builds/worker-2-tc1/source
[INFO] validating manifest of crates.io crate nardol 0.0.3 on toolchain 1.75.0
[INFO] running `Command { std: CARGO_HOME="/workspace/cargo-home" RUSTUP_HOME="/workspace/rustup-home" "/workspace/cargo-home/bin/cargo" "+1.75.0" "metadata" "--manifest-path" "Cargo.toml" "--no-deps", kill_on_drop: false }`
[INFO] started tweaking crates.io crate nardol 0.0.3
[INFO] finished tweaking crates.io crate nardol 0.0.3
[INFO] tweaked toml for crates.io crate nardol 0.0.3 written to /workspace/builds/worker-2-tc1/source/Cargo.toml
[INFO] running `Command { std: CARGO_HOME="/workspace/cargo-home" RUSTUP_HOME="/workspace/rustup-home" "/workspace/cargo-home/bin/cargo" "+1.75.0" "generate-lockfile" "--manifest-path" "Cargo.toml", kill_on_drop: false }`
[INFO] [stderr]     Updating crates.io index
[INFO] running `Command { std: CARGO_HOME="/workspace/cargo-home" RUSTUP_HOME="/workspace/rustup-home" "/workspace/cargo-home/bin/cargo" "+1.75.0" "fetch" "--manifest-path" "Cargo.toml", kill_on_drop: false }`
[INFO] [stderr]     Blocking waiting for file lock on package cache
[INFO] [stderr]     Blocking waiting for file lock on package cache
[INFO] [stderr]  Downloading crates ...
[INFO] [stderr]   Downloaded ron v0.6.6
[INFO] running `Command { std: "docker" "create" "-v" "/var/lib/crater-agent-workspace/builds/worker-2-tc1/target:/opt/rustwide/target:rw,Z" "-v" "/var/lib/crater-agent-workspace/builds/worker-2-tc1/source:/opt/rustwide/workdir:ro,Z" "-v" "/var/lib/crater-agent-workspace/cargo-home:/opt/rustwide/cargo-home:ro,Z" "-v" "/var/lib/crater-agent-workspace/rustup-home:/opt/rustwide/rustup-home:ro,Z" "-e" "SOURCE_DIR=/opt/rustwide/workdir" "-e" "CARGO_TARGET_DIR=/opt/rustwide/target" "-e" "CARGO_HOME=/opt/rustwide/cargo-home" "-e" "RUSTUP_HOME=/opt/rustwide/rustup-home" "-w" "/opt/rustwide/workdir" "-m" "1610612736" "--user" "0:0" "--network" "none" "ghcr.io/rust-lang/crates-build-env/linux@sha256:2788e3201cd34a07e3172128adcd8b3090168a8e3bcc40d7c032b9dda1df7d1c" "/opt/rustwide/cargo-home/bin/cargo" "+1.75.0" "metadata" "--no-deps" "--format-version=1", kill_on_drop: false }`
[INFO] [stdout] 18baa21ffd2e196f23f31f535b3bc9cfed7a50f9f7c839245b57afba8b4a86d1
[INFO] running `Command { std: "docker" "start" "-a" "18baa21ffd2e196f23f31f535b3bc9cfed7a50f9f7c839245b57afba8b4a86d1", kill_on_drop: false }`
[INFO] running `Command { std: "docker" "inspect" "18baa21ffd2e196f23f31f535b3bc9cfed7a50f9f7c839245b57afba8b4a86d1", kill_on_drop: false }`
[INFO] running `Command { std: "docker" "rm" "-f" "18baa21ffd2e196f23f31f535b3bc9cfed7a50f9f7c839245b57afba8b4a86d1", kill_on_drop: false }`
[INFO] [stdout] 18baa21ffd2e196f23f31f535b3bc9cfed7a50f9f7c839245b57afba8b4a86d1
[INFO] running `Command { std: "docker" "create" "-v" "/var/lib/crater-agent-workspace/builds/worker-2-tc1/target:/opt/rustwide/target:rw,Z" "-v" "/var/lib/crater-agent-workspace/builds/worker-2-tc1/source:/opt/rustwide/workdir:ro,Z" "-v" "/var/lib/crater-agent-workspace/cargo-home:/opt/rustwide/cargo-home:ro,Z" "-v" "/var/lib/crater-agent-workspace/rustup-home:/opt/rustwide/rustup-home:ro,Z" "-e" "SOURCE_DIR=/opt/rustwide/workdir" "-e" "CARGO_TARGET_DIR=/opt/rustwide/target" "-e" "CARGO_INCREMENTAL=0" "-e" "RUST_BACKTRACE=full" "-e" "RUSTFLAGS=--cap-lints=warn" "-e" "RUSTDOCFLAGS=--cap-lints=warn" "-e" "CARGO_HOME=/opt/rustwide/cargo-home" "-e" "RUSTUP_HOME=/opt/rustwide/rustup-home" "-w" "/opt/rustwide/workdir" "-m" "1610612736" "--user" "0:0" "--network" "none" "ghcr.io/rust-lang/crates-build-env/linux@sha256:2788e3201cd34a07e3172128adcd8b3090168a8e3bcc40d7c032b9dda1df7d1c" "/opt/rustwide/cargo-home/bin/cargo" "+1.75.0" "build" "--frozen" "--message-format=json", kill_on_drop: false }`
[INFO] [stdout] c13ba372b43bddb763a614df9a6f9a040118dfc522e6a54f36aba495936e1ae5
[INFO] running `Command { std: "docker" "start" "-a" "c13ba372b43bddb763a614df9a6f9a040118dfc522e6a54f36aba495936e1ae5", kill_on_drop: false }`
[INFO] [stderr]    Compiling num-traits v0.2.17
[INFO] [stderr]    Compiling cc v1.0.83
[INFO] [stderr]    Compiling serde v1.0.194
[INFO] [stderr]    Compiling gimli v0.28.1
[INFO] [stderr]    Compiling serde_derive v1.0.194
[INFO] [stderr]    Compiling memchr v2.7.1
[INFO] [stderr]    Compiling miniz_oxide v0.7.1
[INFO] [stderr]    Compiling either v1.9.0
[INFO] [stderr]    Compiling itertools v0.10.5
[INFO] [stderr]    Compiling indoc v1.0.9
[INFO] [stderr]    Compiling object v0.32.2
[INFO] [stderr]    Compiling backtrace v0.3.69
[INFO] [stderr]    Compiling chrono v0.4.31
[INFO] [stderr]    Compiling addr2line v0.21.0
[INFO] [stderr]    Compiling ron v0.6.6
[INFO] [stderr]    Compiling nardol v0.0.3 (/opt/rustwide/workdir)
[INFO] [stdout] warning: use of deprecated associated function `chrono::NaiveDateTime::from_timestamp`: use `from_timestamp_opt()` instead
[INFO] [stdout]    --> src/bytes/from_bytes.rs:213:45
[INFO] [stdout]     |
[INFO] [stdout] 213 |         let naive_datetime = NaiveDateTime::from_timestamp(usize::try_from(value)? as i64, 0);
[INFO] [stdout]     |                                             ^^^^^^^^^^^^^^
[INFO] [stdout]     |
[INFO] [stdout]     = note: `#[warn(deprecated)]` on by default
[INFO] [stdout] 
[INFO] [stdout] 
[INFO] [stdout] warning: use of deprecated associated function `chrono::DateTime::<Tz>::from_utc`: Use TimeZone::from_utc_datetime() or DateTime::from_naive_utc_and_offset instead
[INFO] [stdout]    --> src/bytes/from_bytes.rs:215:22
[INFO] [stdout]     |
[INFO] [stdout] 215 |         Ok(DateTime::from_utc(naive_datetime, Utc))
[INFO] [stdout]     |                      ^^^^^^^^
[INFO] [stdout] 
[INFO] [stdout] 
[INFO] [stdout] warning: use of deprecated associated function `chrono::NaiveDateTime::from_timestamp`: use `from_timestamp_opt()` instead
[INFO] [stdout]    --> src/bytes/from_bytes.rs:233:45
[INFO] [stdout]     |
[INFO] [stdout] 233 |         let naive_datetime = NaiveDateTime::from_timestamp(usize::try_from(value)? as i64, 0);
[INFO] [stdout]     |                                             ^^^^^^^^^^^^^^
[INFO] [stdout] 
[INFO] [stdout] 
[INFO] [stdout] warning: use of deprecated associated function `chrono::DateTime::<Tz>::from_utc`: Use TimeZone::from_utc_datetime() or DateTime::from_naive_utc_and_offset instead
[INFO] [stdout]    --> src/bytes/from_bytes.rs:235:22
[INFO] [stdout]     |
[INFO] [stdout] 235 |         Ok(DateTime::from_utc(naive_datetime, Utc))
[INFO] [stdout]     |                      ^^^^^^^^
[INFO] [stdout] 
[INFO] [stdout] 
[INFO] [stdout] warning: function `send_content` is never used
[INFO] [stdout]   --> src/message/utils.rs:13:8
[INFO] [stdout]    |
[INFO] [stdout] 13 | pub fn send_content(stream: &mut TcpStream, content: Bytes) -> Result<(), Error> {
[INFO] [stdout]    |        ^^^^^^^^^^^^
[INFO] [stdout]    |
[INFO] [stdout]    = note: `#[warn(dead_code)]` on by default
[INFO] [stdout] 
[INFO] [stdout] 
[INFO] [stdout] warning: function `receive_content` is never used
[INFO] [stdout]   --> src/message/utils.rs:26:8
[INFO] [stdout]    |
[INFO] [stdout] 26 | pub fn receive_content(stream: &mut TcpStream) -> Result<(Bytes, Packet), Error> {
[INFO] [stdout]    |        ^^^^^^^^^^^^^^^
[INFO] [stdout] 
[INFO] [stdout] 
[INFO] [stdout] warning: function `send_file` is never used
[INFO] [stdout]   --> src/message/utils.rs:68:8
[INFO] [stdout]    |
[INFO] [stdout] 68 | pub fn send_file(stream: &mut TcpStream, path: &Path) -> Result<(), Error> {
[INFO] [stdout]    |        ^^^^^^^^^
[INFO] [stdout] 
[INFO] [stdout] 
[INFO] [stdout] warning: function `receive_file` is never used
[INFO] [stdout]    --> src/message/utils.rs:121:8
[INFO] [stdout]     |
[INFO] [stdout] 121 | pub fn receive_file(
[INFO] [stdout]     |        ^^^^^^^^^^^^
[INFO] [stdout] 
[INFO] [stdout] 
[INFO] [stdout] warning: 8 warnings emitted
[INFO] [stdout] 
[INFO] [stdout] 
[INFO] [stderr]     Finished dev [unoptimized + debuginfo] target(s) in 6.94s
[INFO] running `Command { std: "docker" "inspect" "c13ba372b43bddb763a614df9a6f9a040118dfc522e6a54f36aba495936e1ae5", kill_on_drop: false }`
[INFO] running `Command { std: "docker" "rm" "-f" "c13ba372b43bddb763a614df9a6f9a040118dfc522e6a54f36aba495936e1ae5", kill_on_drop: false }`
[INFO] [stdout] c13ba372b43bddb763a614df9a6f9a040118dfc522e6a54f36aba495936e1ae5
[INFO] running `Command { std: "docker" "create" "-v" "/var/lib/crater-agent-workspace/builds/worker-2-tc1/target:/opt/rustwide/target:rw,Z" "-v" "/var/lib/crater-agent-workspace/builds/worker-2-tc1/source:/opt/rustwide/workdir:ro,Z" "-v" "/var/lib/crater-agent-workspace/cargo-home:/opt/rustwide/cargo-home:ro,Z" "-v" "/var/lib/crater-agent-workspace/rustup-home:/opt/rustwide/rustup-home:ro,Z" "-e" "SOURCE_DIR=/opt/rustwide/workdir" "-e" "CARGO_TARGET_DIR=/opt/rustwide/target" "-e" "CARGO_INCREMENTAL=0" "-e" "RUST_BACKTRACE=full" "-e" "RUSTFLAGS=--cap-lints=warn" "-e" "RUSTDOCFLAGS=--cap-lints=warn" "-e" "CARGO_HOME=/opt/rustwide/cargo-home" "-e" "RUSTUP_HOME=/opt/rustwide/rustup-home" "-w" "/opt/rustwide/workdir" "-m" "1610612736" "--user" "0:0" "--network" "none" "ghcr.io/rust-lang/crates-build-env/linux@sha256:2788e3201cd34a07e3172128adcd8b3090168a8e3bcc40d7c032b9dda1df7d1c" "/opt/rustwide/cargo-home/bin/cargo" "+1.75.0" "test" "--frozen" "--no-run" "--message-format=json", kill_on_drop: false }`
[INFO] [stdout] b31daadf5756f1cbe86562357d4e2b6a0acab082ff292f70dc0b811032c34581
[INFO] running `Command { std: "docker" "start" "-a" "b31daadf5756f1cbe86562357d4e2b6a0acab082ff292f70dc0b811032c34581", kill_on_drop: false }`
[INFO] [stdout] warning: use of deprecated associated function `chrono::NaiveDateTime::from_timestamp`: use `from_timestamp_opt()` instead
[INFO] [stdout]    --> src/bytes/from_bytes.rs:213:45
[INFO] [stdout]     |
[INFO] [stdout] 213 |         let naive_datetime = NaiveDateTime::from_timestamp(usize::try_from(value)? as i64, 0);
[INFO] [stdout]     |                                             ^^^^^^^^^^^^^^
[INFO] [stdout]     |
[INFO] [stdout]     = note: `#[warn(deprecated)]` on by default
[INFO] [stdout] 
[INFO] [stdout] 
[INFO] [stdout] warning: use of deprecated associated function `chrono::DateTime::<Tz>::from_utc`: Use TimeZone::from_utc_datetime() or DateTime::from_naive_utc_and_offset instead
[INFO] [stdout]    --> src/bytes/from_bytes.rs:215:22
[INFO] [stdout]     |
[INFO] [stdout] 215 |         Ok(DateTime::from_utc(naive_datetime, Utc))
[INFO] [stdout]     |                      ^^^^^^^^
[INFO] [stdout] 
[INFO] [stdout] 
[INFO] [stdout] warning: use of deprecated associated function `chrono::NaiveDateTime::from_timestamp`: use `from_timestamp_opt()` instead
[INFO] [stdout]    --> src/bytes/from_bytes.rs:233:45
[INFO] [stdout]     |
[INFO] [stdout] 233 |         let naive_datetime = NaiveDateTime::from_timestamp(usize::try_from(value)? as i64, 0);
[INFO] [stdout]     |                                             ^^^^^^^^^^^^^^
[INFO] [stdout] 
[INFO] [stdout] 
[INFO] [stdout] warning: use of deprecated associated function `chrono::DateTime::<Tz>::from_utc`: Use TimeZone::from_utc_datetime() or DateTime::from_naive_utc_and_offset instead
[INFO] [stdout]    --> src/bytes/from_bytes.rs:235:22
[INFO] [stdout]     |
[INFO] [stdout] 235 |         Ok(DateTime::from_utc(naive_datetime, Utc))
[INFO] [stdout]     |                      ^^^^^^^^
[INFO] [stdout] 
[INFO] [stdout] 
[INFO] [stdout] warning: function `send_content` is never used
[INFO] [stdout]   --> src/message/utils.rs:13:8
[INFO] [stdout]    |
[INFO] [stdout] 13 | pub fn send_content(stream: &mut TcpStream, content: Bytes) -> Result<(), Error> {
[INFO] [stdout]    |        ^^^^^^^^^^^^
[INFO] [stdout]    |
[INFO] [stdout]    = note: `#[warn(dead_code)]` on by default
[INFO] [stdout] 
[INFO] [stdout] 
[INFO] [stdout] warning: function `receive_content` is never used
[INFO] [stdout]   --> src/message/utils.rs:26:8
[INFO] [stdout]    |
[INFO] [stdout] 26 | pub fn receive_content(stream: &mut TcpStream) -> Result<(Bytes, Packet), Error> {
[INFO] [stdout]    |        ^^^^^^^^^^^^^^^
[INFO] [stdout] 
[INFO] [stdout] 
[INFO] [stderr]    Compiling nardol v0.0.3 (/opt/rustwide/workdir)
[INFO] [stdout] warning: function `send_file` is never used
[INFO] [stdout]   --> src/message/utils.rs:68:8
[INFO] [stdout]    |
[INFO] [stdout] 68 | pub fn send_file(stream: &mut TcpStream, path: &Path) -> Result<(), Error> {
[INFO] [stdout]    |        ^^^^^^^^^
[INFO] [stdout] 
[INFO] [stdout] 
[INFO] [stdout] warning: function `receive_file` is never used
[INFO] [stdout]    --> src/message/utils.rs:121:8
[INFO] [stdout]     |
[INFO] [stdout] 121 | pub fn receive_file(
[INFO] [stdout]     |        ^^^^^^^^^^^^
[INFO] [stdout] 
[INFO] [stdout] 
[INFO] [stdout] warning: 8 warnings emitted
[INFO] [stdout] 
[INFO] [stdout] 
[INFO] [stdout] warning: use of deprecated associated function `chrono::NaiveDateTime::from_timestamp`: use `from_timestamp_opt()` instead
[INFO] [stdout]    --> src/bytes/from_bytes.rs:213:45
[INFO] [stdout]     |
[INFO] [stdout] 213 |         let naive_datetime = NaiveDateTime::from_timestamp(usize::try_from(value)? as i64, 0);
[INFO] [stdout]     |                                             ^^^^^^^^^^^^^^
[INFO] [stdout]     |
[INFO] [stdout]     = note: `#[warn(deprecated)]` on by default
[INFO] [stdout] 
[INFO] [stdout] 
[INFO] [stdout] warning: use of deprecated associated function `chrono::DateTime::<Tz>::from_utc`: Use TimeZone::from_utc_datetime() or DateTime::from_naive_utc_and_offset instead
[INFO] [stdout]    --> src/bytes/from_bytes.rs:215:22
[INFO] [stdout]     |
[INFO] [stdout] 215 |         Ok(DateTime::from_utc(naive_datetime, Utc))
[INFO] [stdout]     |                      ^^^^^^^^
[INFO] [stdout] 
[INFO] [stdout] 
[INFO] [stdout] warning: use of deprecated associated function `chrono::NaiveDateTime::from_timestamp`: use `from_timestamp_opt()` instead
[INFO] [stdout]    --> src/bytes/from_bytes.rs:233:45
[INFO] [stdout]     |
[INFO] [stdout] 233 |         let naive_datetime = NaiveDateTime::from_timestamp(usize::try_from(value)? as i64, 0);
[INFO] [stdout]     |                                             ^^^^^^^^^^^^^^
[INFO] [stdout] 
[INFO] [stdout] 
[INFO] [stdout] warning: use of deprecated associated function `chrono::DateTime::<Tz>::from_utc`: Use TimeZone::from_utc_datetime() or DateTime::from_naive_utc_and_offset instead
[INFO] [stdout]    --> src/bytes/from_bytes.rs:235:22
[INFO] [stdout]     |
[INFO] [stdout] 235 |         Ok(DateTime::from_utc(naive_datetime, Utc))
[INFO] [stdout]     |                      ^^^^^^^^
[INFO] [stdout] 
[INFO] [stdout] 
[INFO] [stdout] warning: function `send_content` is never used
[INFO] [stdout]   --> src/message/utils.rs:13:8
[INFO] [stdout]    |
[INFO] [stdout] 13 | pub fn send_content(stream: &mut TcpStream, content: Bytes) -> Result<(), Error> {
[INFO] [stdout]    |        ^^^^^^^^^^^^
[INFO] [stdout]    |
[INFO] [stdout]    = note: `#[warn(dead_code)]` on by default
[INFO] [stdout] 
[INFO] [stdout] 
[INFO] [stdout] warning: function `receive_content` is never used
[INFO] [stdout]   --> src/message/utils.rs:26:8
[INFO] [stdout]    |
[INFO] [stdout] 26 | pub fn receive_content(stream: &mut TcpStream) -> Result<(Bytes, Packet), Error> {
[INFO] [stdout]    |        ^^^^^^^^^^^^^^^
[INFO] [stdout] 
[INFO] [stdout] 
[INFO] [stdout] warning: function `send_file` is never used
[INFO] [stdout]   --> src/message/utils.rs:68:8
[INFO] [stdout]    |
[INFO] [stdout] 68 | pub fn send_file(stream: &mut TcpStream, path: &Path) -> Result<(), Error> {
[INFO] [stdout]    |        ^^^^^^^^^
[INFO] [stdout] 
[INFO] [stdout] 
[INFO] [stdout] warning: function `receive_file` is never used
[INFO] [stdout]    --> src/message/utils.rs:121:8
[INFO] [stdout]     |
[INFO] [stdout] 121 | pub fn receive_file(
[INFO] [stdout]     |        ^^^^^^^^^^^^
[INFO] [stdout] 
[INFO] [stdout] 
[INFO] [stdout] warning: 8 warnings emitted
[INFO] [stdout] 
[INFO] [stdout] 
[INFO] [stderr]     Finished test [unoptimized + debuginfo] target(s) in 0.87s
[INFO] running `Command { std: "docker" "inspect" "b31daadf5756f1cbe86562357d4e2b6a0acab082ff292f70dc0b811032c34581", kill_on_drop: false }`
[INFO] running `Command { std: "docker" "rm" "-f" "b31daadf5756f1cbe86562357d4e2b6a0acab082ff292f70dc0b811032c34581", kill_on_drop: false }`
[INFO] [stdout] b31daadf5756f1cbe86562357d4e2b6a0acab082ff292f70dc0b811032c34581
[INFO] running `Command { std: "docker" "create" "-v" "/var/lib/crater-agent-workspace/builds/worker-2-tc1/target:/opt/rustwide/target:rw,Z" "-v" "/var/lib/crater-agent-workspace/builds/worker-2-tc1/source:/opt/rustwide/workdir:ro,Z" "-v" "/var/lib/crater-agent-workspace/cargo-home:/opt/rustwide/cargo-home:ro,Z" "-v" "/var/lib/crater-agent-workspace/rustup-home:/opt/rustwide/rustup-home:ro,Z" "-e" "SOURCE_DIR=/opt/rustwide/workdir" "-e" "CARGO_TARGET_DIR=/opt/rustwide/target" "-e" "CARGO_INCREMENTAL=0" "-e" "RUST_BACKTRACE=full" "-e" "RUSTFLAGS=--cap-lints=warn" "-e" "RUSTDOCFLAGS=--cap-lints=warn" "-e" "CARGO_HOME=/opt/rustwide/cargo-home" "-e" "RUSTUP_HOME=/opt/rustwide/rustup-home" "-w" "/opt/rustwide/workdir" "-m" "1610612736" "--user" "0:0" "--network" "none" "ghcr.io/rust-lang/crates-build-env/linux@sha256:2788e3201cd34a07e3172128adcd8b3090168a8e3bcc40d7c032b9dda1df7d1c" "/opt/rustwide/cargo-home/bin/cargo" "+1.75.0" "test" "--frozen", kill_on_drop: false }`
[INFO] [stdout] 1fc60470990ebb76be0e342496c0d31d9f2c642cba36f4b1d0213e99804e5856
[INFO] running `Command { std: "docker" "start" "-a" "1fc60470990ebb76be0e342496c0d31d9f2c642cba36f4b1d0213e99804e5856", kill_on_drop: false }`
[INFO] [stderr] warning: use of deprecated associated function `chrono::NaiveDateTime::from_timestamp`: use `from_timestamp_opt()` instead
[INFO] [stderr]    --> src/bytes/from_bytes.rs:213:45
[INFO] [stderr]     |
[INFO] [stderr] 213 |         let naive_datetime = NaiveDateTime::from_timestamp(usize::try_from(value)? as i64, 0);
[INFO] [stderr]     |                                             ^^^^^^^^^^^^^^
[INFO] [stderr]     |
[INFO] [stderr]     = note: `#[warn(deprecated)]` on by default
[INFO] [stderr] 
[INFO] [stderr] warning: use of deprecated associated function `chrono::DateTime::<Tz>::from_utc`: Use TimeZone::from_utc_datetime() or DateTime::from_naive_utc_and_offset instead
[INFO] [stderr]    --> src/bytes/from_bytes.rs:215:22
[INFO] [stderr]     |
[INFO] [stderr] 215 |         Ok(DateTime::from_utc(naive_datetime, Utc))
[INFO] [stderr]     |                      ^^^^^^^^
[INFO] [stderr] 
[INFO] [stderr] warning: use of deprecated associated function `chrono::NaiveDateTime::from_timestamp`: use `from_timestamp_opt()` instead
[INFO] [stderr]    --> src/bytes/from_bytes.rs:233:45
[INFO] [stderr]     |
[INFO] [stderr] 233 |         let naive_datetime = NaiveDateTime::from_timestamp(usize::try_from(value)? as i64, 0);
[INFO] [stderr]     |                                             ^^^^^^^^^^^^^^
[INFO] [stderr] 
[INFO] [stderr] warning: use of deprecated associated function `chrono::DateTime::<Tz>::from_utc`: Use TimeZone::from_utc_datetime() or DateTime::from_naive_utc_and_offset instead
[INFO] [stderr]    --> src/bytes/from_bytes.rs:235:22
[INFO] [stderr]     |
[INFO] [stderr] 235 |         Ok(DateTime::from_utc(naive_datetime, Utc))
[INFO] [stderr]     |                      ^^^^^^^^
[INFO] [stderr] 
[INFO] [stderr] warning: function `send_content` is never used
[INFO] [stderr]   --> src/message/utils.rs:13:8
[INFO] [stderr]    |
[INFO] [stderr] 13 | pub fn send_content(stream: &mut TcpStream, content: Bytes) -> Result<(), Error> {
[INFO] [stderr]    |        ^^^^^^^^^^^^
[INFO] [stderr]    |
[INFO] [stderr]    = note: `#[warn(dead_code)]` on by default
[INFO] [stderr] 
[INFO] [stderr] warning: function `receive_content` is never used
[INFO] [stderr]   --> src/message/utils.rs:26:8
[INFO] [stderr]    |
[INFO] [stderr] 26 | pub fn receive_content(stream: &mut TcpStream) -> Result<(Bytes, Packet), Error> {
[INFO] [stderr]    |        ^^^^^^^^^^^^^^^
[INFO] [stderr] 
[INFO] [stderr] warning: function `send_file` is never used
[INFO] [stderr]   --> src/message/utils.rs:68:8
[INFO] [stderr]    |
[INFO] [stderr] 68 | pub fn send_file(stream: &mut TcpStream, path: &Path) -> Result<(), Error> {
[INFO] [stderr]    |        ^^^^^^^^^
[INFO] [stderr] 
[INFO] [stderr] warning: function `receive_file` is never used
[INFO] [stderr]    --> src/message/utils.rs:121:8
[INFO] [stderr]     |
[INFO] [stderr] 121 | pub fn receive_file(
[INFO] [stderr]     |        ^^^^^^^^^^^^
[INFO] [stderr] 
[INFO] [stderr] warning: `nardol` (lib) generated 8 warnings
[INFO] [stderr] warning: `nardol` (lib test) generated 8 warnings (8 duplicates)
[INFO] [stderr]     Finished test [unoptimized + debuginfo] target(s) in 0.02s
[INFO] [stderr]      Running unittests src/lib.rs (/opt/rustwide/target/debug/deps/nardol-a4a0af0e562ecb6a)
[INFO] [stdout] 
[INFO] [stdout] running 2 tests
[INFO] [stdout] test bytes::find_pattern_test ... ok
[INFO] [stdout] test bytes::split_at_pat_test ... ok
[INFO] [stdout] 
[INFO] [stdout] test result: ok. 2 passed; 0 failed; 0 ignored; 0 measured; 0 filtered out; finished in 0.00s
[INFO] [stdout] 
[INFO] [stderr]      Running tests/packet_tests.rs (/opt/rustwide/target/debug/deps/packet_tests-83dbb5d1ebd73d56)
[INFO] [stdout] 
[INFO] [stdout] running 18 tests
[INFO] [stdout] test description_size_single_threaded_access ... ok
[INFO] [stdout] test from_buff_correctness_test ... ok
[INFO] [stdout] test into_Bytes ... ok
[INFO] [stdout] test max_content_size ... ok
[INFO] [stdout] test new ... ok
[INFO] [stdout] test number_of_packets ... ok
[INFO] [stdout] test max_size_single_threaded_access ... ok
[INFO] [stdout] test peek_from_and_send_to ... ok
[INFO] [stdout] test receive_from ... ok
[INFO] [stdout] test peek_from_and_send_to_connected ... ok
[INFO] [stdout] test receive_from_connected ... ok
[INFO] [stdout] test description_size_multiple_threads_access ... ok
[INFO] [stdout] test max_size_multiple_threads_access ... ok
[INFO] [stdout] test split_to_max_packet_size ... ok
[INFO] [stdout] test from_buff_size_test ... ok
[INFO] [stdout] test peek ... ok
[INFO] [stdout] test receive ... ok
[INFO] [stdout] test set_max_size_multiple_threads_access ... ok
[INFO] [stdout] 
[INFO] [stdout] test result: ok. 18 passed; 0 failed; 0 ignored; 0 measured; 0 filtered out; finished in 1.00s
[INFO] [stdout] 
[INFO] [stderr]      Running tests/root.rs (/opt/rustwide/target/debug/deps/root-12109c6e96cc8456)
[INFO] [stdout] 
[INFO] [stdout] running 19 tests
[INFO] [stdout] test general_tests::from_arr ... ok
[INFO] [stdout] test packet_tests::description_size_single_threaded_access ... ok
[INFO] [stdout] test packet_tests::from_buff_correctness_test ... ok
[INFO] [stdout] test packet_tests::into_Bytes ... ok
[INFO] [stdout] test packet_tests::max_content_size ... ok
[INFO] [stdout] test packet_tests::max_size_single_threaded_access ... ok
[INFO] [stdout] test packet_tests::number_of_packets ... ok
[INFO] [stdout] test packet_tests::new ... ok
[INFO] [stdout] test packet_tests::peek_from_and_send_to_connected ... ok
[INFO] [stdout] test packet_tests::receive_from ... ok
[INFO] [stdout] test packet_tests::peek_from_and_send_to ... ok
[INFO] [stdout] test packet_tests::description_size_multiple_threads_access ... ok
[INFO] [stdout] test packet_tests::receive_from_connected ... ok
[INFO] [stdout] test packet_tests::split_to_max_packet_size ... ok
[INFO] [stdout] test packet_tests::max_size_multiple_threads_access ... FAILED
[INFO] [stdout] test packet_tests::from_buff_size_test ... ok
[INFO] [stdout] test packet_tests::peek ... ok
[INFO] [stdout] test packet_tests::receive ... ok
[INFO] [stdout] test packet_tests::set_max_size_multiple_threads_access ... ok
[INFO] [stdout] 
[INFO] [stdout] failures:
[INFO] [stdout] 
[INFO] [stdout] ---- packet_tests::max_size_multiple_threads_access stdout ----
[INFO] [stdout] thread 'packet_tests::max_size_multiple_threads_access' panicked at tests/packet_tests.rs:293:5:
[INFO] [stdout] This might be a false failure if tests are run in parallel.
[INFO] [stdout] stack backtrace:
[INFO] [stdout]    0:     0x55a6e1ec860c - std::backtrace_rs::backtrace::libunwind::trace::ha637c64ce894333a
[INFO] [stdout]                                at /rustc/82e1608dfa6e0b5569232559e3d385fea5a93112/library/std/src/../../backtrace/src/backtrace/libunwind.rs:104:5
[INFO] [stdout]    1:     0x55a6e1ec860c - std::backtrace_rs::backtrace::trace_unsynchronized::h47f62dea28e0c88d
[INFO] [stdout]                                at /rustc/82e1608dfa6e0b5569232559e3d385fea5a93112/library/std/src/../../backtrace/src/backtrace/mod.rs:66:5
[INFO] [stdout]    2:     0x55a6e1ec860c - std::sys_common::backtrace::_print_fmt::h9eef0abe20ede486
[INFO] [stdout]                                at /rustc/82e1608dfa6e0b5569232559e3d385fea5a93112/library/std/src/sys_common/backtrace.rs:67:5
[INFO] [stdout]    3:     0x55a6e1ec860c - <std::sys_common::backtrace::_print::DisplayBacktrace as core::fmt::Display>::fmt::hed7f999df88cc644
[INFO] [stdout]                                at /rustc/82e1608dfa6e0b5569232559e3d385fea5a93112/library/std/src/sys_common/backtrace.rs:44:22
[INFO] [stdout]    4:     0x55a6e1ef2930 - core::fmt::rt::Argument::fmt::h1539a9308b8d058d
[INFO] [stdout]                                at /rustc/82e1608dfa6e0b5569232559e3d385fea5a93112/library/core/src/fmt/rt.rs:142:9
[INFO] [stdout]    5:     0x55a6e1ef2930 - core::fmt::write::h3a39390d8560d9c9
[INFO] [stdout]                                at /rustc/82e1608dfa6e0b5569232559e3d385fea5a93112/library/core/src/fmt/mod.rs:1120:17
[INFO] [stdout]    6:     0x55a6e1ec5a3f - std::io::Write::write_fmt::h040b369f3a0f9cbc
[INFO] [stdout]                                at /rustc/82e1608dfa6e0b5569232559e3d385fea5a93112/library/std/src/io/mod.rs:1762:15
[INFO] [stdout]    7:     0x55a6e1ec83f4 - std::sys_common::backtrace::_print::h894006fb5c6f3d45
[INFO] [stdout]                                at /rustc/82e1608dfa6e0b5569232559e3d385fea5a93112/library/std/src/sys_common/backtrace.rs:47:5
[INFO] [stdout]    8:     0x55a6e1ec83f4 - std::sys_common::backtrace::print::h23a2d212c6fff936
[INFO] [stdout]                                at /rustc/82e1608dfa6e0b5569232559e3d385fea5a93112/library/std/src/sys_common/backtrace.rs:34:9
[INFO] [stdout]    9:     0x55a6e1eca0b7 - std::panicking::default_hook::{{closure}}::h8a1d2ee00185001a
[INFO] [stdout]   10:     0x55a6e1ec9da3 - std::panicking::default_hook::h6038f2eba384e475
[INFO] [stdout]                                at /rustc/82e1608dfa6e0b5569232559e3d385fea5a93112/library/std/src/panicking.rs:289:9
[INFO] [stdout]   11:     0x55a6e1d60497 - <alloc::boxed::Box<F,A> as core::ops::function::Fn<Args>>::call::h0ad024c9bdc6d768
[INFO] [stdout]                                at /rustc/82e1608dfa6e0b5569232559e3d385fea5a93112/library/alloc/src/boxed.rs:2021:9
[INFO] [stdout]   12:     0x55a6e1d60497 - test::test_main::{{closure}}::h7500b54257359db6
[INFO] [stdout]                                at /rustc/82e1608dfa6e0b5569232559e3d385fea5a93112/library/test/src/lib.rs:138:21
[INFO] [stdout]   13:     0x55a6e1eca6c8 - <alloc::boxed::Box<F,A> as core::ops::function::Fn<Args>>::call::h1f8f335eaa9cfaee
[INFO] [stdout]                                at /rustc/82e1608dfa6e0b5569232559e3d385fea5a93112/library/alloc/src/boxed.rs:2021:9
[INFO] [stdout]   14:     0x55a6e1eca6c8 - std::panicking::rust_panic_with_hook::h2b5517d590cab22e
[INFO] [stdout]                                at /rustc/82e1608dfa6e0b5569232559e3d385fea5a93112/library/std/src/panicking.rs:783:13
[INFO] [stdout]   15:     0x55a6e1eca3e9 - std::panicking::begin_panic_handler::{{closure}}::h233112c06e0ef43e
[INFO] [stdout]                                at /rustc/82e1608dfa6e0b5569232559e3d385fea5a93112/library/std/src/panicking.rs:649:13
[INFO] [stdout]   16:     0x55a6e1ec8ad6 - std::sys_common::backtrace::__rust_end_short_backtrace::h6e893f24d7ebbff8
[INFO] [stdout]                                at /rustc/82e1608dfa6e0b5569232559e3d385fea5a93112/library/std/src/sys_common/backtrace.rs:170:18
[INFO] [stdout]   17:     0x55a6e1eca182 - rust_begin_unwind
[INFO] [stdout]                                at /rustc/82e1608dfa6e0b5569232559e3d385fea5a93112/library/std/src/panicking.rs:645:5
[INFO] [stdout]   18:     0x55a6e1cf01d5 - core::panicking::panic_fmt::hbf0e066aabfa482c
[INFO] [stdout]                                at /rustc/82e1608dfa6e0b5569232559e3d385fea5a93112/library/core/src/panicking.rs:72:14
[INFO] [stdout]   19:     0x55a6e1d2bb45 - root::packet_tests::max_size_multiple_threads_access::h9255ce59e13ea55c
[INFO] [stdout]                                at /opt/rustwide/workdir/tests/packet_tests.rs:293:5
[INFO] [stdout]   20:     0x55a6e1d2b947 - root::packet_tests::max_size_multiple_threads_access::{{closure}}::h4e3b615b7f110edd
[INFO] [stdout]                                at /opt/rustwide/workdir/tests/packet_tests.rs:268:38
[INFO] [stdout]   21:     0x55a6e1d18776 - core::ops::function::FnOnce::call_once::h5c50cdad2f511fe5
[INFO] [stdout]                                at /rustc/82e1608dfa6e0b5569232559e3d385fea5a93112/library/core/src/ops/function.rs:250:5
[INFO] [stdout]   22:     0x55a6e1d65aef - core::ops::function::FnOnce::call_once::h2b5d431d5046312d
[INFO] [stdout]                                at /rustc/82e1608dfa6e0b5569232559e3d385fea5a93112/library/core/src/ops/function.rs:250:5
[INFO] [stdout]   23:     0x55a6e1d65aef - test::__rust_begin_short_backtrace::h7714669af176e207
[INFO] [stdout]                                at /rustc/82e1608dfa6e0b5569232559e3d385fea5a93112/library/test/src/lib.rs:628:18
[INFO] [stdout]   24:     0x55a6e1d64b05 - test::run_test_in_process::{{closure}}::h85218797dcbcec12
[INFO] [stdout]                                at /rustc/82e1608dfa6e0b5569232559e3d385fea5a93112/library/test/src/lib.rs:651:60
[INFO] [stdout]   25:     0x55a6e1d64b05 - <core::panic::unwind_safe::AssertUnwindSafe<F> as core::ops::function::FnOnce<()>>::call_once::h76c106ea31c14d7b
[INFO] [stdout]                                at /rustc/82e1608dfa6e0b5569232559e3d385fea5a93112/library/core/src/panic/unwind_safe.rs:272:9
[INFO] [stdout]   26:     0x55a6e1d64b05 - std::panicking::try::do_call::h3bd5d0f6620ee946
[INFO] [stdout]                                at /rustc/82e1608dfa6e0b5569232559e3d385fea5a93112/library/std/src/panicking.rs:552:40
[INFO] [stdout]   27:     0x55a6e1d64b05 - std::panicking::try::h232e535e4744fe31
[INFO] [stdout]                                at /rustc/82e1608dfa6e0b5569232559e3d385fea5a93112/library/std/src/panicking.rs:516:19
[INFO] [stdout]   28:     0x55a6e1d64b05 - std::panic::catch_unwind::h3ce3bd6ca8dbac68
[INFO] [stdout]                                at /rustc/82e1608dfa6e0b5569232559e3d385fea5a93112/library/std/src/panic.rs:142:14
[INFO] [stdout]   29:     0x55a6e1d64b05 - test::run_test_in_process::hc97b257c9621286a
[INFO] [stdout]                                at /rustc/82e1608dfa6e0b5569232559e3d385fea5a93112/library/test/src/lib.rs:651:27
[INFO] [stdout]   30:     0x55a6e1d64b05 - test::run_test::{{closure}}::h2aa798823a438d38
[INFO] [stdout]                                at /rustc/82e1608dfa6e0b5569232559e3d385fea5a93112/library/test/src/lib.rs:574:43
[INFO] [stdout]   31:     0x55a6e1d2cdc6 - test::run_test::{{closure}}::h87d231c78fb59832
[INFO] [stdout]                                at /rustc/82e1608dfa6e0b5569232559e3d385fea5a93112/library/test/src/lib.rs:602:41
[INFO] [stdout]   32:     0x55a6e1d2cdc6 - std::sys_common::backtrace::__rust_begin_short_backtrace::he6df152596625789
[INFO] [stdout]                                at /rustc/82e1608dfa6e0b5569232559e3d385fea5a93112/library/std/src/sys_common/backtrace.rs:154:18
[INFO] [stdout]   33:     0x55a6e1d31e77 - std::thread::Builder::spawn_unchecked_::{{closure}}::{{closure}}::ha94be15d1e0acf36
[INFO] [stdout]                                at /rustc/82e1608dfa6e0b5569232559e3d385fea5a93112/library/std/src/thread/mod.rs:529:17
[INFO] [stdout]   34:     0x55a6e1d31e77 - <core::panic::unwind_safe::AssertUnwindSafe<F> as core::ops::function::FnOnce<()>>::call_once::h9dc6bd6372f16606
[INFO] [stdout]                                at /rustc/82e1608dfa6e0b5569232559e3d385fea5a93112/library/core/src/panic/unwind_safe.rs:272:9
[INFO] [stdout]   35:     0x55a6e1d31e77 - std::panicking::try::do_call::h9057517f80303cd4
[INFO] [stdout]                                at /rustc/82e1608dfa6e0b5569232559e3d385fea5a93112/library/std/src/panicking.rs:552:40
[INFO] [stdout]   36:     0x55a6e1d31e77 - std::panicking::try::he3a30b11ee45340c
[INFO] [stdout]                                at /rustc/82e1608dfa6e0b5569232559e3d385fea5a93112/library/std/src/panicking.rs:516:19
[INFO] [stdout]   37:     0x55a6e1d31e77 - std::panic::catch_unwind::h410458cfd3528b8b
[INFO] [stdout]                                at /rustc/82e1608dfa6e0b5569232559e3d385fea5a93112/library/std/src/panic.rs:142:14
[INFO] [stdout]   38:     0x55a6e1d31e77 - std::thread::Builder::spawn_unchecked_::{{closure}}::h72ac3bdb567b737b
[INFO] [stdout]                                at /rustc/82e1608dfa6e0b5569232559e3d385fea5a93112/library/std/src/thread/mod.rs:528:30
[INFO] [stdout]   39:     0x55a6e1d31e77 - core::ops::function::FnOnce::call_once{{vtable.shim}}::h38f34da3654a8344
[INFO] [stdout]                                at /rustc/82e1608dfa6e0b5569232559e3d385fea5a93112/library/core/src/ops/function.rs:250:5
[INFO] [stdout]   40:     0x55a6e1ecf3c5 - <alloc::boxed::Box<F,A> as core::ops::function::FnOnce<Args>>::call_once::hc7eafaff61e32df9
[INFO] [stdout]                                at /rustc/82e1608dfa6e0b5569232559e3d385fea5a93112/library/alloc/src/boxed.rs:2007:9
[INFO] [stdout]   41:     0x55a6e1ecf3c5 - <alloc::boxed::Box<F,A> as core::ops::function::FnOnce<Args>>::call_once::h6ba4a5de48dd2304
[INFO] [stdout]                                at /rustc/82e1608dfa6e0b5569232559e3d385fea5a93112/library/alloc/src/boxed.rs:2007:9
[INFO] [stdout]   42:     0x55a6e1ecf3c5 - std::sys::unix::thread::Thread::new::thread_start::he469335aef763e45
[INFO] [stdout]                                at /rustc/82e1608dfa6e0b5569232559e3d385fea5a93112/library/std/src/sys/unix/thread.rs:108:17
[INFO] [stdout]   43:     0x7f6a24110ac3 - <unknown>
[INFO] [stdout]   44:     0x7f6a241a1bf4 - __clone
[INFO] [stdout]   45:                0x0 - <unknown>
[INFO] [stdout] 
[INFO] [stdout] 
[INFO] [stdout] failures:
[INFO] [stdout]     packet_tests::max_size_multiple_threads_access
[INFO] [stdout] 
[INFO] [stdout] test result: FAILED. 18 passed; 1 failed; 0 ignored; 0 measured; 0 filtered out; finished in 1.00s
[INFO] [stdout] 
[INFO] [stderr] error: test failed, to rerun pass `--test root`
[INFO] running `Command { std: "docker" "inspect" "1fc60470990ebb76be0e342496c0d31d9f2c642cba36f4b1d0213e99804e5856", kill_on_drop: false }`
[INFO] running `Command { std: "docker" "rm" "-f" "1fc60470990ebb76be0e342496c0d31d9f2c642cba36f4b1d0213e99804e5856", kill_on_drop: false }`
[INFO] [stdout] 1fc60470990ebb76be0e342496c0d31d9f2c642cba36f4b1d0213e99804e5856
[INFO] testing nardol-0.0.3 against beta-2023-12-22 for beta-1.76-1
[INFO] extracting crate nardol 0.0.3 into /workspace/builds/worker-2-tc2/source
[INFO] validating manifest of crates.io crate nardol 0.0.3 on toolchain beta-2023-12-22
[INFO] running `Command { std: CARGO_HOME="/workspace/cargo-home" RUSTUP_HOME="/workspace/rustup-home" "/workspace/cargo-home/bin/cargo" "+beta-2023-12-22" "metadata" "--manifest-path" "Cargo.toml" "--no-deps", kill_on_drop: false }`
[INFO] started tweaking crates.io crate nardol 0.0.3
[INFO] finished tweaking crates.io crate nardol 0.0.3
[INFO] tweaked toml for crates.io crate nardol 0.0.3 written to /workspace/builds/worker-2-tc2/source/Cargo.toml
[INFO] running `Command { std: CARGO_HOME="/workspace/cargo-home" RUSTUP_HOME="/workspace/rustup-home" "/workspace/cargo-home/bin/cargo" "+beta-2023-12-22" "generate-lockfile" "--manifest-path" "Cargo.toml", kill_on_drop: false }`
[INFO] [stderr]     Updating crates.io index
[INFO] running `Command { std: CARGO_HOME="/workspace/cargo-home" RUSTUP_HOME="/workspace/rustup-home" "/workspace/cargo-home/bin/cargo" "+beta-2023-12-22" "fetch" "--manifest-path" "Cargo.toml", kill_on_drop: false }`
[INFO] running `Command { std: "docker" "create" "-v" "/var/lib/crater-agent-workspace/builds/worker-2-tc2/target:/opt/rustwide/target:rw,Z" "-v" "/var/lib/crater-agent-workspace/builds/worker-2-tc2/source:/opt/rustwide/workdir:ro,Z" "-v" "/var/lib/crater-agent-workspace/cargo-home:/opt/rustwide/cargo-home:ro,Z" "-v" "/var/lib/crater-agent-workspace/rustup-home:/opt/rustwide/rustup-home:ro,Z" "-e" "SOURCE_DIR=/opt/rustwide/workdir" "-e" "CARGO_TARGET_DIR=/opt/rustwide/target" "-e" "CARGO_HOME=/opt/rustwide/cargo-home" "-e" "RUSTUP_HOME=/opt/rustwide/rustup-home" "-w" "/opt/rustwide/workdir" "-m" "1610612736" "--user" "0:0" "--network" "none" "ghcr.io/rust-lang/crates-build-env/linux@sha256:2788e3201cd34a07e3172128adcd8b3090168a8e3bcc40d7c032b9dda1df7d1c" "/opt/rustwide/cargo-home/bin/cargo" "+beta-2023-12-22" "metadata" "--no-deps" "--format-version=1", kill_on_drop: false }`
[INFO] [stdout] 6683f555686da64f8955e3f188f32a66af766d57b371dcc470c66c17c801b438
[INFO] running `Command { std: "docker" "start" "-a" "6683f555686da64f8955e3f188f32a66af766d57b371dcc470c66c17c801b438", kill_on_drop: false }`
[INFO] running `Command { std: "docker" "inspect" "6683f555686da64f8955e3f188f32a66af766d57b371dcc470c66c17c801b438", kill_on_drop: false }`
[INFO] running `Command { std: "docker" "rm" "-f" "6683f555686da64f8955e3f188f32a66af766d57b371dcc470c66c17c801b438", kill_on_drop: false }`
[INFO] [stdout] 6683f555686da64f8955e3f188f32a66af766d57b371dcc470c66c17c801b438
[INFO] running `Command { std: "docker" "create" "-v" "/var/lib/crater-agent-workspace/builds/worker-2-tc2/target:/opt/rustwide/target:rw,Z" "-v" "/var/lib/crater-agent-workspace/builds/worker-2-tc2/source:/opt/rustwide/workdir:ro,Z" "-v" "/var/lib/crater-agent-workspace/cargo-home:/opt/rustwide/cargo-home:ro,Z" "-v" "/var/lib/crater-agent-workspace/rustup-home:/opt/rustwide/rustup-home:ro,Z" "-e" "SOURCE_DIR=/opt/rustwide/workdir" "-e" "CARGO_TARGET_DIR=/opt/rustwide/target" "-e" "CARGO_INCREMENTAL=0" "-e" "RUST_BACKTRACE=full" "-e" "RUSTFLAGS=--cap-lints=warn" "-e" "RUSTDOCFLAGS=--cap-lints=warn" "-e" "CARGO_HOME=/opt/rustwide/cargo-home" "-e" "RUSTUP_HOME=/opt/rustwide/rustup-home" "-w" "/opt/rustwide/workdir" "-m" "1610612736" "--user" "0:0" "--network" "none" "ghcr.io/rust-lang/crates-build-env/linux@sha256:2788e3201cd34a07e3172128adcd8b3090168a8e3bcc40d7c032b9dda1df7d1c" "/opt/rustwide/cargo-home/bin/cargo" "+beta-2023-12-22" "build" "--frozen" "--message-format=json", kill_on_drop: false }`
[INFO] [stdout] bb78e32c704c626afb8190cbfa679c1fef67fb932ad1543eae3161b3e2267737
[INFO] running `Command { std: "docker" "start" "-a" "bb78e32c704c626afb8190cbfa679c1fef67fb932ad1543eae3161b3e2267737", kill_on_drop: false }`
[INFO] [stderr]    Compiling serde v1.0.194
[INFO] [stderr]    Compiling memchr v2.7.1
[INFO] [stderr]    Compiling num-traits v0.2.17
[INFO] [stderr]    Compiling gimli v0.28.1
[INFO] [stderr]    Compiling miniz_oxide v0.7.1
[INFO] [stderr]    Compiling cc v1.0.83
[INFO] [stderr]    Compiling serde_derive v1.0.194
[INFO] [stderr]    Compiling either v1.9.0
[INFO] [stderr]    Compiling itertools v0.10.5
[INFO] [stderr]    Compiling indoc v1.0.9
[INFO] [stderr]    Compiling object v0.32.2
[INFO] [stderr]    Compiling backtrace v0.3.69
[INFO] [stderr]    Compiling chrono v0.4.31
[INFO] [stderr]    Compiling addr2line v0.21.0
[INFO] [stderr]    Compiling ron v0.6.6
[INFO] [stderr]    Compiling nardol v0.0.3 (/opt/rustwide/workdir)
[INFO] [stdout] warning: use of deprecated associated function `chrono::NaiveDateTime::from_timestamp`: use `from_timestamp_opt()` instead
[INFO] [stdout]    --> src/bytes/from_bytes.rs:213:45
[INFO] [stdout]     |
[INFO] [stdout] 213 |         let naive_datetime = NaiveDateTime::from_timestamp(usize::try_from(value)? as i64, 0);
[INFO] [stdout]     |                                             ^^^^^^^^^^^^^^
[INFO] [stdout]     |
[INFO] [stdout]     = note: `#[warn(deprecated)]` on by default
[INFO] [stdout] 
[INFO] [stdout] 
[INFO] [stdout] warning: use of deprecated associated function `chrono::DateTime::<Tz>::from_utc`: Use TimeZone::from_utc_datetime() or DateTime::from_naive_utc_and_offset instead
[INFO] [stdout]    --> src/bytes/from_bytes.rs:215:22
[INFO] [stdout]     |
[INFO] [stdout] 215 |         Ok(DateTime::from_utc(naive_datetime, Utc))
[INFO] [stdout]     |                      ^^^^^^^^
[INFO] [stdout] 
[INFO] [stdout] 
[INFO] [stdout] warning: use of deprecated associated function `chrono::NaiveDateTime::from_timestamp`: use `from_timestamp_opt()` instead
[INFO] [stdout]    --> src/bytes/from_bytes.rs:233:45
[INFO] [stdout]     |
[INFO] [stdout] 233 |         let naive_datetime = NaiveDateTime::from_timestamp(usize::try_from(value)? as i64, 0);
[INFO] [stdout]     |                                             ^^^^^^^^^^^^^^
[INFO] [stdout] 
[INFO] [stdout] 
[INFO] [stdout] warning: use of deprecated associated function `chrono::DateTime::<Tz>::from_utc`: Use TimeZone::from_utc_datetime() or DateTime::from_naive_utc_and_offset instead
[INFO] [stdout]    --> src/bytes/from_bytes.rs:235:22
[INFO] [stdout]     |
[INFO] [stdout] 235 |         Ok(DateTime::from_utc(naive_datetime, Utc))
[INFO] [stdout]     |                      ^^^^^^^^
[INFO] [stdout] 
[INFO] [stdout] 
[INFO] [stdout] warning: function `send_content` is never used
[INFO] [stdout]   --> src/message/utils.rs:13:8
[INFO] [stdout]    |
[INFO] [stdout] 13 | pub fn send_content(stream: &mut TcpStream, content: Bytes) -> Result<(), Error> {
[INFO] [stdout]    |        ^^^^^^^^^^^^
[INFO] [stdout]    |
[INFO] [stdout]    = note: `#[warn(dead_code)]` on by default
[INFO] [stdout] 
[INFO] [stdout] 
[INFO] [stdout] warning: function `receive_content` is never used
[INFO] [stdout]   --> src/message/utils.rs:26:8
[INFO] [stdout]    |
[INFO] [stdout] 26 | pub fn receive_content(stream: &mut TcpStream) -> Result<(Bytes, Packet), Error> {
[INFO] [stdout]    |        ^^^^^^^^^^^^^^^
[INFO] [stdout] 
[INFO] [stdout] 
[INFO] [stdout] warning: function `send_file` is never used
[INFO] [stdout]   --> src/message/utils.rs:68:8
[INFO] [stdout]    |
[INFO] [stdout] 68 | pub fn send_file(stream: &mut TcpStream, path: &Path) -> Result<(), Error> {
[INFO] [stdout]    |        ^^^^^^^^^
[INFO] [stdout] 
[INFO] [stdout] 
[INFO] [stdout] warning: function `receive_file` is never used
[INFO] [stdout]    --> src/message/utils.rs:121:8
[INFO] [stdout]     |
[INFO] [stdout] 121 | pub fn receive_file(
[INFO] [stdout]     |        ^^^^^^^^^^^^
[INFO] [stdout] 
[INFO] [stdout] 
[INFO] [stdout] warning: 8 warnings emitted
[INFO] [stdout] 
[INFO] [stdout] 
[INFO] [stderr]     Finished dev [unoptimized + debuginfo] target(s) in 4.55s
[INFO] running `Command { std: "docker" "inspect" "bb78e32c704c626afb8190cbfa679c1fef67fb932ad1543eae3161b3e2267737", kill_on_drop: false }`
[INFO] running `Command { std: "docker" "rm" "-f" "bb78e32c704c626afb8190cbfa679c1fef67fb932ad1543eae3161b3e2267737", kill_on_drop: false }`
[INFO] [stdout] bb78e32c704c626afb8190cbfa679c1fef67fb932ad1543eae3161b3e2267737
[INFO] running `Command { std: "docker" "create" "-v" "/var/lib/crater-agent-workspace/builds/worker-2-tc2/target:/opt/rustwide/target:rw,Z" "-v" "/var/lib/crater-agent-workspace/builds/worker-2-tc2/source:/opt/rustwide/workdir:ro,Z" "-v" "/var/lib/crater-agent-workspace/cargo-home:/opt/rustwide/cargo-home:ro,Z" "-v" "/var/lib/crater-agent-workspace/rustup-home:/opt/rustwide/rustup-home:ro,Z" "-e" "SOURCE_DIR=/opt/rustwide/workdir" "-e" "CARGO_TARGET_DIR=/opt/rustwide/target" "-e" "CARGO_INCREMENTAL=0" "-e" "RUST_BACKTRACE=full" "-e" "RUSTFLAGS=--cap-lints=warn" "-e" "RUSTDOCFLAGS=--cap-lints=warn" "-e" "CARGO_HOME=/opt/rustwide/cargo-home" "-e" "RUSTUP_HOME=/opt/rustwide/rustup-home" "-w" "/opt/rustwide/workdir" "-m" "1610612736" "--user" "0:0" "--network" "none" "ghcr.io/rust-lang/crates-build-env/linux@sha256:2788e3201cd34a07e3172128adcd8b3090168a8e3bcc40d7c032b9dda1df7d1c" "/opt/rustwide/cargo-home/bin/cargo" "+beta-2023-12-22" "test" "--frozen" "--no-run" "--message-format=json", kill_on_drop: false }`
[INFO] [stdout] e9022eb1064dc69f4a592f6e10741d3da8d0c628568f856167e8a26954980c05
[INFO] running `Command { std: "docker" "start" "-a" "e9022eb1064dc69f4a592f6e10741d3da8d0c628568f856167e8a26954980c05", kill_on_drop: false }`
[INFO] [stdout] warning: use of deprecated associated function `chrono::NaiveDateTime::from_timestamp`: use `from_timestamp_opt()` instead
[INFO] [stdout]    --> src/bytes/from_bytes.rs:213:45
[INFO] [stdout]     |
[INFO] [stdout] 213 |         let naive_datetime = NaiveDateTime::from_timestamp(usize::try_from(value)? as i64, 0);
[INFO] [stdout]     |                                             ^^^^^^^^^^^^^^
[INFO] [stdout]     |
[INFO] [stdout]     = note: `#[warn(deprecated)]` on by default
[INFO] [stdout] 
[INFO] [stdout] 
[INFO] [stdout] warning: use of deprecated associated function `chrono::DateTime::<Tz>::from_utc`: Use TimeZone::from_utc_datetime() or DateTime::from_naive_utc_and_offset instead
[INFO] [stdout]    --> src/bytes/from_bytes.rs:215:22
[INFO] [stdout]     |
[INFO] [stdout] 215 |         Ok(DateTime::from_utc(naive_datetime, Utc))
[INFO] [stdout]     |                      ^^^^^^^^
[INFO] [stdout] 
[INFO] [stdout] 
[INFO] [stdout] warning: use of deprecated associated function `chrono::NaiveDateTime::from_timestamp`: use `from_timestamp_opt()` instead
[INFO] [stdout]    --> src/bytes/from_bytes.rs:233:45
[INFO] [stdout]     |
[INFO] [stdout] 233 |         let naive_datetime = NaiveDateTime::from_timestamp(usize::try_from(value)? as i64, 0);
[INFO] [stdout]     |                                             ^^^^^^^^^^^^^^
[INFO] [stdout] 
[INFO] [stdout] 
[INFO] [stdout] warning: use of deprecated associated function `chrono::DateTime::<Tz>::from_utc`: Use TimeZone::from_utc_datetime() or DateTime::from_naive_utc_and_offset instead
[INFO] [stdout]    --> src/bytes/from_bytes.rs:235:22
[INFO] [stdout]     |
[INFO] [stdout] 235 |         Ok(DateTime::from_utc(naive_datetime, Utc))
[INFO] [stdout]     |                      ^^^^^^^^
[INFO] [stdout] 
[INFO] [stdout] 
[INFO] [stdout] warning: function `send_content` is never used
[INFO] [stdout]   --> src/message/utils.rs:13:8
[INFO] [stdout]    |
[INFO] [stdout] 13 | pub fn send_content(stream: &mut TcpStream, content: Bytes) -> Result<(), Error> {
[INFO] [stdout]    |        ^^^^^^^^^^^^
[INFO] [stdout]    |
[INFO] [stdout]    = note: `#[warn(dead_code)]` on by default
[INFO] [stdout] 
[INFO] [stdout] 
[INFO] [stdout] warning: function `receive_content` is never used
[INFO] [stdout]   --> src/message/utils.rs:26:8
[INFO] [stdout]    |
[INFO] [stdout] 26 | pub fn receive_content(stream: &mut TcpStream) -> Result<(Bytes, Packet), Error> {
[INFO] [stdout]    |        ^^^^^^^^^^^^^^^
[INFO] [stdout] 
[INFO] [stdout] 
[INFO] [stdout] warning: function `send_file` is never used
[INFO] [stdout]   --> src/message/utils.rs:68:8
[INFO] [stdout]    |
[INFO] [stdout] 68 | pub fn send_file(stream: &mut TcpStream, path: &Path) -> Result<(), Error> {
[INFO] [stdout]    |        ^^^^^^^^^
[INFO] [stdout] 
[INFO] [stdout] 
[INFO] [stderr]    Compiling nardol v0.0.3 (/opt/rustwide/workdir)
[INFO] [stdout] warning: function `receive_file` is never used
[INFO] [stdout]    --> src/message/utils.rs:121:8
[INFO] [stdout]     |
[INFO] [stdout] 121 | pub fn receive_file(
[INFO] [stdout]     |        ^^^^^^^^^^^^
[INFO] [stdout] 
[INFO] [stdout] 
[INFO] [stdout] warning: 8 warnings emitted
[INFO] [stdout] 
[INFO] [stdout] 
[INFO] [stdout] warning: use of deprecated associated function `chrono::NaiveDateTime::from_timestamp`: use `from_timestamp_opt()` instead
[INFO] [stdout]    --> src/bytes/from_bytes.rs:213:45
[INFO] [stdout]     |
[INFO] [stdout] 213 |         let naive_datetime = NaiveDateTime::from_timestamp(usize::try_from(value)? as i64, 0);
[INFO] [stdout]     |                                             ^^^^^^^^^^^^^^
[INFO] [stdout]     |
[INFO] [stdout]     = note: `#[warn(deprecated)]` on by default
[INFO] [stdout] 
[INFO] [stdout] 
[INFO] [stdout] warning: use of deprecated associated function `chrono::DateTime::<Tz>::from_utc`: Use TimeZone::from_utc_datetime() or DateTime::from_naive_utc_and_offset instead
[INFO] [stdout]    --> src/bytes/from_bytes.rs:215:22
[INFO] [stdout]     |
[INFO] [stdout] 215 |         Ok(DateTime::from_utc(naive_datetime, Utc))
[INFO] [stdout]     |                      ^^^^^^^^
[INFO] [stdout] 
[INFO] [stdout] 
[INFO] [stdout] warning: use of deprecated associated function `chrono::NaiveDateTime::from_timestamp`: use `from_timestamp_opt()` instead
[INFO] [stdout]    --> src/bytes/from_bytes.rs:233:45
[INFO] [stdout]     |
[INFO] [stdout] 233 |         let naive_datetime = NaiveDateTime::from_timestamp(usize::try_from(value)? as i64, 0);
[INFO] [stdout]     |                                             ^^^^^^^^^^^^^^
[INFO] [stdout] 
[INFO] [stdout] 
[INFO] [stdout] warning: use of deprecated associated function `chrono::DateTime::<Tz>::from_utc`: Use TimeZone::from_utc_datetime() or DateTime::from_naive_utc_and_offset instead
[INFO] [stdout]    --> src/bytes/from_bytes.rs:235:22
[INFO] [stdout]     |
[INFO] [stdout] 235 |         Ok(DateTime::from_utc(naive_datetime, Utc))
[INFO] [stdout]     |                      ^^^^^^^^
[INFO] [stdout] 
[INFO] [stdout] 
[INFO] [stdout] warning: function `send_content` is never used
[INFO] [stdout]   --> src/message/utils.rs:13:8
[INFO] [stdout]    |
[INFO] [stdout] 13 | pub fn send_content(stream: &mut TcpStream, content: Bytes) -> Result<(), Error> {
[INFO] [stdout]    |        ^^^^^^^^^^^^
[INFO] [stdout]    |
[INFO] [stdout]    = note: `#[warn(dead_code)]` on by default
[INFO] [stdout] 
[INFO] [stdout] 
[INFO] [stdout] warning: function `receive_content` is never used
[INFO] [stdout]   --> src/message/utils.rs:26:8
[INFO] [stdout]    |
[INFO] [stdout] 26 | pub fn receive_content(stream: &mut TcpStream) -> Result<(Bytes, Packet), Error> {
[INFO] [stdout]    |        ^^^^^^^^^^^^^^^
[INFO] [stdout] 
[INFO] [stdout] 
[INFO] [stdout] warning: function `send_file` is never used
[INFO] [stdout]   --> src/message/utils.rs:68:8
[INFO] [stdout]    |
[INFO] [stdout] 68 | pub fn send_file(stream: &mut TcpStream, path: &Path) -> Result<(), Error> {
[INFO] [stdout]    |        ^^^^^^^^^
[INFO] [stdout] 
[INFO] [stdout] 
[INFO] [stdout] warning: function `receive_file` is never used
[INFO] [stdout]    --> src/message/utils.rs:121:8
[INFO] [stdout]     |
[INFO] [stdout] 121 | pub fn receive_file(
[INFO] [stdout]     |        ^^^^^^^^^^^^
[INFO] [stdout] 
[INFO] [stdout] 
[INFO] [stdout] warning: 8 warnings emitted
[INFO] [stdout] 
[INFO] [stdout] 
[INFO] [stderr]     Finished test [unoptimized + debuginfo] target(s) in 0.87s
[INFO] running `Command { std: "docker" "inspect" "e9022eb1064dc69f4a592f6e10741d3da8d0c628568f856167e8a26954980c05", kill_on_drop: false }`
[INFO] running `Command { std: "docker" "rm" "-f" "e9022eb1064dc69f4a592f6e10741d3da8d0c628568f856167e8a26954980c05", kill_on_drop: false }`
[INFO] [stdout] e9022eb1064dc69f4a592f6e10741d3da8d0c628568f856167e8a26954980c05
[INFO] running `Command { std: "docker" "create" "-v" "/var/lib/crater-agent-workspace/builds/worker-2-tc2/target:/opt/rustwide/target:rw,Z" "-v" "/var/lib/crater-agent-workspace/builds/worker-2-tc2/source:/opt/rustwide/workdir:ro,Z" "-v" "/var/lib/crater-agent-workspace/cargo-home:/opt/rustwide/cargo-home:ro,Z" "-v" "/var/lib/crater-agent-workspace/rustup-home:/opt/rustwide/rustup-home:ro,Z" "-e" "SOURCE_DIR=/opt/rustwide/workdir" "-e" "CARGO_TARGET_DIR=/opt/rustwide/target" "-e" "CARGO_INCREMENTAL=0" "-e" "RUST_BACKTRACE=full" "-e" "RUSTFLAGS=--cap-lints=warn" "-e" "RUSTDOCFLAGS=--cap-lints=warn" "-e" "CARGO_HOME=/opt/rustwide/cargo-home" "-e" "RUSTUP_HOME=/opt/rustwide/rustup-home" "-w" "/opt/rustwide/workdir" "-m" "1610612736" "--user" "0:0" "--network" "none" "ghcr.io/rust-lang/crates-build-env/linux@sha256:2788e3201cd34a07e3172128adcd8b3090168a8e3bcc40d7c032b9dda1df7d1c" "/opt/rustwide/cargo-home/bin/cargo" "+beta-2023-12-22" "test" "--frozen", kill_on_drop: false }`
[INFO] [stdout] 3a20490ac285233cf418f17368a5c1e584dee1d5619ada8201cb874a3c2e42ae
[INFO] running `Command { std: "docker" "start" "-a" "3a20490ac285233cf418f17368a5c1e584dee1d5619ada8201cb874a3c2e42ae", kill_on_drop: false }`
[INFO] [stderr] warning: use of deprecated associated function `chrono::NaiveDateTime::from_timestamp`: use `from_timestamp_opt()` instead
[INFO] [stderr]    --> src/bytes/from_bytes.rs:213:45
[INFO] [stderr]     |
[INFO] [stderr] 213 |         let naive_datetime = NaiveDateTime::from_timestamp(usize::try_from(value)? as i64, 0);
[INFO] [stderr]     |                                             ^^^^^^^^^^^^^^
[INFO] [stderr]     |
[INFO] [stderr]     = note: `#[warn(deprecated)]` on by default
[INFO] [stderr] 
[INFO] [stderr] warning: use of deprecated associated function `chrono::DateTime::<Tz>::from_utc`: Use TimeZone::from_utc_datetime() or DateTime::from_naive_utc_and_offset instead
[INFO] [stderr]    --> src/bytes/from_bytes.rs:215:22
[INFO] [stderr]     |
[INFO] [stderr] 215 |         Ok(DateTime::from_utc(naive_datetime, Utc))
[INFO] [stderr]     |                      ^^^^^^^^
[INFO] [stderr] 
[INFO] [stderr] warning: use of deprecated associated function `chrono::NaiveDateTime::from_timestamp`: use `from_timestamp_opt()` instead
[INFO] [stderr]    --> src/bytes/from_bytes.rs:233:45
[INFO] [stderr]     |
[INFO] [stderr] 233 |         let naive_datetime = NaiveDateTime::from_timestamp(usize::try_from(value)? as i64, 0);
[INFO] [stderr]     |                                             ^^^^^^^^^^^^^^
[INFO] [stderr] 
[INFO] [stderr] warning: use of deprecated associated function `chrono::DateTime::<Tz>::from_utc`: Use TimeZone::from_utc_datetime() or DateTime::from_naive_utc_and_offset instead
[INFO] [stderr]    --> src/bytes/from_bytes.rs:235:22
[INFO] [stderr]     |
[INFO] [stderr] 235 |         Ok(DateTime::from_utc(naive_datetime, Utc))
[INFO] [stderr]     |                      ^^^^^^^^
[INFO] [stderr] 
[INFO] [stderr] warning: function `send_content` is never used
[INFO] [stderr]   --> src/message/utils.rs:13:8
[INFO] [stderr]    |
[INFO] [stderr] 13 | pub fn send_content(stream: &mut TcpStream, content: Bytes) -> Result<(), Error> {
[INFO] [stderr]    |        ^^^^^^^^^^^^
[INFO] [stderr]    |
[INFO] [stderr]    = note: `#[warn(dead_code)]` on by default
[INFO] [stderr] 
[INFO] [stderr] warning: function `receive_content` is never used
[INFO] [stderr]   --> src/message/utils.rs:26:8
[INFO] [stderr]    |
[INFO] [stderr] 26 | pub fn receive_content(stream: &mut TcpStream) -> Result<(Bytes, Packet), Error> {
[INFO] [stderr]    |        ^^^^^^^^^^^^^^^
[INFO] [stderr] 
[INFO] [stderr] warning: function `send_file` is never used
[INFO] [stderr]   --> src/message/utils.rs:68:8
[INFO] [stderr]    |
[INFO] [stderr] 68 | pub fn send_file(stream: &mut TcpStream, path: &Path) -> Result<(), Error> {
[INFO] [stderr]    |        ^^^^^^^^^
[INFO] [stderr] 
[INFO] [stderr] warning: function `receive_file` is never used
[INFO] [stderr]    --> src/message/utils.rs:121:8
[INFO] [stderr]     |
[INFO] [stderr] 121 | pub fn receive_file(
[INFO] [stderr]     |        ^^^^^^^^^^^^
[INFO] [stderr] 
[INFO] [stderr] warning: `nardol` (lib) generated 8 warnings
[INFO] [stderr] warning: `nardol` (lib test) generated 8 warnings (8 duplicates)
[INFO] [stderr]     Finished test [unoptimized + debuginfo] target(s) in 0.02s
[INFO] [stderr]      Running unittests src/lib.rs (/opt/rustwide/target/debug/deps/nardol-afba8ad88854e04c)
[INFO] [stdout] 
[INFO] [stdout] running 2 tests
[INFO] [stdout] test bytes::find_pattern_test ... ok
[INFO] [stdout] test bytes::split_at_pat_test ... ok
[INFO] [stdout] 
[INFO] [stdout] test result: ok. 2 passed; 0 failed; 0 ignored; 0 measured; 0 filtered out; finished in 0.00s
[INFO] [stdout] 
[INFO] [stderr]      Running tests/packet_tests.rs (/opt/rustwide/target/debug/deps/packet_tests-bb741b3d1c76bcf3)
[INFO] [stdout] 
[INFO] [stdout] running 18 tests
[INFO] [stdout] test from_buff_correctness_test ... ok
[INFO] [stdout] test description_size_single_threaded_access ... ok
[INFO] [stdout] test into_Bytes ... ok
[INFO] [stdout] test max_content_size ... ok
[INFO] [stdout] test max_size_single_threaded_access ... ok
[INFO] [stdout] test number_of_packets ... ok
[INFO] [stdout] test new ... ok
[INFO] [stdout] test peek_from_and_send_to_connected ... ok
[INFO] [stdout] test description_size_multiple_threads_access ... ok
[INFO] [stdout] test peek_from_and_send_to ... ok
[INFO] [stdout] test receive_from_connected ... ok
[INFO] [stdout] test receive_from ... ok
[INFO] [stdout] test split_to_max_packet_size ... ok
[INFO] [stdout] test max_size_multiple_threads_access ... FAILED
[INFO] [stdout] test from_buff_size_test ... ok
[INFO] [stdout] test peek ... ok
[INFO] [stdout] test receive ... ok
[INFO] [stdout] test set_max_size_multiple_threads_access ... ok
[INFO] [stdout] 
[INFO] [stdout] failures:
[INFO] [stdout] 
[INFO] [stdout] ---- max_size_multiple_threads_access stdout ----
[INFO] [stdout] thread 'max_size_multiple_threads_access' panicked at tests/packet_tests.rs:293:5:
[INFO] [stdout] This might be a false failure if tests are run in parallel.
[INFO] [stdout] stack backtrace:
[INFO] [stdout]    0:     0x55f4d1956176 - std::backtrace_rs::backtrace::libunwind::trace::h261606ad26a499c1
[INFO] [stdout]                                at /rustc/0e09125c6c3c2fd70d7de961bcf0e51575235fad/library/std/src/../../backtrace/src/backtrace/libunwind.rs:104:5
[INFO] [stdout]    1:     0x55f4d1956176 - std::backtrace_rs::backtrace::trace_unsynchronized::hd183f0625477fb28
[INFO] [stdout]                                at /rustc/0e09125c6c3c2fd70d7de961bcf0e51575235fad/library/std/src/../../backtrace/src/backtrace/mod.rs:66:5
[INFO] [stdout]    2:     0x55f4d1956176 - std::sys_common::backtrace::_print_fmt::hd7f8fef21b4eda67
[INFO] [stdout]                                at /rustc/0e09125c6c3c2fd70d7de961bcf0e51575235fad/library/std/src/sys_common/backtrace.rs:68:5
[INFO] [stdout]    3:     0x55f4d1956176 - <std::sys_common::backtrace::_print::DisplayBacktrace as core::fmt::Display>::fmt::h623d9b51f2f453f1
[INFO] [stdout]                                at /rustc/0e09125c6c3c2fd70d7de961bcf0e51575235fad/library/std/src/sys_common/backtrace.rs:44:22
[INFO] [stdout]    4:     0x55f4d197f7a0 - core::fmt::rt::Argument::fmt::h9f417ac76a86f368
[INFO] [stdout]                                at /rustc/0e09125c6c3c2fd70d7de961bcf0e51575235fad/library/core/src/fmt/rt.rs:142:9
[INFO] [stdout]    5:     0x55f4d197f7a0 - core::fmt::write::hc9b6faf4ac2aeff7
[INFO] [stdout]                                at /rustc/0e09125c6c3c2fd70d7de961bcf0e51575235fad/library/core/src/fmt/mod.rs:1120:17
[INFO] [stdout]    6:     0x55f4d195365f - std::io::Write::write_fmt::he04625a3a989fec3
[INFO] [stdout]                                at /rustc/0e09125c6c3c2fd70d7de961bcf0e51575235fad/library/std/src/io/mod.rs:1810:15
[INFO] [stdout]    7:     0x55f4d1955f54 - std::sys_common::backtrace::_print::hd5d66399c7df88a2
[INFO] [stdout]                                at /rustc/0e09125c6c3c2fd70d7de961bcf0e51575235fad/library/std/src/sys_common/backtrace.rs:47:5
[INFO] [stdout]    8:     0x55f4d1955f54 - std::sys_common::backtrace::print::he81ed2da642d37e5
[INFO] [stdout]                                at /rustc/0e09125c6c3c2fd70d7de961bcf0e51575235fad/library/std/src/sys_common/backtrace.rs:34:9
[INFO] [stdout]    9:     0x55f4d1957cc7 - std::panicking::default_hook::{{closure}}::h85773f4fa117163d
[INFO] [stdout]   10:     0x55f4d19579ad - std::panicking::default_hook::h6a1694a91d09b278
[INFO] [stdout]                                at /rustc/0e09125c6c3c2fd70d7de961bcf0e51575235fad/library/std/src/panicking.rs:289:9
[INFO] [stdout]   11:     0x55f4d17eaad7 - <alloc::boxed::Box<F,A> as core::ops::function::Fn<Args>>::call::h616ac37fa3cd6c8f
[INFO] [stdout]                                at /rustc/0e09125c6c3c2fd70d7de961bcf0e51575235fad/library/alloc/src/boxed.rs:2029:9
[INFO] [stdout]   12:     0x55f4d17eaad7 - test::test_main::{{closure}}::h00d84697cefdcbb6
[INFO] [stdout]                                at /rustc/0e09125c6c3c2fd70d7de961bcf0e51575235fad/library/test/src/lib.rs:138:21
[INFO] [stdout]   13:     0x55f4d19582e6 - <alloc::boxed::Box<F,A> as core::ops::function::Fn<Args>>::call::hcb3fe3b9bb537ba8
[INFO] [stdout]                                at /rustc/0e09125c6c3c2fd70d7de961bcf0e51575235fad/library/alloc/src/boxed.rs:2029:9
[INFO] [stdout]   14:     0x55f4d19582e6 - std::panicking::rust_panic_with_hook::h0a7ad96e90f7145b
[INFO] [stdout]                                at /rustc/0e09125c6c3c2fd70d7de961bcf0e51575235fad/library/std/src/panicking.rs:783:13
[INFO] [stdout]   15:     0x55f4d1957ff9 - std::panicking::begin_panic_handler::{{closure}}::h7919090525c6485e
[INFO] [stdout]                                at /rustc/0e09125c6c3c2fd70d7de961bcf0e51575235fad/library/std/src/panicking.rs:649:13
[INFO] [stdout]   16:     0x55f4d1956676 - std::sys_common::backtrace::__rust_end_short_backtrace::hf3289479464f7dfe
[INFO] [stdout]                                at /rustc/0e09125c6c3c2fd70d7de961bcf0e51575235fad/library/std/src/sys_common/backtrace.rs:171:18
[INFO] [stdout]   17:     0x55f4d1957d90 - rust_begin_unwind
[INFO] [stdout]                                at /rustc/0e09125c6c3c2fd70d7de961bcf0e51575235fad/library/std/src/panicking.rs:645:5
[INFO] [stdout]   18:     0x55f4d17791b5 - core::panicking::panic_fmt::hcc9f77c5c132af55
[INFO] [stdout]                                at /rustc/0e09125c6c3c2fd70d7de961bcf0e51575235fad/library/core/src/panicking.rs:72:14
[INFO] [stdout]   19:     0x55f4d179ca65 - packet_tests::max_size_multiple_threads_access::h456878eecdfc4d9c
[INFO] [stdout]                                at /opt/rustwide/workdir/tests/packet_tests.rs:293:5
[INFO] [stdout]   20:     0x55f4d179c867 - packet_tests::max_size_multiple_threads_access::{{closure}}::h6f764a210dc16970
[INFO] [stdout]                                at /opt/rustwide/workdir/tests/packet_tests.rs:268:38
[INFO] [stdout]   21:     0x55f4d17b3286 - core::ops::function::FnOnce::call_once::h96b2b69e0b501077
[INFO] [stdout]                                at /rustc/0e09125c6c3c2fd70d7de961bcf0e51575235fad/library/core/src/ops/function.rs:250:5
[INFO] [stdout]   22:     0x55f4d17f03af - core::ops::function::FnOnce::call_once::hd64d26f405258157
[INFO] [stdout]                                at /rustc/0e09125c6c3c2fd70d7de961bcf0e51575235fad/library/core/src/ops/function.rs:250:5
[INFO] [stdout]   23:     0x55f4d17f03af - test::__rust_begin_short_backtrace::he21b0b7a6d731bf9
[INFO] [stdout]                                at /rustc/0e09125c6c3c2fd70d7de961bcf0e51575235fad/library/test/src/lib.rs:627:18
[INFO] [stdout]   24:     0x55f4d17ef131 - test::run_test_in_process::{{closure}}::hf5c73986d7bdfde2
[INFO] [stdout]                                at /rustc/0e09125c6c3c2fd70d7de961bcf0e51575235fad/library/test/src/lib.rs:650:60
[INFO] [stdout]   25:     0x55f4d17ef131 - <core::panic::unwind_safe::AssertUnwindSafe<F> as core::ops::function::FnOnce<()>>::call_once::h330011ad032aadc0
[INFO] [stdout]                                at /rustc/0e09125c6c3c2fd70d7de961bcf0e51575235fad/library/core/src/panic/unwind_safe.rs:272:9
[INFO] [stdout]   26:     0x55f4d17ef131 - std::panicking::try::do_call::he61b0a958b795a41
[INFO] [stdout]                                at /rustc/0e09125c6c3c2fd70d7de961bcf0e51575235fad/library/std/src/panicking.rs:552:40
[INFO] [stdout]   27:     0x55f4d17ef131 - std::panicking::try::h7309da130f906eb7
[INFO] [stdout]                                at /rustc/0e09125c6c3c2fd70d7de961bcf0e51575235fad/library/std/src/panicking.rs:516:19
[INFO] [stdout]   28:     0x55f4d17ef131 - std::panic::catch_unwind::hc5c3a06fdaf0a92a
[INFO] [stdout]                                at /rustc/0e09125c6c3c2fd70d7de961bcf0e51575235fad/library/std/src/panic.rs:142:14
[INFO] [stdout]   29:     0x55f4d17ef131 - test::run_test_in_process::h7e7b7c71c3324e0f
[INFO] [stdout]                                at /rustc/0e09125c6c3c2fd70d7de961bcf0e51575235fad/library/test/src/lib.rs:650:27
[INFO] [stdout]   30:     0x55f4d17ef131 - test::run_test::{{closure}}::h1f509f28f5cf20b1
[INFO] [stdout]                                at /rustc/0e09125c6c3c2fd70d7de961bcf0e51575235fad/library/test/src/lib.rs:573:43
[INFO] [stdout]   31:     0x55f4d17b6466 - test::run_test::{{closure}}::h1754218abf443f6d
[INFO] [stdout]                                at /rustc/0e09125c6c3c2fd70d7de961bcf0e51575235fad/library/test/src/lib.rs:601:41
[INFO] [stdout]   32:     0x55f4d17b6466 - std::sys_common::backtrace::__rust_begin_short_backtrace::h2ee174b9d5954948
[INFO] [stdout]                                at /rustc/0e09125c6c3c2fd70d7de961bcf0e51575235fad/library/std/src/sys_common/backtrace.rs:155:18
[INFO] [stdout]   33:     0x55f4d17bb4c7 - std::thread::Builder::spawn_unchecked_::{{closure}}::{{closure}}::hf60bee9c1a17ef09
[INFO] [stdout]                                at /rustc/0e09125c6c3c2fd70d7de961bcf0e51575235fad/library/std/src/thread/mod.rs:529:17
[INFO] [stdout]   34:     0x55f4d17bb4c7 - <core::panic::unwind_safe::AssertUnwindSafe<F> as core::ops::function::FnOnce<()>>::call_once::h33d0dddec5216160
[INFO] [stdout]                                at /rustc/0e09125c6c3c2fd70d7de961bcf0e51575235fad/library/core/src/panic/unwind_safe.rs:272:9
[INFO] [stdout]   35:     0x55f4d17bb4c7 - std::panicking::try::do_call::h144b3048b546f835
[INFO] [stdout]                                at /rustc/0e09125c6c3c2fd70d7de961bcf0e51575235fad/library/std/src/panicking.rs:552:40
[INFO] [stdout]   36:     0x55f4d17bb4c7 - std::panicking::try::h978244d04646189f
[INFO] [stdout]                                at /rustc/0e09125c6c3c2fd70d7de961bcf0e51575235fad/library/std/src/panicking.rs:516:19
[INFO] [stdout]   37:     0x55f4d17bb4c7 - std::panic::catch_unwind::hdf436369d188fe86
[INFO] [stdout]                                at /rustc/0e09125c6c3c2fd70d7de961bcf0e51575235fad/library/std/src/panic.rs:142:14
[INFO] [stdout]   38:     0x55f4d17bb4c7 - std::thread::Builder::spawn_unchecked_::{{closure}}::h87329cbdd33c79ec
[INFO] [stdout]                                at /rustc/0e09125c6c3c2fd70d7de961bcf0e51575235fad/library/std/src/thread/mod.rs:528:30
[INFO] [stdout]   39:     0x55f4d17bb4c7 - core::ops::function::FnOnce::call_once{{vtable.shim}}::h401abbe67897d450
[INFO] [stdout]                                at /rustc/0e09125c6c3c2fd70d7de961bcf0e51575235fad/library/core/src/ops/function.rs:250:5
[INFO] [stdout]   40:     0x55f4d195d005 - <alloc::boxed::Box<F,A> as core::ops::function::FnOnce<Args>>::call_once::h5d7c8f150ab9c84c
[INFO] [stdout]                                at /rustc/0e09125c6c3c2fd70d7de961bcf0e51575235fad/library/alloc/src/boxed.rs:2015:9
[INFO] [stdout]   41:     0x55f4d195d005 - <alloc::boxed::Box<F,A> as core::ops::function::FnOnce<Args>>::call_once::h570d5b005c242c15
[INFO] [stdout]                                at /rustc/0e09125c6c3c2fd70d7de961bcf0e51575235fad/library/alloc/src/boxed.rs:2015:9
[INFO] [stdout]   42:     0x55f4d195d005 - std::sys::unix::thread::Thread::new::thread_start::h36b0a20c0b2361ad
[INFO] [stdout]                                at /rustc/0e09125c6c3c2fd70d7de961bcf0e51575235fad/library/std/src/sys/unix/thread.rs:108:17
[INFO] [stdout]   43:     0x7fd4f0a4bac3 - <unknown>
[INFO] [stdout]   44:     0x7fd4f0adcbf4 - __clone
[INFO] [stdout]   45:                0x0 - <unknown>
[INFO] [stdout] 
[INFO] [stdout] 
[INFO] [stdout] failures:
[INFO] [stdout]     max_size_multiple_threads_access
[INFO] [stdout] 
[INFO] [stdout] test result: FAILED. 17 passed; 1 failed; 0 ignored; 0 measured; 0 filtered out; finished in 1.00s
[INFO] [stdout] 
[INFO] [stderr] error: test failed, to rerun pass `--test packet_tests`
[INFO] running `Command { std: "docker" "inspect" "3a20490ac285233cf418f17368a5c1e584dee1d5619ada8201cb874a3c2e42ae", kill_on_drop: false }`
[INFO] running `Command { std: "docker" "rm" "-f" "3a20490ac285233cf418f17368a5c1e584dee1d5619ada8201cb874a3c2e42ae", kill_on_drop: false }`
[INFO] [stdout] 3a20490ac285233cf418f17368a5c1e584dee1d5619ada8201cb874a3c2e42ae
