[INFO] fetching crate nanopub 0.0.16...
[INFO] testing nanopub-0.0.16 against 1.75.0 for beta-1.76-1
[INFO] extracting crate nanopub 0.0.16 into /workspace/builds/worker-0-tc1/source
[INFO] validating manifest of crates.io crate nanopub 0.0.16 on toolchain 1.75.0
[INFO] running `Command { std: CARGO_HOME="/workspace/cargo-home" RUSTUP_HOME="/workspace/rustup-home" "/workspace/cargo-home/bin/cargo" "+1.75.0" "metadata" "--manifest-path" "Cargo.toml" "--no-deps", kill_on_drop: false }`
[INFO] started tweaking crates.io crate nanopub 0.0.16
[INFO] finished tweaking crates.io crate nanopub 0.0.16
[INFO] tweaked toml for crates.io crate nanopub 0.0.16 written to /workspace/builds/worker-0-tc1/source/Cargo.toml
[INFO] running `Command { std: CARGO_HOME="/workspace/cargo-home" RUSTUP_HOME="/workspace/rustup-home" "/workspace/cargo-home/bin/cargo" "+1.75.0" "generate-lockfile" "--manifest-path" "Cargo.toml", kill_on_drop: false }`
[INFO] [stderr]     Updating crates.io index
[INFO] running `Command { std: CARGO_HOME="/workspace/cargo-home" RUSTUP_HOME="/workspace/rustup-home" "/workspace/cargo-home/bin/cargo" "+1.75.0" "fetch" "--manifest-path" "Cargo.toml", kill_on_drop: false }`
[INFO] [stderr]     Blocking waiting for file lock on package cache
[INFO] [stderr]     Blocking waiting for file lock on package cache
[INFO] [stderr]  Downloading crates ...
[INFO] [stderr]   Downloaded iref v2.2.3
[INFO] [stderr]   Downloaded sophia_rio v0.8.0-alpha.3
[INFO] [stderr]   Downloaded smallstr v0.3.0
[INFO] [stderr]   Downloaded rio_api v0.8.4
[INFO] [stderr]   Downloaded binary-install v0.2.0
[INFO] [stderr]   Downloaded json-ld-compaction v0.15.1
[INFO] [stderr]   Downloaded is_executable v0.1.2
[INFO] [stderr]   Downloaded clap_complete v4.4.6
[INFO] [stderr]   Downloaded rio_turtle v0.8.4
[INFO] [stderr]   Downloaded contextual v0.1.6
[INFO] [stderr]   Downloaded static-iref v2.0.0
[INFO] [stderr]   Downloaded json-ld-expansion v0.15.1
[INFO] [stderr]   Downloaded ryu_floating_decimal v0.1.0
[INFO] [stderr]   Downloaded locspan-derive v0.6.0
[INFO] [stderr]   Downloaded pct-str v1.2.0
[INFO] [stderr]   Downloaded json-ld-context-processing v0.15.1
[INFO] [stderr]   Downloaded langtag v0.3.4
[INFO] [stderr]   Downloaded wasm-pack v0.12.1
[INFO] [stderr]   Downloaded mdbook v0.4.36
[INFO] [stderr]   Downloaded json-ld-core v0.15.1
[INFO] [stderr]   Downloaded json-syntax v0.9.6
[INFO] [stderr]   Downloaded rdf-types v0.15.4
[INFO] [stderr]   Downloaded oxilangtag v0.1.3
[INFO] [stderr]   Downloaded permutohedron v0.2.4
[INFO] [stderr]   Downloaded human-panic v1.2.2
[INFO] [stderr]   Downloaded sophia_turtle v0.8.0-alpha.3
[INFO] [stderr]   Downloaded decoded-char v0.1.1
[INFO] [stderr]   Downloaded mown v0.2.2
[INFO] [stderr]   Downloaded utf8-decode v1.0.1
[INFO] [stderr]   Downloaded pretty_dtoa v0.3.0
[INFO] [stderr]   Downloaded sophia_inmem v0.8.0-alpha.3
[INFO] [stderr]   Downloaded sophia_jsonld v0.8.0-alpha.3
[INFO] [stderr]   Downloaded json-number v0.4.6
[INFO] [stderr]   Downloaded sophia_c14n v0.8.0-alpha.3
[INFO] [stderr]   Downloaded sophia_isomorphism v0.8.0-alpha.3
[INFO] [stderr]   Downloaded sophia v0.8.0-alpha.3
[INFO] [stderr]   Downloaded sophia_resource v0.8.0-alpha.3
[INFO] [stderr]   Downloaded json-ld-syntax v0.15.1
[INFO] [stderr]   Downloaded sophia_term v0.8.0-alpha.3
[INFO] [stderr]   Downloaded locspan v0.7.16
[INFO] [stderr]   Downloaded json-ld v0.15.1
[INFO] running `Command { std: "docker" "create" "-v" "/var/lib/crater-agent-workspace/builds/worker-0-tc1/target:/opt/rustwide/target:rw,Z" "-v" "/var/lib/crater-agent-workspace/builds/worker-0-tc1/source:/opt/rustwide/workdir:ro,Z" "-v" "/var/lib/crater-agent-workspace/cargo-home:/opt/rustwide/cargo-home:ro,Z" "-v" "/var/lib/crater-agent-workspace/rustup-home:/opt/rustwide/rustup-home:ro,Z" "-e" "SOURCE_DIR=/opt/rustwide/workdir" "-e" "CARGO_TARGET_DIR=/opt/rustwide/target" "-e" "CARGO_HOME=/opt/rustwide/cargo-home" "-e" "RUSTUP_HOME=/opt/rustwide/rustup-home" "-w" "/opt/rustwide/workdir" "-m" "1610612736" "--user" "0:0" "--network" "none" "ghcr.io/rust-lang/crates-build-env/linux@sha256:2788e3201cd34a07e3172128adcd8b3090168a8e3bcc40d7c032b9dda1df7d1c" "/opt/rustwide/cargo-home/bin/cargo" "+1.75.0" "metadata" "--no-deps" "--format-version=1", kill_on_drop: false }`
[INFO] [stdout] e3939ab985c03d3323ef885279e0335a4136bfd89a723dbcea281cac951becde
[INFO] running `Command { std: "docker" "start" "-a" "e3939ab985c03d3323ef885279e0335a4136bfd89a723dbcea281cac951becde", kill_on_drop: false }`
[INFO] running `Command { std: "docker" "inspect" "e3939ab985c03d3323ef885279e0335a4136bfd89a723dbcea281cac951becde", kill_on_drop: false }`
[INFO] running `Command { std: "docker" "rm" "-f" "e3939ab985c03d3323ef885279e0335a4136bfd89a723dbcea281cac951becde", kill_on_drop: false }`
[INFO] [stdout] e3939ab985c03d3323ef885279e0335a4136bfd89a723dbcea281cac951becde
[INFO] running `Command { std: "docker" "create" "-v" "/var/lib/crater-agent-workspace/builds/worker-0-tc1/target:/opt/rustwide/target:rw,Z" "-v" "/var/lib/crater-agent-workspace/builds/worker-0-tc1/source:/opt/rustwide/workdir:ro,Z" "-v" "/var/lib/crater-agent-workspace/cargo-home:/opt/rustwide/cargo-home:ro,Z" "-v" "/var/lib/crater-agent-workspace/rustup-home:/opt/rustwide/rustup-home:ro,Z" "-e" "SOURCE_DIR=/opt/rustwide/workdir" "-e" "CARGO_TARGET_DIR=/opt/rustwide/target" "-e" "CARGO_INCREMENTAL=0" "-e" "RUST_BACKTRACE=full" "-e" "RUSTFLAGS=--cap-lints=warn" "-e" "RUSTDOCFLAGS=--cap-lints=warn" "-e" "CARGO_HOME=/opt/rustwide/cargo-home" "-e" "RUSTUP_HOME=/opt/rustwide/rustup-home" "-w" "/opt/rustwide/workdir" "-m" "1610612736" "--user" "0:0" "--network" "none" "ghcr.io/rust-lang/crates-build-env/linux@sha256:2788e3201cd34a07e3172128adcd8b3090168a8e3bcc40d7c032b9dda1df7d1c" "/opt/rustwide/cargo-home/bin/cargo" "+1.75.0" "build" "--frozen" "--message-format=json", kill_on_drop: false }`
[INFO] [stdout] 779be904087d8c81a78343785c6c66e4462adfbfbc73e45db0e0287f9bf3af9a
[INFO] running `Command { std: "docker" "start" "-a" "779be904087d8c81a78343785c6c66e4462adfbfbc73e45db0e0287f9bf3af9a", kill_on_drop: false }`
[INFO] [stderr]    Compiling lexical-util v0.8.5
[INFO] [stderr]    Compiling ahash v0.7.7
[INFO] [stderr]    Compiling ahash v0.8.7
[INFO] [stderr]    Compiling proc-macro-error-attr v1.0.4
[INFO] [stderr]    Compiling futures-channel v0.3.30
[INFO] [stderr]    Compiling spin v0.5.2
[INFO] [stderr]    Compiling proc-macro-error v1.0.4
[INFO] [stderr]    Compiling zerocopy v0.7.32
[INFO] [stderr]    Compiling indexmap v1.9.3
[INFO] [stderr]    Compiling utf8-decode v1.0.1
[INFO] [stderr]    Compiling oxiri v0.2.2
[INFO] [stderr]    Compiling getrandom v0.2.11
[INFO] [stderr]    Compiling regex-automata v0.4.3
[INFO] [stderr]    Compiling thiserror-impl v1.0.56
[INFO] [stderr]    Compiling futures-macro v0.3.30
[INFO] [stderr]    Compiling contextual v0.1.6
[INFO] [stderr]    Compiling lazy_static v1.4.0
[INFO] [stderr]    Compiling pct-str v1.2.0
[INFO] [stderr]    Compiling const-oid v0.9.6
[INFO] [stderr]    Compiling mownstr v0.2.1
[INFO] [stderr]    Compiling iref v2.2.3
[INFO] [stderr]    Compiling ryu_floating_decimal v0.1.0
[INFO] [stderr]    Compiling resiter v0.5.0
[INFO] [stderr]    Compiling ryu-js v0.2.2
[INFO] [stderr]    Compiling ring v0.17.7
[INFO] [stderr]    Compiling smallstr v0.3.0
[INFO] [stderr]    Compiling decoded-char v0.1.1
[INFO] [stderr]    Compiling langtag v0.3.4
[INFO] [stderr]    Compiling hashbrown v0.12.3
[INFO] [stderr]    Compiling tokio v1.35.1
[INFO] [stderr]    Compiling derivative v2.2.0
[INFO] [stderr]    Compiling num-traits v0.2.17
[INFO] [stderr]    Compiling untrusted v0.9.0
[INFO] [stderr]    Compiling hashbrown v0.13.2
[INFO] [stderr]    Compiling pretty_dtoa v0.3.0
[INFO] [stderr]    Compiling spin v0.9.8
[INFO] [stderr]    Compiling mown v0.2.2
[INFO] [stderr]    Compiling permutohedron v0.2.4
[INFO] [stderr]    Compiling static-iref v2.0.0
[INFO] [stderr]    Compiling base64ct v1.6.0
[INFO] [stderr]    Compiling zeroize v1.7.0
[INFO] [stderr]    Compiling digest v0.10.7
[INFO] [stderr]    Compiling rand_core v0.6.4
[INFO] [stderr]    Compiling num-integer v0.1.45
[INFO] [stderr]    Compiling pem-rfc7468 v0.7.0
[INFO] [stderr]    Compiling rio_api v0.8.4
[INFO] [stderr]    Compiling rustls v0.21.10
[INFO] [stderr]    Compiling lexical-parse-integer v0.8.6
[INFO] [stderr]    Compiling lexical-write-integer v0.8.5
[INFO] [stderr]    Compiling locspan-derive v0.6.0
[INFO] [stderr]    Compiling der v0.7.8
[INFO] [stderr]    Compiling num-iter v0.1.43
[INFO] [stderr]    Compiling oxilangtag v0.1.3
[INFO] [stderr]    Compiling ppv-lite86 v0.2.17
[INFO] [stderr]    Compiling locspan v0.7.16
[INFO] [stderr]    Compiling lexical-parse-float v0.8.5
[INFO] [stderr]    Compiling lexical-write-float v0.8.5
[INFO] [stderr]    Compiling cpufeatures v0.2.12
[INFO] [stderr]    Compiling sha2 v0.10.8
[INFO] [stderr]    Compiling rio_turtle v0.8.4
[INFO] [stderr]    Compiling futures-util v0.3.30
[INFO] [stderr]    Compiling num-bigint-dig v0.8.4
[INFO] [stderr]    Compiling rand_chacha v0.3.1
[INFO] [stderr]    Compiling byteorder v1.5.0
[INFO] [stderr]    Compiling lexical-core v0.8.5
[INFO] [stderr]    Compiling rustls-pemfile v1.0.4
[INFO] [stderr]    Compiling thiserror v1.0.56
[INFO] [stderr]    Compiling lexical v6.1.1
[INFO] [stderr]    Compiling signature v2.2.0
[INFO] [stderr]    Compiling webpki-roots v0.25.3
[INFO] [stderr]    Compiling unsafe-libyaml v0.2.10
[INFO] [stderr]    Compiling json-number v0.4.6
[INFO] [stderr]    Compiling rand v0.8.5
[INFO] [stderr]    Compiling subtle v2.5.0
[INFO] [stderr]    Compiling chrono v0.4.31
[INFO] [stderr]    Compiling spki v0.7.3
[INFO] [stderr]    Compiling pkcs8 v0.10.2
[INFO] [stderr]    Compiling regex v1.10.2
[INFO] [stderr]    Compiling pkcs1 v0.7.5
[INFO] [stderr]    Compiling serde_yaml v0.9.30
[INFO] [stderr]    Compiling json-syntax v0.9.6
[INFO] [stderr]    Compiling rdf-types v0.15.4
[INFO] [stderr]    Compiling sophia_iri v0.8.0-alpha.3
[INFO] [stderr]    Compiling sophia_api v0.8.0-alpha.3
[INFO] [stderr]    Compiling json-ld-syntax v0.15.1
[INFO] [stderr]    Compiling rsa v0.9.6
[INFO] [stderr]    Compiling tokio-util v0.7.10
[INFO] [stderr]    Compiling sophia_rio v0.8.0-alpha.3
[INFO] [stderr]    Compiling sophia_term v0.8.0-alpha.3
[INFO] [stderr]    Compiling sophia_inmem v0.8.0-alpha.3
[INFO] [stderr]    Compiling sophia_isomorphism v0.8.0-alpha.3
[INFO] [stderr]    Compiling sophia_c14n v0.8.0-alpha.3
[INFO] [stderr]    Compiling sophia_turtle v0.8.0-alpha.3
[INFO] [stderr]    Compiling futures-executor v0.3.30
[INFO] [stderr]    Compiling h2 v0.3.22
[INFO] [stderr]    Compiling futures v0.3.30
[INFO] [stderr]    Compiling sophia_resource v0.8.0-alpha.3
[INFO] [stderr]    Compiling json-ld-core v0.15.1
[INFO] [stderr]    Compiling rustls-webpki v0.101.7
[INFO] [stderr]    Compiling sct v0.7.1
[INFO] [stderr]    Compiling json-ld-context-processing v0.15.1
[INFO] [stderr]    Compiling json-ld-expansion v0.15.1
[INFO] [stderr]    Compiling hyper v0.14.28
[INFO] [stderr]    Compiling json-ld-compaction v0.15.1
[INFO] [stderr]    Compiling json-ld v0.15.1
[INFO] [stderr]    Compiling sophia_jsonld v0.8.0-alpha.3
[INFO] [stderr]    Compiling tokio-rustls v0.24.1
[INFO] [stderr]    Compiling sophia v0.8.0-alpha.3
[INFO] [stderr]    Compiling hyper-rustls v0.24.2
[INFO] [stderr]    Compiling reqwest v0.11.23
[INFO] [stderr]    Compiling nanopub v0.0.16 (/opt/rustwide/workdir)
[INFO] [stderr]     Finished dev [unoptimized + debuginfo] target(s) in 14.80s
[INFO] running `Command { std: "docker" "inspect" "779be904087d8c81a78343785c6c66e4462adfbfbc73e45db0e0287f9bf3af9a", kill_on_drop: false }`
[INFO] running `Command { std: "docker" "rm" "-f" "779be904087d8c81a78343785c6c66e4462adfbfbc73e45db0e0287f9bf3af9a", kill_on_drop: false }`
[INFO] [stdout] 779be904087d8c81a78343785c6c66e4462adfbfbc73e45db0e0287f9bf3af9a
[INFO] running `Command { std: "docker" "create" "-v" "/var/lib/crater-agent-workspace/builds/worker-0-tc1/target:/opt/rustwide/target:rw,Z" "-v" "/var/lib/crater-agent-workspace/builds/worker-0-tc1/source:/opt/rustwide/workdir:ro,Z" "-v" "/var/lib/crater-agent-workspace/cargo-home:/opt/rustwide/cargo-home:ro,Z" "-v" "/var/lib/crater-agent-workspace/rustup-home:/opt/rustwide/rustup-home:ro,Z" "-e" "SOURCE_DIR=/opt/rustwide/workdir" "-e" "CARGO_TARGET_DIR=/opt/rustwide/target" "-e" "CARGO_INCREMENTAL=0" "-e" "RUST_BACKTRACE=full" "-e" "RUSTFLAGS=--cap-lints=warn" "-e" "RUSTDOCFLAGS=--cap-lints=warn" "-e" "CARGO_HOME=/opt/rustwide/cargo-home" "-e" "RUSTUP_HOME=/opt/rustwide/rustup-home" "-w" "/opt/rustwide/workdir" "-m" "1610612736" "--user" "0:0" "--network" "none" "ghcr.io/rust-lang/crates-build-env/linux@sha256:2788e3201cd34a07e3172128adcd8b3090168a8e3bcc40d7c032b9dda1df7d1c" "/opt/rustwide/cargo-home/bin/cargo" "+1.75.0" "test" "--frozen" "--no-run" "--message-format=json", kill_on_drop: false }`
[INFO] [stdout] 2378fcabb67a5909faea82a1b01641424b7a031514f30aad839ae60aaf6d6060
[INFO] running `Command { std: "docker" "start" "-a" "2378fcabb67a5909faea82a1b01641424b7a031514f30aad839ae60aaf6d6060", kill_on_drop: false }`
[INFO] [stderr]    Compiling serde v1.0.194
[INFO] [stderr]    Compiling syn v1.0.109
[INFO] [stderr]    Compiling jobserver v0.1.27
[INFO] [stderr]    Compiling regex-automata v0.4.3
[INFO] [stderr]    Compiling mio v0.8.10
[INFO] [stderr]    Compiling rustix v0.38.28
[INFO] [stderr]    Compiling syn v2.0.48
[INFO] [stderr]    Compiling linux-raw-sys v0.4.12
[INFO] [stderr]    Compiling digest v0.10.7
[INFO] [stderr]    Compiling siphasher v0.3.11
[INFO] [stderr]    Compiling getrandom v0.2.11
[INFO] [stderr]    Compiling serde_json v1.0.111
[INFO] [stderr]    Compiling crossbeam-utils v0.8.18
[INFO] [stderr]    Compiling tracing v0.1.40
[INFO] [stderr]    Compiling rand_chacha v0.3.1
[INFO] [stderr]    Compiling utf-8 v0.7.6
[INFO] [stderr]    Compiling cc v1.0.83
[INFO] [stderr]    Compiling phf_shared v0.10.0
[INFO] [stderr]    Compiling rand_core v0.6.4
[INFO] [stderr]    Compiling sha2 v0.10.8
[INFO] [stderr]    Compiling sha1 v0.10.6
[INFO] [stderr]    Compiling anstyle-parse v0.2.3
[INFO] [stderr]    Compiling rand v0.8.5
[INFO] [stderr]    Compiling new_debug_unreachable v1.0.4
[INFO] [stderr]    Compiling anstyle-query v1.0.2
[INFO] [stderr]    Compiling anstream v0.6.5
[INFO] [stderr]    Compiling filetime v0.2.23
[INFO] [stderr]    Compiling ucd-trie v0.1.6
[INFO] [stderr]    Compiling mac v0.1.1
[INFO] [stderr]    Compiling zstd-safe v5.0.2+zstd.1.5.2
[INFO] [stderr]    Compiling futf v0.1.5
[INFO] [stderr]    Compiling inout v0.1.3
[INFO] [stderr]    Compiling precomputed-hash v0.1.1
[INFO] [stderr]    Compiling mime_guess v2.0.4
[INFO] [stderr]    Compiling cipher v0.4.4
[INFO] [stderr]    Compiling tendril v0.4.3
[INFO] [stderr]    Compiling phf v0.10.1
[INFO] [stderr]    Compiling hmac v0.12.1
[INFO] [stderr]    Compiling password-hash v0.4.2
[INFO] [stderr]    Compiling inotify-sys v0.1.5
[INFO] [stderr]    Compiling semver v1.0.21
[INFO] [stderr]    Compiling data-encoding v2.5.0
[INFO] [stderr]    Compiling camino v1.1.6
[INFO] [stderr]    Compiling time v0.3.31
[INFO] [stderr]    Compiling aes v0.8.3
[INFO] [stderr]    Compiling inotify v0.9.6
[INFO] [stderr]    Compiling crossbeam-epoch v0.9.17
[INFO] [stderr]    Compiling crossbeam-channel v0.5.10
[INFO] [stderr]    Compiling phf_generator v0.10.0
[INFO] [stderr]    Compiling string_cache_codegen v0.5.2
[INFO] [stderr]    Compiling phf_codegen v0.10.0
[INFO] [stderr]    Compiling pbkdf2 v0.11.0
[INFO] [stderr]    Compiling headers-core v0.2.0
[INFO] [stderr]    Compiling dirs-sys-next v0.1.2
[INFO] [stderr]    Compiling unicode-width v0.1.11
[INFO] [stderr]    Compiling constant_time_eq v0.1.5
[INFO] [stderr]    Compiling headers v0.3.9
[INFO] [stderr]    Compiling num-bigint-dig v0.8.4
[INFO] [stderr]    Compiling console v0.15.7
[INFO] [stderr]    Compiling dirs-next v2.0.0
[INFO] [stderr]    Compiling notify v6.1.1
[INFO] [stderr]    Compiling crossbeam-deque v0.8.4
[INFO] [stderr]    Compiling markup5ever v0.11.0
[INFO] [stderr]    Compiling ring v0.17.7
[INFO] [stderr]    Compiling zstd-sys v2.0.9+zstd.1.5.5
[INFO] [stderr]    Compiling bzip2-sys v0.1.11+1.0.8
[INFO] [stderr]    Compiling backtrace v0.3.69
[INFO] [stderr]    Compiling signature v2.2.0
[INFO] [stderr]    Compiling uuid v1.6.1
[INFO] [stderr]    Compiling fs2 v0.4.3
[INFO] [stderr]    Compiling terminal_size v0.3.0
[INFO] [stderr]    Compiling is-terminal v0.4.10
[INFO] [stderr]    Compiling tempfile v3.9.0
[INFO] [stderr]    Compiling xattr v1.2.0
[INFO] [stderr]    Compiling clap_builder v4.4.12
[INFO] [stderr]    Compiling scoped-tls v1.0.1
[INFO] [stderr]    Compiling tar v0.4.40
[INFO] [stderr]    Compiling maplit v1.0.2
[INFO] [stderr]    Compiling shell-words v1.1.0
[INFO] [stderr]    Compiling either v1.9.0
[INFO] [stderr]    Compiling regex v1.10.2
[INFO] [stderr]    Compiling bstr v1.9.0
[INFO] [stderr]    Compiling is_executable v0.1.2
[INFO] [stderr]    Compiling home v0.5.9
[INFO] [stderr]    Compiling which v4.4.2
[INFO] [stderr]    Compiling dialoguer v0.10.4
[INFO] [stderr]    Compiling env_logger v0.10.1
[INFO] [stderr]    Compiling rsa v0.9.6
[INFO] [stderr]    Compiling notify-debouncer-mini v0.4.1
[INFO] [stderr]    Compiling atty v0.2.14
[INFO] [stderr]    Compiling globset v0.4.14
[INFO] [stderr]    Compiling opener v0.6.1
[INFO] [stderr]    Compiling topological-sort v0.2.2
[INFO] [stderr]    Compiling glob v0.3.1
[INFO] [stderr]    Compiling shlex v1.2.0
[INFO] [stderr]    Compiling ignore v0.4.21
[INFO] [stderr]    Compiling proc-macro-error v1.0.4
[INFO] [stderr]    Compiling serde_derive v1.0.194
[INFO] [stderr]    Compiling thiserror-impl v1.0.56
[INFO] [stderr]    Compiling futures-macro v0.3.30
[INFO] [stderr]    Compiling tokio-macros v2.2.0
[INFO] [stderr]    Compiling clap_derive v4.4.7
[INFO] [stderr]    Compiling pin-project-internal v1.1.3
[INFO] [stderr]    Compiling tokio v1.35.1
[INFO] [stderr]    Compiling bzip2 v0.4.4
[INFO] [stderr]    Compiling locspan-derive v0.6.0
[INFO] [stderr]    Compiling derivative v2.2.0
[INFO] [stderr]    Compiling futures-util v0.3.30
[INFO] [stderr]    Compiling html5ever v0.26.0
[INFO] [stderr]    Compiling thiserror v1.0.56
[INFO] [stderr]    Compiling pest v2.7.6
[INFO] [stderr]    Compiling tungstenite v0.20.1
[INFO] [stderr]    Compiling pin-project v1.1.3
[INFO] [stderr]    Compiling clap v4.4.13
[INFO] [stderr]    Compiling clap_complete v4.4.6
[INFO] [stderr]    Compiling json-syntax v0.9.6
[INFO] [stderr]    Compiling rdf-types v0.15.4
[INFO] [stderr]    Compiling pest_meta v2.7.6
[INFO] [stderr]    Compiling pest_generator v2.7.6
[INFO] [stderr]    Compiling json-ld-syntax v0.15.1
[INFO] [stderr]    Compiling pest_derive v2.7.6
[INFO] [stderr]    Compiling futures-executor v0.3.30
[INFO] [stderr]    Compiling rustls v0.21.10
[INFO] [stderr]    Compiling futures v0.3.30
[INFO] [stderr]    Compiling json-ld-core v0.15.1
[INFO] [stderr]    Compiling tokio-util v0.7.10
[INFO] [stderr]    Compiling tokio-stream v0.1.14
[INFO] [stderr]    Compiling tokio-tungstenite v0.20.1
[INFO] [stderr]    Compiling sct v0.7.1
[INFO] [stderr]    Compiling rustls-webpki v0.101.7
[INFO] [stderr]    Compiling h2 v0.3.22
[INFO] [stderr]    Compiling json-ld-context-processing v0.15.1
[INFO] [stderr]    Compiling zstd v0.11.2+zstd.1.5.2
[INFO] [stderr]    Compiling json-ld-expansion v0.15.1
[INFO] [stderr]    Compiling sophia_iri v0.8.0-alpha.3
[INFO] [stderr]    Compiling toml_datetime v0.6.5
[INFO] [stderr]    Compiling serde_spanned v0.6.5
[INFO] [stderr]    Compiling serde_urlencoded v0.7.1
[INFO] [stderr]    Compiling string_cache v0.8.7
[INFO] [stderr]    Compiling cargo-platform v0.1.6
[INFO] [stderr]    Compiling os_info v3.7.0
[INFO] [stderr]    Compiling toml v0.5.11
[INFO] [stderr]    Compiling sophia_api v0.8.0-alpha.3
[INFO] [stderr]    Compiling toml_edit v0.21.0
[INFO] [stderr]    Compiling toml_edit v0.19.15
[INFO] [stderr]    Compiling zip v0.6.6
[INFO] [stderr]    Compiling serde_ignored v0.1.10
[INFO] [stderr]    Compiling serde_yaml v0.9.30
[INFO] [stderr]    Compiling json-ld-compaction v0.15.1
[INFO] [stderr]    Compiling cargo_metadata v0.15.4
[INFO] [stderr]    Compiling elasticlunr-rs v3.0.2
[INFO] [stderr]    Compiling handlebars v4.5.0
[INFO] [stderr]    Compiling sophia_rio v0.8.0-alpha.3
[INFO] [stderr]    Compiling sophia_term v0.8.0-alpha.3
[INFO] [stderr]    Compiling json-ld v0.15.1
[INFO] [stderr]    Compiling sophia_turtle v0.8.0-alpha.3
[INFO] [stderr]    Compiling tokio-rustls v0.24.1
[INFO] [stderr]    Compiling ureq v2.9.1
[INFO] [stderr]    Compiling sophia_isomorphism v0.8.0-alpha.3
[INFO] [stderr]    Compiling sophia_jsonld v0.8.0-alpha.3
[INFO] [stderr]    Compiling sophia_c14n v0.8.0-alpha.3
[INFO] [stderr]    Compiling sophia_inmem v0.8.0-alpha.3
[INFO] [stderr]    Compiling toml v0.8.8
[INFO] [stderr]    Compiling sophia_resource v0.8.0-alpha.3
[INFO] [stderr]    Compiling sophia v0.8.0-alpha.3
[INFO] [stderr]    Compiling ammonia v3.3.0
[INFO] [stderr]    Compiling binary-install v0.2.0
[INFO] [stderr]    Compiling human-panic v1.2.2
[INFO] [stderr]    Compiling toml v0.7.8
[INFO] [stderr]    Compiling hyper v0.14.28
[INFO] [stderr]    Compiling wasm-pack v0.12.1
[INFO] [stderr]    Compiling hyper-rustls v0.24.2
[INFO] [stderr]    Compiling warp v0.3.6
[INFO] [stderr]    Compiling reqwest v0.11.23
[INFO] [stderr]    Compiling nanopub v0.0.16 (/opt/rustwide/workdir)
[INFO] [stderr]    Compiling mdbook v0.4.36
[INFO] [stderr]     Finished test [unoptimized + debuginfo] target(s) in 35.86s
[INFO] running `Command { std: "docker" "inspect" "2378fcabb67a5909faea82a1b01641424b7a031514f30aad839ae60aaf6d6060", kill_on_drop: false }`
[INFO] running `Command { std: "docker" "rm" "-f" "2378fcabb67a5909faea82a1b01641424b7a031514f30aad839ae60aaf6d6060", kill_on_drop: false }`
[INFO] [stdout] 2378fcabb67a5909faea82a1b01641424b7a031514f30aad839ae60aaf6d6060
[INFO] running `Command { std: "docker" "create" "-v" "/var/lib/crater-agent-workspace/builds/worker-0-tc1/target:/opt/rustwide/target:rw,Z" "-v" "/var/lib/crater-agent-workspace/builds/worker-0-tc1/source:/opt/rustwide/workdir:ro,Z" "-v" "/var/lib/crater-agent-workspace/cargo-home:/opt/rustwide/cargo-home:ro,Z" "-v" "/var/lib/crater-agent-workspace/rustup-home:/opt/rustwide/rustup-home:ro,Z" "-e" "SOURCE_DIR=/opt/rustwide/workdir" "-e" "CARGO_TARGET_DIR=/opt/rustwide/target" "-e" "CARGO_INCREMENTAL=0" "-e" "RUST_BACKTRACE=full" "-e" "RUSTFLAGS=--cap-lints=warn" "-e" "RUSTDOCFLAGS=--cap-lints=warn" "-e" "CARGO_HOME=/opt/rustwide/cargo-home" "-e" "RUSTUP_HOME=/opt/rustwide/rustup-home" "-w" "/opt/rustwide/workdir" "-m" "1610612736" "--user" "0:0" "--network" "none" "ghcr.io/rust-lang/crates-build-env/linux@sha256:2788e3201cd34a07e3172128adcd8b3090168a8e3bcc40d7c032b9dda1df7d1c" "/opt/rustwide/cargo-home/bin/cargo" "+1.75.0" "test" "--frozen", kill_on_drop: false }`
[INFO] [stdout] af5d7d4b3c29533d5716ce1847b93b44bbf8fef769072ee1f42d20c97208b3a9
[INFO] running `Command { std: "docker" "start" "-a" "af5d7d4b3c29533d5716ce1847b93b44bbf8fef769072ee1f42d20c97208b3a9", kill_on_drop: false }`
[INFO] [stderr]     Finished test [unoptimized + debuginfo] target(s) in 0.51s
[INFO] [stderr]      Running unittests src/lib.rs (/opt/rustwide/target/debug/deps/nanopub-b081c4420d9e49ef)
[INFO] [stdout] 
[INFO] [stdout] running 0 tests
[INFO] [stdout] 
[INFO] [stdout] test result: ok. 0 passed; 0 failed; 0 ignored; 0 measured; 0 filtered out; finished in 0.00s
[INFO] [stdout] 
[INFO] [stderr]      Running tests/nanopub_test.rs (/opt/rustwide/target/debug/deps/nanopub_test-f1bacf20fc09a20a)
[INFO] [stdout] 
[INFO] [stdout] running 19 tests
[INFO] [stdout] test default_profile_file ... ok
[INFO] [stdout] test profile_fail ... ok
[INFO] [stdout] test test_get_np_server ... ok
[INFO] [stdout] test test_normalize ... ok
[INFO] [stdout] test wrong_rdf_file ... ok
[INFO] [stdout] test fetch_nanopub ... FAILED
[INFO] [stdout] test unit_publish_np_fail ... ok
[INFO] [stdout] test check_valid_unsigned ... ok
[INFO] [stdout] test check_nanopub_test_blank ... ok
[INFO] [stdout] test test_np_info ... ok
[INFO] [stdout] test publish_np_intro ... FAILED
[INFO] [stdout] test publish_fail ... ok
[INFO] [stdout] test test_get_ns_empty ... ok
[INFO] [stdout] test publish_proteinatlas ... FAILED
[INFO] [stdout] test publish_nanopub_simple_rsa ... FAILED
[INFO] [stdout] test publish_from_scratch ... FAILED
[INFO] [stdout] test publish_jsonld ... FAILED
[INFO] [stdout] test sign_nanopub_blank ... ok
[INFO] [stdout] test test_gen_keys ... ok
[INFO] [stdout] 
[INFO] [stdout] failures:
[INFO] [stdout] 
[INFO] [stdout] ---- fetch_nanopub stdout ----
[INFO] [stdout] Error: NpError("Error sendind the HTTP request: error sending request for url (https://w3id.org/np/RAltRkGOtHoj5LcBJZ62AMVOAVc0hnxt45LMaCXgxJ4fw): error trying to connect: dns error: failed to lookup address information: Temporary failure in name resolution")
[INFO] [stdout] 
[INFO] [stdout] ---- publish_np_intro stdout ----
[INFO] [stdout] Nanopub not signed, signing it before publishing
[INFO] [stdout] No server URL provided, using the test server https://np.test.knowledgepixels.com/
[INFO] [stdout] Error: NpError("Error sendind the HTTP request: error sending request for url (https://np.test.knowledgepixels.com/): error trying to connect: dns error: failed to lookup address information: Temporary failure in name resolution")
[INFO] [stdout] 
[INFO] [stdout] ---- publish_proteinatlas stdout ----
[INFO] [stdout] Nanopub not signed, signing it before publishing
[INFO] [stdout] No server URL provided, using the test server https://np.test.knowledgepixels.com/
[INFO] [stdout] Error: NpError("Error sendind the HTTP request: error sending request for url (https://np.test.knowledgepixels.com/): error trying to connect: dns error: failed to lookup address information: Temporary failure in name resolution")
[INFO] [stdout] 
[INFO] [stdout] ---- publish_nanopub_simple_rsa stdout ----
[INFO] [stdout] Nanopub not signed, signing it before publishing
[INFO] [stdout] No server URL provided, using the test server https://np.test.knowledgepixels.com/
[INFO] [stdout] Error: NpError("Error sendind the HTTP request: error sending request for url (https://np.test.knowledgepixels.com/): error trying to connect: dns error: failed to lookup address information: Temporary failure in name resolution")
[INFO] [stdout] 
[INFO] [stdout] ---- publish_from_scratch stdout ----
[INFO] [stdout] DEBUG: SCRATCH PREFIX this: <http://purl.org/nanopub/temp>
[INFO] [stdout] PREFIX sub: <http://purl.org/nanopub/temp/>
[INFO] [stdout] PREFIX rdf: <http://www.w3.org/1999/02/22-rdf-syntax-ns#>
[INFO] [stdout] PREFIX rdfs: <http://www.w3.org/2000/01/rdf-schema#>
[INFO] [stdout] PREFIX xsd: <http://www.w3.org/2001/XMLSchema#>
[INFO] [stdout] PREFIX schema: <http://schema.org/>
[INFO] [stdout] PREFIX foaf: <http://xmlns.com/foaf/0.1/>
[INFO] [stdout] PREFIX biolink: <https://w3id.org/biolink/vocab/>
[INFO] [stdout] PREFIX np: <http://www.nanopub.org/nschema#>
[INFO] [stdout] PREFIX prov: <http://www.w3.org/ns/prov#>
[INFO] [stdout] PREFIX pav: <http://purl.org/pav/>
[INFO] [stdout] PREFIX dcterms: <http://purl.org/dc/terms/>
[INFO] [stdout] PREFIX orcid: <https://orcid.org/>
[INFO] [stdout] PREFIX npx: <http://purl.org/nanopub/x/>
[INFO] [stdout] 
[INFO] [stdout] GRAPH sub:Head {
[INFO] [stdout]   <http://purl.org/nanopub/temp/> a np:Nanopublication;
[INFO] [stdout]     np:hasAssertion sub:assertion;
[INFO] [stdout]     np:hasProvenance sub:provenance;
[INFO] [stdout]     np:hasPublicationInfo sub:pubinfo.
[INFO] [stdout] }
[INFO] [stdout] 
[INFO] [stdout] Nanopub not signed, signing it before publishing
[INFO] [stdout] No server URL provided, using the test server https://np.test.knowledgepixels.com/
[INFO] [stdout] Error: NpError("Error sendind the HTTP request: error sending request for url (https://np.test.knowledgepixels.com/): error trying to connect: dns error: failed to lookup address information: Temporary failure in name resolution")
[INFO] [stdout] 
[INFO] [stdout] ---- publish_jsonld stdout ----
[INFO] [stdout] Nanopub not signed, signing it before publishing
[INFO] [stdout] No server URL provided, using the test server https://np.test.knowledgepixels.com/
[INFO] [stdout] Error: NpError("Error sendind the HTTP request: error sending request for url (https://np.test.knowledgepixels.com/): error trying to connect: dns error: failed to lookup address information: Temporary failure in name resolution")
[INFO] [stdout] 
[INFO] [stdout] 
[INFO] [stdout] failures:
[INFO] [stdout]     fetch_nanopub
[INFO] [stdout]     publish_from_scratch
[INFO] [stdout]     publish_jsonld
[INFO] [stdout]     publish_nanopub_simple_rsa
[INFO] [stdout]     publish_np_intro
[INFO] [stdout]     publish_proteinatlas
[INFO] [stdout] 
[INFO] [stdout] test result: FAILED. 13 passed; 6 failed; 0 ignored; 0 measured; 0 filtered out; finished in 12.23s
[INFO] [stdout] 
[INFO] [stderr] error: test failed, to rerun pass `--test nanopub_test`
[INFO] running `Command { std: "docker" "inspect" "af5d7d4b3c29533d5716ce1847b93b44bbf8fef769072ee1f42d20c97208b3a9", kill_on_drop: false }`
[INFO] running `Command { std: "docker" "rm" "-f" "af5d7d4b3c29533d5716ce1847b93b44bbf8fef769072ee1f42d20c97208b3a9", kill_on_drop: false }`
[INFO] [stdout] af5d7d4b3c29533d5716ce1847b93b44bbf8fef769072ee1f42d20c97208b3a9
