[INFO] fetching crate named-colour 0.1.0...
[INFO] testing named-colour-0.1.0 against 1.75.0 for beta-1.76-1
[INFO] extracting crate named-colour 0.1.0 into /workspace/builds/worker-2-tc1/source
[INFO] validating manifest of crates.io crate named-colour 0.1.0 on toolchain 1.75.0
[INFO] running `Command { std: CARGO_HOME="/workspace/cargo-home" RUSTUP_HOME="/workspace/rustup-home" "/workspace/cargo-home/bin/cargo" "+1.75.0" "metadata" "--manifest-path" "Cargo.toml" "--no-deps", kill_on_drop: false }`
[INFO] started tweaking crates.io crate named-colour 0.1.0
[INFO] finished tweaking crates.io crate named-colour 0.1.0
[INFO] tweaked toml for crates.io crate named-colour 0.1.0 written to /workspace/builds/worker-2-tc1/source/Cargo.toml
[INFO] running `Command { std: CARGO_HOME="/workspace/cargo-home" RUSTUP_HOME="/workspace/rustup-home" "/workspace/cargo-home/bin/cargo" "+1.75.0" "generate-lockfile" "--manifest-path" "Cargo.toml", kill_on_drop: false }`
[INFO] running `Command { std: CARGO_HOME="/workspace/cargo-home" RUSTUP_HOME="/workspace/rustup-home" "/workspace/cargo-home/bin/cargo" "+1.75.0" "fetch" "--manifest-path" "Cargo.toml", kill_on_drop: false }`
[INFO] running `Command { std: "docker" "create" "-v" "/var/lib/crater-agent-workspace/builds/worker-2-tc1/target:/opt/rustwide/target:rw,Z" "-v" "/var/lib/crater-agent-workspace/builds/worker-2-tc1/source:/opt/rustwide/workdir:ro,Z" "-v" "/var/lib/crater-agent-workspace/cargo-home:/opt/rustwide/cargo-home:ro,Z" "-v" "/var/lib/crater-agent-workspace/rustup-home:/opt/rustwide/rustup-home:ro,Z" "-e" "SOURCE_DIR=/opt/rustwide/workdir" "-e" "CARGO_TARGET_DIR=/opt/rustwide/target" "-e" "CARGO_HOME=/opt/rustwide/cargo-home" "-e" "RUSTUP_HOME=/opt/rustwide/rustup-home" "-w" "/opt/rustwide/workdir" "-m" "1610612736" "--user" "0:0" "--network" "none" "ghcr.io/rust-lang/crates-build-env/linux@sha256:2788e3201cd34a07e3172128adcd8b3090168a8e3bcc40d7c032b9dda1df7d1c" "/opt/rustwide/cargo-home/bin/cargo" "+1.75.0" "metadata" "--no-deps" "--format-version=1", kill_on_drop: false }`
[INFO] [stdout] cb77dfc8514a02ff4db752ce5bae3c5e79bf4956c4f1a88b59609974653f9325
[INFO] running `Command { std: "docker" "start" "-a" "cb77dfc8514a02ff4db752ce5bae3c5e79bf4956c4f1a88b59609974653f9325", kill_on_drop: false }`
[INFO] running `Command { std: "docker" "inspect" "cb77dfc8514a02ff4db752ce5bae3c5e79bf4956c4f1a88b59609974653f9325", kill_on_drop: false }`
[INFO] running `Command { std: "docker" "rm" "-f" "cb77dfc8514a02ff4db752ce5bae3c5e79bf4956c4f1a88b59609974653f9325", kill_on_drop: false }`
[INFO] [stdout] cb77dfc8514a02ff4db752ce5bae3c5e79bf4956c4f1a88b59609974653f9325
[INFO] running `Command { std: "docker" "create" "-v" "/var/lib/crater-agent-workspace/builds/worker-2-tc1/target:/opt/rustwide/target:rw,Z" "-v" "/var/lib/crater-agent-workspace/builds/worker-2-tc1/source:/opt/rustwide/workdir:ro,Z" "-v" "/var/lib/crater-agent-workspace/cargo-home:/opt/rustwide/cargo-home:ro,Z" "-v" "/var/lib/crater-agent-workspace/rustup-home:/opt/rustwide/rustup-home:ro,Z" "-e" "SOURCE_DIR=/opt/rustwide/workdir" "-e" "CARGO_TARGET_DIR=/opt/rustwide/target" "-e" "CARGO_INCREMENTAL=0" "-e" "RUST_BACKTRACE=full" "-e" "RUSTFLAGS=--cap-lints=warn" "-e" "RUSTDOCFLAGS=--cap-lints=warn" "-e" "CARGO_HOME=/opt/rustwide/cargo-home" "-e" "RUSTUP_HOME=/opt/rustwide/rustup-home" "-w" "/opt/rustwide/workdir" "-m" "1610612736" "--user" "0:0" "--network" "none" "ghcr.io/rust-lang/crates-build-env/linux@sha256:2788e3201cd34a07e3172128adcd8b3090168a8e3bcc40d7c032b9dda1df7d1c" "/opt/rustwide/cargo-home/bin/cargo" "+1.75.0" "build" "--frozen" "--message-format=json", kill_on_drop: false }`
[INFO] [stdout] 36facce576fa077a61e65f8940c9660ac2c606050f995bb56d3a449f1ac37281
[INFO] running `Command { std: "docker" "start" "-a" "36facce576fa077a61e65f8940c9660ac2c606050f995bb56d3a449f1ac37281", kill_on_drop: false }`
[INFO] [stderr]    Compiling named-colour v0.1.0 (/opt/rustwide/workdir)
[INFO] [stderr]     Finished dev [unoptimized + debuginfo] target(s) in 0.07s
[INFO] running `Command { std: "docker" "inspect" "36facce576fa077a61e65f8940c9660ac2c606050f995bb56d3a449f1ac37281", kill_on_drop: false }`
[INFO] running `Command { std: "docker" "rm" "-f" "36facce576fa077a61e65f8940c9660ac2c606050f995bb56d3a449f1ac37281", kill_on_drop: false }`
[INFO] [stdout] 36facce576fa077a61e65f8940c9660ac2c606050f995bb56d3a449f1ac37281
[INFO] running `Command { std: "docker" "create" "-v" "/var/lib/crater-agent-workspace/builds/worker-2-tc1/target:/opt/rustwide/target:rw,Z" "-v" "/var/lib/crater-agent-workspace/builds/worker-2-tc1/source:/opt/rustwide/workdir:ro,Z" "-v" "/var/lib/crater-agent-workspace/cargo-home:/opt/rustwide/cargo-home:ro,Z" "-v" "/var/lib/crater-agent-workspace/rustup-home:/opt/rustwide/rustup-home:ro,Z" "-e" "SOURCE_DIR=/opt/rustwide/workdir" "-e" "CARGO_TARGET_DIR=/opt/rustwide/target" "-e" "CARGO_INCREMENTAL=0" "-e" "RUST_BACKTRACE=full" "-e" "RUSTFLAGS=--cap-lints=warn" "-e" "RUSTDOCFLAGS=--cap-lints=warn" "-e" "CARGO_HOME=/opt/rustwide/cargo-home" "-e" "RUSTUP_HOME=/opt/rustwide/rustup-home" "-w" "/opt/rustwide/workdir" "-m" "1610612736" "--user" "0:0" "--network" "none" "ghcr.io/rust-lang/crates-build-env/linux@sha256:2788e3201cd34a07e3172128adcd8b3090168a8e3bcc40d7c032b9dda1df7d1c" "/opt/rustwide/cargo-home/bin/cargo" "+1.75.0" "test" "--frozen" "--no-run" "--message-format=json", kill_on_drop: false }`
[INFO] [stdout] be64286bed0fcd4507d80087d9aba496d0c6a4667d16a5a2313f55ad7e8a00dc
[INFO] running `Command { std: "docker" "start" "-a" "be64286bed0fcd4507d80087d9aba496d0c6a4667d16a5a2313f55ad7e8a00dc", kill_on_drop: false }`
[INFO] [stderr]    Compiling named-colour v0.1.0 (/opt/rustwide/workdir)
[INFO] [stderr]     Finished test [unoptimized + debuginfo] target(s) in 0.35s
[INFO] running `Command { std: "docker" "inspect" "be64286bed0fcd4507d80087d9aba496d0c6a4667d16a5a2313f55ad7e8a00dc", kill_on_drop: false }`
[INFO] running `Command { std: "docker" "rm" "-f" "be64286bed0fcd4507d80087d9aba496d0c6a4667d16a5a2313f55ad7e8a00dc", kill_on_drop: false }`
[INFO] [stdout] be64286bed0fcd4507d80087d9aba496d0c6a4667d16a5a2313f55ad7e8a00dc
[INFO] running `Command { std: "docker" "create" "-v" "/var/lib/crater-agent-workspace/builds/worker-2-tc1/target:/opt/rustwide/target:rw,Z" "-v" "/var/lib/crater-agent-workspace/builds/worker-2-tc1/source:/opt/rustwide/workdir:ro,Z" "-v" "/var/lib/crater-agent-workspace/cargo-home:/opt/rustwide/cargo-home:ro,Z" "-v" "/var/lib/crater-agent-workspace/rustup-home:/opt/rustwide/rustup-home:ro,Z" "-e" "SOURCE_DIR=/opt/rustwide/workdir" "-e" "CARGO_TARGET_DIR=/opt/rustwide/target" "-e" "CARGO_INCREMENTAL=0" "-e" "RUST_BACKTRACE=full" "-e" "RUSTFLAGS=--cap-lints=warn" "-e" "RUSTDOCFLAGS=--cap-lints=warn" "-e" "CARGO_HOME=/opt/rustwide/cargo-home" "-e" "RUSTUP_HOME=/opt/rustwide/rustup-home" "-w" "/opt/rustwide/workdir" "-m" "1610612736" "--user" "0:0" "--network" "none" "ghcr.io/rust-lang/crates-build-env/linux@sha256:2788e3201cd34a07e3172128adcd8b3090168a8e3bcc40d7c032b9dda1df7d1c" "/opt/rustwide/cargo-home/bin/cargo" "+1.75.0" "test" "--frozen", kill_on_drop: false }`
[INFO] [stdout] e6209bc2a80efbbbe3dd5f30a4d70bccb92c02d5d7d3169fcaf064c6a7566f8b
[INFO] running `Command { std: "docker" "start" "-a" "e6209bc2a80efbbbe3dd5f30a4d70bccb92c02d5d7d3169fcaf064c6a7566f8b", kill_on_drop: false }`
[INFO] [stderr]     Finished test [unoptimized + debuginfo] target(s) in 0.00s
[INFO] [stderr]      Running unittests src/lib.rs (/opt/rustwide/target/debug/deps/named_colour-1eac5698ca319f6f)
[INFO] [stdout] 
[INFO] [stdout] running 4 tests
[INFO] [stdout] test basic::tests::display_as_rgb ... ok
[INFO] [stdout] test rgb::tests::print_valid_hex_string ... ok
[INFO] [stdout] test tests::convert_to_rgb ... ok
[INFO] [stdout] test tests::returns_invalid_string_message_on_bad_input ... ok
[INFO] [stdout] 
[INFO] [stdout] test result: ok. 4 passed; 0 failed; 0 ignored; 0 measured; 0 filtered out; finished in 0.00s
[INFO] [stdout] 
[INFO] [stderr]    Doc-tests named-colour
[INFO] [stdout] 
[INFO] [stdout] running 5 tests
[INFO] [stdout] test src/lib.rs - (line 32) ... FAILED
[INFO] [stdout] test src/lib.rs - (line 15) ... ok
[INFO] [stdout] test src/basic.rs - basic::Basic::as_rgb (line 74) ... ok
[INFO] [stdout] test src/rgb.rs - rgb::ColourRgb (line 9) ... ok
[INFO] [stdout] test src/lib.rs - (line 42) ... ok
[INFO] [stdout] 
[INFO] [stdout] failures:
[INFO] [stdout] 
[INFO] [stdout] ---- src/lib.rs - (line 32) stdout ----
[INFO] [stdout] error[E0432]: unresolved import `named_colour::ext`
[INFO] [stdout]  --> src/lib.rs:34:19
[INFO] [stdout]   |
[INFO] [stdout] 5 | use named_colour::ext::Indigo;
[INFO] [stdout]   |                   ^^^ could not find `ext` in `named_colour`
[INFO] [stdout] 
[INFO] [stdout] error: aborting due to previous error
[INFO] [stdout] 
[INFO] [stdout] For more information about this error, try `rustc --explain E0432`.
[INFO] [stdout] Couldn't compile the test.
[INFO] [stdout] 
[INFO] [stdout] failures:
[INFO] [stdout]     src/lib.rs - (line 32)
[INFO] [stdout] 
[INFO] [stdout] test result: FAILED. 4 passed; 1 failed; 0 ignored; 0 measured; 0 filtered out; finished in 0.24s
[INFO] [stdout] 
[INFO] [stderr] error: doctest failed, to rerun pass `--doc`
[INFO] running `Command { std: "docker" "inspect" "e6209bc2a80efbbbe3dd5f30a4d70bccb92c02d5d7d3169fcaf064c6a7566f8b", kill_on_drop: false }`
[INFO] running `Command { std: "docker" "rm" "-f" "e6209bc2a80efbbbe3dd5f30a4d70bccb92c02d5d7d3169fcaf064c6a7566f8b", kill_on_drop: false }`
[INFO] [stdout] e6209bc2a80efbbbe3dd5f30a4d70bccb92c02d5d7d3169fcaf064c6a7566f8b
