[INFO] fetching crate myhumantime 1.0.0...
[INFO] testing myhumantime-1.0.0 against 1.75.0 for beta-1.76-1
[INFO] extracting crate myhumantime 1.0.0 into /workspace/builds/worker-3-tc1/source
[INFO] validating manifest of crates.io crate myhumantime 1.0.0 on toolchain 1.75.0
[INFO] running `Command { std: CARGO_HOME="/workspace/cargo-home" RUSTUP_HOME="/workspace/rustup-home" "/workspace/cargo-home/bin/cargo" "+1.75.0" "metadata" "--manifest-path" "Cargo.toml" "--no-deps", kill_on_drop: false }`
[INFO] started tweaking crates.io crate myhumantime 1.0.0
[INFO] finished tweaking crates.io crate myhumantime 1.0.0
[INFO] tweaked toml for crates.io crate myhumantime 1.0.0 written to /workspace/builds/worker-3-tc1/source/Cargo.toml
[INFO] running `Command { std: CARGO_HOME="/workspace/cargo-home" RUSTUP_HOME="/workspace/rustup-home" "/workspace/cargo-home/bin/cargo" "+1.75.0" "generate-lockfile" "--manifest-path" "Cargo.toml", kill_on_drop: false }`
[INFO] [stderr]     Updating crates.io index
[INFO] running `Command { std: CARGO_HOME="/workspace/cargo-home" RUSTUP_HOME="/workspace/rustup-home" "/workspace/cargo-home/bin/cargo" "+1.75.0" "fetch" "--manifest-path" "Cargo.toml", kill_on_drop: false }`
[INFO] running `Command { std: "docker" "create" "-v" "/var/lib/crater-agent-workspace/builds/worker-3-tc1/target:/opt/rustwide/target:rw,Z" "-v" "/var/lib/crater-agent-workspace/builds/worker-3-tc1/source:/opt/rustwide/workdir:ro,Z" "-v" "/var/lib/crater-agent-workspace/cargo-home:/opt/rustwide/cargo-home:ro,Z" "-v" "/var/lib/crater-agent-workspace/rustup-home:/opt/rustwide/rustup-home:ro,Z" "-e" "SOURCE_DIR=/opt/rustwide/workdir" "-e" "CARGO_TARGET_DIR=/opt/rustwide/target" "-e" "CARGO_HOME=/opt/rustwide/cargo-home" "-e" "RUSTUP_HOME=/opt/rustwide/rustup-home" "-w" "/opt/rustwide/workdir" "-m" "1610612736" "--user" "0:0" "--network" "none" "ghcr.io/rust-lang/crates-build-env/linux@sha256:2788e3201cd34a07e3172128adcd8b3090168a8e3bcc40d7c032b9dda1df7d1c" "/opt/rustwide/cargo-home/bin/cargo" "+1.75.0" "metadata" "--no-deps" "--format-version=1", kill_on_drop: false }`
[INFO] [stdout] 8a2619174eac3acb9a34f6b10c5dc4aaf0825f04b5fa71ec76e33377587fee9c
[INFO] running `Command { std: "docker" "start" "-a" "8a2619174eac3acb9a34f6b10c5dc4aaf0825f04b5fa71ec76e33377587fee9c", kill_on_drop: false }`
[INFO] running `Command { std: "docker" "inspect" "8a2619174eac3acb9a34f6b10c5dc4aaf0825f04b5fa71ec76e33377587fee9c", kill_on_drop: false }`
[INFO] running `Command { std: "docker" "rm" "-f" "8a2619174eac3acb9a34f6b10c5dc4aaf0825f04b5fa71ec76e33377587fee9c", kill_on_drop: false }`
[INFO] [stdout] 8a2619174eac3acb9a34f6b10c5dc4aaf0825f04b5fa71ec76e33377587fee9c
[INFO] running `Command { std: "docker" "create" "-v" "/var/lib/crater-agent-workspace/builds/worker-3-tc1/target:/opt/rustwide/target:rw,Z" "-v" "/var/lib/crater-agent-workspace/builds/worker-3-tc1/source:/opt/rustwide/workdir:ro,Z" "-v" "/var/lib/crater-agent-workspace/cargo-home:/opt/rustwide/cargo-home:ro,Z" "-v" "/var/lib/crater-agent-workspace/rustup-home:/opt/rustwide/rustup-home:ro,Z" "-e" "SOURCE_DIR=/opt/rustwide/workdir" "-e" "CARGO_TARGET_DIR=/opt/rustwide/target" "-e" "CARGO_INCREMENTAL=0" "-e" "RUST_BACKTRACE=full" "-e" "RUSTFLAGS=--cap-lints=warn" "-e" "RUSTDOCFLAGS=--cap-lints=warn" "-e" "CARGO_HOME=/opt/rustwide/cargo-home" "-e" "RUSTUP_HOME=/opt/rustwide/rustup-home" "-w" "/opt/rustwide/workdir" "-m" "1610612736" "--user" "0:0" "--network" "none" "ghcr.io/rust-lang/crates-build-env/linux@sha256:2788e3201cd34a07e3172128adcd8b3090168a8e3bcc40d7c032b9dda1df7d1c" "/opt/rustwide/cargo-home/bin/cargo" "+1.75.0" "build" "--frozen" "--message-format=json", kill_on_drop: false }`
[INFO] [stdout] 098dd978ae3438c69ca305823fd93c4b3cf97c3d8dfde9571d7b8f6d95f769ac
[INFO] running `Command { std: "docker" "start" "-a" "098dd978ae3438c69ca305823fd93c4b3cf97c3d8dfde9571d7b8f6d95f769ac", kill_on_drop: false }`
[INFO] [stderr]    Compiling myhumantime v1.0.0 (/opt/rustwide/workdir)
[INFO] [stderr]     Finished dev [unoptimized + debuginfo] target(s) in 0.19s
[INFO] running `Command { std: "docker" "inspect" "098dd978ae3438c69ca305823fd93c4b3cf97c3d8dfde9571d7b8f6d95f769ac", kill_on_drop: false }`
[INFO] running `Command { std: "docker" "rm" "-f" "098dd978ae3438c69ca305823fd93c4b3cf97c3d8dfde9571d7b8f6d95f769ac", kill_on_drop: false }`
[INFO] [stdout] 098dd978ae3438c69ca305823fd93c4b3cf97c3d8dfde9571d7b8f6d95f769ac
[INFO] running `Command { std: "docker" "create" "-v" "/var/lib/crater-agent-workspace/builds/worker-3-tc1/target:/opt/rustwide/target:rw,Z" "-v" "/var/lib/crater-agent-workspace/builds/worker-3-tc1/source:/opt/rustwide/workdir:ro,Z" "-v" "/var/lib/crater-agent-workspace/cargo-home:/opt/rustwide/cargo-home:ro,Z" "-v" "/var/lib/crater-agent-workspace/rustup-home:/opt/rustwide/rustup-home:ro,Z" "-e" "SOURCE_DIR=/opt/rustwide/workdir" "-e" "CARGO_TARGET_DIR=/opt/rustwide/target" "-e" "CARGO_INCREMENTAL=0" "-e" "RUST_BACKTRACE=full" "-e" "RUSTFLAGS=--cap-lints=warn" "-e" "RUSTDOCFLAGS=--cap-lints=warn" "-e" "CARGO_HOME=/opt/rustwide/cargo-home" "-e" "RUSTUP_HOME=/opt/rustwide/rustup-home" "-w" "/opt/rustwide/workdir" "-m" "1610612736" "--user" "0:0" "--network" "none" "ghcr.io/rust-lang/crates-build-env/linux@sha256:2788e3201cd34a07e3172128adcd8b3090168a8e3bcc40d7c032b9dda1df7d1c" "/opt/rustwide/cargo-home/bin/cargo" "+1.75.0" "test" "--frozen" "--no-run" "--message-format=json", kill_on_drop: false }`
[INFO] [stdout] 67464cc167b3914c42b9e3a1e5d9ad0bf9ce95b914f97a43812d7093e94323f3
[INFO] running `Command { std: "docker" "start" "-a" "67464cc167b3914c42b9e3a1e5d9ad0bf9ce95b914f97a43812d7093e94323f3", kill_on_drop: false }`
[INFO] [stderr]    Compiling autocfg v0.1.8
[INFO] [stderr]    Compiling rand_core v0.4.2
[INFO] [stderr]    Compiling num-traits v0.2.17
[INFO] [stderr]    Compiling iana-time-zone v0.1.59
[INFO] [stderr]    Compiling time v0.1.45
[INFO] [stderr]    Compiling rand_pcg v0.1.2
[INFO] [stderr]    Compiling rand_chacha v0.1.1
[INFO] [stderr]    Compiling rand v0.6.5
[INFO] [stderr]    Compiling rand_core v0.3.1
[INFO] [stderr]    Compiling rand_os v0.1.3
[INFO] [stderr]    Compiling rand_jitter v0.1.4
[INFO] [stderr]    Compiling rand_xorshift v0.1.1
[INFO] [stderr]    Compiling rand_hc v0.1.0
[INFO] [stderr]    Compiling rand_isaac v0.1.1
[INFO] [stderr]    Compiling chrono v0.4.31
[INFO] [stderr]    Compiling myhumantime v1.0.0 (/opt/rustwide/workdir)
[INFO] [stderr]     Finished test [unoptimized + debuginfo] target(s) in 2.22s
[INFO] running `Command { std: "docker" "inspect" "67464cc167b3914c42b9e3a1e5d9ad0bf9ce95b914f97a43812d7093e94323f3", kill_on_drop: false }`
[INFO] running `Command { std: "docker" "rm" "-f" "67464cc167b3914c42b9e3a1e5d9ad0bf9ce95b914f97a43812d7093e94323f3", kill_on_drop: false }`
[INFO] [stdout] 67464cc167b3914c42b9e3a1e5d9ad0bf9ce95b914f97a43812d7093e94323f3
[INFO] running `Command { std: "docker" "create" "-v" "/var/lib/crater-agent-workspace/builds/worker-3-tc1/target:/opt/rustwide/target:rw,Z" "-v" "/var/lib/crater-agent-workspace/builds/worker-3-tc1/source:/opt/rustwide/workdir:ro,Z" "-v" "/var/lib/crater-agent-workspace/cargo-home:/opt/rustwide/cargo-home:ro,Z" "-v" "/var/lib/crater-agent-workspace/rustup-home:/opt/rustwide/rustup-home:ro,Z" "-e" "SOURCE_DIR=/opt/rustwide/workdir" "-e" "CARGO_TARGET_DIR=/opt/rustwide/target" "-e" "CARGO_INCREMENTAL=0" "-e" "RUST_BACKTRACE=full" "-e" "RUSTFLAGS=--cap-lints=warn" "-e" "RUSTDOCFLAGS=--cap-lints=warn" "-e" "CARGO_HOME=/opt/rustwide/cargo-home" "-e" "RUSTUP_HOME=/opt/rustwide/rustup-home" "-w" "/opt/rustwide/workdir" "-m" "1610612736" "--user" "0:0" "--network" "none" "ghcr.io/rust-lang/crates-build-env/linux@sha256:2788e3201cd34a07e3172128adcd8b3090168a8e3bcc40d7c032b9dda1df7d1c" "/opt/rustwide/cargo-home/bin/cargo" "+1.75.0" "test" "--frozen", kill_on_drop: false }`
[INFO] [stdout] d792ee8a52a738ccf0dd7d4fbf3e2f7d03263328f9d270dadb0d20b0e0cfa4a7
[INFO] running `Command { std: "docker" "start" "-a" "d792ee8a52a738ccf0dd7d4fbf3e2f7d03263328f9d270dadb0d20b0e0cfa4a7", kill_on_drop: false }`
[INFO] [stderr]     Finished test [unoptimized + debuginfo] target(s) in 0.02s
[INFO] [stderr]      Running unittests src/lib.rs (/opt/rustwide/target/debug/deps/myhumantime-349c12cfca7fd26a)
[INFO] [stdout] 
[INFO] [stdout] running 0 tests
[INFO] [stdout] 
[INFO] [stdout] test result: ok. 0 passed; 0 failed; 0 ignored; 0 measured; 0 filtered out; finished in 0.00s
[INFO] [stdout] 
[INFO] [stderr]    Doc-tests myhumantime
[INFO] [stdout] 
[INFO] [stdout] running 4 tests
[INFO] [stdout] test src/wrapper.rs - wrapper::Timestamp (line 39) ... FAILED
[INFO] [stdout] test src/duration.rs - duration::format_duration (line 246) ... FAILED
[INFO] [stdout] test src/wrapper.rs - wrapper::Duration (line 18) ... FAILED
[INFO] [stdout] test src/duration.rs - duration::parse_duration (line 223) ... FAILED
[INFO] [stdout] 
[INFO] [stdout] failures:
[INFO] [stdout] 
[INFO] [stdout] ---- src/wrapper.rs - wrapper::Timestamp (line 39) stdout ----
[INFO] [stdout] error[E0433]: failed to resolve: use of undeclared crate or module `humantime`
[INFO] [stdout]  --> src/wrapper.rs:43:12
[INFO] [stdout]   |
[INFO] [stdout] 6 | assert_eq!(humantime::format_rfc3339(x).to_string(), "2018-02-16T00:31:37Z");
[INFO] [stdout]   |            ^^^^^^^^^ use of undeclared crate or module `humantime`
[INFO] [stdout]   |
[INFO] [stdout] help: there is a crate or module with a similar name
[INFO] [stdout]   |
[INFO] [stdout] 6 | assert_eq!(myhumantime::format_rfc3339(x).to_string(), "2018-02-16T00:31:37Z");
[INFO] [stdout]   |            ~~~~~~~~~~~
[INFO] [stdout] 
[INFO] [stdout] error[E0433]: failed to resolve: use of undeclared crate or module `humantime`
[INFO] [stdout]  --> src/wrapper.rs:42:36
[INFO] [stdout]   |
[INFO] [stdout] 5 | x = "2018-02-16T00:31:37Z".parse::<humantime::Timestamp>().unwrap().into();
[INFO] [stdout]   |                                    ^^^^^^^^^ use of undeclared crate or module `humantime`
[INFO] [stdout]   |
[INFO] [stdout] help: there is a crate or module with a similar name
[INFO] [stdout]   |
[INFO] [stdout] 5 | x = "2018-02-16T00:31:37Z".parse::<myhumantime::Timestamp>().unwrap().into();
[INFO] [stdout]   |                                    ~~~~~~~~~~~
[INFO] [stdout] 
[INFO] [stdout] error: aborting due to 2 previous errors
[INFO] [stdout] 
[INFO] [stdout] For more information about this error, try `rustc --explain E0433`.
[INFO] [stdout] Couldn't compile the test.
[INFO] [stdout] ---- src/duration.rs - duration::format_duration (line 246) stdout ----
[INFO] [stdout] error[E0432]: unresolved import `humantime`
[INFO] [stdout]  --> src/duration.rs:248:5
[INFO] [stdout]   |
[INFO] [stdout] 4 | use humantime::format_duration;
[INFO] [stdout]   |     ^^^^^^^^^ use of undeclared crate or module `humantime`
[INFO] [stdout]   |
[INFO] [stdout] help: there is a crate or module with a similar name
[INFO] [stdout]   |
[INFO] [stdout] 4 | use myhumantime::format_duration;
[INFO] [stdout]   |     ~~~~~~~~~~~
[INFO] [stdout] 
[INFO] [stdout] error: aborting due to previous error
[INFO] [stdout] 
[INFO] [stdout] For more information about this error, try `rustc --explain E0432`.
[INFO] [stdout] Couldn't compile the test.
[INFO] [stdout] ---- src/wrapper.rs - wrapper::Duration (line 18) stdout ----
[INFO] [stdout] error[E0433]: failed to resolve: use of undeclared crate or module `humantime`
[INFO] [stdout]  --> src/wrapper.rs:21:28
[INFO] [stdout]   |
[INFO] [stdout] 5 | x = "12h 5min 2ns".parse::<humantime::Duration>().unwrap().into();
[INFO] [stdout]   |                            ^^^^^^^^^ use of undeclared crate or module `humantime`
[INFO] [stdout]   |
[INFO] [stdout] help: there is a crate or module with a similar name
[INFO] [stdout]   |
[INFO] [stdout] 5 | x = "12h 5min 2ns".parse::<myhumantime::Duration>().unwrap().into();
[INFO] [stdout]   |                            ~~~~~~~~~~~
[INFO] [stdout] 
[INFO] [stdout] error: aborting due to previous error
[INFO] [stdout] 
[INFO] [stdout] For more information about this error, try `rustc --explain E0433`.
[INFO] [stdout] Couldn't compile the test.
[INFO] [stdout] ---- src/duration.rs - duration::parse_duration (line 223) stdout ----
[INFO] [stdout] error[E0432]: unresolved import `humantime`
[INFO] [stdout]  --> src/duration.rs:225:5
[INFO] [stdout]   |
[INFO] [stdout] 4 | use humantime::parse_duration;
[INFO] [stdout]   |     ^^^^^^^^^ use of undeclared crate or module `humantime`
[INFO] [stdout]   |
[INFO] [stdout] help: there is a crate or module with a similar name
[INFO] [stdout]   |
[INFO] [stdout] 4 | use myhumantime::parse_duration;
[INFO] [stdout]   |     ~~~~~~~~~~~
[INFO] [stdout] 
[INFO] [stdout] error: aborting due to previous error
[INFO] [stdout] 
[INFO] [stdout] For more information about this error, try `rustc --explain E0432`.
[INFO] [stdout] Couldn't compile the test.
[INFO] [stdout] 
[INFO] [stdout] failures:
[INFO] [stdout]     src/duration.rs - duration::format_duration (line 246)
[INFO] [stdout]     src/duration.rs - duration::parse_duration (line 223)
[INFO] [stdout]     src/wrapper.rs - wrapper::Duration (line 18)
[INFO] [stdout]     src/wrapper.rs - wrapper::Timestamp (line 39)
[INFO] [stdout] 
[INFO] [stdout] test result: FAILED. 0 passed; 4 failed; 0 ignored; 0 measured; 0 filtered out; finished in 0.05s
[INFO] [stdout] 
[INFO] [stderr] error: doctest failed, to rerun pass `--doc`
[INFO] running `Command { std: "docker" "inspect" "d792ee8a52a738ccf0dd7d4fbf3e2f7d03263328f9d270dadb0d20b0e0cfa4a7", kill_on_drop: false }`
[INFO] running `Command { std: "docker" "rm" "-f" "d792ee8a52a738ccf0dd7d4fbf3e2f7d03263328f9d270dadb0d20b0e0cfa4a7", kill_on_drop: false }`
[INFO] [stdout] d792ee8a52a738ccf0dd7d4fbf3e2f7d03263328f9d270dadb0d20b0e0cfa4a7
[INFO] testing myhumantime-1.0.0 against beta-2023-12-22 for beta-1.76-1
[INFO] extracting crate myhumantime 1.0.0 into /workspace/builds/worker-3-tc2/source
[INFO] validating manifest of crates.io crate myhumantime 1.0.0 on toolchain beta-2023-12-22
[INFO] running `Command { std: CARGO_HOME="/workspace/cargo-home" RUSTUP_HOME="/workspace/rustup-home" "/workspace/cargo-home/bin/cargo" "+beta-2023-12-22" "metadata" "--manifest-path" "Cargo.toml" "--no-deps", kill_on_drop: false }`
[INFO] started tweaking crates.io crate myhumantime 1.0.0
[INFO] finished tweaking crates.io crate myhumantime 1.0.0
[INFO] tweaked toml for crates.io crate myhumantime 1.0.0 written to /workspace/builds/worker-3-tc2/source/Cargo.toml
[INFO] running `Command { std: CARGO_HOME="/workspace/cargo-home" RUSTUP_HOME="/workspace/rustup-home" "/workspace/cargo-home/bin/cargo" "+beta-2023-12-22" "generate-lockfile" "--manifest-path" "Cargo.toml", kill_on_drop: false }`
[INFO] [stderr]     Blocking waiting for file lock on package cache
[INFO] [stderr]     Updating crates.io index
[INFO] running `Command { std: CARGO_HOME="/workspace/cargo-home" RUSTUP_HOME="/workspace/rustup-home" "/workspace/cargo-home/bin/cargo" "+beta-2023-12-22" "fetch" "--manifest-path" "Cargo.toml", kill_on_drop: false }`
[INFO] running `Command { std: "docker" "create" "-v" "/var/lib/crater-agent-workspace/builds/worker-3-tc2/target:/opt/rustwide/target:rw,Z" "-v" "/var/lib/crater-agent-workspace/builds/worker-3-tc2/source:/opt/rustwide/workdir:ro,Z" "-v" "/var/lib/crater-agent-workspace/cargo-home:/opt/rustwide/cargo-home:ro,Z" "-v" "/var/lib/crater-agent-workspace/rustup-home:/opt/rustwide/rustup-home:ro,Z" "-e" "SOURCE_DIR=/opt/rustwide/workdir" "-e" "CARGO_TARGET_DIR=/opt/rustwide/target" "-e" "CARGO_HOME=/opt/rustwide/cargo-home" "-e" "RUSTUP_HOME=/opt/rustwide/rustup-home" "-w" "/opt/rustwide/workdir" "-m" "1610612736" "--user" "0:0" "--network" "none" "ghcr.io/rust-lang/crates-build-env/linux@sha256:2788e3201cd34a07e3172128adcd8b3090168a8e3bcc40d7c032b9dda1df7d1c" "/opt/rustwide/cargo-home/bin/cargo" "+beta-2023-12-22" "metadata" "--no-deps" "--format-version=1", kill_on_drop: false }`
[INFO] [stdout] b44eeeb9b7db53ddff55fb6f10c99c93265a05ed9012785933b00f1491469825
[INFO] running `Command { std: "docker" "start" "-a" "b44eeeb9b7db53ddff55fb6f10c99c93265a05ed9012785933b00f1491469825", kill_on_drop: false }`
[INFO] running `Command { std: "docker" "inspect" "b44eeeb9b7db53ddff55fb6f10c99c93265a05ed9012785933b00f1491469825", kill_on_drop: false }`
[INFO] running `Command { std: "docker" "rm" "-f" "b44eeeb9b7db53ddff55fb6f10c99c93265a05ed9012785933b00f1491469825", kill_on_drop: false }`
[INFO] [stdout] b44eeeb9b7db53ddff55fb6f10c99c93265a05ed9012785933b00f1491469825
[INFO] running `Command { std: "docker" "create" "-v" "/var/lib/crater-agent-workspace/builds/worker-3-tc2/target:/opt/rustwide/target:rw,Z" "-v" "/var/lib/crater-agent-workspace/builds/worker-3-tc2/source:/opt/rustwide/workdir:ro,Z" "-v" "/var/lib/crater-agent-workspace/cargo-home:/opt/rustwide/cargo-home:ro,Z" "-v" "/var/lib/crater-agent-workspace/rustup-home:/opt/rustwide/rustup-home:ro,Z" "-e" "SOURCE_DIR=/opt/rustwide/workdir" "-e" "CARGO_TARGET_DIR=/opt/rustwide/target" "-e" "CARGO_INCREMENTAL=0" "-e" "RUST_BACKTRACE=full" "-e" "RUSTFLAGS=--cap-lints=warn" "-e" "RUSTDOCFLAGS=--cap-lints=warn" "-e" "CARGO_HOME=/opt/rustwide/cargo-home" "-e" "RUSTUP_HOME=/opt/rustwide/rustup-home" "-w" "/opt/rustwide/workdir" "-m" "1610612736" "--user" "0:0" "--network" "none" "ghcr.io/rust-lang/crates-build-env/linux@sha256:2788e3201cd34a07e3172128adcd8b3090168a8e3bcc40d7c032b9dda1df7d1c" "/opt/rustwide/cargo-home/bin/cargo" "+beta-2023-12-22" "build" "--frozen" "--message-format=json", kill_on_drop: false }`
[INFO] [stdout] 5a4f893ddac2ba9a9c55a1d8440b36d4755fbd3e9f7a217f8c75222669197efa
[INFO] running `Command { std: "docker" "start" "-a" "5a4f893ddac2ba9a9c55a1d8440b36d4755fbd3e9f7a217f8c75222669197efa", kill_on_drop: false }`
[INFO] [stderr]    Compiling myhumantime v1.0.0 (/opt/rustwide/workdir)
[INFO] [stderr]     Finished dev [unoptimized + debuginfo] target(s) in 0.24s
[INFO] running `Command { std: "docker" "inspect" "5a4f893ddac2ba9a9c55a1d8440b36d4755fbd3e9f7a217f8c75222669197efa", kill_on_drop: false }`
[INFO] running `Command { std: "docker" "rm" "-f" "5a4f893ddac2ba9a9c55a1d8440b36d4755fbd3e9f7a217f8c75222669197efa", kill_on_drop: false }`
[INFO] [stdout] 5a4f893ddac2ba9a9c55a1d8440b36d4755fbd3e9f7a217f8c75222669197efa
[INFO] running `Command { std: "docker" "create" "-v" "/var/lib/crater-agent-workspace/builds/worker-3-tc2/target:/opt/rustwide/target:rw,Z" "-v" "/var/lib/crater-agent-workspace/builds/worker-3-tc2/source:/opt/rustwide/workdir:ro,Z" "-v" "/var/lib/crater-agent-workspace/cargo-home:/opt/rustwide/cargo-home:ro,Z" "-v" "/var/lib/crater-agent-workspace/rustup-home:/opt/rustwide/rustup-home:ro,Z" "-e" "SOURCE_DIR=/opt/rustwide/workdir" "-e" "CARGO_TARGET_DIR=/opt/rustwide/target" "-e" "CARGO_INCREMENTAL=0" "-e" "RUST_BACKTRACE=full" "-e" "RUSTFLAGS=--cap-lints=warn" "-e" "RUSTDOCFLAGS=--cap-lints=warn" "-e" "CARGO_HOME=/opt/rustwide/cargo-home" "-e" "RUSTUP_HOME=/opt/rustwide/rustup-home" "-w" "/opt/rustwide/workdir" "-m" "1610612736" "--user" "0:0" "--network" "none" "ghcr.io/rust-lang/crates-build-env/linux@sha256:2788e3201cd34a07e3172128adcd8b3090168a8e3bcc40d7c032b9dda1df7d1c" "/opt/rustwide/cargo-home/bin/cargo" "+beta-2023-12-22" "test" "--frozen" "--no-run" "--message-format=json", kill_on_drop: false }`
[INFO] [stdout] 6e773a23aca3cefd22a0016133f15953aa08a8a4c68cd718ebc1d510cc4f763f
[INFO] running `Command { std: "docker" "start" "-a" "6e773a23aca3cefd22a0016133f15953aa08a8a4c68cd718ebc1d510cc4f763f", kill_on_drop: false }`
[INFO] [stderr]    Compiling autocfg v0.1.8
[INFO] [stderr]    Compiling rand_core v0.4.2
[INFO] [stderr]    Compiling num-traits v0.2.17
[INFO] [stderr]    Compiling iana-time-zone v0.1.59
[INFO] [stderr]    Compiling time v0.1.45
[INFO] [stderr]    Compiling rand_chacha v0.1.1
[INFO] [stderr]    Compiling rand_pcg v0.1.2
[INFO] [stderr]    Compiling rand v0.6.5
[INFO] [stderr]    Compiling rand_core v0.3.1
[INFO] [stderr]    Compiling rand_jitter v0.1.4
[INFO] [stderr]    Compiling rand_os v0.1.3
[INFO] [stderr]    Compiling rand_hc v0.1.0
[INFO] [stderr]    Compiling rand_xorshift v0.1.1
[INFO] [stderr]    Compiling rand_isaac v0.1.1
[INFO] [stderr]    Compiling chrono v0.4.31
[INFO] [stderr]    Compiling myhumantime v1.0.0 (/opt/rustwide/workdir)
[INFO] [stderr]     Finished test [unoptimized + debuginfo] target(s) in 3.02s
[INFO] running `Command { std: "docker" "inspect" "6e773a23aca3cefd22a0016133f15953aa08a8a4c68cd718ebc1d510cc4f763f", kill_on_drop: false }`
[INFO] running `Command { std: "docker" "rm" "-f" "6e773a23aca3cefd22a0016133f15953aa08a8a4c68cd718ebc1d510cc4f763f", kill_on_drop: false }`
[INFO] [stdout] 6e773a23aca3cefd22a0016133f15953aa08a8a4c68cd718ebc1d510cc4f763f
[INFO] running `Command { std: "docker" "create" "-v" "/var/lib/crater-agent-workspace/builds/worker-3-tc2/target:/opt/rustwide/target:rw,Z" "-v" "/var/lib/crater-agent-workspace/builds/worker-3-tc2/source:/opt/rustwide/workdir:ro,Z" "-v" "/var/lib/crater-agent-workspace/cargo-home:/opt/rustwide/cargo-home:ro,Z" "-v" "/var/lib/crater-agent-workspace/rustup-home:/opt/rustwide/rustup-home:ro,Z" "-e" "SOURCE_DIR=/opt/rustwide/workdir" "-e" "CARGO_TARGET_DIR=/opt/rustwide/target" "-e" "CARGO_INCREMENTAL=0" "-e" "RUST_BACKTRACE=full" "-e" "RUSTFLAGS=--cap-lints=warn" "-e" "RUSTDOCFLAGS=--cap-lints=warn" "-e" "CARGO_HOME=/opt/rustwide/cargo-home" "-e" "RUSTUP_HOME=/opt/rustwide/rustup-home" "-w" "/opt/rustwide/workdir" "-m" "1610612736" "--user" "0:0" "--network" "none" "ghcr.io/rust-lang/crates-build-env/linux@sha256:2788e3201cd34a07e3172128adcd8b3090168a8e3bcc40d7c032b9dda1df7d1c" "/opt/rustwide/cargo-home/bin/cargo" "+beta-2023-12-22" "test" "--frozen", kill_on_drop: false }`
[INFO] [stdout] d34da3a4693239fa958e5657940d8f9cc0840f72d96b236bf88620076d3f1a4d
[INFO] running `Command { std: "docker" "start" "-a" "d34da3a4693239fa958e5657940d8f9cc0840f72d96b236bf88620076d3f1a4d", kill_on_drop: false }`
[INFO] [stderr]     Finished test [unoptimized + debuginfo] target(s) in 0.02s
[INFO] [stderr]      Running unittests src/lib.rs (/opt/rustwide/target/debug/deps/myhumantime-1a612ef06519c285)
[INFO] [stdout] 
[INFO] [stdout] running 0 tests
[INFO] [stdout] 
[INFO] [stdout] test result: ok. 0 passed; 0 failed; 0 ignored; 0 measured; 0 filtered out; finished in 0.00s
[INFO] [stdout] 
[INFO] [stderr]    Doc-tests myhumantime
[INFO] [stdout] 
[INFO] [stdout] running 4 tests
[INFO] [stdout] test src/duration.rs - duration::format_duration (line 246) ... FAILED
[INFO] [stdout] test src/wrapper.rs - wrapper::Timestamp (line 39) ... FAILED
[INFO] [stdout] test src/duration.rs - duration::parse_duration (line 223) ... FAILED
[INFO] [stdout] test src/wrapper.rs - wrapper::Duration (line 18) ... FAILED
[INFO] [stdout] 
[INFO] [stdout] failures:
[INFO] [stdout] 
[INFO] [stdout] ---- src/duration.rs - duration::format_duration (line 246) stdout ----
[INFO] [stdout] error[E0432]: unresolved import `humantime`
[INFO] [stdout]  --> src/duration.rs:248:5
[INFO] [stdout]   |
[INFO] [stdout] 4 | use humantime::format_duration;
[INFO] [stdout]   |     ^^^^^^^^^ use of undeclared crate or module `humantime`
[INFO] [stdout]   |
[INFO] [stdout] help: there is a crate or module with a similar name
[INFO] [stdout]   |
[INFO] [stdout] 4 | use myhumantime::format_duration;
[INFO] [stdout]   |     ~~~~~~~~~~~
[INFO] [stdout] 
[INFO] [stdout] error: aborting due to 1 previous error
[INFO] [stdout] 
[INFO] [stdout] For more information about this error, try `rustc --explain E0432`.
[INFO] [stdout] Couldn't compile the test.
[INFO] [stdout] ---- src/wrapper.rs - wrapper::Timestamp (line 39) stdout ----
[INFO] [stdout] error[E0433]: failed to resolve: use of undeclared crate or module `humantime`
[INFO] [stdout]  --> src/wrapper.rs:43:12
[INFO] [stdout]   |
[INFO] [stdout] 6 | assert_eq!(humantime::format_rfc3339(x).to_string(), "2018-02-16T00:31:37Z");
[INFO] [stdout]   |            ^^^^^^^^^ use of undeclared crate or module `humantime`
[INFO] [stdout]   |
[INFO] [stdout] help: there is a crate or module with a similar name
[INFO] [stdout]   |
[INFO] [stdout] 6 | assert_eq!(myhumantime::format_rfc3339(x).to_string(), "2018-02-16T00:31:37Z");
[INFO] [stdout]   |            ~~~~~~~~~~~
[INFO] [stdout] 
[INFO] [stdout] error[E0433]: failed to resolve: use of undeclared crate or module `humantime`
[INFO] [stdout]  --> src/wrapper.rs:42:36
[INFO] [stdout]   |
[INFO] [stdout] 5 | x = "2018-02-16T00:31:37Z".parse::<humantime::Timestamp>().unwrap().into();
[INFO] [stdout]   |                                    ^^^^^^^^^ use of undeclared crate or module `humantime`
[INFO] [stdout]   |
[INFO] [stdout] help: there is a crate or module with a similar name
[INFO] [stdout]   |
[INFO] [stdout] 5 | x = "2018-02-16T00:31:37Z".parse::<myhumantime::Timestamp>().unwrap().into();
[INFO] [stdout]   |                                    ~~~~~~~~~~~
[INFO] [stdout] 
[INFO] [stdout] error: aborting due to 2 previous errors
[INFO] [stdout] 
[INFO] [stdout] For more information about this error, try `rustc --explain E0433`.
[INFO] [stdout] Couldn't compile the test.
[INFO] [stdout] ---- src/duration.rs - duration::parse_duration (line 223) stdout ----
[INFO] [stdout] error[E0432]: unresolved import `humantime`
[INFO] [stdout]  --> src/duration.rs:225:5
[INFO] [stdout]   |
[INFO] [stdout] 4 | use humantime::parse_duration;
[INFO] [stdout]   |     ^^^^^^^^^ use of undeclared crate or module `humantime`
[INFO] [stdout]   |
[INFO] [stdout] help: there is a crate or module with a similar name
[INFO] [stdout]   |
[INFO] [stdout] 4 | use myhumantime::parse_duration;
[INFO] [stdout]   |     ~~~~~~~~~~~
[INFO] [stdout] 
[INFO] [stdout] error: aborting due to 1 previous error
[INFO] [stdout] 
[INFO] [stdout] For more information about this error, try `rustc --explain E0432`.
[INFO] [stdout] Couldn't compile the test.
[INFO] [stdout] ---- src/wrapper.rs - wrapper::Duration (line 18) stdout ----
[INFO] [stdout] error[E0433]: failed to resolve: use of undeclared crate or module `humantime`
[INFO] [stdout]  --> src/wrapper.rs:21:28
[INFO] [stdout]   |
[INFO] [stdout] 5 | x = "12h 5min 2ns".parse::<humantime::Duration>().unwrap().into();
[INFO] [stdout]   |                            ^^^^^^^^^ use of undeclared crate or module `humantime`
[INFO] [stdout]   |
[INFO] [stdout] help: there is a crate or module with a similar name
[INFO] [stdout]   |
[INFO] [stdout] 5 | x = "12h 5min 2ns".parse::<myhumantime::Duration>().unwrap().into();
[INFO] [stdout]   |                            ~~~~~~~~~~~
[INFO] [stdout] 
[INFO] [stdout] error: aborting due to 1 previous error
[INFO] [stdout] 
[INFO] [stdout] For more information about this error, try `rustc --explain E0433`.
[INFO] [stdout] Couldn't compile the test.
[INFO] [stdout] 
[INFO] [stdout] failures:
[INFO] [stdout]     src/duration.rs - duration::format_duration (line 246)
[INFO] [stdout]     src/duration.rs - duration::parse_duration (line 223)
[INFO] [stdout]     src/wrapper.rs - wrapper::Duration (line 18)
[INFO] [stdout]     src/wrapper.rs - wrapper::Timestamp (line 39)
[INFO] [stdout] 
[INFO] [stdout] test result: FAILED. 0 passed; 4 failed; 0 ignored; 0 measured; 0 filtered out; finished in 0.05s
[INFO] [stdout] 
[INFO] [stderr] error: doctest failed, to rerun pass `--doc`
[INFO] running `Command { std: "docker" "inspect" "d34da3a4693239fa958e5657940d8f9cc0840f72d96b236bf88620076d3f1a4d", kill_on_drop: false }`
[INFO] running `Command { std: "docker" "rm" "-f" "d34da3a4693239fa958e5657940d8f9cc0840f72d96b236bf88620076d3f1a4d", kill_on_drop: false }`
[INFO] [stdout] d34da3a4693239fa958e5657940d8f9cc0840f72d96b236bf88620076d3f1a4d
