[INFO] fetching crate musli-zerocopy 0.0.92...
[INFO] testing musli-zerocopy-0.0.92 against 1.75.0 for beta-1.76-1
[INFO] extracting crate musli-zerocopy 0.0.92 into /workspace/builds/worker-6-tc1/source
[INFO] validating manifest of crates.io crate musli-zerocopy 0.0.92 on toolchain 1.75.0
[INFO] running `Command { std: CARGO_HOME="/workspace/cargo-home" RUSTUP_HOME="/workspace/rustup-home" "/workspace/cargo-home/bin/cargo" "+1.75.0" "metadata" "--manifest-path" "Cargo.toml" "--no-deps", kill_on_drop: false }`
[INFO] started tweaking crates.io crate musli-zerocopy 0.0.92
[INFO] finished tweaking crates.io crate musli-zerocopy 0.0.92
[INFO] tweaked toml for crates.io crate musli-zerocopy 0.0.92 written to /workspace/builds/worker-6-tc1/source/Cargo.toml
[INFO] crate crates.io crate musli-zerocopy 0.0.92 already has a lockfile, it will not be regenerated
[INFO] running `Command { std: CARGO_HOME="/workspace/cargo-home" RUSTUP_HOME="/workspace/rustup-home" "/workspace/cargo-home/bin/cargo" "+1.75.0" "fetch" "--manifest-path" "Cargo.toml", kill_on_drop: false }`
[INFO] [stderr]     Updating crates.io index
[INFO] [stderr]  Downloading crates ...
[INFO] [stderr]   Downloaded trybuild v1.0.85
[INFO] [stderr]   Downloaded musli-zerocopy-macros v0.0.92
[INFO] running `Command { std: "docker" "create" "-v" "/var/lib/crater-agent-workspace/builds/worker-6-tc1/target:/opt/rustwide/target:rw,Z" "-v" "/var/lib/crater-agent-workspace/builds/worker-6-tc1/source:/opt/rustwide/workdir:ro,Z" "-v" "/var/lib/crater-agent-workspace/cargo-home:/opt/rustwide/cargo-home:ro,Z" "-v" "/var/lib/crater-agent-workspace/rustup-home:/opt/rustwide/rustup-home:ro,Z" "-e" "SOURCE_DIR=/opt/rustwide/workdir" "-e" "CARGO_TARGET_DIR=/opt/rustwide/target" "-e" "CARGO_HOME=/opt/rustwide/cargo-home" "-e" "RUSTUP_HOME=/opt/rustwide/rustup-home" "-w" "/opt/rustwide/workdir" "-m" "1610612736" "--user" "0:0" "--network" "none" "ghcr.io/rust-lang/crates-build-env/linux@sha256:2788e3201cd34a07e3172128adcd8b3090168a8e3bcc40d7c032b9dda1df7d1c" "/opt/rustwide/cargo-home/bin/cargo" "+1.75.0" "metadata" "--no-deps" "--format-version=1", kill_on_drop: false }`
[INFO] [stdout] 1ad80408ce888b4c6ef361f4be82ca2bf4d80bf3527e36630d2541b299015d09
[INFO] running `Command { std: "docker" "start" "-a" "1ad80408ce888b4c6ef361f4be82ca2bf4d80bf3527e36630d2541b299015d09", kill_on_drop: false }`
[INFO] running `Command { std: "docker" "inspect" "1ad80408ce888b4c6ef361f4be82ca2bf4d80bf3527e36630d2541b299015d09", kill_on_drop: false }`
[INFO] running `Command { std: "docker" "rm" "-f" "1ad80408ce888b4c6ef361f4be82ca2bf4d80bf3527e36630d2541b299015d09", kill_on_drop: false }`
[INFO] [stdout] 1ad80408ce888b4c6ef361f4be82ca2bf4d80bf3527e36630d2541b299015d09
[INFO] running `Command { std: "docker" "create" "-v" "/var/lib/crater-agent-workspace/builds/worker-6-tc1/target:/opt/rustwide/target:rw,Z" "-v" "/var/lib/crater-agent-workspace/builds/worker-6-tc1/source:/opt/rustwide/workdir:ro,Z" "-v" "/var/lib/crater-agent-workspace/cargo-home:/opt/rustwide/cargo-home:ro,Z" "-v" "/var/lib/crater-agent-workspace/rustup-home:/opt/rustwide/rustup-home:ro,Z" "-e" "SOURCE_DIR=/opt/rustwide/workdir" "-e" "CARGO_TARGET_DIR=/opt/rustwide/target" "-e" "CARGO_INCREMENTAL=0" "-e" "RUST_BACKTRACE=full" "-e" "RUSTFLAGS=--cap-lints=warn" "-e" "RUSTDOCFLAGS=--cap-lints=warn" "-e" "CARGO_HOME=/opt/rustwide/cargo-home" "-e" "RUSTUP_HOME=/opt/rustwide/rustup-home" "-w" "/opt/rustwide/workdir" "-m" "1610612736" "--user" "0:0" "--network" "none" "ghcr.io/rust-lang/crates-build-env/linux@sha256:2788e3201cd34a07e3172128adcd8b3090168a8e3bcc40d7c032b9dda1df7d1c" "/opt/rustwide/cargo-home/bin/cargo" "+1.75.0" "build" "--frozen" "--message-format=json", kill_on_drop: false }`
[INFO] [stdout] 7d16d718b9f6c2f8c529df5c1c3b9c6cb36070ab211751f4db45bba5550624c5
[INFO] running `Command { std: "docker" "start" "-a" "7d16d718b9f6c2f8c529df5c1c3b9c6cb36070ab211751f4db45bba5550624c5", kill_on_drop: false }`
[INFO] [stderr]    Compiling proc-macro2 v1.0.70
[INFO] [stderr]    Compiling rand_core v0.6.4
[INFO] [stderr]    Compiling rand v0.8.5
[INFO] [stderr]    Compiling quote v1.0.33
[INFO] [stderr]    Compiling syn v2.0.39
[INFO] [stderr]    Compiling musli-zerocopy-macros v0.0.92
[INFO] [stderr]    Compiling musli-zerocopy v0.0.92 (/opt/rustwide/workdir)
[INFO] [stderr]     Finished dev [unoptimized + debuginfo] target(s) in 7.95s
[INFO] running `Command { std: "docker" "inspect" "7d16d718b9f6c2f8c529df5c1c3b9c6cb36070ab211751f4db45bba5550624c5", kill_on_drop: false }`
[INFO] running `Command { std: "docker" "rm" "-f" "7d16d718b9f6c2f8c529df5c1c3b9c6cb36070ab211751f4db45bba5550624c5", kill_on_drop: false }`
[INFO] [stdout] 7d16d718b9f6c2f8c529df5c1c3b9c6cb36070ab211751f4db45bba5550624c5
[INFO] running `Command { std: "docker" "create" "-v" "/var/lib/crater-agent-workspace/builds/worker-6-tc1/target:/opt/rustwide/target:rw,Z" "-v" "/var/lib/crater-agent-workspace/builds/worker-6-tc1/source:/opt/rustwide/workdir:ro,Z" "-v" "/var/lib/crater-agent-workspace/cargo-home:/opt/rustwide/cargo-home:ro,Z" "-v" "/var/lib/crater-agent-workspace/rustup-home:/opt/rustwide/rustup-home:ro,Z" "-e" "SOURCE_DIR=/opt/rustwide/workdir" "-e" "CARGO_TARGET_DIR=/opt/rustwide/target" "-e" "CARGO_INCREMENTAL=0" "-e" "RUST_BACKTRACE=full" "-e" "RUSTFLAGS=--cap-lints=warn" "-e" "RUSTDOCFLAGS=--cap-lints=warn" "-e" "CARGO_HOME=/opt/rustwide/cargo-home" "-e" "RUSTUP_HOME=/opt/rustwide/rustup-home" "-w" "/opt/rustwide/workdir" "-m" "1610612736" "--user" "0:0" "--network" "none" "ghcr.io/rust-lang/crates-build-env/linux@sha256:2788e3201cd34a07e3172128adcd8b3090168a8e3bcc40d7c032b9dda1df7d1c" "/opt/rustwide/cargo-home/bin/cargo" "+1.75.0" "test" "--frozen" "--no-run" "--message-format=json", kill_on_drop: false }`
[INFO] [stdout] 4cc0bb7c1c8e95afec89c38cc04fd9d229ac137fbea80b05e1e57886fca72bba
[INFO] running `Command { std: "docker" "start" "-a" "4cc0bb7c1c8e95afec89c38cc04fd9d229ac137fbea80b05e1e57886fca72bba", kill_on_drop: false }`
[INFO] [stderr]    Compiling serde v1.0.193
[INFO] [stderr]    Compiling serde_json v1.0.108
[INFO] [stderr]    Compiling anyhow v1.0.75
[INFO] [stderr]    Compiling ryu v1.0.15
[INFO] [stderr]    Compiling itoa v1.0.9
[INFO] [stderr]    Compiling trybuild v1.0.85
[INFO] [stderr]    Compiling once_cell v1.18.0
[INFO] [stderr]    Compiling glob v0.3.1
[INFO] [stderr]    Compiling termcolor v1.4.0
[INFO] [stderr]    Compiling musli-zerocopy-macros v0.0.92
[INFO] [stderr]    Compiling serde_derive v1.0.193
[INFO] [stderr]    Compiling musli-zerocopy v0.0.92 (/opt/rustwide/workdir)
[INFO] [stderr]    Compiling basic-toml v0.1.7
[INFO] [stderr]     Finished test [unoptimized + debuginfo] target(s) in 7.62s
[INFO] running `Command { std: "docker" "inspect" "4cc0bb7c1c8e95afec89c38cc04fd9d229ac137fbea80b05e1e57886fca72bba", kill_on_drop: false }`
[INFO] running `Command { std: "docker" "rm" "-f" "4cc0bb7c1c8e95afec89c38cc04fd9d229ac137fbea80b05e1e57886fca72bba", kill_on_drop: false }`
[INFO] [stdout] 4cc0bb7c1c8e95afec89c38cc04fd9d229ac137fbea80b05e1e57886fca72bba
[INFO] running `Command { std: "docker" "create" "-v" "/var/lib/crater-agent-workspace/builds/worker-6-tc1/target:/opt/rustwide/target:rw,Z" "-v" "/var/lib/crater-agent-workspace/builds/worker-6-tc1/source:/opt/rustwide/workdir:ro,Z" "-v" "/var/lib/crater-agent-workspace/cargo-home:/opt/rustwide/cargo-home:ro,Z" "-v" "/var/lib/crater-agent-workspace/rustup-home:/opt/rustwide/rustup-home:ro,Z" "-e" "SOURCE_DIR=/opt/rustwide/workdir" "-e" "CARGO_TARGET_DIR=/opt/rustwide/target" "-e" "CARGO_INCREMENTAL=0" "-e" "RUST_BACKTRACE=full" "-e" "RUSTFLAGS=--cap-lints=warn" "-e" "RUSTDOCFLAGS=--cap-lints=warn" "-e" "CARGO_HOME=/opt/rustwide/cargo-home" "-e" "RUSTUP_HOME=/opt/rustwide/rustup-home" "-w" "/opt/rustwide/workdir" "-m" "1610612736" "--user" "0:0" "--network" "none" "ghcr.io/rust-lang/crates-build-env/linux@sha256:2788e3201cd34a07e3172128adcd8b3090168a8e3bcc40d7c032b9dda1df7d1c" "/opt/rustwide/cargo-home/bin/cargo" "+1.75.0" "test" "--frozen", kill_on_drop: false }`
[INFO] [stdout] 644e5611ded068b1214e4739617cb66d44e4a42cab3394416bde47577e0e4d9c
[INFO] running `Command { std: "docker" "start" "-a" "644e5611ded068b1214e4739617cb66d44e4a42cab3394416bde47577e0e4d9c", kill_on_drop: false }`
[INFO] [stderr]     Finished test [unoptimized + debuginfo] target(s) in 0.01s
[INFO] [stderr]      Running unittests src/lib.rs (/opt/rustwide/target/debug/deps/musli_zerocopy-743f2d8878318ed1)
[INFO] [stdout] 
[INFO] [stdout] running 50 tests
[INFO] [stdout] test buf::padder::tests::ensure_padding ... ok
[INFO] [stdout] test buf::tests::test_packing ... ok
[INFO] [stdout] test buf::tests::allocate_array_not_needing_padding ... ok
[INFO] [stdout] test buf::tests::allocate_array_needing_padding ... ok
[INFO] [stdout] test buf::tests::inner_padding ... ok
[INFO] [stdout] test buf::tests::test_unaligned_write ... ok
[INFO] [stdout] test tests::enum_discriminants ... ok
[INFO] [stdout] test tests::enum_boundaries ... ok
[INFO] [stdout] test tests::nonzero_slices::non_zero_i128 ... ok
[INFO] [stdout] test tests::nonzero_slices::non_zero_i32 ... ok
[INFO] [stdout] test tests::nonzero_slices::non_zero_i16 ... ok
[INFO] [stdout] test tests::nonzero_slices::non_zero_i64 ... ok
[INFO] [stdout] test tests::nonzero_slices::non_zero_i8 ... ok
[INFO] [stdout] test tests::nonzero_slices::non_zero_u128 ... ok
[INFO] [stdout] test tests::nonzero_slices::non_zero_u16 ... ok
[INFO] [stdout] test tests::nonzero_slices::non_zero_u32 ... ok
[INFO] [stdout] test tests::nonzero_slices::non_zero_u64 ... ok
[INFO] [stdout] test tests::nonzero_slices::non_zero_u8 ... ok
[INFO] [stdout] test tests::nonzero_slices::zero_non_zero_u128 ... ok
[INFO] [stdout] test tests::nonzero_slices::zero_non_zero_u16 ... ok
[INFO] [stdout] test tests::nonzero_slices::zero_non_zero_u32 ... ok
[INFO] [stdout] test tests::nonzero_slices::zero_non_zero_u64 ... ok
[INFO] [stdout] test tests::nonzero_slices::zero_non_zero_u8 ... ok
[INFO] [stdout] test tests::padded_enum ... ok
[INFO] [stdout] test tests::primitive_slices::i16 ... ok
[INFO] [stdout] test tests::primitive_slices::i32 ... ok
[INFO] [stdout] test tests::primitive_slices::i64 ... ok
[INFO] [stdout] test tests::primitive_slices::i128 ... ok
[INFO] [stdout] test tests::primitive_slices::i8 ... ok
[INFO] [stdout] test tests::primitive_slices::u16 ... ok
[INFO] [stdout] test tests::primitive_slices::u64 ... ok
[INFO] [stdout] test tests::primitive_slices::u32 ... ok
[INFO] [stdout] test tests::primitive_slices::u128 ... ok
[INFO] [stdout] test tests::primitive_slices::u8 ... ok
[INFO] [stdout] test tests::test_enum_with_fields ... ok
[INFO] [stdout] test tests::test_inner_not_padded ... ok
[INFO] [stdout] test tests::test_inner_not_padded_by_align ... ok
[INFO] [stdout] test tests::test_inner_padded ... ok
[INFO] [stdout] test tests::test_ref_to_slice ... ok
[INFO] [stdout] test tests::test_needs_padding ... ok
[INFO] [stdout] test tests::test_zero_padded ... ok
[INFO] [stdout] test tests::test_signed_wraparound ... ok
[INFO] [stdout] test tests::validate_packed ... ok
[INFO] [stdout] test trie::tests::entries ... ok
[INFO] [stdout] test tests::weird_alignment ... ok
[INFO] [stdout] test trie::tests::disorederly_trie ... ok
[INFO] [stdout] test trie::tests::regular_trie ... ok
[INFO] [stdout] test trie::tests::trie_prefix ... ok
[INFO] [stdout] test tests::test_neg0 ... ok
[INFO] [stdout] test trie::tests::trie_problem ... ok
[INFO] [stdout] 
[INFO] [stdout] test result: ok. 50 passed; 0 failed; 0 ignored; 0 measured; 0 filtered out; finished in 0.00s
[INFO] [stdout] 
[INFO] [stderr]      Running tests/ui.rs (/opt/rustwide/target/debug/deps/ui-6f3a12d46526f276)
[INFO] [stdout] 
[INFO] [stdout] running 1 test
[INFO] [stderr]    Compiling proc-macro2 v1.0.70
[INFO] [stderr]    Compiling unicode-ident v1.0.12
[INFO] [stderr]    Compiling anyhow v1.0.75
[INFO] [stderr]     Checking rand_core v0.6.4
[INFO] [stderr]     Checking rand v0.8.5
[INFO] [stderr]    Compiling quote v1.0.33
[INFO] [stderr]    Compiling syn v2.0.39
[INFO] [stderr]    Compiling musli-zerocopy-macros v0.0.92
[INFO] [stderr]     Checking musli-zerocopy v0.0.92 (/opt/rustwide/workdir)
[INFO] [stderr]     Checking musli-zerocopy-tests v0.0.0 (/opt/rustwide/target/tests/trybuild/musli-zerocopy)
[INFO] [stderr]     Finished dev [unoptimized + debuginfo] target(s) in 5.40s
[INFO] [stderr] 
[INFO] [stderr] 
[INFO] [stderr] test tests/ui/deny_sneaky_field_error.rs ... mismatch
[INFO] [stderr] 
[INFO] [stderr] EXPECTED:
[INFO] [stderr] ┈┈┈┈┈┈┈┈┈┈┈┈┈┈┈┈┈┈┈┈┈┈┈┈┈┈┈┈┈┈┈┈┈┈┈┈┈┈┈┈┈┈┈┈┈┈┈┈┈┈┈┈┈┈┈┈┈┈┈┈
[INFO] [stderr] error[E0027]: pattern does not mention field `sneaky_field`
[INFO] [stderr]   --> tests/ui/deny_sneaky_field_error.rs:14:8
[INFO] [stderr]    |
[INFO] [stderr] 14 |   struct SneakyNamed {
[INFO] [stderr]    |  ________^
[INFO] [stderr] 15 | |     field: u32,
[INFO] [stderr] 16 | | }
[INFO] [stderr]    | |_^ missing field `sneaky_field`
[INFO] [stderr]    |
[INFO] [stderr] help: include the missing field in the pattern
[INFO] [stderr]    |
[INFO] [stderr] 15 |     field, sneaky_field }
[INFO] [stderr]    |          ~~~~~~~~~~~~~~~~
[INFO] [stderr] help: if you don't care about this missing field, you can explicitly ignore it
[INFO] [stderr]    |
[INFO] [stderr] 15 |     field, .. }
[INFO] [stderr]    |          ~~~~~~
[INFO] [stderr] 
[INFO] [stderr] error[E0063]: missing field `sneaky_field` in initializer of `SneakyNamed`
[INFO] [stderr]   --> tests/ui/deny_sneaky_field_error.rs:11:10
[INFO] [stderr]    |
[INFO] [stderr] 11 | #[derive(ZeroCopy)]
[INFO] [stderr]    |          ^^^^^^^^ missing `sneaky_field`
[INFO] [stderr]    |
[INFO] [stderr]    = note: this error originates in the derive macro `ZeroCopy` (in Nightly builds, run with -Z macro-backtrace for more info)
[INFO] [stderr] 
[INFO] [stderr] error[E0023]: this pattern has 1 field, but the corresponding tuple struct has 2 fields
[INFO] [stderr]   --> tests/ui/deny_sneaky_field_error.rs:25:10
[INFO] [stderr]    |
[INFO] [stderr] 25 | #[derive(ZeroCopy)]
[INFO] [stderr]    |          ^^^^^^^^ expected 2 fields, found 1
[INFO] [stderr] 26 | #[repr(C)]
[INFO] [stderr] 27 | #[sneaky_fields(Sneaky)]
[INFO] [stderr]    |                 ------ tuple struct has 2 fields
[INFO] [stderr] 28 | struct SneakyUnnamed(u32);
[INFO] [stderr]    |        ------------- ---
[INFO] [stderr]    |        |
[INFO] [stderr]    |        tuple struct defined here
[INFO] [stderr]    |
[INFO] [stderr]    = note: this error originates in the derive macro `ZeroCopy` (in Nightly builds, run with -Z macro-backtrace for more info)
[INFO] [stderr] help: use `_` to explicitly ignore each field
[INFO] [stderr]    |
[INFO] [stderr] 28 | struct SneakyUnnamed(u32, _);
[INFO] [stderr]    |                         +++
[INFO] [stderr] help: use `..` to ignore all fields
[INFO] [stderr]    |
[INFO] [stderr] 25 | #[derive(..)]
[INFO] [stderr]    |          ~~
[INFO] [stderr] 
[INFO] [stderr] error[E0063]: missing field `1` in initializer of `SneakyUnnamed`
[INFO] [stderr]   --> tests/ui/deny_sneaky_field_error.rs:25:10
[INFO] [stderr]    |
[INFO] [stderr] 25 | #[derive(ZeroCopy)]
[INFO] [stderr]    |          ^^^^^^^^ missing `1`
[INFO] [stderr]    |
[INFO] [stderr]    = note: this error originates in the derive macro `ZeroCopy` (in Nightly builds, run with -Z macro-backtrace for more info)
[INFO] [stderr] 
[INFO] [stderr] error[E0027]: pattern does not mention field `sneaky_field`
[INFO] [stderr]   --> tests/ui/deny_sneaky_field_error.rs:38:6
[INFO] [stderr]    |
[INFO] [stderr] 38 |   enum SneakyEnumNamed {
[INFO] [stderr]    |  ______^
[INFO] [stderr] 39 | |     Named {
[INFO] [stderr] 40 | |         field: u32,
[INFO] [stderr] 41 | |     },
[INFO] [stderr]    | |_____^ missing field `sneaky_field`
[INFO] [stderr]    |
[INFO] [stderr] help: include the missing field in the pattern
[INFO] [stderr]    |
[INFO] [stderr] 40 |         field, sneaky_field },
[INFO] [stderr]    |              ~~~~~~~~~~~~~~~~
[INFO] [stderr] help: if you don't care about this missing field, you can explicitly ignore it
[INFO] [stderr]    |
[INFO] [stderr] 40 |         field, .. },
[INFO] [stderr]    |              ~~~~~~
[INFO] [stderr] 
[INFO] [stderr] error[E0027]: pattern does not mention field `sneaky_field`
[INFO] [stderr]   --> tests/ui/deny_sneaky_field_error.rs:35:10
[INFO] [stderr]    |
[INFO] [stderr] 35 | #[derive(ZeroCopy)]
[INFO] [stderr]    |          ^^^^^^^^ missing field `sneaky_field`
[INFO] [stderr]    |
[INFO] [stderr]    = note: this error originates in the derive macro `ZeroCopy` (in Nightly builds, run with -Z macro-backtrace for more info)
[INFO] [stderr] help: include the missing field in the pattern
[INFO] [stderr]    |
[INFO] [stderr] 35 | #[derive(ZeroCopy, sneaky_field }: u32,
[INFO] [stderr]    |                  ~~~~~~~~~~~~~~~~
[INFO] [stderr] help: if you don't care about this missing field, you can explicitly ignore it
[INFO] [stderr]    |
[INFO] [stderr] 35 | #[derive(ZeroCopy, .. }: u32,
[INFO] [stderr]    |                  ~~~~~~
[INFO] [stderr] 
[INFO] [stderr] error[E0063]: missing field `sneaky_field` in initializer of `SneakyEnumNamed`
[INFO] [stderr]   --> tests/ui/deny_sneaky_field_error.rs:35:10
[INFO] [stderr]    |
[INFO] [stderr] 35 | #[derive(ZeroCopy)]
[INFO] [stderr]    |          ^^^^^^^^ missing `sneaky_field`
[INFO] [stderr]    |
[INFO] [stderr]    = note: this error originates in the derive macro `ZeroCopy` (in Nightly builds, run with -Z macro-backtrace for more info)
[INFO] [stderr] 
[INFO] [stderr] error[E0023]: this pattern has 1 field, but the corresponding tuple variant has 2 fields
[INFO] [stderr]   --> tests/ui/deny_sneaky_field_error.rs:44:10
[INFO] [stderr]    |
[INFO] [stderr] 44 |   #[derive(ZeroCopy)]
[INFO] [stderr]    |            ^^^^^^^^ expected 2 fields, found 1
[INFO] [stderr] 45 |   #[repr(u8)]
[INFO] [stderr] 46 |   #[sneaky_fields(Sneaky)]
[INFO] [stderr]    |                   ------ tuple variant has 2 fields
[INFO] [stderr] 47 |   enum SneakyEnumUnnamed {
[INFO] [stderr]    |  ______-
[INFO] [stderr] 48 | |     Unnamed(u32)
[INFO] [stderr]    | |     ------- ---
[INFO] [stderr]    | |_____|_____|
[INFO] [stderr]    |       |
[INFO] [stderr]    |       tuple variant defined here
[INFO] [stderr]    |
[INFO] [stderr]    = note: this error originates in the derive macro `ZeroCopy` (in Nightly builds, run with -Z macro-backtrace for more info)
[INFO] [stderr] help: use `_` to explicitly ignore each field
[INFO] [stderr]    |
[INFO] [stderr] 48 |     Unnamed(u32, _)
[INFO] [stderr]    |                +++
[INFO] [stderr] help: use `..` to ignore all fields
[INFO] [stderr]    |
[INFO] [stderr] 44 | #[derive(..)]
[INFO] [stderr]    |          ~~
[INFO] [stderr] 
[INFO] [stderr] error[E0027]: pattern does not mention field `1`
[INFO] [stderr]   --> tests/ui/deny_sneaky_field_error.rs:44:10
[INFO] [stderr]    |
[INFO] [stderr] 44 | #[derive(ZeroCopy)]
[INFO] [stderr]    |          ^^^^^^^^ missing field `1`
[INFO] [stderr]    |
[INFO] [stderr]    = note: this error originates in the derive macro `ZeroCopy` (in Nightly builds, run with -Z macro-backtrace for more info)
[INFO] [stderr] help: include the missing field in the pattern
[INFO] [stderr]    |
[INFO] [stderr] 44 | #[derive(ZeroCopy, 1: _ })]
[INFO] [stderr]    |                  ++++++++
[INFO] [stderr] help: if you don't care about this missing field, you can explicitly ignore it
[INFO] [stderr]    |
[INFO] [stderr] 44 | #[derive(ZeroCopy, .. })]
[INFO] [stderr]    |                  ++++++
[INFO] [stderr] 
[INFO] [stderr] error[E0063]: missing field `1` in initializer of `SneakyEnumUnnamed`
[INFO] [stderr]   --> tests/ui/deny_sneaky_field_error.rs:44:10
[INFO] [stderr]    |
[INFO] [stderr] 44 | #[derive(ZeroCopy)]
[INFO] [stderr]    |          ^^^^^^^^ missing `1`
[INFO] [stderr]    |
[INFO] [stderr]    = note: this error originates in the derive macro `ZeroCopy` (in Nightly builds, run with -Z macro-backtrace for more info)
[INFO] [stderr] 
[INFO] [stderr] error[E0533]: expected unit struct, unit variant or constant, found struct variant `SneakyEnumUnit::Unit`
[INFO] [stderr]   --> tests/ui/deny_sneaky_field_error.rs:54:6
[INFO] [stderr]    |
[INFO] [stderr] 54 |   enum SneakyEnumUnit {
[INFO] [stderr]    |  ______^
[INFO] [stderr] 55 | |     Unit
[INFO] [stderr]    | |________^ not a unit struct, unit variant or constant
[INFO] [stderr] 
[INFO] [stderr] error[E0027]: pattern does not mention field `sneaky_field`
[INFO] [stderr]   --> tests/ui/deny_sneaky_field_error.rs:51:10
[INFO] [stderr]    |
[INFO] [stderr] 51 | #[derive(ZeroCopy)]
[INFO] [stderr]    |          ^^^^^^^^ missing field `sneaky_field`
[INFO] [stderr]    |
[INFO] [stderr]    = note: this error originates in the derive macro `ZeroCopy` (in Nightly builds, run with -Z macro-backtrace for more info)
[INFO] [stderr] help: include the missing field in the pattern
[INFO] [stderr]    |
[INFO] [stderr] 51 | #[derive(ZeroCopy { sneaky_field })]
[INFO] [stderr]    |                   ++++++++++++++++
[INFO] [stderr] help: if you don't care about this missing field, you can explicitly ignore it
[INFO] [stderr]    |
[INFO] [stderr] 51 | #[derive(ZeroCopy { .. })]
[INFO] [stderr]    |                   ++++++
[INFO] [stderr] 
[INFO] [stderr] error[E0063]: missing field `sneaky_field` in initializer of `SneakyEnumUnit`
[INFO] [stderr]   --> tests/ui/deny_sneaky_field_error.rs:51:10
[INFO] [stderr]    |
[INFO] [stderr] 51 | #[derive(ZeroCopy)]
[INFO] [stderr]    |          ^^^^^^^^ missing `sneaky_field`
[INFO] [stderr]    |
[INFO] [stderr]    = note: this error originates in the derive macro `ZeroCopy` (in Nightly builds, run with -Z macro-backtrace for more info)
[INFO] [stderr] ┈┈┈┈┈┈┈┈┈┈┈┈┈┈┈┈┈┈┈┈┈┈┈┈┈┈┈┈┈┈┈┈┈┈┈┈┈┈┈┈┈┈┈┈┈┈┈┈┈┈┈┈┈┈┈┈┈┈┈┈
[INFO] [stderr] 
[INFO] [stderr] ACTUAL OUTPUT:
[INFO] [stderr] ┈┈┈┈┈┈┈┈┈┈┈┈┈┈┈┈┈┈┈┈┈┈┈┈┈┈┈┈┈┈┈┈┈┈┈┈┈┈┈┈┈┈┈┈┈┈┈┈┈┈┈┈┈┈┈┈┈┈┈┈
[INFO] [stderr] error[E0027]: pattern does not mention field `sneaky_field`
[INFO] [stderr]   --> tests/ui/deny_sneaky_field_error.rs:14:8
[INFO] [stderr]    |
[INFO] [stderr] 14 |   struct SneakyNamed {
[INFO] [stderr]    |  ________^
[INFO] [stderr] 15 | |     field: u32,
[INFO] [stderr] 16 | | }
[INFO] [stderr]    | |_^ missing field `sneaky_field`
[INFO] [stderr]    |
[INFO] [stderr] help: include the missing field in the pattern
[INFO] [stderr]    |
[INFO] [stderr] 15 |     field, sneaky_field }
[INFO] [stderr]    |          ~~~~~~~~~~~~~~~~
[INFO] [stderr] help: if you don't care about this missing field, you can explicitly ignore it
[INFO] [stderr]    |
[INFO] [stderr] 15 |     field, .. }
[INFO] [stderr]    |          ~~~~~~
[INFO] [stderr] 
[INFO] [stderr] error[E0063]: missing field `sneaky_field` in initializer of `SneakyNamed`
[INFO] [stderr]   --> tests/ui/deny_sneaky_field_error.rs:11:10
[INFO] [stderr]    |
[INFO] [stderr] 11 | #[derive(ZeroCopy)]
[INFO] [stderr]    |          ^^^^^^^^ missing `sneaky_field`
[INFO] [stderr]    |
[INFO] [stderr]    = note: this error originates in the derive macro `ZeroCopy` (in Nightly builds, run with -Z macro-backtrace for more info)
[INFO] [stderr] 
[INFO] [stderr] error[E0023]: this pattern has 1 field, but the corresponding tuple struct has 2 fields
[INFO] [stderr]   --> tests/ui/deny_sneaky_field_error.rs:25:10
[INFO] [stderr]    |
[INFO] [stderr] 25 | #[derive(ZeroCopy)]
[INFO] [stderr]    |          ^^^^^^^^ expected 2 fields, found 1
[INFO] [stderr] 26 | #[repr(C)]
[INFO] [stderr] 27 | #[sneaky_fields(Sneaky)]
[INFO] [stderr]    |                 ------ tuple struct has 2 fields
[INFO] [stderr] 28 | struct SneakyUnnamed(u32);
[INFO] [stderr]    |        ------------- ---
[INFO] [stderr]    |        |
[INFO] [stderr]    |        tuple struct defined here
[INFO] [stderr]    |
[INFO] [stderr]    = note: this error originates in the derive macro `ZeroCopy` (in Nightly builds, run with -Z macro-backtrace for more info)
[INFO] [stderr] help: use `_` to explicitly ignore each field
[INFO] [stderr]    |
[INFO] [stderr] 28 | struct SneakyUnnamed(u32, _);
[INFO] [stderr]    |                         +++
[INFO] [stderr] help: use `..` to ignore all fields
[INFO] [stderr]    |
[INFO] [stderr] 25 | #[derive(..)]
[INFO] [stderr]    |          ~~
[INFO] [stderr] 
[INFO] [stderr] error[E0063]: missing field `1` in initializer of `SneakyUnnamed`
[INFO] [stderr]   --> tests/ui/deny_sneaky_field_error.rs:25:10
[INFO] [stderr]    |
[INFO] [stderr] 25 | #[derive(ZeroCopy)]
[INFO] [stderr]    |          ^^^^^^^^ missing `1`
[INFO] [stderr]    |
[INFO] [stderr]    = note: this error originates in the derive macro `ZeroCopy` (in Nightly builds, run with -Z macro-backtrace for more info)
[INFO] [stderr] 
[INFO] [stderr] error[E0027]: pattern does not mention field `sneaky_field`
[INFO] [stderr]   --> tests/ui/deny_sneaky_field_error.rs:38:6
[INFO] [stderr]    |
[INFO] [stderr] 38 |   enum SneakyEnumNamed {
[INFO] [stderr]    |  ______^
[INFO] [stderr] 39 | |     Named {
[INFO] [stderr] 40 | |         field: u32,
[INFO] [stderr] 41 | |     },
[INFO] [stderr]    | |_____^ missing field `sneaky_field`
[INFO] [stderr]    |
[INFO] [stderr] help: include the missing field in the pattern
[INFO] [stderr]    |
[INFO] [stderr] 40 |         field, sneaky_field },
[INFO] [stderr]    |              ~~~~~~~~~~~~~~~~
[INFO] [stderr] help: if you don't care about this missing field, you can explicitly ignore it
[INFO] [stderr]    |
[INFO] [stderr] 40 |         field, .. },
[INFO] [stderr]    |              ~~~~~~
[INFO] [stderr] 
[INFO] [stderr] error: pattern requires `..` due to inaccessible fields
[INFO] [stderr]   --> tests/ui/deny_sneaky_field_error.rs:35:10
[INFO] [stderr]    |
[INFO] [stderr] 35 | #[derive(ZeroCopy)]
[INFO] [stderr]    |          ^^^^^^^^
[INFO] [stderr]    |
[INFO] [stderr]    = note: this error originates in the derive macro `ZeroCopy` (in Nightly builds, run with -Z macro-backtrace for more info)
[INFO] [stderr] help: ignore the inaccessible and unused fields
[INFO] [stderr]    |
[INFO] [stderr] 40 |         field, ..: u32,
[INFO] [stderr]    |              ++++
[INFO] [stderr] 
[INFO] [stderr] error[E0063]: missing field `sneaky_field` in initializer of `SneakyEnumNamed`
[INFO] [stderr]   --> tests/ui/deny_sneaky_field_error.rs:35:10
[INFO] [stderr]    |
[INFO] [stderr] 35 | #[derive(ZeroCopy)]
[INFO] [stderr]    |          ^^^^^^^^ missing `sneaky_field`
[INFO] [stderr]    |
[INFO] [stderr]    = note: this error originates in the derive macro `ZeroCopy` (in Nightly builds, run with -Z macro-backtrace for more info)
[INFO] [stderr] 
[INFO] [stderr] error[E0023]: this pattern has 1 field, but the corresponding tuple variant has 2 fields
[INFO] [stderr]   --> tests/ui/deny_sneaky_field_error.rs:44:10
[INFO] [stderr]    |
[INFO] [stderr] 44 |   #[derive(ZeroCopy)]
[INFO] [stderr]    |            ^^^^^^^^ expected 2 fields, found 1
[INFO] [stderr] 45 |   #[repr(u8)]
[INFO] [stderr] 46 |   #[sneaky_fields(Sneaky)]
[INFO] [stderr]    |                   ------ tuple variant has 2 fields
[INFO] [stderr] 47 |   enum SneakyEnumUnnamed {
[INFO] [stderr]    |  ______-
[INFO] [stderr] 48 | |     Unnamed(u32)
[INFO] [stderr]    | |     ------- ---
[INFO] [stderr]    | |_____|_____|
[INFO] [stderr]    |       |
[INFO] [stderr]    |       tuple variant defined here
[INFO] [stderr]    |
[INFO] [stderr]    = note: this error originates in the derive macro `ZeroCopy` (in Nightly builds, run with -Z macro-backtrace for more info)
[INFO] [stderr] help: use `_` to explicitly ignore each field
[INFO] [stderr]    |
[INFO] [stderr] 48 |     Unnamed(u32, _)
[INFO] [stderr]    |                +++
[INFO] [stderr] help: use `..` to ignore all fields
[INFO] [stderr]    |
[INFO] [stderr] 44 | #[derive(..)]
[INFO] [stderr]    |          ~~
[INFO] [stderr] 
[INFO] [stderr] error: pattern requires `..` due to inaccessible fields
[INFO] [stderr]   --> tests/ui/deny_sneaky_field_error.rs:44:10
[INFO] [stderr]    |
[INFO] [stderr] 44 | #[derive(ZeroCopy)]
[INFO] [stderr]    |          ^^^^^^^^
[INFO] [stderr]    |
[INFO] [stderr]    = note: this error originates in the derive macro `ZeroCopy` (in Nightly builds, run with -Z macro-backtrace for more info)
[INFO] [stderr] help: ignore the inaccessible and unused fields
[INFO] [stderr]    |
[INFO] [stderr] 44 | #[derive(ZeroCopy, ..)]
[INFO] [stderr]    |                  ++++
[INFO] [stderr] 
[INFO] [stderr] error[E0063]: missing field `1` in initializer of `SneakyEnumUnnamed`
[INFO] [stderr]   --> tests/ui/deny_sneaky_field_error.rs:44:10
[INFO] [stderr]    |
[INFO] [stderr] 44 | #[derive(ZeroCopy)]
[INFO] [stderr]    |          ^^^^^^^^ missing `1`
[INFO] [stderr]    |
[INFO] [stderr]    = note: this error originates in the derive macro `ZeroCopy` (in Nightly builds, run with -Z macro-backtrace for more info)
[INFO] [stderr] 
[INFO] [stderr] error[E0533]: expected unit struct, unit variant or constant, found struct variant `SneakyEnumUnit::Unit`
[INFO] [stderr]   --> tests/ui/deny_sneaky_field_error.rs:54:6
[INFO] [stderr]    |
[INFO] [stderr] 54 |   enum SneakyEnumUnit {
[INFO] [stderr]    |  ______^
[INFO] [stderr] 55 | |     Unit
[INFO] [stderr]    | |________^ not a unit struct, unit variant or constant
[INFO] [stderr] 
[INFO] [stderr] error: pattern requires `..` due to inaccessible fields
[INFO] [stderr]   --> tests/ui/deny_sneaky_field_error.rs:51:10
[INFO] [stderr]    |
[INFO] [stderr] 51 | #[derive(ZeroCopy)]
[INFO] [stderr]    |          ^^^^^^^^
[INFO] [stderr]    |
[INFO] [stderr]    = note: this error originates in the derive macro `ZeroCopy` (in Nightly builds, run with -Z macro-backtrace for more info)
[INFO] [stderr] help: ignore the inaccessible and unused fields
[INFO] [stderr]    |
[INFO] [stderr] 51 | #[derive(ZeroCopy { .. })]
[INFO] [stderr]    |                   ++++++
[INFO] [stderr] 
[INFO] [stderr] error[E0063]: missing field `sneaky_field` in initializer of `SneakyEnumUnit`
[INFO] [stderr]   --> tests/ui/deny_sneaky_field_error.rs:51:10
[INFO] [stderr]    |
[INFO] [stderr] 51 | #[derive(ZeroCopy)]
[INFO] [stderr]    |          ^^^^^^^^ missing `sneaky_field`
[INFO] [stderr]    |
[INFO] [stderr]    = note: this error originates in the derive macro `ZeroCopy` (in Nightly builds, run with -Z macro-backtrace for more info)
[INFO] [stderr] ┈┈┈┈┈┈┈┈┈┈┈┈┈┈┈┈┈┈┈┈┈┈┈┈┈┈┈┈┈┈┈┈┈┈┈┈┈┈┈┈┈┈┈┈┈┈┈┈┈┈┈┈┈┈┈┈┈┈┈┈
[INFO] [stderr] note: If the actual output is the correct output you can bless it by rerunning
[INFO] [stderr]       your test with the environment variable TRYBUILD=overwrite
[INFO] [stderr] 
[INFO] [stderr] test tests/ui/deny_uninhabitable_enum_error.rs ... ok
[INFO] [stderr] test tests/ui/numerical_discriminant_error.rs ... ok
[INFO] [stderr] test tests/ui/repr_enum_error.rs ... ok
[INFO] [stderr] 
[INFO] [stderr] 
[INFO] [stdout] test ui ... FAILED
[INFO] [stdout] 
[INFO] [stdout] failures:
[INFO] [stdout] 
[INFO] [stdout] ---- ui stdout ----
[INFO] [stdout] thread 'ui' panicked at /opt/rustwide/cargo-home/registry/src/index.crates.io-6f17d22bba15001f/trybuild-1.0.85/src/run.rs:101:13:
[INFO] [stdout] 1 of 4 tests failed
[INFO] [stdout] stack backtrace:
[INFO] [stdout]    0:     0x55d164e8188c - std::backtrace_rs::backtrace::libunwind::trace::ha637c64ce894333a
[INFO] [stdout]                                at /rustc/82e1608dfa6e0b5569232559e3d385fea5a93112/library/std/src/../../backtrace/src/backtrace/libunwind.rs:104:5
[INFO] [stdout]    1:     0x55d164e8188c - std::backtrace_rs::backtrace::trace_unsynchronized::h47f62dea28e0c88d
[INFO] [stdout]                                at /rustc/82e1608dfa6e0b5569232559e3d385fea5a93112/library/std/src/../../backtrace/src/backtrace/mod.rs:66:5
[INFO] [stdout]    2:     0x55d164e8188c - std::sys_common::backtrace::_print_fmt::h9eef0abe20ede486
[INFO] [stdout]                                at /rustc/82e1608dfa6e0b5569232559e3d385fea5a93112/library/std/src/sys_common/backtrace.rs:67:5
[INFO] [stdout]    3:     0x55d164e8188c - <std::sys_common::backtrace::_print::DisplayBacktrace as core::fmt::Display>::fmt::hed7f999df88cc644
[INFO] [stdout]                                at /rustc/82e1608dfa6e0b5569232559e3d385fea5a93112/library/std/src/sys_common/backtrace.rs:44:22
[INFO] [stdout]    4:     0x55d164eadc70 - core::fmt::rt::Argument::fmt::h1539a9308b8d058d
[INFO] [stdout]                                at /rustc/82e1608dfa6e0b5569232559e3d385fea5a93112/library/core/src/fmt/rt.rs:142:9
[INFO] [stdout]    5:     0x55d164eadc70 - core::fmt::write::h3a39390d8560d9c9
[INFO] [stdout]                                at /rustc/82e1608dfa6e0b5569232559e3d385fea5a93112/library/core/src/fmt/mod.rs:1120:17
[INFO] [stdout]    6:     0x55d164e7e73f - std::io::Write::write_fmt::h040b369f3a0f9cbc
[INFO] [stdout]                                at /rustc/82e1608dfa6e0b5569232559e3d385fea5a93112/library/std/src/io/mod.rs:1762:15
[INFO] [stdout]    7:     0x55d164e81674 - std::sys_common::backtrace::_print::h894006fb5c6f3d45
[INFO] [stdout]                                at /rustc/82e1608dfa6e0b5569232559e3d385fea5a93112/library/std/src/sys_common/backtrace.rs:47:5
[INFO] [stdout]    8:     0x55d164e81674 - std::sys_common::backtrace::print::h23a2d212c6fff936
[INFO] [stdout]                                at /rustc/82e1608dfa6e0b5569232559e3d385fea5a93112/library/std/src/sys_common/backtrace.rs:34:9
[INFO] [stdout]    9:     0x55d164e83337 - std::panicking::default_hook::{{closure}}::h8a1d2ee00185001a
[INFO] [stdout]   10:     0x55d164e83023 - std::panicking::default_hook::h6038f2eba384e475
[INFO] [stdout]                                at /rustc/82e1608dfa6e0b5569232559e3d385fea5a93112/library/std/src/panicking.rs:289:9
[INFO] [stdout]   11:     0x55d164e51b27 - <alloc::boxed::Box<F,A> as core::ops::function::Fn<Args>>::call::h0ad024c9bdc6d768
[INFO] [stdout]                                at /rustc/82e1608dfa6e0b5569232559e3d385fea5a93112/library/alloc/src/boxed.rs:2021:9
[INFO] [stdout]   12:     0x55d164e51b27 - test::test_main::{{closure}}::h7500b54257359db6
[INFO] [stdout]                                at /rustc/82e1608dfa6e0b5569232559e3d385fea5a93112/library/test/src/lib.rs:138:21
[INFO] [stdout]   13:     0x55d164e83948 - <alloc::boxed::Box<F,A> as core::ops::function::Fn<Args>>::call::h1f8f335eaa9cfaee
[INFO] [stdout]                                at /rustc/82e1608dfa6e0b5569232559e3d385fea5a93112/library/alloc/src/boxed.rs:2021:9
[INFO] [stdout]   14:     0x55d164e83948 - std::panicking::rust_panic_with_hook::h2b5517d590cab22e
[INFO] [stdout]                                at /rustc/82e1608dfa6e0b5569232559e3d385fea5a93112/library/std/src/panicking.rs:783:13
[INFO] [stdout]   15:     0x55d164e8369e - std::panicking::begin_panic_handler::{{closure}}::h233112c06e0ef43e
[INFO] [stdout]                                at /rustc/82e1608dfa6e0b5569232559e3d385fea5a93112/library/std/src/panicking.rs:657:13
[INFO] [stdout]   16:     0x55d164e81d56 - std::sys_common::backtrace::__rust_end_short_backtrace::h6e893f24d7ebbff8
[INFO] [stdout]                                at /rustc/82e1608dfa6e0b5569232559e3d385fea5a93112/library/std/src/sys_common/backtrace.rs:170:18
[INFO] [stdout]   17:     0x55d164e83402 - rust_begin_unwind
[INFO] [stdout]                                at /rustc/82e1608dfa6e0b5569232559e3d385fea5a93112/library/std/src/panicking.rs:645:5
[INFO] [stdout]   18:     0x55d164c32fc5 - core::panicking::panic_fmt::hbf0e066aabfa482c
[INFO] [stdout]                                at /rustc/82e1608dfa6e0b5569232559e3d385fea5a93112/library/core/src/panicking.rs:72:14
[INFO] [stdout]   19:     0x55d164ca42eb - trybuild::run::<impl trybuild::Runner>::run::hc27f908698660dde
[INFO] [stdout]                                at /opt/rustwide/cargo-home/registry/src/index.crates.io-6f17d22bba15001f/trybuild-1.0.85/src/run.rs:101:13
[INFO] [stdout]   20:     0x55d164ca99a8 - <trybuild::TestCases as core::ops::drop::Drop>::drop::h332eca39cdcfd0c4
[INFO] [stdout]                                at /opt/rustwide/cargo-home/registry/src/index.crates.io-6f17d22bba15001f/trybuild-1.0.85/src/lib.rs:315:13
[INFO] [stdout]   21:     0x55d164c33bc7 - core::ptr::drop_in_place<trybuild::TestCases>::h664ba9c89eef55c2
[INFO] [stdout]                                at /rustc/82e1608dfa6e0b5569232559e3d385fea5a93112/library/core/src/ptr/mod.rs:498:1
[INFO] [stdout]   22:     0x55d164c34cab - ui::ui::h8d774e66b84f3cf9
[INFO] [stdout]                                at /opt/rustwide/workdir/tests/ui.rs:7:1
[INFO] [stdout]   23:     0x55d164c34c27 - ui::ui::{{closure}}::h577ff63a5cab3685
[INFO] [stdout]                                at /opt/rustwide/workdir/tests/ui.rs:3:8
[INFO] [stdout]   24:     0x55d164c33b36 - core::ops::function::FnOnce::call_once::h518b7961d34cd6e2
[INFO] [stdout]                                at /rustc/82e1608dfa6e0b5569232559e3d385fea5a93112/library/core/src/ops/function.rs:250:5
[INFO] [stdout]   25:     0x55d164e5717f - core::ops::function::FnOnce::call_once::h2b5d431d5046312d
[INFO] [stdout]                                at /rustc/82e1608dfa6e0b5569232559e3d385fea5a93112/library/core/src/ops/function.rs:250:5
[INFO] [stdout]   26:     0x55d164e5717f - test::__rust_begin_short_backtrace::h7714669af176e207
[INFO] [stdout]                                at /rustc/82e1608dfa6e0b5569232559e3d385fea5a93112/library/test/src/lib.rs:628:18
[INFO] [stdout]   27:     0x55d164e56195 - test::run_test_in_process::{{closure}}::h85218797dcbcec12
[INFO] [stdout]                                at /rustc/82e1608dfa6e0b5569232559e3d385fea5a93112/library/test/src/lib.rs:651:60
[INFO] [stdout]   28:     0x55d164e56195 - <core::panic::unwind_safe::AssertUnwindSafe<F> as core::ops::function::FnOnce<()>>::call_once::h76c106ea31c14d7b
[INFO] [stdout]                                at /rustc/82e1608dfa6e0b5569232559e3d385fea5a93112/library/core/src/panic/unwind_safe.rs:272:9
[INFO] [stdout]   29:     0x55d164e56195 - std::panicking::try::do_call::h3bd5d0f6620ee946
[INFO] [stdout]                                at /rustc/82e1608dfa6e0b5569232559e3d385fea5a93112/library/std/src/panicking.rs:552:40
[INFO] [stdout]   30:     0x55d164e56195 - std::panicking::try::h232e535e4744fe31
[INFO] [stdout]                                at /rustc/82e1608dfa6e0b5569232559e3d385fea5a93112/library/std/src/panicking.rs:516:19
[INFO] [stdout]   31:     0x55d164e56195 - std::panic::catch_unwind::h3ce3bd6ca8dbac68
[INFO] [stdout]                                at /rustc/82e1608dfa6e0b5569232559e3d385fea5a93112/library/std/src/panic.rs:142:14
[INFO] [stdout]   32:     0x55d164e56195 - test::run_test_in_process::hc97b257c9621286a
[INFO] [stdout]                                at /rustc/82e1608dfa6e0b5569232559e3d385fea5a93112/library/test/src/lib.rs:651:27
[INFO] [stdout]   33:     0x55d164e56195 - test::run_test::{{closure}}::h2aa798823a438d38
[INFO] [stdout]                                at /rustc/82e1608dfa6e0b5569232559e3d385fea5a93112/library/test/src/lib.rs:574:43
[INFO] [stdout]   34:     0x55d164e1e456 - test::run_test::{{closure}}::h87d231c78fb59832
[INFO] [stdout]                                at /rustc/82e1608dfa6e0b5569232559e3d385fea5a93112/library/test/src/lib.rs:602:41
[INFO] [stdout]   35:     0x55d164e1e456 - std::sys_common::backtrace::__rust_begin_short_backtrace::he6df152596625789
[INFO] [stdout]                                at /rustc/82e1608dfa6e0b5569232559e3d385fea5a93112/library/std/src/sys_common/backtrace.rs:154:18
[INFO] [stdout]   36:     0x55d164e23507 - std::thread::Builder::spawn_unchecked_::{{closure}}::{{closure}}::ha94be15d1e0acf36
[INFO] [stdout]                                at /rustc/82e1608dfa6e0b5569232559e3d385fea5a93112/library/std/src/thread/mod.rs:529:17
[INFO] [stdout]   37:     0x55d164e23507 - <core::panic::unwind_safe::AssertUnwindSafe<F> as core::ops::function::FnOnce<()>>::call_once::h9dc6bd6372f16606
[INFO] [stdout]                                at /rustc/82e1608dfa6e0b5569232559e3d385fea5a93112/library/core/src/panic/unwind_safe.rs:272:9
[INFO] [stdout]   38:     0x55d164e23507 - std::panicking::try::do_call::h9057517f80303cd4
[INFO] [stdout]                                at /rustc/82e1608dfa6e0b5569232559e3d385fea5a93112/library/std/src/panicking.rs:552:40
[INFO] [stdout]   39:     0x55d164e23507 - std::panicking::try::he3a30b11ee45340c
[INFO] [stdout]                                at /rustc/82e1608dfa6e0b5569232559e3d385fea5a93112/library/std/src/panicking.rs:516:19
[INFO] [stdout]   40:     0x55d164e23507 - std::panic::catch_unwind::h410458cfd3528b8b
[INFO] [stdout]                                at /rustc/82e1608dfa6e0b5569232559e3d385fea5a93112/library/std/src/panic.rs:142:14
[INFO] [stdout]   41:     0x55d164e23507 - std::thread::Builder::spawn_unchecked_::{{closure}}::h72ac3bdb567b737b
[INFO] [stdout]                                at /rustc/82e1608dfa6e0b5569232559e3d385fea5a93112/library/std/src/thread/mod.rs:528:30
[INFO] [stdout]   42:     0x55d164e23507 - core::ops::function::FnOnce::call_once{{vtable.shim}}::h38f34da3654a8344
[INFO] [stdout]                                at /rustc/82e1608dfa6e0b5569232559e3d385fea5a93112/library/core/src/ops/function.rs:250:5
[INFO] [stdout]   43:     0x55d164e89525 - <alloc::boxed::Box<F,A> as core::ops::function::FnOnce<Args>>::call_once::hc7eafaff61e32df9
[INFO] [stdout]                                at /rustc/82e1608dfa6e0b5569232559e3d385fea5a93112/library/alloc/src/boxed.rs:2007:9
[INFO] [stdout]   44:     0x55d164e89525 - <alloc::boxed::Box<F,A> as core::ops::function::FnOnce<Args>>::call_once::h6ba4a5de48dd2304
[INFO] [stdout]                                at /rustc/82e1608dfa6e0b5569232559e3d385fea5a93112/library/alloc/src/boxed.rs:2007:9
[INFO] [stdout]   45:     0x55d164e89525 - std::sys::unix::thread::Thread::new::thread_start::he469335aef763e45
[INFO] [stdout]                                at /rustc/82e1608dfa6e0b5569232559e3d385fea5a93112/library/std/src/sys/unix/thread.rs:108:17
[INFO] [stdout]   46:     0x7fc64d591ac3 - <unknown>
[INFO] [stdout]   47:     0x7fc64d622bf4 - __clone
[INFO] [stdout]   48:                0x0 - <unknown>
[INFO] [stdout] 
[INFO] [stdout] 
[INFO] [stdout] failures:
[INFO] [stdout]     ui
[INFO] [stdout] 
[INFO] [stdout] test result: FAILED. 0 passed; 1 failed; 0 ignored; 0 measured; 0 filtered out; finished in 5.58s
[INFO] [stdout] 
[INFO] [stderr] error: test failed, to rerun pass `--test ui`
[INFO] running `Command { std: "docker" "inspect" "644e5611ded068b1214e4739617cb66d44e4a42cab3394416bde47577e0e4d9c", kill_on_drop: false }`
[INFO] running `Command { std: "docker" "rm" "-f" "644e5611ded068b1214e4739617cb66d44e4a42cab3394416bde47577e0e4d9c", kill_on_drop: false }`
[INFO] [stdout] 644e5611ded068b1214e4739617cb66d44e4a42cab3394416bde47577e0e4d9c
