[INFO] fetching crate mungos_rocket 0.0.7...
[INFO] testing mungos_rocket-0.0.7 against 1.75.0 for beta-1.76-1
[INFO] extracting crate mungos_rocket 0.0.7 into /workspace/builds/worker-4-tc1/source
[INFO] validating manifest of crates.io crate mungos_rocket 0.0.7 on toolchain 1.75.0
[INFO] running `Command { std: CARGO_HOME="/workspace/cargo-home" RUSTUP_HOME="/workspace/rustup-home" "/workspace/cargo-home/bin/cargo" "+1.75.0" "metadata" "--manifest-path" "Cargo.toml" "--no-deps", kill_on_drop: false }`
[INFO] started tweaking crates.io crate mungos_rocket 0.0.7
[INFO] finished tweaking crates.io crate mungos_rocket 0.0.7
[INFO] tweaked toml for crates.io crate mungos_rocket 0.0.7 written to /workspace/builds/worker-4-tc1/source/Cargo.toml
[INFO] running `Command { std: CARGO_HOME="/workspace/cargo-home" RUSTUP_HOME="/workspace/rustup-home" "/workspace/cargo-home/bin/cargo" "+1.75.0" "generate-lockfile" "--manifest-path" "Cargo.toml", kill_on_drop: false }`
[INFO] running `Command { std: CARGO_HOME="/workspace/cargo-home" RUSTUP_HOME="/workspace/rustup-home" "/workspace/cargo-home/bin/cargo" "+1.75.0" "fetch" "--manifest-path" "Cargo.toml", kill_on_drop: false }`
[INFO] running `Command { std: "docker" "create" "-v" "/var/lib/crater-agent-workspace/builds/worker-4-tc1/target:/opt/rustwide/target:rw,Z" "-v" "/var/lib/crater-agent-workspace/builds/worker-4-tc1/source:/opt/rustwide/workdir:ro,Z" "-v" "/var/lib/crater-agent-workspace/cargo-home:/opt/rustwide/cargo-home:ro,Z" "-v" "/var/lib/crater-agent-workspace/rustup-home:/opt/rustwide/rustup-home:ro,Z" "-e" "SOURCE_DIR=/opt/rustwide/workdir" "-e" "CARGO_TARGET_DIR=/opt/rustwide/target" "-e" "CARGO_HOME=/opt/rustwide/cargo-home" "-e" "RUSTUP_HOME=/opt/rustwide/rustup-home" "-w" "/opt/rustwide/workdir" "-m" "1610612736" "--user" "0:0" "--network" "none" "ghcr.io/rust-lang/crates-build-env/linux@sha256:2788e3201cd34a07e3172128adcd8b3090168a8e3bcc40d7c032b9dda1df7d1c" "/opt/rustwide/cargo-home/bin/cargo" "+1.75.0" "metadata" "--no-deps" "--format-version=1", kill_on_drop: false }`
[INFO] [stdout] be11fb5761192405a95dce469baa36b6e90cbd848b56e11e6e7e282cada63e2d
[INFO] running `Command { std: "docker" "start" "-a" "be11fb5761192405a95dce469baa36b6e90cbd848b56e11e6e7e282cada63e2d", kill_on_drop: false }`
[INFO] running `Command { std: "docker" "inspect" "be11fb5761192405a95dce469baa36b6e90cbd848b56e11e6e7e282cada63e2d", kill_on_drop: false }`
[INFO] running `Command { std: "docker" "rm" "-f" "be11fb5761192405a95dce469baa36b6e90cbd848b56e11e6e7e282cada63e2d", kill_on_drop: false }`
[INFO] [stdout] be11fb5761192405a95dce469baa36b6e90cbd848b56e11e6e7e282cada63e2d
[INFO] running `Command { std: "docker" "create" "-v" "/var/lib/crater-agent-workspace/builds/worker-4-tc1/target:/opt/rustwide/target:rw,Z" "-v" "/var/lib/crater-agent-workspace/builds/worker-4-tc1/source:/opt/rustwide/workdir:ro,Z" "-v" "/var/lib/crater-agent-workspace/cargo-home:/opt/rustwide/cargo-home:ro,Z" "-v" "/var/lib/crater-agent-workspace/rustup-home:/opt/rustwide/rustup-home:ro,Z" "-e" "SOURCE_DIR=/opt/rustwide/workdir" "-e" "CARGO_TARGET_DIR=/opt/rustwide/target" "-e" "CARGO_INCREMENTAL=0" "-e" "RUST_BACKTRACE=full" "-e" "RUSTFLAGS=--cap-lints=warn" "-e" "RUSTDOCFLAGS=--cap-lints=warn" "-e" "CARGO_HOME=/opt/rustwide/cargo-home" "-e" "RUSTUP_HOME=/opt/rustwide/rustup-home" "-w" "/opt/rustwide/workdir" "-m" "1610612736" "--user" "0:0" "--network" "none" "ghcr.io/rust-lang/crates-build-env/linux@sha256:2788e3201cd34a07e3172128adcd8b3090168a8e3bcc40d7c032b9dda1df7d1c" "/opt/rustwide/cargo-home/bin/cargo" "+1.75.0" "build" "--frozen" "--message-format=json", kill_on_drop: false }`
[INFO] [stdout] 23b4e2ccda498ed8e374d3343113b15479c8912e2addeaac8290c17a54122ebd
[INFO] running `Command { std: "docker" "start" "-a" "23b4e2ccda498ed8e374d3343113b15479c8912e2addeaac8290c17a54122ebd", kill_on_drop: false }`
[INFO] [stderr]    Compiling mungos_rocket v0.0.7 (/opt/rustwide/workdir)
[INFO] [stderr]     Finished dev [unoptimized + debuginfo] target(s) in 0.03s
[INFO] running `Command { std: "docker" "inspect" "23b4e2ccda498ed8e374d3343113b15479c8912e2addeaac8290c17a54122ebd", kill_on_drop: false }`
[INFO] running `Command { std: "docker" "rm" "-f" "23b4e2ccda498ed8e374d3343113b15479c8912e2addeaac8290c17a54122ebd", kill_on_drop: false }`
[INFO] [stdout] 23b4e2ccda498ed8e374d3343113b15479c8912e2addeaac8290c17a54122ebd
[INFO] running `Command { std: "docker" "create" "-v" "/var/lib/crater-agent-workspace/builds/worker-4-tc1/target:/opt/rustwide/target:rw,Z" "-v" "/var/lib/crater-agent-workspace/builds/worker-4-tc1/source:/opt/rustwide/workdir:ro,Z" "-v" "/var/lib/crater-agent-workspace/cargo-home:/opt/rustwide/cargo-home:ro,Z" "-v" "/var/lib/crater-agent-workspace/rustup-home:/opt/rustwide/rustup-home:ro,Z" "-e" "SOURCE_DIR=/opt/rustwide/workdir" "-e" "CARGO_TARGET_DIR=/opt/rustwide/target" "-e" "CARGO_INCREMENTAL=0" "-e" "RUST_BACKTRACE=full" "-e" "RUSTFLAGS=--cap-lints=warn" "-e" "RUSTDOCFLAGS=--cap-lints=warn" "-e" "CARGO_HOME=/opt/rustwide/cargo-home" "-e" "RUSTUP_HOME=/opt/rustwide/rustup-home" "-w" "/opt/rustwide/workdir" "-m" "1610612736" "--user" "0:0" "--network" "none" "ghcr.io/rust-lang/crates-build-env/linux@sha256:2788e3201cd34a07e3172128adcd8b3090168a8e3bcc40d7c032b9dda1df7d1c" "/opt/rustwide/cargo-home/bin/cargo" "+1.75.0" "test" "--frozen" "--no-run" "--message-format=json", kill_on_drop: false }`
[INFO] [stdout] 445794e76a342ad6e71956437c69c3d00e9949a15a7a4b3f6cac180bbdb8994f
[INFO] running `Command { std: "docker" "start" "-a" "445794e76a342ad6e71956437c69c3d00e9949a15a7a4b3f6cac180bbdb8994f", kill_on_drop: false }`
[INFO] [stderr]    Compiling mungos_rocket v0.0.7 (/opt/rustwide/workdir)
[INFO] [stderr]     Finished test [unoptimized + debuginfo] target(s) in 0.18s
[INFO] running `Command { std: "docker" "inspect" "445794e76a342ad6e71956437c69c3d00e9949a15a7a4b3f6cac180bbdb8994f", kill_on_drop: false }`
[INFO] running `Command { std: "docker" "rm" "-f" "445794e76a342ad6e71956437c69c3d00e9949a15a7a4b3f6cac180bbdb8994f", kill_on_drop: false }`
[INFO] [stdout] 445794e76a342ad6e71956437c69c3d00e9949a15a7a4b3f6cac180bbdb8994f
[INFO] running `Command { std: "docker" "create" "-v" "/var/lib/crater-agent-workspace/builds/worker-4-tc1/target:/opt/rustwide/target:rw,Z" "-v" "/var/lib/crater-agent-workspace/builds/worker-4-tc1/source:/opt/rustwide/workdir:ro,Z" "-v" "/var/lib/crater-agent-workspace/cargo-home:/opt/rustwide/cargo-home:ro,Z" "-v" "/var/lib/crater-agent-workspace/rustup-home:/opt/rustwide/rustup-home:ro,Z" "-e" "SOURCE_DIR=/opt/rustwide/workdir" "-e" "CARGO_TARGET_DIR=/opt/rustwide/target" "-e" "CARGO_INCREMENTAL=0" "-e" "RUST_BACKTRACE=full" "-e" "RUSTFLAGS=--cap-lints=warn" "-e" "RUSTDOCFLAGS=--cap-lints=warn" "-e" "CARGO_HOME=/opt/rustwide/cargo-home" "-e" "RUSTUP_HOME=/opt/rustwide/rustup-home" "-w" "/opt/rustwide/workdir" "-m" "1610612736" "--user" "0:0" "--network" "none" "ghcr.io/rust-lang/crates-build-env/linux@sha256:2788e3201cd34a07e3172128adcd8b3090168a8e3bcc40d7c032b9dda1df7d1c" "/opt/rustwide/cargo-home/bin/cargo" "+1.75.0" "test" "--frozen", kill_on_drop: false }`
[INFO] [stdout] 417091f4449b6ba0f7f8a6ed386f829169027bfae19167aea9fdf76176c6e16c
[INFO] running `Command { std: "docker" "start" "-a" "417091f4449b6ba0f7f8a6ed386f829169027bfae19167aea9fdf76176c6e16c", kill_on_drop: false }`
[INFO] [stdout] 
[INFO] [stderr]     Finished test [unoptimized + debuginfo] target(s) in 0.01s
[INFO] [stdout] running 0 tests
[INFO] [stderr]      Running unittests src/lib.rs (/opt/rustwide/target/debug/deps/mungos_rocket-bb6140e02b194c9d)
[INFO] [stdout] 
[INFO] [stdout] test result: ok. 0 passed; 0 failed; 0 ignored; 0 measured; 0 filtered out; finished in 0.00s
[INFO] [stdout] 
[INFO] [stderr]    Doc-tests mungos_rocket
[INFO] [stdout] 
[INFO] [stdout] running 4 tests
[INFO] [stdout] test src/mungos_routes.rs - mungos_routes (line 31) ... FAILED
[INFO] [stdout] test src/guarded_mungos_routes.rs - guarded_mungos_routes (line 33) ... FAILED
[INFO] [stdout] test src/guarded_mungos_routes.rs - guarded_mungos_routes (line 13) ... FAILED
[INFO] [stderr] error: doctest failed, to rerun pass `--doc`
[INFO] [stdout] test src/mungos_routes.rs - mungos_routes (line 12) ... FAILED
[INFO] [stdout] 
[INFO] [stdout] failures:
[INFO] [stdout] 
[INFO] [stdout] ---- src/mungos_routes.rs - mungos_routes (line 31) stdout ----
[INFO] [stdout] error: prefix `it` is unknown
[INFO] [stdout]  --> src/mungos_routes.rs:38:60
[INFO] [stdout]   |
[INFO] [stdout] 9 | - patch " /id ", data : updates one document, specified by it's "_id" field, replacing it with the struct in data
[INFO] [stdout]   |                                                            ^^ unknown prefix
[INFO] [stdout]   |
[INFO] [stdout]   = note: prefixed identifiers and literals are reserved since Rust 2021
[INFO] [stdout] help: consider inserting whitespace here
[INFO] [stdout]   |
[INFO] [stdout] 9 | - patch " /id ", data : updates one document, specified by it 's "_id" field, replacing it with the struct in data
[INFO] [stdout]   |                                                              +
[INFO] [stdout] 
[INFO] [stdout] error: prefix `it` is unknown
[INFO] [stdout]   --> src/mungos_routes.rs:40:55
[INFO] [stdout]    |
[INFO] [stdout] 11 | - delete " /id " : deletes one document, specified by it's "_id" field
[INFO] [stdout]    |                                                       ^^ unknown prefix
[INFO] [stdout]    |
[INFO] [stdout]    = note: prefixed identifiers and literals are reserved since Rust 2021
[INFO] [stdout] help: consider inserting whitespace here
[INFO] [stdout]    |
[INFO] [stdout] 11 | - delete " /id " : deletes one document, specified by it 's "_id" field
[INFO] [stdout]    |                                                         +
[INFO] [stdout] 
[INFO] [stdout] error: expected one of `!`, `.`, `::`, `;`, `?`, `{`, `}`, or an operator, found `" / "`
[INFO] [stdout]  --> src/mungos_routes.rs:32:7
[INFO] [stdout]   |
[INFO] [stdout] 3 | - get " / " : get full collection
[INFO] [stdout]   |       ^^^^^ expected one of 8 possible tokens
[INFO] [stdout] 
[INFO] [stdout] error: aborting due to 3 previous errors
[INFO] [stdout] 
[INFO] [stdout] Couldn't compile the test.
[INFO] [stdout] ---- src/guarded_mungos_routes.rs - guarded_mungos_routes (line 33) stdout ----
[INFO] [stdout] error: prefix `it` is unknown
[INFO] [stdout]  --> src/guarded_mungos_routes.rs:40:60
[INFO] [stdout]   |
[INFO] [stdout] 9 | - patch " /id ", data : updates one document, specified by it's "_id" field, replacing it with the struct in data
[INFO] [stdout]   |                                                            ^^ unknown prefix
[INFO] [stdout]   |
[INFO] [stdout]   = note: prefixed identifiers and literals are reserved since Rust 2021
[INFO] [stdout] help: consider inserting whitespace here
[INFO] [stdout]   |
[INFO] [stdout] 9 | - patch " /id ", data : updates one document, specified by it 's "_id" field, replacing it with the struct in data
[INFO] [stdout]   |                                                              +
[INFO] [stdout] 
[INFO] [stdout] error: prefix `it` is unknown
[INFO] [stdout]   --> src/guarded_mungos_routes.rs:42:55
[INFO] [stdout]    |
[INFO] [stdout] 11 | - delete " /id " : deletes one document, specified by it's "_id" field
[INFO] [stdout]    |                                                       ^^ unknown prefix
[INFO] [stdout]    |
[INFO] [stdout]    = note: prefixed identifiers and literals are reserved since Rust 2021
[INFO] [stdout] help: consider inserting whitespace here
[INFO] [stdout]    |
[INFO] [stdout] 11 | - delete " /id " : deletes one document, specified by it 's "_id" field
[INFO] [stdout]    |                                                         +
[INFO] [stdout] 
[INFO] [stdout] error: expected one of `!`, `.`, `::`, `;`, `?`, `{`, `}`, or an operator, found `" / "`
[INFO] [stdout]  --> src/guarded_mungos_routes.rs:34:7
[INFO] [stdout]   |
[INFO] [stdout] 3 | - get " / " : get full collection
[INFO] [stdout]   |       ^^^^^ expected one of 8 possible tokens
[INFO] [stdout] 
[INFO] [stdout] error: aborting due to 3 previous errors
[INFO] [stdout] 
[INFO] [stdout] Couldn't compile the test.
[INFO] [stdout] ---- src/guarded_mungos_routes.rs - guarded_mungos_routes (line 13) stdout ----
[INFO] [stdout] error: unexpected token: `...`
[INFO] [stdout]   --> src/guarded_mungos_routes.rs:27:22
[INFO] [stdout]    |
[INFO] [stdout] 16 |     .manage(Mungos::new(...))
[INFO] [stdout]    |                         ^^^
[INFO] [stdout]    |
[INFO] [stdout] help: use `..` for an exclusive range
[INFO] [stdout]    |
[INFO] [stdout] 16 |     .manage(Mungos::new(..))
[INFO] [stdout]    |                         ~~
[INFO] [stdout] help: or `..=` for an inclusive range
[INFO] [stdout]    |
[INFO] [stdout] 16 |     .manage(Mungos::new(..=))
[INFO] [stdout]    |                         ~~~
[INFO] [stdout] 
[INFO] [stdout] error[E0586]: inclusive range with no end
[INFO] [stdout]   --> src/guarded_mungos_routes.rs:27:22
[INFO] [stdout]    |
[INFO] [stdout] 16 |     .manage(Mungos::new(...))
[INFO] [stdout]    |                         ^^^ help: use `..` instead
[INFO] [stdout]    |
[INFO] [stdout]    = note: inclusive ranges must be bounded at the end (`..=b` or `a..=b`)
[INFO] [stdout] 
[INFO] [stdout] error[E0463]: can't find crate for `rocket`
[INFO] [stdout]  --> src/guarded_mungos_routes.rs:15:1
[INFO] [stdout]   |
[INFO] [stdout] 4 | extern crate rocket; // the rocket macros need to be available
[INFO] [stdout]   | ^^^^^^^^^^^^^^^^^^^^ can't find crate
[INFO] [stdout] 
[INFO] [stdout] error[E0468]: an `extern crate` loading macros must be at the crate root
[INFO] [stdout]  --> src/guarded_mungos_routes.rs:17:1
[INFO] [stdout]   |
[INFO] [stdout] 6 | extern crate mungos_rocket;
[INFO] [stdout]   | ^^^^^^^^^^^^^^^^^^^^^^^^^^^
[INFO] [stdout] 
[INFO] [stdout] error[E0432]: unresolved import `crate::AuthGuard`
[INFO] [stdout]  --> src/guarded_mungos_routes.rs:19:5
[INFO] [stdout]   |
[INFO] [stdout] 8 | use crate::AuthGuard;
[INFO] [stdout]   |     ^^^^^^^^^^^^^^^^ no `AuthGuard` in the root
[INFO] [stdout] 
[INFO] [stdout] error[E0432]: unresolved import `mungos`
[INFO] [stdout]  --> src/guarded_mungos_routes.rs:18:5
[INFO] [stdout]   |
[INFO] [stdout] 7 | use mungos::Mungos;
[INFO] [stdout]   |     ^^^^^^ use of undeclared crate or module `mungos`
[INFO] [stdout] 
[INFO] [stdout] error[E0432]: unresolved import `mungos`
[INFO] [stdout]   --> src/guarded_mungos_routes.rs:28:14
[INFO] [stdout]    |
[INFO] [stdout] 17 |     .mount("/", guarded_mungos_routes!("db name", "collection name", SerializableType, AuthGuard) )
[INFO] [stdout]    |                 ^^^^^^^^^^^^^^^^^^^^^^^^^^^^^^^^^^^^^^^^^^^^^^^^^^^^^^^^^^^^^^^^^^^^^^^^^^^^^^^^^ use of undeclared crate or module `mungos`
[INFO] [stdout]    |
[INFO] [stdout]    = note: this error originates in the macro `guarded_mungos_routes` (in Nightly builds, run with -Z macro-backtrace for more info)
[INFO] [stdout] 
[INFO] [stdout] error: cannot find derive macro `Serialize` in this scope
[INFO] [stdout]   --> src/guarded_mungos_routes.rs:21:17
[INFO] [stdout]    |
[INFO] [stdout] 10 | #[derive(Debug, Serialize, Deserialize)]
[INFO] [stdout]    |                 ^^^^^^^^^
[INFO] [stdout] 
[INFO] [stdout] error: cannot find derive macro `Deserialize` in this scope
[INFO] [stdout]   --> src/guarded_mungos_routes.rs:21:28
[INFO] [stdout]    |
[INFO] [stdout] 10 | #[derive(Debug, Serialize, Deserialize)]
[INFO] [stdout]    |                            ^^^^^^^^^^^
[INFO] [stdout] 
[INFO] [stdout] error: cannot find attribute `get` in this scope
[INFO] [stdout]   --> src/guarded_mungos_routes.rs:28:14
[INFO] [stdout]    |
[INFO] [stdout] 17 |     .mount("/", guarded_mungos_routes!("db name", "collection name", SerializableType, AuthGuard) )
[INFO] [stdout]    |                 ^^^^^^^^^^^^^^^^^^^^^^^^^^^^^^^^^^^^^^^^^^^^^^^^^^^^^^^^^^^^^^^^^^^^^^^^^^^^^^^^^
[INFO] [stdout]    |
[INFO] [stdout]    = note: `get` is in scope, but it is a function, not an attribute
[INFO] [stdout]    = note: this error originates in the macro `guarded_mungos_routes` (in Nightly builds, run with -Z macro-backtrace for more info)
[INFO] [stdout] 
[INFO] [stdout] error: cannot find attribute `get` in this scope
[INFO] [stdout]   --> src/guarded_mungos_routes.rs:28:14
[INFO] [stdout]    |
[INFO] [stdout] 17 |     .mount("/", guarded_mungos_routes!("db name", "collection name", SerializableType, AuthGuard) )
[INFO] [stdout]    |                 ^^^^^^^^^^^^^^^^^^^^^^^^^^^^^^^^^^^^^^^^^^^^^^^^^^^^^^^^^^^^^^^^^^^^^^^^^^^^^^^^^
[INFO] [stdout]    |
[INFO] [stdout]    = note: `get` is in scope, but it is a function, not an attribute
[INFO] [stdout]    = note: this error originates in the macro `guarded_mungos_routes` (in Nightly builds, run with -Z macro-backtrace for more info)
[INFO] [stdout] 
[INFO] [stdout] error: cannot find attribute `post` in this scope
[INFO] [stdout]   --> src/guarded_mungos_routes.rs:28:14
[INFO] [stdout]    |
[INFO] [stdout] 17 |     .mount("/", guarded_mungos_routes!("db name", "collection name", SerializableType, AuthGuard) )
[INFO] [stdout]    |                 ^^^^^^^^^^^^^^^^^^^^^^^^^^^^^^^^^^^^^^^^^^^^^^^^^^^^^^^^^^^^^^^^^^^^^^^^^^^^^^^^^
[INFO] [stdout]    |
[INFO] [stdout]    = note: this error originates in the macro `guarded_mungos_routes` (in Nightly builds, run with -Z macro-backtrace for more info)
[INFO] [stdout] 
[INFO] [stdout] error: cannot find attribute `patch` in this scope
[INFO] [stdout]   --> src/guarded_mungos_routes.rs:28:14
[INFO] [stdout]    |
[INFO] [stdout] 17 |     .mount("/", guarded_mungos_routes!("db name", "collection name", SerializableType, AuthGuard) )
[INFO] [stdout]    |                 ^^^^^^^^^^^^^^^^^^^^^^^^^^^^^^^^^^^^^^^^^^^^^^^^^^^^^^^^^^^^^^^^^^^^^^^^^^^^^^^^^ help: a built-in attribute with a similar name exists: `path`
[INFO] [stdout]    |
[INFO] [stdout]    = note: this error originates in the macro `guarded_mungos_routes` (in Nightly builds, run with -Z macro-backtrace for more info)
[INFO] [stdout] 
[INFO] [stdout] error: cannot find attribute `delete` in this scope
[INFO] [stdout]   --> src/guarded_mungos_routes.rs:28:14
[INFO] [stdout]    |
[INFO] [stdout] 17 |     .mount("/", guarded_mungos_routes!("db name", "collection name", SerializableType, AuthGuard) )
[INFO] [stdout]    |                 ^^^^^^^^^^^^^^^^^^^^^^^^^^^^^^^^^^^^^^^^^^^^^^^^^^^^^^^^^^^^^^^^^^^^^^^^^^^^^^^^^
[INFO] [stdout]    |
[INFO] [stdout]    = note: `delete` is in scope, but it is a function, not an attribute
[INFO] [stdout]    = note: this error originates in the macro `guarded_mungos_routes` (in Nightly builds, run with -Z macro-backtrace for more info)
[INFO] [stdout] 
[INFO] [stdout] error: cannot find macro `routes` in this scope
[INFO] [stdout]   --> src/guarded_mungos_routes.rs:28:14
[INFO] [stdout]    |
[INFO] [stdout] 17 |     .mount("/", guarded_mungos_routes!("db name", "collection name", SerializableType, AuthGuard) )
[INFO] [stdout]    |                 ^^^^^^^^^^^^^^^^^^^^^^^^^^^^^^^^^^^^^^^^^^^^^^^^^^^^^^^^^^^^^^^^^^^^^^^^^^^^^^^^^
[INFO] [stdout]    |
[INFO] [stdout]    = note: this error originates in the macro `guarded_mungos_routes` (in Nightly builds, run with -Z macro-backtrace for more info)
[INFO] [stdout] 
[INFO] [stdout] error: aborting due to 15 previous errors
[INFO] [stdout] 
[INFO] [stdout] Some errors have detailed explanations: E0432, E0463, E0468, E0586.
[INFO] [stdout] For more information about an error, try `rustc --explain E0432`.
[INFO] [stdout] Couldn't compile the test.
[INFO] [stdout] ---- src/mungos_routes.rs - mungos_routes (line 12) stdout ----
[INFO] [stdout] error: unexpected token: `...`
[INFO] [stdout]   --> src/mungos_routes.rs:25:22
[INFO] [stdout]    |
[INFO] [stdout] 15 |     .manage(Mungos::new(...))
[INFO] [stdout]    |                         ^^^
[INFO] [stdout]    |
[INFO] [stdout] help: use `..` for an exclusive range
[INFO] [stdout]    |
[INFO] [stdout] 15 |     .manage(Mungos::new(..))
[INFO] [stdout]    |                         ~~
[INFO] [stdout] help: or `..=` for an inclusive range
[INFO] [stdout]    |
[INFO] [stdout] 15 |     .manage(Mungos::new(..=))
[INFO] [stdout]    |                         ~~~
[INFO] [stdout] 
[INFO] [stdout] error[E0586]: inclusive range with no end
[INFO] [stdout]   --> src/mungos_routes.rs:25:22
[INFO] [stdout]    |
[INFO] [stdout] 15 |     .manage(Mungos::new(...))
[INFO] [stdout]    |                         ^^^ help: use `..` instead
[INFO] [stdout]    |
[INFO] [stdout]    = note: inclusive ranges must be bounded at the end (`..=b` or `a..=b`)
[INFO] [stdout] 
[INFO] [stdout] error[E0463]: can't find crate for `rocket`
[INFO] [stdout]  --> src/mungos_routes.rs:14:1
[INFO] [stdout]   |
[INFO] [stdout] 4 | extern crate rocket; // the rocket macros need to be available
[INFO] [stdout]   | ^^^^^^^^^^^^^^^^^^^^ can't find crate
[INFO] [stdout] 
[INFO] [stdout] error[E0468]: an `extern crate` loading macros must be at the crate root
[INFO] [stdout]  --> src/mungos_routes.rs:16:1
[INFO] [stdout]   |
[INFO] [stdout] 6 | extern crate mungos_rocket;
[INFO] [stdout]   | ^^^^^^^^^^^^^^^^^^^^^^^^^^^
[INFO] [stdout] 
[INFO] [stdout] error[E0432]: unresolved import `mungos`
[INFO] [stdout]  --> src/mungos_routes.rs:17:5
[INFO] [stdout]   |
[INFO] [stdout] 7 | use mungos::Mungos;
[INFO] [stdout]   |     ^^^^^^ use of undeclared crate or module `mungos`
[INFO] [stdout] 
[INFO] [stdout] error[E0432]: unresolved import `mungos`
[INFO] [stdout]   --> src/mungos_routes.rs:26:14
[INFO] [stdout]    |
[INFO] [stdout] 16 |     .mount("/", mungos_routes!("db name", "collection name", SerializableType) )
[INFO] [stdout]    |                 ^^^^^^^^^^^^^^^^^^^^^^^^^^^^^^^^^^^^^^^^^^^^^^^^^^^^^^^^^^^^^^ use of undeclared crate or module `mungos`
[INFO] [stdout]    |
[INFO] [stdout]    = note: this error originates in the macro `mungos_routes` (in Nightly builds, run with -Z macro-backtrace for more info)
[INFO] [stdout] 
[INFO] [stdout] error: cannot find derive macro `Serialize` in this scope
[INFO] [stdout]  --> src/mungos_routes.rs:19:17
[INFO] [stdout]   |
[INFO] [stdout] 9 | #[derive(Debug, Serialize, Deserialize)]
[INFO] [stdout]   |                 ^^^^^^^^^
[INFO] [stdout] 
[INFO] [stdout] error: cannot find derive macro `Deserialize` in this scope
[INFO] [stdout]  --> src/mungos_routes.rs:19:28
[INFO] [stdout]   |
[INFO] [stdout] 9 | #[derive(Debug, Serialize, Deserialize)]
[INFO] [stdout]   |                            ^^^^^^^^^^^
[INFO] [stdout] 
[INFO] [stdout] error: cannot find attribute `get` in this scope
[INFO] [stdout]   --> src/mungos_routes.rs:26:14
[INFO] [stdout]    |
[INFO] [stdout] 16 |     .mount("/", mungos_routes!("db name", "collection name", SerializableType) )
[INFO] [stdout]    |                 ^^^^^^^^^^^^^^^^^^^^^^^^^^^^^^^^^^^^^^^^^^^^^^^^^^^^^^^^^^^^^^
[INFO] [stdout]    |
[INFO] [stdout]    = note: `get` is in scope, but it is a function, not an attribute
[INFO] [stdout]    = note: this error originates in the macro `mungos_routes` (in Nightly builds, run with -Z macro-backtrace for more info)
[INFO] [stdout] 
[INFO] [stdout] error: cannot find attribute `get` in this scope
[INFO] [stdout]   --> src/mungos_routes.rs:26:14
[INFO] [stdout]    |
[INFO] [stdout] 16 |     .mount("/", mungos_routes!("db name", "collection name", SerializableType) )
[INFO] [stdout]    |                 ^^^^^^^^^^^^^^^^^^^^^^^^^^^^^^^^^^^^^^^^^^^^^^^^^^^^^^^^^^^^^^
[INFO] [stdout]    |
[INFO] [stdout]    = note: `get` is in scope, but it is a function, not an attribute
[INFO] [stdout]    = note: this error originates in the macro `mungos_routes` (in Nightly builds, run with -Z macro-backtrace for more info)
[INFO] [stdout] 
[INFO] [stdout] error: cannot find attribute `post` in this scope
[INFO] [stdout]   --> src/mungos_routes.rs:26:14
[INFO] [stdout]    |
[INFO] [stdout] 16 |     .mount("/", mungos_routes!("db name", "collection name", SerializableType) )
[INFO] [stdout]    |                 ^^^^^^^^^^^^^^^^^^^^^^^^^^^^^^^^^^^^^^^^^^^^^^^^^^^^^^^^^^^^^^
[INFO] [stdout]    |
[INFO] [stdout]    = note: this error originates in the macro `mungos_routes` (in Nightly builds, run with -Z macro-backtrace for more info)
[INFO] [stdout] 
[INFO] [stdout] error: cannot find attribute `patch` in this scope
[INFO] [stdout]   --> src/mungos_routes.rs:26:14
[INFO] [stdout]    |
[INFO] [stdout] 16 |     .mount("/", mungos_routes!("db name", "collection name", SerializableType) )
[INFO] [stdout]    |                 ^^^^^^^^^^^^^^^^^^^^^^^^^^^^^^^^^^^^^^^^^^^^^^^^^^^^^^^^^^^^^^ help: a built-in attribute with a similar name exists: `path`
[INFO] [stdout]    |
[INFO] [stdout]    = note: this error originates in the macro `mungos_routes` (in Nightly builds, run with -Z macro-backtrace for more info)
[INFO] [stdout] 
[INFO] [stdout] error: cannot find attribute `delete` in this scope
[INFO] [stdout]   --> src/mungos_routes.rs:26:14
[INFO] [stdout]    |
[INFO] [stdout] 16 |     .mount("/", mungos_routes!("db name", "collection name", SerializableType) )
[INFO] [stdout]    |                 ^^^^^^^^^^^^^^^^^^^^^^^^^^^^^^^^^^^^^^^^^^^^^^^^^^^^^^^^^^^^^^
[INFO] [stdout]    |
[INFO] [stdout]    = note: `delete` is in scope, but it is a function, not an attribute
[INFO] [stdout]    = note: this error originates in the macro `mungos_routes` (in Nightly builds, run with -Z macro-backtrace for more info)
[INFO] [stdout] 
[INFO] [stdout] error: cannot find macro `routes` in this scope
[INFO] [stdout]   --> src/mungos_routes.rs:26:14
[INFO] [stdout]    |
[INFO] [stdout] 16 |     .mount("/", mungos_routes!("db name", "collection name", SerializableType) )
[INFO] [stdout]    |                 ^^^^^^^^^^^^^^^^^^^^^^^^^^^^^^^^^^^^^^^^^^^^^^^^^^^^^^^^^^^^^^
[INFO] [stdout]    |
[INFO] [stdout]    = note: this error originates in the macro `mungos_routes` (in Nightly builds, run with -Z macro-backtrace for more info)
[INFO] [stdout] 
[INFO] [stdout] error: aborting due to 14 previous errors
[INFO] [stdout] 
[INFO] [stdout] Some errors have detailed explanations: E0432, E0463, E0468, E0586.
[INFO] [stdout] For more information about an error, try `rustc --explain E0432`.
[INFO] [stdout] Couldn't compile the test.
[INFO] [stdout] 
[INFO] [stdout] failures:
[INFO] [stdout]     src/guarded_mungos_routes.rs - guarded_mungos_routes (line 13)
[INFO] [stdout]     src/guarded_mungos_routes.rs - guarded_mungos_routes (line 33)
[INFO] [stdout]     src/mungos_routes.rs - mungos_routes (line 12)
[INFO] [stdout]     src/mungos_routes.rs - mungos_routes (line 31)
[INFO] [stdout] 
[INFO] [stdout] test result: FAILED. 0 passed; 4 failed; 0 ignored; 0 measured; 0 filtered out; finished in 0.13s
[INFO] [stdout] 
[INFO] running `Command { std: "docker" "inspect" "417091f4449b6ba0f7f8a6ed386f829169027bfae19167aea9fdf76176c6e16c", kill_on_drop: false }`
[INFO] running `Command { std: "docker" "rm" "-f" "417091f4449b6ba0f7f8a6ed386f829169027bfae19167aea9fdf76176c6e16c", kill_on_drop: false }`
[INFO] [stdout] 417091f4449b6ba0f7f8a6ed386f829169027bfae19167aea9fdf76176c6e16c
