[INFO] fetching crate multiboot2 0.19.0...
[INFO] testing multiboot2-0.19.0 against 1.75.0 for beta-1.76-1
[INFO] extracting crate multiboot2 0.19.0 into /workspace/builds/worker-4-tc1/source
[INFO] validating manifest of crates.io crate multiboot2 0.19.0 on toolchain 1.75.0
[INFO] running `Command { std: CARGO_HOME="/workspace/cargo-home" RUSTUP_HOME="/workspace/rustup-home" "/workspace/cargo-home/bin/cargo" "+1.75.0" "metadata" "--manifest-path" "Cargo.toml" "--no-deps", kill_on_drop: false }`
[INFO] started tweaking crates.io crate multiboot2 0.19.0
[INFO] finished tweaking crates.io crate multiboot2 0.19.0
[INFO] tweaked toml for crates.io crate multiboot2 0.19.0 written to /workspace/builds/worker-4-tc1/source/Cargo.toml
[INFO] running `Command { std: CARGO_HOME="/workspace/cargo-home" RUSTUP_HOME="/workspace/rustup-home" "/workspace/cargo-home/bin/cargo" "+1.75.0" "generate-lockfile" "--manifest-path" "Cargo.toml", kill_on_drop: false }`
[INFO] [stderr]     Updating crates.io index
[INFO] running `Command { std: CARGO_HOME="/workspace/cargo-home" RUSTUP_HOME="/workspace/rustup-home" "/workspace/cargo-home/bin/cargo" "+1.75.0" "fetch" "--manifest-path" "Cargo.toml", kill_on_drop: false }`
[INFO] [stderr]  Downloading crates ...
[INFO] [stderr]   Downloaded ptr_meta_derive v0.2.0
[INFO] [stderr]   Downloaded ptr_meta v0.2.0
[INFO] [stderr]   Downloaded uguid v2.2.0
[INFO] [stderr]   Downloaded uefi-raw v0.3.0
[INFO] running `Command { std: "docker" "create" "-v" "/var/lib/crater-agent-workspace/builds/worker-4-tc1/target:/opt/rustwide/target:rw,Z" "-v" "/var/lib/crater-agent-workspace/builds/worker-4-tc1/source:/opt/rustwide/workdir:ro,Z" "-v" "/var/lib/crater-agent-workspace/cargo-home:/opt/rustwide/cargo-home:ro,Z" "-v" "/var/lib/crater-agent-workspace/rustup-home:/opt/rustwide/rustup-home:ro,Z" "-e" "SOURCE_DIR=/opt/rustwide/workdir" "-e" "CARGO_TARGET_DIR=/opt/rustwide/target" "-e" "CARGO_HOME=/opt/rustwide/cargo-home" "-e" "RUSTUP_HOME=/opt/rustwide/rustup-home" "-w" "/opt/rustwide/workdir" "-m" "1610612736" "--user" "0:0" "--network" "none" "ghcr.io/rust-lang/crates-build-env/linux@sha256:2788e3201cd34a07e3172128adcd8b3090168a8e3bcc40d7c032b9dda1df7d1c" "/opt/rustwide/cargo-home/bin/cargo" "+1.75.0" "metadata" "--no-deps" "--format-version=1", kill_on_drop: false }`
[INFO] [stdout] ab46347a32ab52c6a8e808ee63c201b335ac23f8ade082ed037cd886528f8cc5
[INFO] running `Command { std: "docker" "start" "-a" "ab46347a32ab52c6a8e808ee63c201b335ac23f8ade082ed037cd886528f8cc5", kill_on_drop: false }`
[INFO] running `Command { std: "docker" "inspect" "ab46347a32ab52c6a8e808ee63c201b335ac23f8ade082ed037cd886528f8cc5", kill_on_drop: false }`
[INFO] running `Command { std: "docker" "rm" "-f" "ab46347a32ab52c6a8e808ee63c201b335ac23f8ade082ed037cd886528f8cc5", kill_on_drop: false }`
[INFO] [stdout] ab46347a32ab52c6a8e808ee63c201b335ac23f8ade082ed037cd886528f8cc5
[INFO] running `Command { std: "docker" "create" "-v" "/var/lib/crater-agent-workspace/builds/worker-4-tc1/target:/opt/rustwide/target:rw,Z" "-v" "/var/lib/crater-agent-workspace/builds/worker-4-tc1/source:/opt/rustwide/workdir:ro,Z" "-v" "/var/lib/crater-agent-workspace/cargo-home:/opt/rustwide/cargo-home:ro,Z" "-v" "/var/lib/crater-agent-workspace/rustup-home:/opt/rustwide/rustup-home:ro,Z" "-e" "SOURCE_DIR=/opt/rustwide/workdir" "-e" "CARGO_TARGET_DIR=/opt/rustwide/target" "-e" "CARGO_INCREMENTAL=0" "-e" "RUST_BACKTRACE=full" "-e" "RUSTFLAGS=--cap-lints=warn" "-e" "RUSTDOCFLAGS=--cap-lints=warn" "-e" "CARGO_HOME=/opt/rustwide/cargo-home" "-e" "RUSTUP_HOME=/opt/rustwide/rustup-home" "-w" "/opt/rustwide/workdir" "-m" "1610612736" "--user" "0:0" "--network" "none" "ghcr.io/rust-lang/crates-build-env/linux@sha256:2788e3201cd34a07e3172128adcd8b3090168a8e3bcc40d7c032b9dda1df7d1c" "/opt/rustwide/cargo-home/bin/cargo" "+1.75.0" "build" "--frozen" "--message-format=json", kill_on_drop: false }`
[INFO] [stdout] 9dac91fa313622752e1f9d29a9ccb658af2769b068a6fc23d50160c3407c6897
[INFO] running `Command { std: "docker" "start" "-a" "9dac91fa313622752e1f9d29a9ccb658af2769b068a6fc23d50160c3407c6897", kill_on_drop: false }`
[INFO] [stderr]    Compiling proc-macro2 v1.0.75
[INFO] [stderr]    Compiling unicode-ident v1.0.12
[INFO] [stderr]    Compiling syn v1.0.109
[INFO] [stderr]    Compiling bitflags v2.4.1
[INFO] [stderr]    Compiling uguid v2.2.0
[INFO] [stderr]    Compiling log v0.4.20
[INFO] [stderr]    Compiling quote v1.0.35
[INFO] [stderr]    Compiling ptr_meta_derive v0.2.0
[INFO] [stderr]    Compiling derive_more v0.99.17
[INFO] [stderr]    Compiling ptr_meta v0.2.0
[INFO] [stderr]    Compiling uefi-raw v0.3.0
[INFO] [stderr]    Compiling multiboot2 v0.19.0 (/opt/rustwide/workdir)
[INFO] [stderr]     Finished dev [unoptimized + debuginfo] target(s) in 4.25s
[INFO] running `Command { std: "docker" "inspect" "9dac91fa313622752e1f9d29a9ccb658af2769b068a6fc23d50160c3407c6897", kill_on_drop: false }`
[INFO] running `Command { std: "docker" "rm" "-f" "9dac91fa313622752e1f9d29a9ccb658af2769b068a6fc23d50160c3407c6897", kill_on_drop: false }`
[INFO] [stdout] 9dac91fa313622752e1f9d29a9ccb658af2769b068a6fc23d50160c3407c6897
[INFO] running `Command { std: "docker" "create" "-v" "/var/lib/crater-agent-workspace/builds/worker-4-tc1/target:/opt/rustwide/target:rw,Z" "-v" "/var/lib/crater-agent-workspace/builds/worker-4-tc1/source:/opt/rustwide/workdir:ro,Z" "-v" "/var/lib/crater-agent-workspace/cargo-home:/opt/rustwide/cargo-home:ro,Z" "-v" "/var/lib/crater-agent-workspace/rustup-home:/opt/rustwide/rustup-home:ro,Z" "-e" "SOURCE_DIR=/opt/rustwide/workdir" "-e" "CARGO_TARGET_DIR=/opt/rustwide/target" "-e" "CARGO_INCREMENTAL=0" "-e" "RUST_BACKTRACE=full" "-e" "RUSTFLAGS=--cap-lints=warn" "-e" "RUSTDOCFLAGS=--cap-lints=warn" "-e" "CARGO_HOME=/opt/rustwide/cargo-home" "-e" "RUSTUP_HOME=/opt/rustwide/rustup-home" "-w" "/opt/rustwide/workdir" "-m" "1610612736" "--user" "0:0" "--network" "none" "ghcr.io/rust-lang/crates-build-env/linux@sha256:2788e3201cd34a07e3172128adcd8b3090168a8e3bcc40d7c032b9dda1df7d1c" "/opt/rustwide/cargo-home/bin/cargo" "+1.75.0" "test" "--frozen" "--no-run" "--message-format=json", kill_on_drop: false }`
[INFO] [stdout] 127d4c52f8b87165fbc73d5b49269f261b0bafc42f6b1bf8b6c815b6c11bd8ed
[INFO] running `Command { std: "docker" "start" "-a" "127d4c52f8b87165fbc73d5b49269f261b0bafc42f6b1bf8b6c815b6c11bd8ed", kill_on_drop: false }`
[INFO] [stderr]    Compiling multiboot2 v0.19.0 (/opt/rustwide/workdir)
[INFO] [stderr]     Finished test [unoptimized + debuginfo] target(s) in 1.07s
[INFO] running `Command { std: "docker" "inspect" "127d4c52f8b87165fbc73d5b49269f261b0bafc42f6b1bf8b6c815b6c11bd8ed", kill_on_drop: false }`
[INFO] running `Command { std: "docker" "rm" "-f" "127d4c52f8b87165fbc73d5b49269f261b0bafc42f6b1bf8b6c815b6c11bd8ed", kill_on_drop: false }`
[INFO] [stdout] 127d4c52f8b87165fbc73d5b49269f261b0bafc42f6b1bf8b6c815b6c11bd8ed
[INFO] running `Command { std: "docker" "create" "-v" "/var/lib/crater-agent-workspace/builds/worker-4-tc1/target:/opt/rustwide/target:rw,Z" "-v" "/var/lib/crater-agent-workspace/builds/worker-4-tc1/source:/opt/rustwide/workdir:ro,Z" "-v" "/var/lib/crater-agent-workspace/cargo-home:/opt/rustwide/cargo-home:ro,Z" "-v" "/var/lib/crater-agent-workspace/rustup-home:/opt/rustwide/rustup-home:ro,Z" "-e" "SOURCE_DIR=/opt/rustwide/workdir" "-e" "CARGO_TARGET_DIR=/opt/rustwide/target" "-e" "CARGO_INCREMENTAL=0" "-e" "RUST_BACKTRACE=full" "-e" "RUSTFLAGS=--cap-lints=warn" "-e" "RUSTDOCFLAGS=--cap-lints=warn" "-e" "CARGO_HOME=/opt/rustwide/cargo-home" "-e" "RUSTUP_HOME=/opt/rustwide/rustup-home" "-w" "/opt/rustwide/workdir" "-m" "1610612736" "--user" "0:0" "--network" "none" "ghcr.io/rust-lang/crates-build-env/linux@sha256:2788e3201cd34a07e3172128adcd8b3090168a8e3bcc40d7c032b9dda1df7d1c" "/opt/rustwide/cargo-home/bin/cargo" "+1.75.0" "test" "--frozen", kill_on_drop: false }`
[INFO] [stdout] b69e263412d2de83427f2a7a055c53c3b3ff0eb645d616aec02224e03be2b352
[INFO] running `Command { std: "docker" "start" "-a" "b69e263412d2de83427f2a7a055c53c3b3ff0eb645d616aec02224e03be2b352", kill_on_drop: false }`
[INFO] [stderr]     Finished test [unoptimized + debuginfo] target(s) in 0.01s
[INFO] [stderr]      Running unittests src/lib.rs (/opt/rustwide/target/debug/deps/multiboot2-6ef6b6c1f5835591)
[INFO] [stdout] 
[INFO] [stdout] running 40 tests
[INFO] [stdout] test boot_loader_name::tests::test_parse_str ... ok
[INFO] [stdout] test builder::boxed_dst::tests::test_boxed_dst_tag ... ok
[INFO] [stdout] test boot_loader_name::tests::test_build_str ... ok
[INFO] [stdout] test builder::information::tests::test_builder ... ok
[INFO] [stdout] test builder::information::tests::test_builder_miri ... ok
[INFO] [stdout] test builder::information::tests::test_size_or_up_aligned ... ok
[INFO] [stdout] test command_line::tests::test_build_str ... ok
[INFO] [stdout] test command_line::tests::test_parse_str ... ok
[INFO] [stdout] test efi::tests::test_build_eftih32 ... ok
[INFO] [stdout] test efi::tests::test_build_eftih64 ... ok
[INFO] [stdout] test efi::tests::test_build_eftsdt32 ... ok
[INFO] [stdout] test efi::tests::test_build_eftsdt64 ... ok
[INFO] [stdout] test end::tests::test_end_tag_size ... ok
[INFO] [stdout] test framebuffer::tests::test_size ... ok
[INFO] [stdout] test image_load_addr::tests::test_build_load_addr ... ok
[INFO] [stdout] test module::tests::test_build_str ... ok
[INFO] [stdout] test module::tests::test_parse_str ... ok
[INFO] [stdout] test smbios::tests::test_build ... ok
[INFO] [stdout] test smbios::tests::test_parse ... ok
[INFO] [stdout] test tag::tests::parse_slice_as_string ... ok
[INFO] [stdout] test tag_type::tests::test_TagTypeId ... ok
[INFO] [stdout] test tag_type::tests::test_btreeset ... ok
[INFO] [stdout] test tag_type::tests::test_from_and_to_tag_type_id ... ok
[INFO] [stdout] test tag_type::tests::test_hashset ... ok
[INFO] [stdout] test tag_type::tests::test_partial_eq_u32 ... ok
[INFO] [stdout] test tests::boot_information_is_send_and_sync ... ok
[INFO] [stdout] test tests::efi_memory_map ... ok
[INFO] [stdout] test tests::elf_sections ... ok
[INFO] [stdout] test tests::framebuffer_tag_indexed ... ok
[INFO] [stdout] test tests::framebuffer_tag_rgb ... ok
[INFO] [stdout] test tests::get_custom_dst_tag_from_mbi ... ok
[INFO] [stdout] test tests::get_custom_tag_from_mbi ... ok
[INFO] [stdout] test tests::get_tag_into_variants ... ok
[INFO] [stdout] test tests::grub2 ... ok
[INFO] [stdout] test tests::no_tags ... ok
[INFO] [stdout] test tests::vbe_info_tag ... ok
[INFO] [stdout] test tests::vbe_info_tag_size ... ok
[INFO] [stdout] test tests::name_tag ... ok
[INFO] [stdout] test tests::invalid_end_tag - should panic ... ok
[INFO] [stdout] test tests::invalid_total_size - should panic ... ok
[INFO] [stdout] 
[INFO] [stdout] test result: ok. 40 passed; 0 failed; 0 ignored; 0 measured; 0 filtered out; finished in 0.01s
[INFO] [stdout] 
[INFO] [stderr]    Doc-tests multiboot2
[INFO] [stdout] 
[INFO] [stdout] running 7 tests
[INFO] [stdout] test src/lib.rs - BootInformation<'a>::elf_sections (line 335) - compile ... ok
[INFO] [stdout] test src/lib.rs - BootInformation<'a>::end_address (line 249) - compile ... ok
[INFO] [stdout] test src/command_line.rs - command_line::CommandLineTag::cmdline (line 49) - compile ... ok
[INFO] [stdout] test src/boot_loader_name.rs - boot_loader_name::BootLoaderNameTag::name (line 42) - compile ... ok
[INFO] [stdout] test src/lib.rs - BootInformation<'a>::get_tag (line 423) - compile ... FAILED
[INFO] [stdout] test src/lib.rs - (line 24) ... ok
[INFO] [stdout] test src/lib.rs - BootInformation<'a>::load (line 191) ... ok
[INFO] [stdout] 
[INFO] [stdout] failures:
[INFO] [stdout] 
[INFO] [stdout] ---- src/lib.rs - BootInformation<'a>::get_tag (line 423) stdout ----
[INFO] [stdout] error[E0308]: mismatched types
[INFO] [stdout]   --> src/lib.rs:451:9
[INFO] [stdout]    |
[INFO] [stdout] 30 |     fn name(&self) -> Result<&str, Utf8Error> {
[INFO] [stdout]    |                       ----------------------- expected `Result<&str, Utf8Error>` because of return type
[INFO] [stdout] 31 |         Tag::parse_slice_as_string(&self.name)
[INFO] [stdout]    |         ^^^^^^^^^^^^^^^^^^^^^^^^^^^^^^^^^^^^^^ expected `Result<&str, Utf8Error>`, found `Result<&str, StringError>`
[INFO] [stdout]    |
[INFO] [stdout]    = note: expected enum `Result<&str, Utf8Error>`
[INFO] [stdout]               found enum `Result<&str, StringError>`
[INFO] [stdout] 
[INFO] [stdout] error: aborting due to previous error
[INFO] [stdout] 
[INFO] [stdout] For more information about this error, try `rustc --explain E0308`.
[INFO] [stdout] Couldn't compile the test.
[INFO] [stdout] 
[INFO] [stdout] failures:
[INFO] [stdout]     src/lib.rs - BootInformation<'a>::get_tag (line 423)
[INFO] [stdout] 
[INFO] [stdout] test result: FAILED. 6 passed; 1 failed; 0 ignored; 0 measured; 0 filtered out; finished in 0.15s
[INFO] [stdout] 
[INFO] [stderr] error: doctest failed, to rerun pass `--doc`
[INFO] running `Command { std: "docker" "inspect" "b69e263412d2de83427f2a7a055c53c3b3ff0eb645d616aec02224e03be2b352", kill_on_drop: false }`
[INFO] running `Command { std: "docker" "rm" "-f" "b69e263412d2de83427f2a7a055c53c3b3ff0eb645d616aec02224e03be2b352", kill_on_drop: false }`
[INFO] [stdout] b69e263412d2de83427f2a7a055c53c3b3ff0eb645d616aec02224e03be2b352
[INFO] testing multiboot2-0.19.0 against beta-2023-12-22 for beta-1.76-1
[INFO] extracting crate multiboot2 0.19.0 into /workspace/builds/worker-4-tc2/source
[INFO] validating manifest of crates.io crate multiboot2 0.19.0 on toolchain beta-2023-12-22
[INFO] running `Command { std: CARGO_HOME="/workspace/cargo-home" RUSTUP_HOME="/workspace/rustup-home" "/workspace/cargo-home/bin/cargo" "+beta-2023-12-22" "metadata" "--manifest-path" "Cargo.toml" "--no-deps", kill_on_drop: false }`
[INFO] started tweaking crates.io crate multiboot2 0.19.0
[INFO] finished tweaking crates.io crate multiboot2 0.19.0
[INFO] tweaked toml for crates.io crate multiboot2 0.19.0 written to /workspace/builds/worker-4-tc2/source/Cargo.toml
[INFO] running `Command { std: CARGO_HOME="/workspace/cargo-home" RUSTUP_HOME="/workspace/rustup-home" "/workspace/cargo-home/bin/cargo" "+beta-2023-12-22" "generate-lockfile" "--manifest-path" "Cargo.toml", kill_on_drop: false }`
[INFO] [stderr]     Updating crates.io index
[INFO] running `Command { std: CARGO_HOME="/workspace/cargo-home" RUSTUP_HOME="/workspace/rustup-home" "/workspace/cargo-home/bin/cargo" "+beta-2023-12-22" "fetch" "--manifest-path" "Cargo.toml", kill_on_drop: false }`
[INFO] running `Command { std: "docker" "create" "-v" "/var/lib/crater-agent-workspace/builds/worker-4-tc2/target:/opt/rustwide/target:rw,Z" "-v" "/var/lib/crater-agent-workspace/builds/worker-4-tc2/source:/opt/rustwide/workdir:ro,Z" "-v" "/var/lib/crater-agent-workspace/cargo-home:/opt/rustwide/cargo-home:ro,Z" "-v" "/var/lib/crater-agent-workspace/rustup-home:/opt/rustwide/rustup-home:ro,Z" "-e" "SOURCE_DIR=/opt/rustwide/workdir" "-e" "CARGO_TARGET_DIR=/opt/rustwide/target" "-e" "CARGO_HOME=/opt/rustwide/cargo-home" "-e" "RUSTUP_HOME=/opt/rustwide/rustup-home" "-w" "/opt/rustwide/workdir" "-m" "1610612736" "--user" "0:0" "--network" "none" "ghcr.io/rust-lang/crates-build-env/linux@sha256:2788e3201cd34a07e3172128adcd8b3090168a8e3bcc40d7c032b9dda1df7d1c" "/opt/rustwide/cargo-home/bin/cargo" "+beta-2023-12-22" "metadata" "--no-deps" "--format-version=1", kill_on_drop: false }`
[INFO] [stdout] 3b199fb6b298510536ee8c1150815d1139e761407de1e4f75af6f9f275e6f8af
[INFO] running `Command { std: "docker" "start" "-a" "3b199fb6b298510536ee8c1150815d1139e761407de1e4f75af6f9f275e6f8af", kill_on_drop: false }`
[INFO] running `Command { std: "docker" "inspect" "3b199fb6b298510536ee8c1150815d1139e761407de1e4f75af6f9f275e6f8af", kill_on_drop: false }`
[INFO] running `Command { std: "docker" "rm" "-f" "3b199fb6b298510536ee8c1150815d1139e761407de1e4f75af6f9f275e6f8af", kill_on_drop: false }`
[INFO] [stdout] 3b199fb6b298510536ee8c1150815d1139e761407de1e4f75af6f9f275e6f8af
[INFO] running `Command { std: "docker" "create" "-v" "/var/lib/crater-agent-workspace/builds/worker-4-tc2/target:/opt/rustwide/target:rw,Z" "-v" "/var/lib/crater-agent-workspace/builds/worker-4-tc2/source:/opt/rustwide/workdir:ro,Z" "-v" "/var/lib/crater-agent-workspace/cargo-home:/opt/rustwide/cargo-home:ro,Z" "-v" "/var/lib/crater-agent-workspace/rustup-home:/opt/rustwide/rustup-home:ro,Z" "-e" "SOURCE_DIR=/opt/rustwide/workdir" "-e" "CARGO_TARGET_DIR=/opt/rustwide/target" "-e" "CARGO_INCREMENTAL=0" "-e" "RUST_BACKTRACE=full" "-e" "RUSTFLAGS=--cap-lints=warn" "-e" "RUSTDOCFLAGS=--cap-lints=warn" "-e" "CARGO_HOME=/opt/rustwide/cargo-home" "-e" "RUSTUP_HOME=/opt/rustwide/rustup-home" "-w" "/opt/rustwide/workdir" "-m" "1610612736" "--user" "0:0" "--network" "none" "ghcr.io/rust-lang/crates-build-env/linux@sha256:2788e3201cd34a07e3172128adcd8b3090168a8e3bcc40d7c032b9dda1df7d1c" "/opt/rustwide/cargo-home/bin/cargo" "+beta-2023-12-22" "build" "--frozen" "--message-format=json", kill_on_drop: false }`
[INFO] [stdout] 1529fc312513b5b0b96902975a869fde7c38b6d98458d932bd33b46183904f7d
[INFO] running `Command { std: "docker" "start" "-a" "1529fc312513b5b0b96902975a869fde7c38b6d98458d932bd33b46183904f7d", kill_on_drop: false }`
[INFO] [stderr]    Compiling proc-macro2 v1.0.75
[INFO] [stderr]    Compiling unicode-ident v1.0.12
[INFO] [stderr]    Compiling syn v1.0.109
[INFO] [stderr]    Compiling uguid v2.2.0
[INFO] [stderr]    Compiling bitflags v2.4.1
[INFO] [stderr]    Compiling log v0.4.20
[INFO] [stderr]    Compiling quote v1.0.35
[INFO] [stderr]    Compiling ptr_meta_derive v0.2.0
[INFO] [stderr]    Compiling derive_more v0.99.17
[INFO] [stderr]    Compiling ptr_meta v0.2.0
[INFO] [stderr]    Compiling uefi-raw v0.3.0
[INFO] [stderr]    Compiling multiboot2 v0.19.0 (/opt/rustwide/workdir)
[INFO] [stderr]     Finished dev [unoptimized + debuginfo] target(s) in 4.58s
[INFO] running `Command { std: "docker" "inspect" "1529fc312513b5b0b96902975a869fde7c38b6d98458d932bd33b46183904f7d", kill_on_drop: false }`
[INFO] running `Command { std: "docker" "rm" "-f" "1529fc312513b5b0b96902975a869fde7c38b6d98458d932bd33b46183904f7d", kill_on_drop: false }`
[INFO] [stdout] 1529fc312513b5b0b96902975a869fde7c38b6d98458d932bd33b46183904f7d
[INFO] running `Command { std: "docker" "create" "-v" "/var/lib/crater-agent-workspace/builds/worker-4-tc2/target:/opt/rustwide/target:rw,Z" "-v" "/var/lib/crater-agent-workspace/builds/worker-4-tc2/source:/opt/rustwide/workdir:ro,Z" "-v" "/var/lib/crater-agent-workspace/cargo-home:/opt/rustwide/cargo-home:ro,Z" "-v" "/var/lib/crater-agent-workspace/rustup-home:/opt/rustwide/rustup-home:ro,Z" "-e" "SOURCE_DIR=/opt/rustwide/workdir" "-e" "CARGO_TARGET_DIR=/opt/rustwide/target" "-e" "CARGO_INCREMENTAL=0" "-e" "RUST_BACKTRACE=full" "-e" "RUSTFLAGS=--cap-lints=warn" "-e" "RUSTDOCFLAGS=--cap-lints=warn" "-e" "CARGO_HOME=/opt/rustwide/cargo-home" "-e" "RUSTUP_HOME=/opt/rustwide/rustup-home" "-w" "/opt/rustwide/workdir" "-m" "1610612736" "--user" "0:0" "--network" "none" "ghcr.io/rust-lang/crates-build-env/linux@sha256:2788e3201cd34a07e3172128adcd8b3090168a8e3bcc40d7c032b9dda1df7d1c" "/opt/rustwide/cargo-home/bin/cargo" "+beta-2023-12-22" "test" "--frozen" "--no-run" "--message-format=json", kill_on_drop: false }`
[INFO] [stdout] 78221e1594753a87afd870a532941add21d189761be87aa3a041da6686bf332a
[INFO] running `Command { std: "docker" "start" "-a" "78221e1594753a87afd870a532941add21d189761be87aa3a041da6686bf332a", kill_on_drop: false }`
[INFO] [stderr]    Compiling multiboot2 v0.19.0 (/opt/rustwide/workdir)
[INFO] [stderr]     Finished test [unoptimized + debuginfo] target(s) in 0.99s
[INFO] running `Command { std: "docker" "inspect" "78221e1594753a87afd870a532941add21d189761be87aa3a041da6686bf332a", kill_on_drop: false }`
[INFO] running `Command { std: "docker" "rm" "-f" "78221e1594753a87afd870a532941add21d189761be87aa3a041da6686bf332a", kill_on_drop: false }`
[INFO] [stdout] 78221e1594753a87afd870a532941add21d189761be87aa3a041da6686bf332a
[INFO] running `Command { std: "docker" "create" "-v" "/var/lib/crater-agent-workspace/builds/worker-4-tc2/target:/opt/rustwide/target:rw,Z" "-v" "/var/lib/crater-agent-workspace/builds/worker-4-tc2/source:/opt/rustwide/workdir:ro,Z" "-v" "/var/lib/crater-agent-workspace/cargo-home:/opt/rustwide/cargo-home:ro,Z" "-v" "/var/lib/crater-agent-workspace/rustup-home:/opt/rustwide/rustup-home:ro,Z" "-e" "SOURCE_DIR=/opt/rustwide/workdir" "-e" "CARGO_TARGET_DIR=/opt/rustwide/target" "-e" "CARGO_INCREMENTAL=0" "-e" "RUST_BACKTRACE=full" "-e" "RUSTFLAGS=--cap-lints=warn" "-e" "RUSTDOCFLAGS=--cap-lints=warn" "-e" "CARGO_HOME=/opt/rustwide/cargo-home" "-e" "RUSTUP_HOME=/opt/rustwide/rustup-home" "-w" "/opt/rustwide/workdir" "-m" "1610612736" "--user" "0:0" "--network" "none" "ghcr.io/rust-lang/crates-build-env/linux@sha256:2788e3201cd34a07e3172128adcd8b3090168a8e3bcc40d7c032b9dda1df7d1c" "/opt/rustwide/cargo-home/bin/cargo" "+beta-2023-12-22" "test" "--frozen", kill_on_drop: false }`
[INFO] [stdout] 038cae9b77985da3b5f0cbd82b6d3854da5a9c45e0d5e6ed266655244ce5d6e1
[INFO] running `Command { std: "docker" "start" "-a" "038cae9b77985da3b5f0cbd82b6d3854da5a9c45e0d5e6ed266655244ce5d6e1", kill_on_drop: false }`
[INFO] [stderr]     Finished test [unoptimized + debuginfo] target(s) in 0.01s
[INFO] [stderr]      Running unittests src/lib.rs (/opt/rustwide/target/debug/deps/multiboot2-c7b771e8d732b137)
[INFO] [stdout] 
[INFO] [stdout] running 40 tests
[INFO] [stdout] test boot_loader_name::tests::test_parse_str ... ok
[INFO] [stdout] test builder::boxed_dst::tests::test_boxed_dst_tag ... ok
[INFO] [stdout] test boot_loader_name::tests::test_build_str ... ok
[INFO] [stdout] test builder::information::tests::test_builder ... ok
[INFO] [stdout] test builder::information::tests::test_size_or_up_aligned ... ok
[INFO] [stdout] test command_line::tests::test_build_str ... ok
[INFO] [stdout] test builder::information::tests::test_builder_miri ... ok
[INFO] [stdout] test command_line::tests::test_parse_str ... ok
[INFO] [stdout] test efi::tests::test_build_eftih32 ... ok
[INFO] [stdout] test efi::tests::test_build_eftih64 ... ok
[INFO] [stdout] test efi::tests::test_build_eftsdt32 ... ok
[INFO] [stdout] test efi::tests::test_build_eftsdt64 ... ok
[INFO] [stdout] test end::tests::test_end_tag_size ... ok
[INFO] [stdout] test framebuffer::tests::test_size ... ok
[INFO] [stdout] test image_load_addr::tests::test_build_load_addr ... ok
[INFO] [stdout] test module::tests::test_build_str ... ok
[INFO] [stdout] test module::tests::test_parse_str ... ok
[INFO] [stdout] test smbios::tests::test_build ... ok
[INFO] [stdout] test smbios::tests::test_parse ... ok
[INFO] [stdout] test tag::tests::parse_slice_as_string ... ok
[INFO] [stdout] test tag_type::tests::test_TagTypeId ... ok
[INFO] [stdout] test tag_type::tests::test_btreeset ... ok
[INFO] [stdout] test tag_type::tests::test_hashset ... ok
[INFO] [stdout] test tag_type::tests::test_partial_eq_u32 ... ok
[INFO] [stdout] test tests::boot_information_is_send_and_sync ... ok
[INFO] [stdout] test tests::efi_memory_map ... ok
[INFO] [stdout] test tag_type::tests::test_from_and_to_tag_type_id ... ok
[INFO] [stdout] test tests::framebuffer_tag_indexed ... ok
[INFO] [stdout] test tests::elf_sections ... ok
[INFO] [stdout] test tests::get_custom_dst_tag_from_mbi ... ok
[INFO] [stdout] test tests::get_custom_tag_from_mbi ... ok
[INFO] [stdout] test tests::get_tag_into_variants ... ok
[INFO] [stdout] test tests::framebuffer_tag_rgb ... ok
[INFO] [stdout] test tests::grub2 ... ok
[INFO] [stdout] test tests::no_tags ... ok
[INFO] [stdout] test tests::name_tag ... ok
[INFO] [stdout] test tests::vbe_info_tag ... ok
[INFO] [stdout] test tests::vbe_info_tag_size ... ok
[INFO] [stdout] test tests::invalid_end_tag - should panic ... ok
[INFO] [stdout] test tests::invalid_total_size - should panic ... ok
[INFO] [stdout] 
[INFO] [stdout] test result: ok. 40 passed; 0 failed; 0 ignored; 0 measured; 0 filtered out; finished in 0.01s
[INFO] [stdout] 
[INFO] [stderr]    Doc-tests multiboot2
[INFO] [stdout] 
[INFO] [stdout] running 7 tests
[INFO] [stdout] test src/lib.rs - BootInformation<'a>::end_address (line 249) - compile ... ok
[INFO] [stdout] test src/command_line.rs - command_line::CommandLineTag::cmdline (line 49) - compile ... ok
[INFO] [stdout] test src/boot_loader_name.rs - boot_loader_name::BootLoaderNameTag::name (line 42) - compile ... ok
[INFO] [stdout] test src/lib.rs - BootInformation<'a>::elf_sections (line 335) - compile ... ok
[INFO] [stdout] test src/lib.rs - BootInformation<'a>::get_tag (line 423) - compile ... FAILED
[INFO] [stdout] test src/lib.rs - BootInformation<'a>::load (line 191) ... ok
[INFO] [stdout] test src/lib.rs - (line 24) ... ok
[INFO] [stdout] 
[INFO] [stdout] failures:
[INFO] [stdout] 
[INFO] [stdout] ---- src/lib.rs - BootInformation<'a>::get_tag (line 423) stdout ----
[INFO] [stdout] error[E0308]: mismatched types
[INFO] [stdout]   --> src/lib.rs:451:9
[INFO] [stdout]    |
[INFO] [stdout] 30 |     fn name(&self) -> Result<&str, Utf8Error> {
[INFO] [stdout]    |                       ----------------------- expected `Result<&str, Utf8Error>` because of return type
[INFO] [stdout] 31 |         Tag::parse_slice_as_string(&self.name)
[INFO] [stdout]    |         ^^^^^^^^^^^^^^^^^^^^^^^^^^^^^^^^^^^^^^ expected `Result<&str, Utf8Error>`, found `Result<&str, StringError>`
[INFO] [stdout]    |
[INFO] [stdout]    = note: expected enum `Result<&_, Utf8Error>`
[INFO] [stdout]               found enum `Result<&_, StringError>`
[INFO] [stdout] 
[INFO] [stdout] error: aborting due to 1 previous error
[INFO] [stdout] 
[INFO] [stdout] For more information about this error, try `rustc --explain E0308`.
[INFO] [stdout] Couldn't compile the test.
[INFO] [stdout] 
[INFO] [stdout] failures:
[INFO] [stdout]     src/lib.rs - BootInformation<'a>::get_tag (line 423)
[INFO] [stdout] 
[INFO] [stdout] test result: FAILED. 6 passed; 1 failed; 0 ignored; 0 measured; 0 filtered out; finished in 0.14s
[INFO] [stdout] 
[INFO] [stderr] error: doctest failed, to rerun pass `--doc`
[INFO] running `Command { std: "docker" "inspect" "038cae9b77985da3b5f0cbd82b6d3854da5a9c45e0d5e6ed266655244ce5d6e1", kill_on_drop: false }`
[INFO] running `Command { std: "docker" "rm" "-f" "038cae9b77985da3b5f0cbd82b6d3854da5a9c45e0d5e6ed266655244ce5d6e1", kill_on_drop: false }`
[INFO] [stdout] 038cae9b77985da3b5f0cbd82b6d3854da5a9c45e0d5e6ed266655244ce5d6e1
