[INFO] fetching crate msw-hotkey 0.2.1...
[INFO] testing msw-hotkey-0.2.1 against 1.75.0 for beta-1.76-1
[INFO] extracting crate msw-hotkey 0.2.1 into /workspace/builds/worker-2-tc1/source
[INFO] validating manifest of crates.io crate msw-hotkey 0.2.1 on toolchain 1.75.0
[INFO] running `Command { std: CARGO_HOME="/workspace/cargo-home" RUSTUP_HOME="/workspace/rustup-home" "/workspace/cargo-home/bin/cargo" "+1.75.0" "metadata" "--manifest-path" "Cargo.toml" "--no-deps", kill_on_drop: false }`
[INFO] started tweaking crates.io crate msw-hotkey 0.2.1
[INFO] finished tweaking crates.io crate msw-hotkey 0.2.1
[INFO] tweaked toml for crates.io crate msw-hotkey 0.2.1 written to /workspace/builds/worker-2-tc1/source/Cargo.toml
[INFO] running `Command { std: CARGO_HOME="/workspace/cargo-home" RUSTUP_HOME="/workspace/rustup-home" "/workspace/cargo-home/bin/cargo" "+1.75.0" "generate-lockfile" "--manifest-path" "Cargo.toml", kill_on_drop: false }`
[INFO] running `Command { std: CARGO_HOME="/workspace/cargo-home" RUSTUP_HOME="/workspace/rustup-home" "/workspace/cargo-home/bin/cargo" "+1.75.0" "fetch" "--manifest-path" "Cargo.toml", kill_on_drop: false }`
[INFO] running `Command { std: "docker" "create" "-v" "/var/lib/crater-agent-workspace/builds/worker-2-tc1/target:/opt/rustwide/target:rw,Z" "-v" "/var/lib/crater-agent-workspace/builds/worker-2-tc1/source:/opt/rustwide/workdir:ro,Z" "-v" "/var/lib/crater-agent-workspace/cargo-home:/opt/rustwide/cargo-home:ro,Z" "-v" "/var/lib/crater-agent-workspace/rustup-home:/opt/rustwide/rustup-home:ro,Z" "-e" "SOURCE_DIR=/opt/rustwide/workdir" "-e" "CARGO_TARGET_DIR=/opt/rustwide/target" "-e" "CARGO_HOME=/opt/rustwide/cargo-home" "-e" "RUSTUP_HOME=/opt/rustwide/rustup-home" "-w" "/opt/rustwide/workdir" "-m" "1610612736" "--user" "0:0" "--network" "none" "ghcr.io/rust-lang/crates-build-env/linux@sha256:2788e3201cd34a07e3172128adcd8b3090168a8e3bcc40d7c032b9dda1df7d1c" "/opt/rustwide/cargo-home/bin/cargo" "+1.75.0" "metadata" "--no-deps" "--format-version=1", kill_on_drop: false }`
[INFO] [stdout] eb3be714a6655c4e92a840adf7a6b29c9c33c88fb71974a8bb7e2e66154cec8a
[INFO] running `Command { std: "docker" "start" "-a" "eb3be714a6655c4e92a840adf7a6b29c9c33c88fb71974a8bb7e2e66154cec8a", kill_on_drop: false }`
[INFO] running `Command { std: "docker" "inspect" "eb3be714a6655c4e92a840adf7a6b29c9c33c88fb71974a8bb7e2e66154cec8a", kill_on_drop: false }`
[INFO] running `Command { std: "docker" "rm" "-f" "eb3be714a6655c4e92a840adf7a6b29c9c33c88fb71974a8bb7e2e66154cec8a", kill_on_drop: false }`
[INFO] [stdout] eb3be714a6655c4e92a840adf7a6b29c9c33c88fb71974a8bb7e2e66154cec8a
[INFO] running `Command { std: "docker" "create" "-v" "/var/lib/crater-agent-workspace/builds/worker-2-tc1/target:/opt/rustwide/target:rw,Z" "-v" "/var/lib/crater-agent-workspace/builds/worker-2-tc1/source:/opt/rustwide/workdir:ro,Z" "-v" "/var/lib/crater-agent-workspace/cargo-home:/opt/rustwide/cargo-home:ro,Z" "-v" "/var/lib/crater-agent-workspace/rustup-home:/opt/rustwide/rustup-home:ro,Z" "-e" "SOURCE_DIR=/opt/rustwide/workdir" "-e" "CARGO_TARGET_DIR=/opt/rustwide/target" "-e" "CARGO_INCREMENTAL=0" "-e" "RUST_BACKTRACE=full" "-e" "RUSTFLAGS=--cap-lints=warn" "-e" "RUSTDOCFLAGS=--cap-lints=warn" "-e" "CARGO_HOME=/opt/rustwide/cargo-home" "-e" "RUSTUP_HOME=/opt/rustwide/rustup-home" "-w" "/opt/rustwide/workdir" "-m" "1610612736" "--user" "0:0" "--network" "none" "ghcr.io/rust-lang/crates-build-env/linux@sha256:2788e3201cd34a07e3172128adcd8b3090168a8e3bcc40d7c032b9dda1df7d1c" "/opt/rustwide/cargo-home/bin/cargo" "+1.75.0" "build" "--frozen" "--message-format=json", kill_on_drop: false }`
[INFO] [stdout] c1be96e66a6e654653f9f44d3ea4661023bea9000ebfdb27faff0e292cbbf95b
[INFO] running `Command { std: "docker" "start" "-a" "c1be96e66a6e654653f9f44d3ea4661023bea9000ebfdb27faff0e292cbbf95b", kill_on_drop: false }`
[INFO] [stderr]    Compiling msw-hotkey v0.2.1 (/opt/rustwide/workdir)
[INFO] [stderr]     Finished dev [unoptimized + debuginfo] target(s) in 0.21s
[INFO] running `Command { std: "docker" "inspect" "c1be96e66a6e654653f9f44d3ea4661023bea9000ebfdb27faff0e292cbbf95b", kill_on_drop: false }`
[INFO] running `Command { std: "docker" "rm" "-f" "c1be96e66a6e654653f9f44d3ea4661023bea9000ebfdb27faff0e292cbbf95b", kill_on_drop: false }`
[INFO] [stdout] c1be96e66a6e654653f9f44d3ea4661023bea9000ebfdb27faff0e292cbbf95b
[INFO] running `Command { std: "docker" "create" "-v" "/var/lib/crater-agent-workspace/builds/worker-2-tc1/target:/opt/rustwide/target:rw,Z" "-v" "/var/lib/crater-agent-workspace/builds/worker-2-tc1/source:/opt/rustwide/workdir:ro,Z" "-v" "/var/lib/crater-agent-workspace/cargo-home:/opt/rustwide/cargo-home:ro,Z" "-v" "/var/lib/crater-agent-workspace/rustup-home:/opt/rustwide/rustup-home:ro,Z" "-e" "SOURCE_DIR=/opt/rustwide/workdir" "-e" "CARGO_TARGET_DIR=/opt/rustwide/target" "-e" "CARGO_INCREMENTAL=0" "-e" "RUST_BACKTRACE=full" "-e" "RUSTFLAGS=--cap-lints=warn" "-e" "RUSTDOCFLAGS=--cap-lints=warn" "-e" "CARGO_HOME=/opt/rustwide/cargo-home" "-e" "RUSTUP_HOME=/opt/rustwide/rustup-home" "-w" "/opt/rustwide/workdir" "-m" "1610612736" "--user" "0:0" "--network" "none" "ghcr.io/rust-lang/crates-build-env/linux@sha256:2788e3201cd34a07e3172128adcd8b3090168a8e3bcc40d7c032b9dda1df7d1c" "/opt/rustwide/cargo-home/bin/cargo" "+1.75.0" "test" "--frozen" "--no-run" "--message-format=json", kill_on_drop: false }`
[INFO] [stdout] 4183c70b629286455fc72101466f27491c68bf13d59bd45c2dc6fb24936bae46
[INFO] running `Command { std: "docker" "start" "-a" "4183c70b629286455fc72101466f27491c68bf13d59bd45c2dc6fb24936bae46", kill_on_drop: false }`
[INFO] [stderr]    Compiling msw-hotkey v0.2.1 (/opt/rustwide/workdir)
[INFO] [stderr]     Finished test [unoptimized + debuginfo] target(s) in 0.35s
[INFO] running `Command { std: "docker" "inspect" "4183c70b629286455fc72101466f27491c68bf13d59bd45c2dc6fb24936bae46", kill_on_drop: false }`
[INFO] running `Command { std: "docker" "rm" "-f" "4183c70b629286455fc72101466f27491c68bf13d59bd45c2dc6fb24936bae46", kill_on_drop: false }`
[INFO] [stdout] 4183c70b629286455fc72101466f27491c68bf13d59bd45c2dc6fb24936bae46
[INFO] running `Command { std: "docker" "create" "-v" "/var/lib/crater-agent-workspace/builds/worker-2-tc1/target:/opt/rustwide/target:rw,Z" "-v" "/var/lib/crater-agent-workspace/builds/worker-2-tc1/source:/opt/rustwide/workdir:ro,Z" "-v" "/var/lib/crater-agent-workspace/cargo-home:/opt/rustwide/cargo-home:ro,Z" "-v" "/var/lib/crater-agent-workspace/rustup-home:/opt/rustwide/rustup-home:ro,Z" "-e" "SOURCE_DIR=/opt/rustwide/workdir" "-e" "CARGO_TARGET_DIR=/opt/rustwide/target" "-e" "CARGO_INCREMENTAL=0" "-e" "RUST_BACKTRACE=full" "-e" "RUSTFLAGS=--cap-lints=warn" "-e" "RUSTDOCFLAGS=--cap-lints=warn" "-e" "CARGO_HOME=/opt/rustwide/cargo-home" "-e" "RUSTUP_HOME=/opt/rustwide/rustup-home" "-w" "/opt/rustwide/workdir" "-m" "1610612736" "--user" "0:0" "--network" "none" "ghcr.io/rust-lang/crates-build-env/linux@sha256:2788e3201cd34a07e3172128adcd8b3090168a8e3bcc40d7c032b9dda1df7d1c" "/opt/rustwide/cargo-home/bin/cargo" "+1.75.0" "test" "--frozen", kill_on_drop: false }`
[INFO] [stdout] c4d0e268fbea231f5d9c6e8df2fbbc0ae05ddf40f1a0ccb590155c811993c0ce
[INFO] running `Command { std: "docker" "start" "-a" "c4d0e268fbea231f5d9c6e8df2fbbc0ae05ddf40f1a0ccb590155c811993c0ce", kill_on_drop: false }`
[INFO] [stderr]     Finished test [unoptimized + debuginfo] target(s) in 0.00s
[INFO] [stderr]      Running unittests src/lib.rs (/opt/rustwide/target/debug/deps/msw_hotkey-a32568361ebe192e)
[INFO] [stdout] 
[INFO] [stdout] running 14 tests
[INFO] [stdout] test hotkey::tests::hotket_from_str_key_duplicate_modifier ... ok
[INFO] [stdout] test hotkey::special_key::tests::is_invalid_special_key ... ok
[INFO] [stdout] test hotkey::tests::hotket_from_str_key_missing_key ... ok
[INFO] [stdout] test hotkey::special_key::tests::is_valid_special_key ... ok
[INFO] [stdout] test hotkey::tests::hotket_from_str_key_missing_modifier ... ok
[INFO] [stdout] test hotkey::tests::hotket_from_str_key_not_enough ... ok
[INFO] [stdout] test hotkey::tests::hotket_from_str_key_too_many_key ... ok
[INFO] [stdout] test hotkey::tests::hotket_from_str_key_unexpected_key ... ok
[INFO] [stdout] test hotkey::tests::hotket_from_str_key_unexpected_modifier ... ok
[INFO] [stdout] test hotkey::tests::parse_from_str_ok ... ok
[INFO] [stdout] test hotkey::tests::parse_modifier_ok ... ok
[INFO] [stderr]    Doc-tests msw-hotkey
[INFO] [stdout] test hotkey::tests::parse_modifier_fail ... ok
[INFO] [stdout] test hotkey::visible_key::tests::is_valid_visible_char ... ok
[INFO] [stdout] test hotkey::visible_key::tests::is_invalid_visible_char ... ok
[INFO] [stdout] 
[INFO] [stdout] test result: ok. 14 passed; 0 failed; 0 ignored; 0 measured; 0 filtered out; finished in 0.00s
[INFO] [stdout] 
[INFO] [stdout] 
[INFO] [stdout] running 1 test
[INFO] [stdout] test src/hotkey.rs - hotkey::parse_hotkey (line 20) ... FAILED
[INFO] [stdout] 
[INFO] [stdout] failures:
[INFO] [stdout] 
[INFO] [stdout] ---- src/hotkey.rs - hotkey::parse_hotkey (line 20) stdout ----
[INFO] [stdout] error[E0425]: cannot find function `parse_hotkey` in this scope
[INFO] [stdout]  --> src/hotkey.rs:23:9
[INFO] [stdout]   |
[INFO] [stdout] 5 | assert!(parse_hotkey(&syntax1).is_ok());
[INFO] [stdout]   |         ^^^^^^^^^^^^ not found in this scope
[INFO] [stdout]   |
[INFO] [stdout] help: consider importing this function
[INFO] [stdout]   |
[INFO] [stdout] 2 + use msw_hotkey::parse_hotkey;
[INFO] [stdout]   |
[INFO] [stdout] 
[INFO] [stdout] error[E0425]: cannot find function `parse_hotkey` in this scope
[INFO] [stdout]  --> src/hotkey.rs:24:9
[INFO] [stdout]   |
[INFO] [stdout] 6 | assert!(parse_hotkey(&syntax2).is_ok());
[INFO] [stdout]   |         ^^^^^^^^^^^^ not found in this scope
[INFO] [stdout]   |
[INFO] [stdout] help: consider importing this function
[INFO] [stdout]   |
[INFO] [stdout] 2 + use msw_hotkey::parse_hotkey;
[INFO] [stdout]   |
[INFO] [stdout] 
[INFO] [stdout] error: aborting due to 2 previous errors
[INFO] [stdout] 
[INFO] [stdout] For more information about this error, try `rustc --explain E0425`.
[INFO] [stdout] Couldn't compile the test.
[INFO] [stdout] 
[INFO] [stdout] failures:
[INFO] [stdout]     src/hotkey.rs - hotkey::parse_hotkey (line 20)
[INFO] [stdout] 
[INFO] [stdout] test result: FAILED. 0 passed; 1 failed; 0 ignored; 0 measured; 0 filtered out; finished in 0.04s
[INFO] [stdout] 
[INFO] [stderr] error: doctest failed, to rerun pass `--doc`
[INFO] running `Command { std: "docker" "inspect" "c4d0e268fbea231f5d9c6e8df2fbbc0ae05ddf40f1a0ccb590155c811993c0ce", kill_on_drop: false }`
[INFO] running `Command { std: "docker" "rm" "-f" "c4d0e268fbea231f5d9c6e8df2fbbc0ae05ddf40f1a0ccb590155c811993c0ce", kill_on_drop: false }`
[INFO] [stdout] c4d0e268fbea231f5d9c6e8df2fbbc0ae05ddf40f1a0ccb590155c811993c0ce
