[INFO] fetching crate msp430-periph 0.0.5...
[INFO] testing msp430-periph-0.0.5 against 1.75.0 for beta-1.76-1
[INFO] extracting crate msp430-periph 0.0.5 into /workspace/builds/worker-6-tc1/source
[INFO] validating manifest of crates.io crate msp430-periph 0.0.5 on toolchain 1.75.0
[INFO] running `Command { std: CARGO_HOME="/workspace/cargo-home" RUSTUP_HOME="/workspace/rustup-home" "/workspace/cargo-home/bin/cargo" "+1.75.0" "metadata" "--manifest-path" "Cargo.toml" "--no-deps", kill_on_drop: false }`
[INFO] started tweaking crates.io crate msp430-periph 0.0.5
[INFO] finished tweaking crates.io crate msp430-periph 0.0.5
[INFO] tweaked toml for crates.io crate msp430-periph 0.0.5 written to /workspace/builds/worker-6-tc1/source/Cargo.toml
[INFO] running `Command { std: CARGO_HOME="/workspace/cargo-home" RUSTUP_HOME="/workspace/rustup-home" "/workspace/cargo-home/bin/cargo" "+1.75.0" "generate-lockfile" "--manifest-path" "Cargo.toml", kill_on_drop: false }`
[INFO] [stderr]     Updating crates.io index
[INFO] running `Command { std: CARGO_HOME="/workspace/cargo-home" RUSTUP_HOME="/workspace/rustup-home" "/workspace/cargo-home/bin/cargo" "+1.75.0" "fetch" "--manifest-path" "Cargo.toml", kill_on_drop: false }`
[INFO] [stderr]  Downloading crates ...
[INFO] [stderr]   Downloaded msp430-rt v0.4.0
[INFO] [stderr]   Downloaded msp430-rt-macros v0.4.0
[INFO] [stderr]   Downloaded msp430 v0.4.1
[INFO] [stderr]   Downloaded peripherals v0.1.1
[INFO] running `Command { std: "docker" "create" "-v" "/var/lib/crater-agent-workspace/builds/worker-6-tc1/target:/opt/rustwide/target:rw,Z" "-v" "/var/lib/crater-agent-workspace/builds/worker-6-tc1/source:/opt/rustwide/workdir:ro,Z" "-v" "/var/lib/crater-agent-workspace/cargo-home:/opt/rustwide/cargo-home:ro,Z" "-v" "/var/lib/crater-agent-workspace/rustup-home:/opt/rustwide/rustup-home:ro,Z" "-e" "SOURCE_DIR=/opt/rustwide/workdir" "-e" "CARGO_TARGET_DIR=/opt/rustwide/target" "-e" "CARGO_HOME=/opt/rustwide/cargo-home" "-e" "RUSTUP_HOME=/opt/rustwide/rustup-home" "-w" "/opt/rustwide/workdir" "-m" "1610612736" "--user" "0:0" "--network" "none" "ghcr.io/rust-lang/crates-build-env/linux@sha256:2788e3201cd34a07e3172128adcd8b3090168a8e3bcc40d7c032b9dda1df7d1c" "/opt/rustwide/cargo-home/bin/cargo" "+1.75.0" "metadata" "--no-deps" "--format-version=1", kill_on_drop: false }`
[INFO] [stdout] 396d61d6f4259807c9f781d635446d7a86164ed1a21fbc69fb7f398c1c66ab76
[INFO] running `Command { std: "docker" "start" "-a" "396d61d6f4259807c9f781d635446d7a86164ed1a21fbc69fb7f398c1c66ab76", kill_on_drop: false }`
[INFO] running `Command { std: "docker" "inspect" "396d61d6f4259807c9f781d635446d7a86164ed1a21fbc69fb7f398c1c66ab76", kill_on_drop: false }`
[INFO] running `Command { std: "docker" "rm" "-f" "396d61d6f4259807c9f781d635446d7a86164ed1a21fbc69fb7f398c1c66ab76", kill_on_drop: false }`
[INFO] [stdout] 396d61d6f4259807c9f781d635446d7a86164ed1a21fbc69fb7f398c1c66ab76
[INFO] running `Command { std: "docker" "create" "-v" "/var/lib/crater-agent-workspace/builds/worker-6-tc1/target:/opt/rustwide/target:rw,Z" "-v" "/var/lib/crater-agent-workspace/builds/worker-6-tc1/source:/opt/rustwide/workdir:ro,Z" "-v" "/var/lib/crater-agent-workspace/cargo-home:/opt/rustwide/cargo-home:ro,Z" "-v" "/var/lib/crater-agent-workspace/rustup-home:/opt/rustwide/rustup-home:ro,Z" "-e" "SOURCE_DIR=/opt/rustwide/workdir" "-e" "CARGO_TARGET_DIR=/opt/rustwide/target" "-e" "CARGO_INCREMENTAL=0" "-e" "RUST_BACKTRACE=full" "-e" "RUSTFLAGS=--cap-lints=warn" "-e" "RUSTDOCFLAGS=--cap-lints=warn" "-e" "CARGO_HOME=/opt/rustwide/cargo-home" "-e" "RUSTUP_HOME=/opt/rustwide/rustup-home" "-w" "/opt/rustwide/workdir" "-m" "1610612736" "--user" "0:0" "--network" "none" "ghcr.io/rust-lang/crates-build-env/linux@sha256:2788e3201cd34a07e3172128adcd8b3090168a8e3bcc40d7c032b9dda1df7d1c" "/opt/rustwide/cargo-home/bin/cargo" "+1.75.0" "build" "--frozen" "--message-format=json", kill_on_drop: false }`
[INFO] [stdout] 2c27bea6d321e7a73e1e0086b391757bf0b606f4596e296e49e59710613304c7
[INFO] running `Command { std: "docker" "start" "-a" "2c27bea6d321e7a73e1e0086b391757bf0b606f4596e296e49e59710613304c7", kill_on_drop: false }`
[INFO] [stderr]    Compiling msp430-periph v0.0.5 (/opt/rustwide/workdir)
[INFO] [stderr]    Compiling peripherals v0.1.1
[INFO] [stderr]     Finished dev [unoptimized + debuginfo] target(s) in 0.25s
[INFO] running `Command { std: "docker" "inspect" "2c27bea6d321e7a73e1e0086b391757bf0b606f4596e296e49e59710613304c7", kill_on_drop: false }`
[INFO] running `Command { std: "docker" "rm" "-f" "2c27bea6d321e7a73e1e0086b391757bf0b606f4596e296e49e59710613304c7", kill_on_drop: false }`
[INFO] [stdout] 2c27bea6d321e7a73e1e0086b391757bf0b606f4596e296e49e59710613304c7
[INFO] running `Command { std: "docker" "create" "-v" "/var/lib/crater-agent-workspace/builds/worker-6-tc1/target:/opt/rustwide/target:rw,Z" "-v" "/var/lib/crater-agent-workspace/builds/worker-6-tc1/source:/opt/rustwide/workdir:ro,Z" "-v" "/var/lib/crater-agent-workspace/cargo-home:/opt/rustwide/cargo-home:ro,Z" "-v" "/var/lib/crater-agent-workspace/rustup-home:/opt/rustwide/rustup-home:ro,Z" "-e" "SOURCE_DIR=/opt/rustwide/workdir" "-e" "CARGO_TARGET_DIR=/opt/rustwide/target" "-e" "CARGO_INCREMENTAL=0" "-e" "RUST_BACKTRACE=full" "-e" "RUSTFLAGS=--cap-lints=warn" "-e" "RUSTDOCFLAGS=--cap-lints=warn" "-e" "CARGO_HOME=/opt/rustwide/cargo-home" "-e" "RUSTUP_HOME=/opt/rustwide/rustup-home" "-w" "/opt/rustwide/workdir" "-m" "1610612736" "--user" "0:0" "--network" "none" "ghcr.io/rust-lang/crates-build-env/linux@sha256:2788e3201cd34a07e3172128adcd8b3090168a8e3bcc40d7c032b9dda1df7d1c" "/opt/rustwide/cargo-home/bin/cargo" "+1.75.0" "test" "--frozen" "--no-run" "--message-format=json", kill_on_drop: false }`
[INFO] [stdout] a41e051f32c9eddbe97200320a17deb3dddcaefc223134c55fe6d2178b460177
[INFO] running `Command { std: "docker" "start" "-a" "a41e051f32c9eddbe97200320a17deb3dddcaefc223134c55fe6d2178b460177", kill_on_drop: false }`
[INFO] [stderr]    Compiling msp430-periph v0.0.5 (/opt/rustwide/workdir)
[INFO] [stderr]     Finished test [unoptimized + debuginfo] target(s) in 0.20s
[INFO] running `Command { std: "docker" "inspect" "a41e051f32c9eddbe97200320a17deb3dddcaefc223134c55fe6d2178b460177", kill_on_drop: false }`
[INFO] running `Command { std: "docker" "rm" "-f" "a41e051f32c9eddbe97200320a17deb3dddcaefc223134c55fe6d2178b460177", kill_on_drop: false }`
[INFO] [stdout] a41e051f32c9eddbe97200320a17deb3dddcaefc223134c55fe6d2178b460177
[INFO] running `Command { std: "docker" "create" "-v" "/var/lib/crater-agent-workspace/builds/worker-6-tc1/target:/opt/rustwide/target:rw,Z" "-v" "/var/lib/crater-agent-workspace/builds/worker-6-tc1/source:/opt/rustwide/workdir:ro,Z" "-v" "/var/lib/crater-agent-workspace/cargo-home:/opt/rustwide/cargo-home:ro,Z" "-v" "/var/lib/crater-agent-workspace/rustup-home:/opt/rustwide/rustup-home:ro,Z" "-e" "SOURCE_DIR=/opt/rustwide/workdir" "-e" "CARGO_TARGET_DIR=/opt/rustwide/target" "-e" "CARGO_INCREMENTAL=0" "-e" "RUST_BACKTRACE=full" "-e" "RUSTFLAGS=--cap-lints=warn" "-e" "RUSTDOCFLAGS=--cap-lints=warn" "-e" "CARGO_HOME=/opt/rustwide/cargo-home" "-e" "RUSTUP_HOME=/opt/rustwide/rustup-home" "-w" "/opt/rustwide/workdir" "-m" "1610612736" "--user" "0:0" "--network" "none" "ghcr.io/rust-lang/crates-build-env/linux@sha256:2788e3201cd34a07e3172128adcd8b3090168a8e3bcc40d7c032b9dda1df7d1c" "/opt/rustwide/cargo-home/bin/cargo" "+1.75.0" "test" "--frozen", kill_on_drop: false }`
[INFO] [stdout] ccb9669d77973d53500a41a179b00af87a9ccd9069ff2110d43d12b09314d67f
[INFO] running `Command { std: "docker" "start" "-a" "ccb9669d77973d53500a41a179b00af87a9ccd9069ff2110d43d12b09314d67f", kill_on_drop: false }`
[INFO] [stderr]     Finished test [unoptimized + debuginfo] target(s) in 0.03s
[INFO] [stderr]      Running unittests src/lib.rs (/opt/rustwide/target/debug/deps/msp430_periph-aaf9b330d3cd566a)
[INFO] [stdout] 
[INFO] [stdout] running 0 tests
[INFO] [stdout] 
[INFO] [stdout] test result: ok. 0 passed; 0 failed; 0 ignored; 0 measured; 0 filtered out; finished in 0.00s
[INFO] [stdout] 
[INFO] [stderr]    Doc-tests msp430-periph
[INFO] [stdout] 
[INFO] [stdout] running 2 tests
[INFO] [stdout] test src/lib.rs - (line 10) ... FAILED
[INFO] [stdout] test src/lib.rs - (line 26) ... FAILED
[INFO] [stdout] 
[INFO] [stdout] failures:
[INFO] [stdout] 
[INFO] [stdout] ---- src/lib.rs - (line 10) stdout ----
[INFO] [stdout] error: expected `;`, found `version`
[INFO] [stdout]  --> src/lib.rs:11:29
[INFO] [stdout]   |
[INFO] [stdout] 3 | [dependencies.msp430-periph]
[INFO] [stdout]   |                             ^ help: add `;` here
[INFO] [stdout] 4 | version = "0.0.5"
[INFO] [stdout]   | ------- unexpected token
[INFO] [stdout] 
[INFO] [stdout] error: expected `;`, found `features`
[INFO] [stdout]  --> src/lib.rs:12:18
[INFO] [stdout]   |
[INFO] [stdout] 4 | version = "0.0.5"
[INFO] [stdout]   |                  ^ help: add `;` here
[INFO] [stdout] 5 | features = [
[INFO] [stdout]   | -------- unexpected token
[INFO] [stdout] 
[INFO] [stdout] error: expected one of `!`, `,`, `.`, `::`, `;`, `?`, `]`, `{`, or an operator, found `microcontroller`
[INFO] [stdout]  --> src/lib.rs:14:6
[INFO] [stdout]   |
[INFO] [stdout] 6 | your microcontroller
[INFO] [stdout]   |      ^^^^^^^^^^^^^^^ expected one of 9 possible tokens
[INFO] [stdout] 
[INFO] [stdout] error: aborting due to 3 previous errors
[INFO] [stdout] 
[INFO] [stdout] Couldn't compile the test.
[INFO] [stdout] ---- src/lib.rs - (line 26) stdout ----
[INFO] [stdout] error: expected `;`, found `msp430`
[INFO] [stdout]  --> src/lib.rs:27:15
[INFO] [stdout]   |
[INFO] [stdout] 3 | [dependencies]
[INFO] [stdout]   |               ^ help: add `;` here
[INFO] [stdout] 4 | msp430-periph = { version = "0.0.5", features = [ "msp430fr5969-all" ] }
[INFO] [stdout]   | ------ unexpected token
[INFO] [stdout] 
[INFO] [stdout] error: expected one of `.`, `;`, `?`, `}`, or an operator, found `,`
[INFO] [stdout]  --> src/lib.rs:28:36
[INFO] [stdout]   |
[INFO] [stdout] 4 | msp430-periph = { version = "0.0.5", features = [ "msp430fr5969-all" ] }
[INFO] [stdout]   |                                    ^ expected one of `.`, `;`, `?`, `}`, or an operator
[INFO] [stdout] 
[INFO] [stdout] error[E0425]: cannot find value `msp430` in this scope
[INFO] [stdout]  --> src/lib.rs:28:1
[INFO] [stdout]   |
[INFO] [stdout] 4 | msp430-periph = { version = "0.0.5", features = [ "msp430fr5969-all" ] }
[INFO] [stdout]   | ^^^^^^ not found in this scope
[INFO] [stdout] 
[INFO] [stdout] error[E0425]: cannot find value `periph` in this scope
[INFO] [stdout]  --> src/lib.rs:28:8
[INFO] [stdout]   |
[INFO] [stdout] 4 | msp430-periph = { version = "0.0.5", features = [ "msp430fr5969-all" ] }
[INFO] [stdout]   |        ^^^^^^ not found in this scope
[INFO] [stdout] 
[INFO] [stdout] error[E0070]: invalid left-hand side of assignment
[INFO] [stdout]  --> src/lib.rs:28:15
[INFO] [stdout]   |
[INFO] [stdout] 4 | msp430-periph = { version = "0.0.5", features = [ "msp430fr5969-all" ] }
[INFO] [stdout]   | ------------- ^
[INFO] [stdout]   | |
[INFO] [stdout]   | cannot assign to this expression
[INFO] [stdout] 
[INFO] [stdout] error: aborting due to 5 previous errors
[INFO] [stdout] 
[INFO] [stdout] Some errors have detailed explanations: E0070, E0425.
[INFO] [stdout] For more information about an error, try `rustc --explain E0070`.
[INFO] [stdout] Couldn't compile the test.
[INFO] [stdout] 
[INFO] [stdout] failures:
[INFO] [stdout]     src/lib.rs - (line 10)
[INFO] [stdout]     src/lib.rs - (line 26)
[INFO] [stdout] 
[INFO] [stdout] test result: FAILED. 0 passed; 2 failed; 0 ignored; 0 measured; 0 filtered out; finished in 0.05s
[INFO] [stdout] 
[INFO] [stderr] error: doctest failed, to rerun pass `--doc`
[INFO] running `Command { std: "docker" "inspect" "ccb9669d77973d53500a41a179b00af87a9ccd9069ff2110d43d12b09314d67f", kill_on_drop: false }`
[INFO] running `Command { std: "docker" "rm" "-f" "ccb9669d77973d53500a41a179b00af87a9ccd9069ff2110d43d12b09314d67f", kill_on_drop: false }`
[INFO] [stdout] ccb9669d77973d53500a41a179b00af87a9ccd9069ff2110d43d12b09314d67f
[INFO] testing msp430-periph-0.0.5 against beta-2023-12-22 for beta-1.76-1
[INFO] extracting crate msp430-periph 0.0.5 into /workspace/builds/worker-6-tc2/source
[INFO] validating manifest of crates.io crate msp430-periph 0.0.5 on toolchain beta-2023-12-22
[INFO] running `Command { std: CARGO_HOME="/workspace/cargo-home" RUSTUP_HOME="/workspace/rustup-home" "/workspace/cargo-home/bin/cargo" "+beta-2023-12-22" "metadata" "--manifest-path" "Cargo.toml" "--no-deps", kill_on_drop: false }`
[INFO] started tweaking crates.io crate msp430-periph 0.0.5
[INFO] finished tweaking crates.io crate msp430-periph 0.0.5
[INFO] tweaked toml for crates.io crate msp430-periph 0.0.5 written to /workspace/builds/worker-6-tc2/source/Cargo.toml
[INFO] running `Command { std: CARGO_HOME="/workspace/cargo-home" RUSTUP_HOME="/workspace/rustup-home" "/workspace/cargo-home/bin/cargo" "+beta-2023-12-22" "generate-lockfile" "--manifest-path" "Cargo.toml", kill_on_drop: false }`
[INFO] [stderr]     Updating crates.io index
[INFO] running `Command { std: CARGO_HOME="/workspace/cargo-home" RUSTUP_HOME="/workspace/rustup-home" "/workspace/cargo-home/bin/cargo" "+beta-2023-12-22" "fetch" "--manifest-path" "Cargo.toml", kill_on_drop: false }`
[INFO] [stderr]     Blocking waiting for file lock on package cache
[INFO] running `Command { std: "docker" "create" "-v" "/var/lib/crater-agent-workspace/builds/worker-6-tc2/target:/opt/rustwide/target:rw,Z" "-v" "/var/lib/crater-agent-workspace/builds/worker-6-tc2/source:/opt/rustwide/workdir:ro,Z" "-v" "/var/lib/crater-agent-workspace/cargo-home:/opt/rustwide/cargo-home:ro,Z" "-v" "/var/lib/crater-agent-workspace/rustup-home:/opt/rustwide/rustup-home:ro,Z" "-e" "SOURCE_DIR=/opt/rustwide/workdir" "-e" "CARGO_TARGET_DIR=/opt/rustwide/target" "-e" "CARGO_HOME=/opt/rustwide/cargo-home" "-e" "RUSTUP_HOME=/opt/rustwide/rustup-home" "-w" "/opt/rustwide/workdir" "-m" "1610612736" "--user" "0:0" "--network" "none" "ghcr.io/rust-lang/crates-build-env/linux@sha256:2788e3201cd34a07e3172128adcd8b3090168a8e3bcc40d7c032b9dda1df7d1c" "/opt/rustwide/cargo-home/bin/cargo" "+beta-2023-12-22" "metadata" "--no-deps" "--format-version=1", kill_on_drop: false }`
[INFO] [stdout] 29ace5aada8d27b7a79a6e6280b69650dd686f3d47b77bc3c49e33d8c737f692
[INFO] running `Command { std: "docker" "start" "-a" "29ace5aada8d27b7a79a6e6280b69650dd686f3d47b77bc3c49e33d8c737f692", kill_on_drop: false }`
[INFO] running `Command { std: "docker" "inspect" "29ace5aada8d27b7a79a6e6280b69650dd686f3d47b77bc3c49e33d8c737f692", kill_on_drop: false }`
[INFO] running `Command { std: "docker" "rm" "-f" "29ace5aada8d27b7a79a6e6280b69650dd686f3d47b77bc3c49e33d8c737f692", kill_on_drop: false }`
[INFO] [stdout] 29ace5aada8d27b7a79a6e6280b69650dd686f3d47b77bc3c49e33d8c737f692
[INFO] running `Command { std: "docker" "create" "-v" "/var/lib/crater-agent-workspace/builds/worker-6-tc2/target:/opt/rustwide/target:rw,Z" "-v" "/var/lib/crater-agent-workspace/builds/worker-6-tc2/source:/opt/rustwide/workdir:ro,Z" "-v" "/var/lib/crater-agent-workspace/cargo-home:/opt/rustwide/cargo-home:ro,Z" "-v" "/var/lib/crater-agent-workspace/rustup-home:/opt/rustwide/rustup-home:ro,Z" "-e" "SOURCE_DIR=/opt/rustwide/workdir" "-e" "CARGO_TARGET_DIR=/opt/rustwide/target" "-e" "CARGO_INCREMENTAL=0" "-e" "RUST_BACKTRACE=full" "-e" "RUSTFLAGS=--cap-lints=warn" "-e" "RUSTDOCFLAGS=--cap-lints=warn" "-e" "CARGO_HOME=/opt/rustwide/cargo-home" "-e" "RUSTUP_HOME=/opt/rustwide/rustup-home" "-w" "/opt/rustwide/workdir" "-m" "1610612736" "--user" "0:0" "--network" "none" "ghcr.io/rust-lang/crates-build-env/linux@sha256:2788e3201cd34a07e3172128adcd8b3090168a8e3bcc40d7c032b9dda1df7d1c" "/opt/rustwide/cargo-home/bin/cargo" "+beta-2023-12-22" "build" "--frozen" "--message-format=json", kill_on_drop: false }`
[INFO] [stdout] 6e520e3e037265e38eabdfc35806be1fb570cb71bb9b64806c8fa3105a85c341
[INFO] running `Command { std: "docker" "start" "-a" "6e520e3e037265e38eabdfc35806be1fb570cb71bb9b64806c8fa3105a85c341", kill_on_drop: false }`
[INFO] [stderr]    Compiling msp430-periph v0.0.5 (/opt/rustwide/workdir)
[INFO] [stderr]    Compiling peripherals v0.1.1
[INFO] [stderr]     Finished dev [unoptimized + debuginfo] target(s) in 0.26s
[INFO] running `Command { std: "docker" "inspect" "6e520e3e037265e38eabdfc35806be1fb570cb71bb9b64806c8fa3105a85c341", kill_on_drop: false }`
[INFO] running `Command { std: "docker" "rm" "-f" "6e520e3e037265e38eabdfc35806be1fb570cb71bb9b64806c8fa3105a85c341", kill_on_drop: false }`
[INFO] [stdout] 6e520e3e037265e38eabdfc35806be1fb570cb71bb9b64806c8fa3105a85c341
[INFO] running `Command { std: "docker" "create" "-v" "/var/lib/crater-agent-workspace/builds/worker-6-tc2/target:/opt/rustwide/target:rw,Z" "-v" "/var/lib/crater-agent-workspace/builds/worker-6-tc2/source:/opt/rustwide/workdir:ro,Z" "-v" "/var/lib/crater-agent-workspace/cargo-home:/opt/rustwide/cargo-home:ro,Z" "-v" "/var/lib/crater-agent-workspace/rustup-home:/opt/rustwide/rustup-home:ro,Z" "-e" "SOURCE_DIR=/opt/rustwide/workdir" "-e" "CARGO_TARGET_DIR=/opt/rustwide/target" "-e" "CARGO_INCREMENTAL=0" "-e" "RUST_BACKTRACE=full" "-e" "RUSTFLAGS=--cap-lints=warn" "-e" "RUSTDOCFLAGS=--cap-lints=warn" "-e" "CARGO_HOME=/opt/rustwide/cargo-home" "-e" "RUSTUP_HOME=/opt/rustwide/rustup-home" "-w" "/opt/rustwide/workdir" "-m" "1610612736" "--user" "0:0" "--network" "none" "ghcr.io/rust-lang/crates-build-env/linux@sha256:2788e3201cd34a07e3172128adcd8b3090168a8e3bcc40d7c032b9dda1df7d1c" "/opt/rustwide/cargo-home/bin/cargo" "+beta-2023-12-22" "test" "--frozen" "--no-run" "--message-format=json", kill_on_drop: false }`
[INFO] [stdout] df7282a1787fe629c417927a4f9fe1cbed78aa312a2e67237b7d454bdf784b81
[INFO] running `Command { std: "docker" "start" "-a" "df7282a1787fe629c417927a4f9fe1cbed78aa312a2e67237b7d454bdf784b81", kill_on_drop: false }`
[INFO] [stderr]    Compiling msp430-periph v0.0.5 (/opt/rustwide/workdir)
[INFO] [stderr]     Finished test [unoptimized + debuginfo] target(s) in 0.20s
[INFO] running `Command { std: "docker" "inspect" "df7282a1787fe629c417927a4f9fe1cbed78aa312a2e67237b7d454bdf784b81", kill_on_drop: false }`
[INFO] running `Command { std: "docker" "rm" "-f" "df7282a1787fe629c417927a4f9fe1cbed78aa312a2e67237b7d454bdf784b81", kill_on_drop: false }`
[INFO] [stdout] df7282a1787fe629c417927a4f9fe1cbed78aa312a2e67237b7d454bdf784b81
[INFO] running `Command { std: "docker" "create" "-v" "/var/lib/crater-agent-workspace/builds/worker-6-tc2/target:/opt/rustwide/target:rw,Z" "-v" "/var/lib/crater-agent-workspace/builds/worker-6-tc2/source:/opt/rustwide/workdir:ro,Z" "-v" "/var/lib/crater-agent-workspace/cargo-home:/opt/rustwide/cargo-home:ro,Z" "-v" "/var/lib/crater-agent-workspace/rustup-home:/opt/rustwide/rustup-home:ro,Z" "-e" "SOURCE_DIR=/opt/rustwide/workdir" "-e" "CARGO_TARGET_DIR=/opt/rustwide/target" "-e" "CARGO_INCREMENTAL=0" "-e" "RUST_BACKTRACE=full" "-e" "RUSTFLAGS=--cap-lints=warn" "-e" "RUSTDOCFLAGS=--cap-lints=warn" "-e" "CARGO_HOME=/opt/rustwide/cargo-home" "-e" "RUSTUP_HOME=/opt/rustwide/rustup-home" "-w" "/opt/rustwide/workdir" "-m" "1610612736" "--user" "0:0" "--network" "none" "ghcr.io/rust-lang/crates-build-env/linux@sha256:2788e3201cd34a07e3172128adcd8b3090168a8e3bcc40d7c032b9dda1df7d1c" "/opt/rustwide/cargo-home/bin/cargo" "+beta-2023-12-22" "test" "--frozen", kill_on_drop: false }`
[INFO] [stdout] 47665237b771d4c86c09991056ee745dcc618a92cce47a11d63b636b4e375873
[INFO] running `Command { std: "docker" "start" "-a" "47665237b771d4c86c09991056ee745dcc618a92cce47a11d63b636b4e375873", kill_on_drop: false }`
[INFO] [stderr]     Finished test [unoptimized + debuginfo] target(s) in 0.04s
[INFO] [stderr]      Running unittests src/lib.rs (/opt/rustwide/target/debug/deps/msp430_periph-2a46ae513a421cc1)
[INFO] [stdout] 
[INFO] [stdout] running 0 tests
[INFO] [stdout] 
[INFO] [stdout] test result: ok. 0 passed; 0 failed; 0 ignored; 0 measured; 0 filtered out; finished in 0.00s
[INFO] [stdout] 
[INFO] [stderr]    Doc-tests msp430-periph
[INFO] [stdout] 
[INFO] [stdout] running 2 tests
[INFO] [stdout] test src/lib.rs - (line 10) ... FAILED
[INFO] [stdout] test src/lib.rs - (line 26) ... FAILED
[INFO] [stdout] 
[INFO] [stdout] failures:
[INFO] [stdout] 
[INFO] [stdout] ---- src/lib.rs - (line 10) stdout ----
[INFO] [stdout] error: expected `;`, found `version`
[INFO] [stdout]  --> src/lib.rs:11:29
[INFO] [stdout]   |
[INFO] [stdout] 3 | [dependencies.msp430-periph]
[INFO] [stdout]   |                             ^ help: add `;` here
[INFO] [stdout] 4 | version = "0.0.5"
[INFO] [stdout]   | ------- unexpected token
[INFO] [stdout] 
[INFO] [stdout] error: expected `;`, found `features`
[INFO] [stdout]  --> src/lib.rs:12:18
[INFO] [stdout]   |
[INFO] [stdout] 4 | version = "0.0.5"
[INFO] [stdout]   |                  ^ help: add `;` here
[INFO] [stdout] 5 | features = [
[INFO] [stdout]   | -------- unexpected token
[INFO] [stdout] 
[INFO] [stdout] error: expected one of `!`, `,`, `.`, `::`, `;`, `?`, `]`, `{`, or an operator, found `microcontroller`
[INFO] [stdout]  --> src/lib.rs:14:6
[INFO] [stdout]   |
[INFO] [stdout] 6 | your microcontroller
[INFO] [stdout]   |      ^^^^^^^^^^^^^^^ expected one of 9 possible tokens
[INFO] [stdout] 
[INFO] [stdout] error: aborting due to 3 previous errors
[INFO] [stdout] 
[INFO] [stdout] Couldn't compile the test.
[INFO] [stdout] ---- src/lib.rs - (line 26) stdout ----
[INFO] [stdout] error: expected `;`, found `msp430`
[INFO] [stdout]  --> src/lib.rs:27:15
[INFO] [stdout]   |
[INFO] [stdout] 3 | [dependencies]
[INFO] [stdout]   |               ^ help: add `;` here
[INFO] [stdout] 4 | msp430-periph = { version = "0.0.5", features = [ "msp430fr5969-all" ] }
[INFO] [stdout]   | ------ unexpected token
[INFO] [stdout] 
[INFO] [stdout] error: expected one of `.`, `;`, `?`, `}`, or an operator, found `,`
[INFO] [stdout]  --> src/lib.rs:28:36
[INFO] [stdout]   |
[INFO] [stdout] 4 | msp430-periph = { version = "0.0.5", features = [ "msp430fr5969-all" ] }
[INFO] [stdout]   |                                    ^ expected one of `.`, `;`, `?`, `}`, or an operator
[INFO] [stdout] 
[INFO] [stdout] error[E0425]: cannot find value `msp430` in this scope
[INFO] [stdout]  --> src/lib.rs:28:1
[INFO] [stdout]   |
[INFO] [stdout] 4 | msp430-periph = { version = "0.0.5", features = [ "msp430fr5969-all" ] }
[INFO] [stdout]   | ^^^^^^ not found in this scope
[INFO] [stdout] 
[INFO] [stdout] error[E0425]: cannot find value `periph` in this scope
[INFO] [stdout]  --> src/lib.rs:28:8
[INFO] [stdout]   |
[INFO] [stdout] 4 | msp430-periph = { version = "0.0.5", features = [ "msp430fr5969-all" ] }
[INFO] [stdout]   |        ^^^^^^ not found in this scope
[INFO] [stdout] 
[INFO] [stdout] error[E0070]: invalid left-hand side of assignment
[INFO] [stdout]  --> src/lib.rs:28:15
[INFO] [stdout]   |
[INFO] [stdout] 4 | msp430-periph = { version = "0.0.5", features = [ "msp430fr5969-all" ] }
[INFO] [stdout]   | ------------- ^
[INFO] [stdout]   | |
[INFO] [stdout]   | cannot assign to this expression
[INFO] [stdout] 
[INFO] [stdout] error: aborting due to 5 previous errors
[INFO] [stdout] 
[INFO] [stdout] Some errors have detailed explanations: E0070, E0425.
[INFO] [stdout] For more information about an error, try `rustc --explain E0070`.
[INFO] [stdout] Couldn't compile the test.
[INFO] [stdout] 
[INFO] [stdout] failures:
[INFO] [stdout]     src/lib.rs - (line 10)
[INFO] [stdout]     src/lib.rs - (line 26)
[INFO] [stdout] 
[INFO] [stdout] test result: FAILED. 0 passed; 2 failed; 0 ignored; 0 measured; 0 filtered out; finished in 0.05s
[INFO] [stdout] 
[INFO] [stderr] error: doctest failed, to rerun pass `--doc`
[INFO] running `Command { std: "docker" "inspect" "47665237b771d4c86c09991056ee745dcc618a92cce47a11d63b636b4e375873", kill_on_drop: false }`
[INFO] running `Command { std: "docker" "rm" "-f" "47665237b771d4c86c09991056ee745dcc618a92cce47a11d63b636b4e375873", kill_on_drop: false }`
[INFO] [stdout] 47665237b771d4c86c09991056ee745dcc618a92cce47a11d63b636b4e375873
