[INFO] fetching crate msg-store 0.9.1...
[INFO] testing msg-store-0.9.1 against 1.75.0 for beta-1.76-1
[INFO] extracting crate msg-store 0.9.1 into /workspace/builds/worker-0-tc1/source
[INFO] validating manifest of crates.io crate msg-store 0.9.1 on toolchain 1.75.0
[INFO] running `Command { std: CARGO_HOME="/workspace/cargo-home" RUSTUP_HOME="/workspace/rustup-home" "/workspace/cargo-home/bin/cargo" "+1.75.0" "metadata" "--manifest-path" "Cargo.toml" "--no-deps", kill_on_drop: false }`
[INFO] started tweaking crates.io crate msg-store 0.9.1
[INFO] finished tweaking crates.io crate msg-store 0.9.1
[INFO] tweaked toml for crates.io crate msg-store 0.9.1 written to /workspace/builds/worker-0-tc1/source/Cargo.toml
[INFO] running `Command { std: CARGO_HOME="/workspace/cargo-home" RUSTUP_HOME="/workspace/rustup-home" "/workspace/cargo-home/bin/cargo" "+1.75.0" "generate-lockfile" "--manifest-path" "Cargo.toml", kill_on_drop: false }`
[INFO] [stderr]     Updating crates.io index
[INFO] running `Command { std: CARGO_HOME="/workspace/cargo-home" RUSTUP_HOME="/workspace/rustup-home" "/workspace/cargo-home/bin/cargo" "+1.75.0" "fetch" "--manifest-path" "Cargo.toml", kill_on_drop: false }`
[INFO] [stderr]  Downloading crates ...
[INFO] [stderr]   Downloaded msg_store_uuid v0.1.0
[INFO] running `Command { std: "docker" "create" "-v" "/var/lib/crater-agent-workspace/builds/worker-0-tc1/target:/opt/rustwide/target:rw,Z" "-v" "/var/lib/crater-agent-workspace/builds/worker-0-tc1/source:/opt/rustwide/workdir:ro,Z" "-v" "/var/lib/crater-agent-workspace/cargo-home:/opt/rustwide/cargo-home:ro,Z" "-v" "/var/lib/crater-agent-workspace/rustup-home:/opt/rustwide/rustup-home:ro,Z" "-e" "SOURCE_DIR=/opt/rustwide/workdir" "-e" "CARGO_TARGET_DIR=/opt/rustwide/target" "-e" "CARGO_HOME=/opt/rustwide/cargo-home" "-e" "RUSTUP_HOME=/opt/rustwide/rustup-home" "-w" "/opt/rustwide/workdir" "-m" "1610612736" "--user" "0:0" "--network" "none" "ghcr.io/rust-lang/crates-build-env/linux@sha256:2788e3201cd34a07e3172128adcd8b3090168a8e3bcc40d7c032b9dda1df7d1c" "/opt/rustwide/cargo-home/bin/cargo" "+1.75.0" "metadata" "--no-deps" "--format-version=1", kill_on_drop: false }`
[INFO] [stdout] 38aa8fbc7efa93d974d81da991ee15562b3aea207e21d66e5ca798287d106e15
[INFO] running `Command { std: "docker" "start" "-a" "38aa8fbc7efa93d974d81da991ee15562b3aea207e21d66e5ca798287d106e15", kill_on_drop: false }`
[INFO] running `Command { std: "docker" "inspect" "38aa8fbc7efa93d974d81da991ee15562b3aea207e21d66e5ca798287d106e15", kill_on_drop: false }`
[INFO] running `Command { std: "docker" "rm" "-f" "38aa8fbc7efa93d974d81da991ee15562b3aea207e21d66e5ca798287d106e15", kill_on_drop: false }`
[INFO] [stdout] 38aa8fbc7efa93d974d81da991ee15562b3aea207e21d66e5ca798287d106e15
[INFO] running `Command { std: "docker" "create" "-v" "/var/lib/crater-agent-workspace/builds/worker-0-tc1/target:/opt/rustwide/target:rw,Z" "-v" "/var/lib/crater-agent-workspace/builds/worker-0-tc1/source:/opt/rustwide/workdir:ro,Z" "-v" "/var/lib/crater-agent-workspace/cargo-home:/opt/rustwide/cargo-home:ro,Z" "-v" "/var/lib/crater-agent-workspace/rustup-home:/opt/rustwide/rustup-home:ro,Z" "-e" "SOURCE_DIR=/opt/rustwide/workdir" "-e" "CARGO_TARGET_DIR=/opt/rustwide/target" "-e" "CARGO_INCREMENTAL=0" "-e" "RUST_BACKTRACE=full" "-e" "RUSTFLAGS=--cap-lints=warn" "-e" "RUSTDOCFLAGS=--cap-lints=warn" "-e" "CARGO_HOME=/opt/rustwide/cargo-home" "-e" "RUSTUP_HOME=/opt/rustwide/rustup-home" "-w" "/opt/rustwide/workdir" "-m" "1610612736" "--user" "0:0" "--network" "none" "ghcr.io/rust-lang/crates-build-env/linux@sha256:2788e3201cd34a07e3172128adcd8b3090168a8e3bcc40d7c032b9dda1df7d1c" "/opt/rustwide/cargo-home/bin/cargo" "+1.75.0" "build" "--frozen" "--message-format=json", kill_on_drop: false }`
[INFO] [stdout] 51a75b3d39952d10b462a1ae8998e7a62c65b56cb56ca57cd9432290abc9726d
[INFO] running `Command { std: "docker" "start" "-a" "51a75b3d39952d10b462a1ae8998e7a62c65b56cb56ca57cd9432290abc9726d", kill_on_drop: false }`
[INFO] [stderr]    Compiling msg_store_uuid v0.1.0
[INFO] [stderr]    Compiling msg-store v0.9.1 (/opt/rustwide/workdir)
[INFO] [stdout] warning: variable does not need to be mutable
[INFO] [stdout]    --> src/lib.rs:502:13
[INFO] [stdout]     |
[INFO] [stdout] 502 |         let mut group = match self.groups_map.get_mut(&priority) {
[INFO] [stdout]     |             ----^^^^^
[INFO] [stdout]     |             |
[INFO] [stdout]     |             help: remove this `mut`
[INFO] [stdout]     |
[INFO] [stdout]     = note: `#[warn(unused_mut)]` on by default
[INFO] [stdout] 
[INFO] [stdout] 
[INFO] [stdout] warning: 1 warning emitted
[INFO] [stdout] 
[INFO] [stdout] 
[INFO] [stderr]     Finished dev [unoptimized + debuginfo] target(s) in 0.67s
[INFO] running `Command { std: "docker" "inspect" "51a75b3d39952d10b462a1ae8998e7a62c65b56cb56ca57cd9432290abc9726d", kill_on_drop: false }`
[INFO] running `Command { std: "docker" "rm" "-f" "51a75b3d39952d10b462a1ae8998e7a62c65b56cb56ca57cd9432290abc9726d", kill_on_drop: false }`
[INFO] [stdout] 51a75b3d39952d10b462a1ae8998e7a62c65b56cb56ca57cd9432290abc9726d
[INFO] running `Command { std: "docker" "create" "-v" "/var/lib/crater-agent-workspace/builds/worker-0-tc1/target:/opt/rustwide/target:rw,Z" "-v" "/var/lib/crater-agent-workspace/builds/worker-0-tc1/source:/opt/rustwide/workdir:ro,Z" "-v" "/var/lib/crater-agent-workspace/cargo-home:/opt/rustwide/cargo-home:ro,Z" "-v" "/var/lib/crater-agent-workspace/rustup-home:/opt/rustwide/rustup-home:ro,Z" "-e" "SOURCE_DIR=/opt/rustwide/workdir" "-e" "CARGO_TARGET_DIR=/opt/rustwide/target" "-e" "CARGO_INCREMENTAL=0" "-e" "RUST_BACKTRACE=full" "-e" "RUSTFLAGS=--cap-lints=warn" "-e" "RUSTDOCFLAGS=--cap-lints=warn" "-e" "CARGO_HOME=/opt/rustwide/cargo-home" "-e" "RUSTUP_HOME=/opt/rustwide/rustup-home" "-w" "/opt/rustwide/workdir" "-m" "1610612736" "--user" "0:0" "--network" "none" "ghcr.io/rust-lang/crates-build-env/linux@sha256:2788e3201cd34a07e3172128adcd8b3090168a8e3bcc40d7c032b9dda1df7d1c" "/opt/rustwide/cargo-home/bin/cargo" "+1.75.0" "test" "--frozen" "--no-run" "--message-format=json", kill_on_drop: false }`
[INFO] [stdout] 802e77ceeda051e3cb4d2815b0c886acc6c068af1f4336b2ffcc2a9fbfa951c2
[INFO] running `Command { std: "docker" "start" "-a" "802e77ceeda051e3cb4d2815b0c886acc6c068af1f4336b2ffcc2a9fbfa951c2", kill_on_drop: false }`
[INFO] [stderr]    Compiling msg-store v0.9.1 (/opt/rustwide/workdir)
[INFO] [stdout] warning: variable does not need to be mutable
[INFO] [stdout]    --> src/lib.rs:502:13
[INFO] [stdout]     |
[INFO] [stdout] 502 |         let mut group = match self.groups_map.get_mut(&priority) {
[INFO] [stdout]     |             ----^^^^^
[INFO] [stdout]     |             |
[INFO] [stdout]     |             help: remove this `mut`
[INFO] [stdout]     |
[INFO] [stdout]     = note: `#[warn(unused_mut)]` on by default
[INFO] [stdout] 
[INFO] [stdout] 
[INFO] [stdout] warning: 1 warning emitted
[INFO] [stdout] 
[INFO] [stdout] 
[INFO] [stdout] warning: variable does not need to be mutable
[INFO] [stdout]    --> src/lib.rs:502:13
[INFO] [stdout]     |
[INFO] [stdout] 502 |         let mut group = match self.groups_map.get_mut(&priority) {
[INFO] [stdout]     |             ----^^^^^
[INFO] [stdout]     |             |
[INFO] [stdout]     |             help: remove this `mut`
[INFO] [stdout]     |
[INFO] [stdout]     = note: `#[warn(unused_mut)]` on by default
[INFO] [stdout] 
[INFO] [stdout] 
[INFO] [stdout] warning: variable does not need to be mutable
[INFO] [stdout]    --> src/lib.rs:907:17
[INFO] [stdout]     |
[INFO] [stdout] 907 |             let mut group = store.groups_map.get_mut(&1).expect("Could not find group");
[INFO] [stdout]     |                 ----^^^^^
[INFO] [stdout]     |                 |
[INFO] [stdout]     |                 help: remove this `mut`
[INFO] [stdout] 
[INFO] [stdout] 
[INFO] [stdout] warning: variable does not need to be mutable
[INFO] [stdout]    --> src/lib.rs:917:17
[INFO] [stdout]     |
[INFO] [stdout] 917 |             let mut group = store.groups_map.get_mut(&1).expect("Could not get mutable group");
[INFO] [stdout]     |                 ----^^^^^
[INFO] [stdout]     |                 |
[INFO] [stdout]     |                 help: remove this `mut`
[INFO] [stdout] 
[INFO] [stdout] 
[INFO] [stdout] warning: variable does not need to be mutable
[INFO] [stdout]    --> src/lib.rs:928:17
[INFO] [stdout]     |
[INFO] [stdout] 928 |             let mut group = store.groups_map.get_mut(&1).expect("Could not get mutable group");
[INFO] [stdout]     |                 ----^^^^^
[INFO] [stdout]     |                 |
[INFO] [stdout]     |                 help: remove this `mut`
[INFO] [stdout] 
[INFO] [stdout] 
[INFO] [stdout] warning: variable does not need to be mutable
[INFO] [stdout]    --> src/lib.rs:990:17
[INFO] [stdout]     |
[INFO] [stdout] 990 |             let mut group = store.groups_map.get_mut(&1).expect("Could not get mutable group");
[INFO] [stdout]     |                 ----^^^^^
[INFO] [stdout]     |                 |
[INFO] [stdout]     |                 help: remove this `mut`
[INFO] [stdout] 
[INFO] [stdout] 
[INFO] [stdout] warning: variable does not need to be mutable
[INFO] [stdout]     --> src/lib.rs:1022:17
[INFO] [stdout]      |
[INFO] [stdout] 1022 |             let mut group = store.groups_map.get_mut(&2).expect("Group not found");
[INFO] [stdout]      |                 ----^^^^^
[INFO] [stdout]      |                 |
[INFO] [stdout]      |                 help: remove this `mut`
[INFO] [stdout] 
[INFO] [stdout] 
[INFO] [stdout] warning: 6 warnings emitted
[INFO] [stdout] 
[INFO] [stdout] 
[INFO] [stderr]     Finished test [unoptimized + debuginfo] target(s) in 1.21s
[INFO] running `Command { std: "docker" "inspect" "802e77ceeda051e3cb4d2815b0c886acc6c068af1f4336b2ffcc2a9fbfa951c2", kill_on_drop: false }`
[INFO] running `Command { std: "docker" "rm" "-f" "802e77ceeda051e3cb4d2815b0c886acc6c068af1f4336b2ffcc2a9fbfa951c2", kill_on_drop: false }`
[INFO] [stdout] 802e77ceeda051e3cb4d2815b0c886acc6c068af1f4336b2ffcc2a9fbfa951c2
[INFO] running `Command { std: "docker" "create" "-v" "/var/lib/crater-agent-workspace/builds/worker-0-tc1/target:/opt/rustwide/target:rw,Z" "-v" "/var/lib/crater-agent-workspace/builds/worker-0-tc1/source:/opt/rustwide/workdir:ro,Z" "-v" "/var/lib/crater-agent-workspace/cargo-home:/opt/rustwide/cargo-home:ro,Z" "-v" "/var/lib/crater-agent-workspace/rustup-home:/opt/rustwide/rustup-home:ro,Z" "-e" "SOURCE_DIR=/opt/rustwide/workdir" "-e" "CARGO_TARGET_DIR=/opt/rustwide/target" "-e" "CARGO_INCREMENTAL=0" "-e" "RUST_BACKTRACE=full" "-e" "RUSTFLAGS=--cap-lints=warn" "-e" "RUSTDOCFLAGS=--cap-lints=warn" "-e" "CARGO_HOME=/opt/rustwide/cargo-home" "-e" "RUSTUP_HOME=/opt/rustwide/rustup-home" "-w" "/opt/rustwide/workdir" "-m" "1610612736" "--user" "0:0" "--network" "none" "ghcr.io/rust-lang/crates-build-env/linux@sha256:2788e3201cd34a07e3172128adcd8b3090168a8e3bcc40d7c032b9dda1df7d1c" "/opt/rustwide/cargo-home/bin/cargo" "+1.75.0" "test" "--frozen", kill_on_drop: false }`
[INFO] [stdout] 60de7d290967ee3bc27881f54556c03165bb50176082bf9e116918c983123ffa
[INFO] running `Command { std: "docker" "start" "-a" "60de7d290967ee3bc27881f54556c03165bb50176082bf9e116918c983123ffa", kill_on_drop: false }`
[INFO] [stderr] warning: variable does not need to be mutable
[INFO] [stderr]    --> src/lib.rs:502:13
[INFO] [stderr]     |
[INFO] [stderr] 502 |         let mut group = match self.groups_map.get_mut(&priority) {
[INFO] [stderr]     |             ----^^^^^
[INFO] [stderr]     |             |
[INFO] [stderr]     |             help: remove this `mut`
[INFO] [stderr]     |
[INFO] [stderr]     = note: `#[warn(unused_mut)]` on by default
[INFO] [stderr] 
[INFO] [stderr] warning: `msg-store` (lib) generated 1 warning (run `cargo fix --lib -p msg-store` to apply 1 suggestion)
[INFO] [stderr] warning: variable does not need to be mutable
[INFO] [stderr]    --> src/lib.rs:907:17
[INFO] [stderr]     |
[INFO] [stderr] 907 |             let mut group = store.groups_map.get_mut(&1).expect("Could not find group");
[INFO] [stderr]     |                 ----^^^^^
[INFO] [stderr]     |                 |
[INFO] [stderr]     |                 help: remove this `mut`
[INFO] [stderr] 
[INFO] [stderr] warning: variable does not need to be mutable
[INFO] [stderr]    --> src/lib.rs:917:17
[INFO] [stderr]     |
[INFO] [stderr] 917 |             let mut group = store.groups_map.get_mut(&1).expect("Could not get mutable group");
[INFO] [stderr]     |                 ----^^^^^
[INFO] [stderr]     |                 |
[INFO] [stderr]     |                 help: remove this `mut`
[INFO] [stderr] 
[INFO] [stderr] warning: variable does not need to be mutable
[INFO] [stderr]    --> src/lib.rs:928:17
[INFO] [stderr]     |
[INFO] [stderr] 928 |             let mut group = store.groups_map.get_mut(&1).expect("Could not get mutable group");
[INFO] [stderr]     |                 ----^^^^^
[INFO] [stderr]     |                 |
[INFO] [stderr]     |                 help: remove this `mut`
[INFO] [stderr] 
[INFO] [stderr] warning: variable does not need to be mutable
[INFO] [stderr]    --> src/lib.rs:990:17
[INFO] [stderr]     |
[INFO] [stderr] 990 |             let mut group = store.groups_map.get_mut(&1).expect("Could not get mutable group");
[INFO] [stderr]     |                 ----^^^^^
[INFO] [stderr]     |                 |
[INFO] [stderr]     |                 help: remove this `mut`
[INFO] [stderr] 
[INFO] [stderr] warning: variable does not need to be mutable
[INFO] [stderr]     --> src/lib.rs:1022:17
[INFO] [stderr]      |
[INFO] [stderr] 1022 |             let mut group = store.groups_map.get_mut(&2).expect("Group not found");
[INFO] [stderr]      |                 ----^^^^^
[INFO] [stderr]      |                 |
[INFO] [stderr]      |                 help: remove this `mut`
[INFO] [stderr] 
[INFO] [stderr] warning: `msg-store` (lib test) generated 6 warnings (1 duplicate) (run `cargo fix --lib -p msg-store --tests` to apply 5 suggestions)
[INFO] [stderr]     Finished test [unoptimized + debuginfo] target(s) in 0.00s
[INFO] [stderr]      Running unittests src/lib.rs (/opt/rustwide/target/debug/deps/msg_store-8127384ee6df2c10)
[INFO] [stdout] 
[INFO] [stdout] running 39 tests
[INFO] [stdout] test tests::add::should_create_group_with_defaults ... ok
[INFO] [stdout] test tests::add::should_increase_store_byte_size ... ok
[INFO] [stdout] test tests::add::should_increase_group_byte_size ... ok
[INFO] [stdout] test tests::add::should_prune_group_byte_size_to_10_when_group_max_byte_size_exists ... ok
[INFO] [stdout] test tests::add::should_prune_oldest_lowest_pri_msg_in_the_store_when_exceeding_store_max_byte_size ... ok
[INFO] [stdout] test tests::add::should_prune_oldest_msg_in_a_group_when_exceeding_group_max_byte_size ... ok
[INFO] [stdout] test tests::add::should_prune_store_byte_size_to_10_when_group_max_byte_size_exists ... ok
[INFO] [stdout] test tests::add::should_prune_oldest_msg_in_a_group_when_exceeding_store_max_byte_size ... ok
[INFO] [stdout] test tests::add::should_prune_store_byte_size_to_10_when_store_max_byte_size_exists ... ok
[INFO] [stdout] test tests::add::should_reinsert_group_after_errors ... ok
[INFO] [stdout] test tests::add::should_return_add_result_with_pruned_msgs ... ok
[INFO] [stdout] test tests::add::should_return_msg_lacks_priority_err ... ok
[INFO] [stdout] test tests::add::should_return_msg_to_large_for_group_err ... ok
[INFO] [stdout] test tests::add::should_return_msg_to_large_for_store_err ... ok
[INFO] [stdout] test tests::del::should_decrease_byte_size ... ok
[INFO] [stdout] test tests::del::should_remove_empty_group ... ok
[INFO] [stdout] test tests::del_group::should_decrease_byte_size ... ok
[INFO] [stdout] test tests::del_group::should_remove_empty_group ... ok
[INFO] [stdout] test tests::delete_group_defaults::should_update_existing_group ... ok
[INFO] [stdout] test tests::get::should_return_highest_pri_msg ... ok
[INFO] [stdout] test tests::get::should_return_lowest_pri_msg ... ok
[INFO] [stdout] test tests::get::should_return_msg ... ok
[INFO] [stdout] test tests::get::should_return_oldest_msg ... ok
[INFO] [stdout] test tests::get::should_return_oldest_msg_in_group ... ok
[INFO] [stdout] test tests::get::should_return_youngest_msg ... ok
[INFO] [stdout] test tests::get::should_return_youngest_msg_in_group ... ok
[INFO] [stdout] test tests::get_metadata::should_return_2_message_data_points ... ok
[INFO] [stdout] test tests::get_metadata::should_return_2_message_data_points_with_range_starting_at_2 ... ok
[INFO] [stdout] test tests::get_n::should_return_9_messages_lt_4 ... ok
[INFO] [stdout] test tests::get_n::should_return_8_messages_lt_the_pri_2_message ... ok
[INFO] [stdout] test tests::update_group_defaults::should_prune_group_after_update ... ok
[INFO] [stdout] test tests::update_group_defaults::should_update_existing_group ... ok
[INFO] [stdout] test tests::get_n::should_return_n_msg_uuids ... ok
[INFO] [stdout] test tests::update_store_defaults::should_prune_store_after_update ... ok
[INFO] [stdout] test tests::uuid::should_convert_a_str_to_uuid ... ok
[INFO] [stdout] test tests::update_store_defaults::should_update_store_config ... ok
[INFO] [stdout] test tests::update_store_defaults::should_remove_empty_group_after_update ... ok
[INFO] [stdout] test tests::uuid::should_reflect_node_id ... ok
[INFO] [stdout] test tests::update_group_defaults::should_update_store_config ... ok
[INFO] [stdout] 
[INFO] [stdout] test result: ok. 39 passed; 0 failed; 0 ignored; 0 measured; 0 filtered out; finished in 0.00s
[INFO] [stdout] 
[INFO] [stderr]    Doc-tests msg-store
[INFO] [stdout] 
[INFO] [stdout] running 9 tests
[INFO] [stdout] test src/lib.rs - Store::add_with_uuid (line 430) ... ok
[INFO] [stdout] test src/lib.rs - Store::add (line 392) ... ok
[INFO] [stdout] test src/lib.rs - Store::update_store_defaults (line 845) ... ok
[INFO] [stdout] test src/lib.rs - Store::delete_group_defaults (line 808) ... ok
[INFO] [stdout] test src/lib.rs - Store::del_group (line 537) ... ok
[INFO] [stdout] test src/lib.rs - Store::del (line 486) ... ok
[INFO] [stdout] test src/lib.rs - Store::update_group_defaults (line 777) ... ok
[INFO] [stdout] test src/lib.rs - Store::get (line 568) ... ok
[INFO] [stdout] test src/lib.rs - Store::get_metadata (line 708) ... FAILED
[INFO] [stdout] 
[INFO] [stdout] failures:
[INFO] [stdout] 
[INFO] [stdout] ---- src/lib.rs - Store::get_metadata (line 708) stdout ----
[INFO] [stdout] Test executable failed (exit status: 101).
[INFO] [stdout] 
[INFO] [stdout] stderr:
[INFO] [stdout] thread 'main' panicked at src/lib.rs:14:1:
[INFO] [stdout] assertion `left == right` failed
[INFO] [stdout]   left: Uuid { priority: 1, timestamp: 1704435848, sequence: 2, node_id: 0 }
[INFO] [stdout]  right: Uuid { priority: 1, timestamp: 1704435848, sequence: 4, node_id: 0 }
[INFO] [stdout] stack backtrace:
[INFO] [stdout]    0:     0x5561791bcc8c - std::backtrace_rs::backtrace::libunwind::trace::ha637c64ce894333a
[INFO] [stdout]                                at /rustc/82e1608dfa6e0b5569232559e3d385fea5a93112/library/std/src/../../backtrace/src/backtrace/libunwind.rs:104:5
[INFO] [stdout]    1:     0x5561791bcc8c - std::backtrace_rs::backtrace::trace_unsynchronized::h47f62dea28e0c88d
[INFO] [stdout]                                at /rustc/82e1608dfa6e0b5569232559e3d385fea5a93112/library/std/src/../../backtrace/src/backtrace/mod.rs:66:5
[INFO] [stdout]    2:     0x5561791bcc8c - std::sys_common::backtrace::_print_fmt::h9eef0abe20ede486
[INFO] [stdout]                                at /rustc/82e1608dfa6e0b5569232559e3d385fea5a93112/library/std/src/sys_common/backtrace.rs:67:5
[INFO] [stdout]    3:     0x5561791bcc8c - <std::sys_common::backtrace::_print::DisplayBacktrace as core::fmt::Display>::fmt::hed7f999df88cc644
[INFO] [stdout]                                at /rustc/82e1608dfa6e0b5569232559e3d385fea5a93112/library/std/src/sys_common/backtrace.rs:44:22
[INFO] [stdout]    4:     0x5561791dc7b0 - core::fmt::rt::Argument::fmt::h1539a9308b8d058d
[INFO] [stdout]                                at /rustc/82e1608dfa6e0b5569232559e3d385fea5a93112/library/core/src/fmt/rt.rs:142:9
[INFO] [stdout]    5:     0x5561791dc7b0 - core::fmt::write::h3a39390d8560d9c9
[INFO] [stdout]                                at /rustc/82e1608dfa6e0b5569232559e3d385fea5a93112/library/core/src/fmt/mod.rs:1120:17
[INFO] [stdout]    6:     0x5561791bb0af - std::io::Write::write_fmt::h5fc9997dfe05f882
[INFO] [stdout]                                at /rustc/82e1608dfa6e0b5569232559e3d385fea5a93112/library/std/src/io/mod.rs:1762:15
[INFO] [stdout]    7:     0x5561791bca74 - std::sys_common::backtrace::_print::h894006fb5c6f3d45
[INFO] [stdout]                                at /rustc/82e1608dfa6e0b5569232559e3d385fea5a93112/library/std/src/sys_common/backtrace.rs:47:5
[INFO] [stdout]    8:     0x5561791bca74 - std::sys_common::backtrace::print::h23a2d212c6fff936
[INFO] [stdout]                                at /rustc/82e1608dfa6e0b5569232559e3d385fea5a93112/library/std/src/sys_common/backtrace.rs:34:9
[INFO] [stdout]    9:     0x5561791bdf87 - std::panicking::default_hook::{{closure}}::h8a1d2ee00185001a
[INFO] [stdout]   10:     0x5561791bdcef - std::panicking::default_hook::h6038f2eba384e475
[INFO] [stdout]                                at /rustc/82e1608dfa6e0b5569232559e3d385fea5a93112/library/std/src/panicking.rs:292:9
[INFO] [stdout]   11:     0x5561791be408 - std::panicking::rust_panic_with_hook::h2b5517d590cab22e
[INFO] [stdout]                                at /rustc/82e1608dfa6e0b5569232559e3d385fea5a93112/library/std/src/panicking.rs:779:13
[INFO] [stdout]   12:     0x5561791be2ee - std::panicking::begin_panic_handler::{{closure}}::h233112c06e0ef43e
[INFO] [stdout]                                at /rustc/82e1608dfa6e0b5569232559e3d385fea5a93112/library/std/src/panicking.rs:657:13
[INFO] [stdout]   13:     0x5561791bd156 - std::sys_common::backtrace::__rust_end_short_backtrace::h6e893f24d7ebbff8
[INFO] [stdout]                                at /rustc/82e1608dfa6e0b5569232559e3d385fea5a93112/library/std/src/sys_common/backtrace.rs:170:18
[INFO] [stdout]   14:     0x5561791be052 - rust_begin_unwind
[INFO] [stdout]                                at /rustc/82e1608dfa6e0b5569232559e3d385fea5a93112/library/std/src/panicking.rs:645:5
[INFO] [stdout]   15:     0x556179160e05 - core::panicking::panic_fmt::hbf0e066aabfa482c
[INFO] [stdout]                                at /rustc/82e1608dfa6e0b5569232559e3d385fea5a93112/library/core/src/panicking.rs:72:14
[INFO] [stdout]   16:     0x5561791610eb - core::panicking::assert_failed_inner::h0bba8b7c26ee4492
[INFO] [stdout]   17:     0x55617916203a - core::panicking::assert_failed::h7fd862e16dd11658
[INFO] [stdout]   18:     0x556179163b7a - rust_out::main::_doctest_main_src_lib_rs_708_0::h3d7547b681b0f649
[INFO] [stdout]   19:     0x556179163716 - rust_out::main::hc20c0d07e2402830
[INFO] [stdout]   20:     0x556179161b63 - core::ops::function::FnOnce::call_once::hbc459743598298c4
[INFO] [stdout]   21:     0x556179161946 - std::sys_common::backtrace::__rust_begin_short_backtrace::h62debe7d3058b76a
[INFO] [stdout]   22:     0x556179161999 - std::rt::lang_start::{{closure}}::h8f486f3e1e6418b2
[INFO] [stdout]   23:     0x5561791b8d17 - core::ops::function::impls::<impl core::ops::function::FnOnce<A> for &F>::call_once::hd95060ecd5e1ca24
[INFO] [stdout]                                at /rustc/82e1608dfa6e0b5569232559e3d385fea5a93112/library/core/src/ops/function.rs:284:13
[INFO] [stdout]   24:     0x5561791b8d17 - std::panicking::try::do_call::h6e8cf51db32a6e4b
[INFO] [stdout]                                at /rustc/82e1608dfa6e0b5569232559e3d385fea5a93112/library/std/src/panicking.rs:552:40
[INFO] [stdout]   25:     0x5561791b8d17 - std::panicking::try::h3a52eefe24fe3c29
[INFO] [stdout]                                at /rustc/82e1608dfa6e0b5569232559e3d385fea5a93112/library/std/src/panicking.rs:516:19
[INFO] [stdout]   26:     0x5561791b8d17 - std::panic::catch_unwind::h24c28c23c02c3841
[INFO] [stdout]                                at /rustc/82e1608dfa6e0b5569232559e3d385fea5a93112/library/std/src/panic.rs:142:14
[INFO] [stdout]   27:     0x5561791b8d17 - std::rt::lang_start_internal::{{closure}}::h705d3c9cbc06ef47
[INFO] [stdout]                                at /rustc/82e1608dfa6e0b5569232559e3d385fea5a93112/library/std/src/rt.rs:148:48
[INFO] [stdout]   28:     0x5561791b8d17 - std::panicking::try::do_call::ha21f52ba13158470
[INFO] [stdout]                                at /rustc/82e1608dfa6e0b5569232559e3d385fea5a93112/library/std/src/panicking.rs:552:40
[INFO] [stdout]   29:     0x5561791b8d17 - std::panicking::try::h5581346bf6aeb1f8
[INFO] [stdout]                                at /rustc/82e1608dfa6e0b5569232559e3d385fea5a93112/library/std/src/panicking.rs:516:19
[INFO] [stdout]   30:     0x5561791b8d17 - std::panic::catch_unwind::h7919645a6b72e25b
[INFO] [stdout]                                at /rustc/82e1608dfa6e0b5569232559e3d385fea5a93112/library/std/src/panic.rs:142:14
[INFO] [stdout]   31:     0x5561791b8d17 - std::rt::lang_start_internal::h12de51168669836e
[INFO] [stdout]                                at /rustc/82e1608dfa6e0b5569232559e3d385fea5a93112/library/std/src/rt.rs:148:20
[INFO] [stdout]   32:     0x556179161977 - std::rt::lang_start::h2c48f91a7bf85629
[INFO] [stdout]   33:     0x556179163d65 - main
[INFO] [stdout]   34:     0x7fbdf5bfcd90 - <unknown>
[INFO] [stdout]   35:     0x7fbdf5bfce40 - __libc_start_main
[INFO] [stdout]   36:     0x556179161525 - _start
[INFO] [stdout]   37:                0x0 - <unknown>
[INFO] [stdout] 
[INFO] [stdout] 
[INFO] [stdout] 
[INFO] [stdout] failures:
[INFO] [stdout]     src/lib.rs - Store::get_metadata (line 708)
[INFO] [stdout] 
[INFO] [stdout] test result: FAILED. 8 passed; 1 failed; 0 ignored; 0 measured; 0 filtered out; finished in 0.31s
[INFO] [stdout] 
[INFO] [stderr] error: doctest failed, to rerun pass `--doc`
[INFO] running `Command { std: "docker" "inspect" "60de7d290967ee3bc27881f54556c03165bb50176082bf9e116918c983123ffa", kill_on_drop: false }`
[INFO] running `Command { std: "docker" "rm" "-f" "60de7d290967ee3bc27881f54556c03165bb50176082bf9e116918c983123ffa", kill_on_drop: false }`
[INFO] [stdout] 60de7d290967ee3bc27881f54556c03165bb50176082bf9e116918c983123ffa
