[INFO] fetching crate mqttest 0.2.0...
[INFO] testing mqttest-0.2.0 against 1.75.0 for beta-1.76-1
[INFO] extracting crate mqttest 0.2.0 into /workspace/builds/worker-1-tc1/source
[INFO] validating manifest of crates.io crate mqttest 0.2.0 on toolchain 1.75.0
[INFO] running `Command { std: CARGO_HOME="/workspace/cargo-home" RUSTUP_HOME="/workspace/rustup-home" "/workspace/cargo-home/bin/cargo" "+1.75.0" "metadata" "--manifest-path" "Cargo.toml" "--no-deps", kill_on_drop: false }`
[INFO] started tweaking crates.io crate mqttest 0.2.0
[INFO] finished tweaking crates.io crate mqttest 0.2.0
[INFO] tweaked toml for crates.io crate mqttest 0.2.0 written to /workspace/builds/worker-1-tc1/source/Cargo.toml
[INFO] crate crates.io crate mqttest 0.2.0 already has a lockfile, it will not be regenerated
[INFO] running `Command { std: CARGO_HOME="/workspace/cargo-home" RUSTUP_HOME="/workspace/rustup-home" "/workspace/cargo-home/bin/cargo" "+1.75.0" "fetch" "--manifest-path" "Cargo.toml", kill_on_drop: false }`
[INFO] [stderr]     Updating crates.io index
[INFO] [stderr]  Downloading crates ...
[INFO] [stderr]   Downloaded proc-macro2 v1.0.10
[INFO] [stderr]   Downloaded wasm-bindgen-macro-support v0.2.60
[INFO] [stderr]   Downloaded time-macros-impl v0.1.0
[INFO] [stderr]   Downloaded wasm-bindgen-shared v0.2.60
[INFO] [stderr]   Downloaded winapi-util v0.1.4
[INFO] [stderr]   Downloaded wasm-bindgen-backend v0.2.60
[INFO] [stderr]   Downloaded rustversion v1.0.2
[INFO] [stderr]   Downloaded structopt-derive v0.4.5
[INFO] [stderr]   Downloaded wasm-bindgen-macro v0.2.60
[INFO] [stderr]   Downloaded structopt v0.3.12
[INFO] [stderr]   Downloaded wasm-bindgen v0.2.60
[INFO] [stderr]   Downloaded libc v0.2.68
[INFO] [stderr]   Downloaded regex-syntax v0.6.17
[INFO] [stderr]   Downloaded regex v1.3.6
[INFO] [stderr]   Downloaded bumpalo v3.2.1
[INFO] [stderr]   Downloaded time v0.2.9
[INFO] [stderr]   Downloaded tokio v0.2.16
[INFO] [stderr]   Downloaded ryu v1.0.3
[INFO] [stderr]   Downloaded standback v0.2.2
[INFO] [stderr]   Downloaded hermit-abi v0.1.10
[INFO] [stderr]   Downloaded mqttrs v0.3.0
[INFO] running `Command { std: "docker" "create" "-v" "/var/lib/crater-agent-workspace/builds/worker-1-tc1/target:/opt/rustwide/target:rw,Z" "-v" "/var/lib/crater-agent-workspace/builds/worker-1-tc1/source:/opt/rustwide/workdir:ro,Z" "-v" "/var/lib/crater-agent-workspace/cargo-home:/opt/rustwide/cargo-home:ro,Z" "-v" "/var/lib/crater-agent-workspace/rustup-home:/opt/rustwide/rustup-home:ro,Z" "-e" "SOURCE_DIR=/opt/rustwide/workdir" "-e" "CARGO_TARGET_DIR=/opt/rustwide/target" "-e" "CARGO_HOME=/opt/rustwide/cargo-home" "-e" "RUSTUP_HOME=/opt/rustwide/rustup-home" "-w" "/opt/rustwide/workdir" "-m" "1610612736" "--user" "0:0" "--network" "none" "ghcr.io/rust-lang/crates-build-env/linux@sha256:2788e3201cd34a07e3172128adcd8b3090168a8e3bcc40d7c032b9dda1df7d1c" "/opt/rustwide/cargo-home/bin/cargo" "+1.75.0" "metadata" "--no-deps" "--format-version=1", kill_on_drop: false }`
[INFO] [stdout] 4dcc161d5358f0995e09a453145d6002e79495b675e6f2e72b821025ebb639ad
[INFO] running `Command { std: "docker" "start" "-a" "4dcc161d5358f0995e09a453145d6002e79495b675e6f2e72b821025ebb639ad", kill_on_drop: false }`
[INFO] running `Command { std: "docker" "inspect" "4dcc161d5358f0995e09a453145d6002e79495b675e6f2e72b821025ebb639ad", kill_on_drop: false }`
[INFO] running `Command { std: "docker" "rm" "-f" "4dcc161d5358f0995e09a453145d6002e79495b675e6f2e72b821025ebb639ad", kill_on_drop: false }`
[INFO] [stdout] 4dcc161d5358f0995e09a453145d6002e79495b675e6f2e72b821025ebb639ad
[INFO] running `Command { std: "docker" "create" "-v" "/var/lib/crater-agent-workspace/builds/worker-1-tc1/target:/opt/rustwide/target:rw,Z" "-v" "/var/lib/crater-agent-workspace/builds/worker-1-tc1/source:/opt/rustwide/workdir:ro,Z" "-v" "/var/lib/crater-agent-workspace/cargo-home:/opt/rustwide/cargo-home:ro,Z" "-v" "/var/lib/crater-agent-workspace/rustup-home:/opt/rustwide/rustup-home:ro,Z" "-e" "SOURCE_DIR=/opt/rustwide/workdir" "-e" "CARGO_TARGET_DIR=/opt/rustwide/target" "-e" "CARGO_INCREMENTAL=0" "-e" "RUST_BACKTRACE=full" "-e" "RUSTFLAGS=--cap-lints=warn" "-e" "RUSTDOCFLAGS=--cap-lints=warn" "-e" "CARGO_HOME=/opt/rustwide/cargo-home" "-e" "RUSTUP_HOME=/opt/rustwide/rustup-home" "-w" "/opt/rustwide/workdir" "-m" "1610612736" "--user" "0:0" "--network" "none" "ghcr.io/rust-lang/crates-build-env/linux@sha256:2788e3201cd34a07e3172128adcd8b3090168a8e3bcc40d7c032b9dda1df7d1c" "/opt/rustwide/cargo-home/bin/cargo" "+1.75.0" "build" "--frozen" "--message-format=json", kill_on_drop: false }`
[INFO] [stdout] d25807932b9b337847d145717a826d3c0f7334aa0ccb477732da2dc865642495
[INFO] running `Command { std: "docker" "start" "-a" "d25807932b9b337847d145717a826d3c0f7334aa0ccb477732da2dc865642495", kill_on_drop: false }`
[INFO] [stderr]    Compiling proc-macro2 v1.0.10
[INFO] [stderr]    Compiling unicode-xid v0.2.0
[INFO] [stderr]    Compiling syn v1.0.17
[INFO] [stderr]    Compiling libc v0.2.68
[INFO] [stderr]    Compiling cfg-if v0.1.10
[INFO] [stderr]    Compiling memchr v2.3.3
[INFO] [stderr]    Compiling version_check v0.9.1
[INFO] [stderr]    Compiling proc-macro-hack v0.5.15
[INFO] [stderr]    Compiling slab v0.4.2
[INFO] [stderr]    Compiling log v0.4.8
[INFO] [stderr]    Compiling futures-core v0.3.4
[INFO] [stderr]    Compiling lazy_static v1.4.0
[INFO] [stderr]    Compiling rustversion v1.0.2
[INFO] [stderr]    Compiling futures-sink v0.3.4
[INFO] [stderr]    Compiling getrandom v0.1.14
[INFO] [stderr]    Compiling proc-macro-error-attr v0.4.12
[INFO] [stderr]    Compiling proc-macro-nested v0.1.4
[INFO] [stderr]    Compiling proc-macro-error v0.4.12
[INFO] [stderr]    Compiling bitflags v1.2.1
[INFO] [stderr]    Compiling serde v1.0.106
[INFO] [stderr]    Compiling quote v1.0.3
[INFO] [stderr]    Compiling net2 v0.2.33
[INFO] [stderr]    Compiling iovec v0.1.4
[INFO] [stderr]    Compiling atty v0.2.14
[INFO] [stderr]    Compiling futures-channel v0.3.4
[INFO] [stderr]    Compiling bytes v0.5.4
[INFO] [stderr]    Compiling unicode-segmentation v1.6.0
[INFO] [stderr]    Compiling futures-task v0.3.4
[INFO] [stderr]    Compiling unicode-width v0.1.7
[INFO] [stderr]    Compiling mio v0.6.21
[INFO] [stderr]    Compiling pin-utils v0.1.0-alpha.4
[INFO] [stderr]    Compiling standback v0.2.2
[INFO] [stderr]    Compiling futures-io v0.3.4
[INFO] [stderr]    Compiling ryu v1.0.3
[INFO] [stderr]    Compiling heck v0.3.1
[INFO] [stderr]    Compiling textwrap v0.11.0
[INFO] [stderr]    Compiling rand_core v0.5.1
[INFO] [stderr]    Compiling num_cpus v1.12.0
[INFO] [stderr]    Compiling aho-corasick v0.7.10
[INFO] [stderr]    Compiling thread_local v1.0.1
[INFO] [stderr]    Compiling regex-syntax v0.6.17
[INFO] [stderr]    Compiling vec_map v0.8.1
[INFO] [stderr]    Compiling strsim v0.8.0
[INFO] [stderr]    Compiling mio-uds v0.6.7
[INFO] [stderr]    Compiling fnv v1.0.6
[INFO] [stderr]    Compiling pin-project-lite v0.1.4
[INFO] [stderr]    Compiling quick-error v1.2.3
[INFO] [stderr]    Compiling ppv-lite86 v0.2.6
[INFO] [stderr]    Compiling ansi_term v0.11.0
[INFO] [stderr]    Compiling clap v2.33.0
[INFO] [stderr]    Compiling humantime v1.3.0
[INFO] [stderr]    Compiling termcolor v1.1.0
[INFO] [stderr]    Compiling rand_chacha v0.2.2
[INFO] [stderr]    Compiling itoa v0.4.5
[INFO] [stderr]    Compiling rand v0.7.3
[INFO] [stderr]    Compiling regex v1.3.6
[INFO] [stderr]    Compiling syn-mid v0.5.0
[INFO] [stderr]    Compiling serde_derive v1.0.106
[INFO] [stderr]    Compiling futures-macro v0.3.4
[INFO] [stderr]    Compiling time-macros-impl v0.1.0
[INFO] [stderr]    Compiling tokio-macros v0.2.5
[INFO] [stderr]    Compiling time-macros v0.1.0
[INFO] [stderr]    Compiling env_logger v0.7.1
[INFO] [stderr]    Compiling tokio v0.2.16
[INFO] [stderr]    Compiling time v0.2.9
[INFO] [stderr]    Compiling structopt-derive v0.4.5
[INFO] [stderr]    Compiling futures-util v0.3.4
[INFO] [stderr]    Compiling structopt v0.3.12
[INFO] [stderr]    Compiling tokio-util v0.3.1
[INFO] [stderr]    Compiling futures-executor v0.3.4
[INFO] [stderr]    Compiling futures v0.3.4
[INFO] [stderr]    Compiling serde_json v1.0.51
[INFO] [stderr]    Compiling mqttrs v0.3.0
[INFO] [stderr]    Compiling mqttest v0.2.0 (/opt/rustwide/workdir)
[INFO] [stderr]     Finished dev [unoptimized + debuginfo] target(s) in 27.19s
[INFO] running `Command { std: "docker" "inspect" "d25807932b9b337847d145717a826d3c0f7334aa0ccb477732da2dc865642495", kill_on_drop: false }`
[INFO] running `Command { std: "docker" "rm" "-f" "d25807932b9b337847d145717a826d3c0f7334aa0ccb477732da2dc865642495", kill_on_drop: false }`
[INFO] [stdout] d25807932b9b337847d145717a826d3c0f7334aa0ccb477732da2dc865642495
[INFO] running `Command { std: "docker" "create" "-v" "/var/lib/crater-agent-workspace/builds/worker-1-tc1/target:/opt/rustwide/target:rw,Z" "-v" "/var/lib/crater-agent-workspace/builds/worker-1-tc1/source:/opt/rustwide/workdir:ro,Z" "-v" "/var/lib/crater-agent-workspace/cargo-home:/opt/rustwide/cargo-home:ro,Z" "-v" "/var/lib/crater-agent-workspace/rustup-home:/opt/rustwide/rustup-home:ro,Z" "-e" "SOURCE_DIR=/opt/rustwide/workdir" "-e" "CARGO_TARGET_DIR=/opt/rustwide/target" "-e" "CARGO_INCREMENTAL=0" "-e" "RUST_BACKTRACE=full" "-e" "RUSTFLAGS=--cap-lints=warn" "-e" "RUSTDOCFLAGS=--cap-lints=warn" "-e" "CARGO_HOME=/opt/rustwide/cargo-home" "-e" "RUSTUP_HOME=/opt/rustwide/rustup-home" "-w" "/opt/rustwide/workdir" "-m" "1610612736" "--user" "0:0" "--network" "none" "ghcr.io/rust-lang/crates-build-env/linux@sha256:2788e3201cd34a07e3172128adcd8b3090168a8e3bcc40d7c032b9dda1df7d1c" "/opt/rustwide/cargo-home/bin/cargo" "+1.75.0" "test" "--frozen" "--no-run" "--message-format=json", kill_on_drop: false }`
[INFO] [stdout] 00eb64d17435979d2860a36745bc3febe84e13b28c89060e2bae199d6e442462
[INFO] running `Command { std: "docker" "start" "-a" "00eb64d17435979d2860a36745bc3febe84e13b28c89060e2bae199d6e442462", kill_on_drop: false }`
[INFO] [stderr]    Compiling mqttest v0.2.0 (/opt/rustwide/workdir)
[INFO] [stderr]     Finished test [unoptimized + debuginfo] target(s) in 2.45s
[INFO] running `Command { std: "docker" "inspect" "00eb64d17435979d2860a36745bc3febe84e13b28c89060e2bae199d6e442462", kill_on_drop: false }`
[INFO] running `Command { std: "docker" "rm" "-f" "00eb64d17435979d2860a36745bc3febe84e13b28c89060e2bae199d6e442462", kill_on_drop: false }`
[INFO] [stdout] 00eb64d17435979d2860a36745bc3febe84e13b28c89060e2bae199d6e442462
[INFO] running `Command { std: "docker" "create" "-v" "/var/lib/crater-agent-workspace/builds/worker-1-tc1/target:/opt/rustwide/target:rw,Z" "-v" "/var/lib/crater-agent-workspace/builds/worker-1-tc1/source:/opt/rustwide/workdir:ro,Z" "-v" "/var/lib/crater-agent-workspace/cargo-home:/opt/rustwide/cargo-home:ro,Z" "-v" "/var/lib/crater-agent-workspace/rustup-home:/opt/rustwide/rustup-home:ro,Z" "-e" "SOURCE_DIR=/opt/rustwide/workdir" "-e" "CARGO_TARGET_DIR=/opt/rustwide/target" "-e" "CARGO_INCREMENTAL=0" "-e" "RUST_BACKTRACE=full" "-e" "RUSTFLAGS=--cap-lints=warn" "-e" "RUSTDOCFLAGS=--cap-lints=warn" "-e" "CARGO_HOME=/opt/rustwide/cargo-home" "-e" "RUSTUP_HOME=/opt/rustwide/rustup-home" "-w" "/opt/rustwide/workdir" "-m" "1610612736" "--user" "0:0" "--network" "none" "ghcr.io/rust-lang/crates-build-env/linux@sha256:2788e3201cd34a07e3172128adcd8b3090168a8e3bcc40d7c032b9dda1df7d1c" "/opt/rustwide/cargo-home/bin/cargo" "+1.75.0" "test" "--frozen", kill_on_drop: false }`
[INFO] [stdout] 2c3f09f2ba0197bf0a54b840f050acfbf4656992d82bec593863057a89d4fe21
[INFO] running `Command { std: "docker" "start" "-a" "2c3f09f2ba0197bf0a54b840f050acfbf4656992d82bec593863057a89d4fe21", kill_on_drop: false }`
[INFO] [stdout] 
[INFO] [stderr]     Finished test [unoptimized + debuginfo] target(s) in 0.08s
[INFO] [stdout] running 1 test
[INFO] [stderr]      Running unittests src/lib.rs (/opt/rustwide/target/debug/deps/mqttest-35451b891042b0b9)
[INFO] [stdout] test test::connect ... FAILED
[INFO] [stdout] 
[INFO] [stdout] failures:
[INFO] [stdout] 
[INFO] [stdout] ---- test::connect stdout ----
[INFO] [stdout] [2024-01-05T06:23:56Z DEBUG mqttest] Start Conf { ports: 1883..=2000, ack_timeouts: (Some(5s), None), ack_delay: 0ns, dump_files: [], dump_prefix: "", dump_decode: None, strict: false, idprefix: "", userpass: None, max_connect: 1, max_pkt: [None], max_pkt_delay: None, max_time: [None], sess_expire: [None] }
[INFO] [stdout] thread 'test::connect' panicked at src/test.rs:43:46:
[INFO] [stdout] Failed listen: Custom { kind: Other, error: "Listen failed on 127.0.0.1::1883..=2000 (raise log level for details)" }
[INFO] [stdout] stack backtrace:
[INFO] [stdout]    0:     0x555dc1f7ec8c - std::backtrace_rs::backtrace::libunwind::trace::ha637c64ce894333a
[INFO] [stdout]                                at /rustc/82e1608dfa6e0b5569232559e3d385fea5a93112/library/std/src/../../backtrace/src/backtrace/libunwind.rs:104:5
[INFO] [stdout]    1:     0x555dc1f7ec8c - std::backtrace_rs::backtrace::trace_unsynchronized::h47f62dea28e0c88d
[INFO] [stdout]                                at /rustc/82e1608dfa6e0b5569232559e3d385fea5a93112/library/std/src/../../backtrace/src/backtrace/mod.rs:66:5
[INFO] [stdout]    2:     0x555dc1f7ec8c - std::sys_common::backtrace::_print_fmt::h9eef0abe20ede486
[INFO] [stdout]                                at /rustc/82e1608dfa6e0b5569232559e3d385fea5a93112/library/std/src/sys_common/backtrace.rs:67:5
[INFO] [stdout]    3:     0x555dc1f7ec8c - <std::sys_common::backtrace::_print::DisplayBacktrace as core::fmt::Display>::fmt::hed7f999df88cc644
[INFO] [stdout]                                at /rustc/82e1608dfa6e0b5569232559e3d385fea5a93112/library/std/src/sys_common/backtrace.rs:44:22
[INFO] [stdout]    4:     0x555dc1fabd50 - core::fmt::rt::Argument::fmt::h1539a9308b8d058d
[INFO] [stdout]                                at /rustc/82e1608dfa6e0b5569232559e3d385fea5a93112/library/core/src/fmt/rt.rs:142:9
[INFO] [stdout]    5:     0x555dc1fabd50 - core::fmt::write::h3a39390d8560d9c9
[INFO] [stdout]                                at /rustc/82e1608dfa6e0b5569232559e3d385fea5a93112/library/core/src/fmt/mod.rs:1120:17
[INFO] [stdout]    6:     0x555dc1f7b63f - std::io::Write::write_fmt::h040b369f3a0f9cbc
[INFO] [stdout]                                at /rustc/82e1608dfa6e0b5569232559e3d385fea5a93112/library/std/src/io/mod.rs:1762:15
[INFO] [stdout]    7:     0x555dc1f7ea74 - std::sys_common::backtrace::_print::h894006fb5c6f3d45
[INFO] [stdout]                                at /rustc/82e1608dfa6e0b5569232559e3d385fea5a93112/library/std/src/sys_common/backtrace.rs:47:5
[INFO] [stdout]    8:     0x555dc1f7ea74 - std::sys_common::backtrace::print::h23a2d212c6fff936
[INFO] [stdout]                                at /rustc/82e1608dfa6e0b5569232559e3d385fea5a93112/library/std/src/sys_common/backtrace.rs:34:9
[INFO] [stdout]    9:     0x555dc1f80737 - std::panicking::default_hook::{{closure}}::h8a1d2ee00185001a
[INFO] [stdout]   10:     0x555dc1f80423 - std::panicking::default_hook::h6038f2eba384e475
[INFO] [stdout]                                at /rustc/82e1608dfa6e0b5569232559e3d385fea5a93112/library/std/src/panicking.rs:289:9
[INFO] [stdout]   11:     0x555dc1e4bee7 - <alloc::boxed::Box<F,A> as core::ops::function::Fn<Args>>::call::h0ad024c9bdc6d768
[INFO] [stdout]                                at /rustc/82e1608dfa6e0b5569232559e3d385fea5a93112/library/alloc/src/boxed.rs:2021:9
[INFO] [stdout]   12:     0x555dc1e4bee7 - test::test_main::{{closure}}::h7500b54257359db6
[INFO] [stdout]                                at /rustc/82e1608dfa6e0b5569232559e3d385fea5a93112/library/test/src/lib.rs:138:21
[INFO] [stdout]   13:     0x555dc1f80d48 - <alloc::boxed::Box<F,A> as core::ops::function::Fn<Args>>::call::h1f8f335eaa9cfaee
[INFO] [stdout]                                at /rustc/82e1608dfa6e0b5569232559e3d385fea5a93112/library/alloc/src/boxed.rs:2021:9
[INFO] [stdout]   14:     0x555dc1f80d48 - std::panicking::rust_panic_with_hook::h2b5517d590cab22e
[INFO] [stdout]                                at /rustc/82e1608dfa6e0b5569232559e3d385fea5a93112/library/std/src/panicking.rs:783:13
[INFO] [stdout]   15:     0x555dc1f80a9e - std::panicking::begin_panic_handler::{{closure}}::h233112c06e0ef43e
[INFO] [stdout]                                at /rustc/82e1608dfa6e0b5569232559e3d385fea5a93112/library/std/src/panicking.rs:657:13
[INFO] [stdout]   16:     0x555dc1f7f156 - std::sys_common::backtrace::__rust_end_short_backtrace::h6e893f24d7ebbff8
[INFO] [stdout]                                at /rustc/82e1608dfa6e0b5569232559e3d385fea5a93112/library/std/src/sys_common/backtrace.rs:170:18
[INFO] [stdout]   17:     0x555dc1f80802 - rust_begin_unwind
[INFO] [stdout]                                at /rustc/82e1608dfa6e0b5569232559e3d385fea5a93112/library/std/src/panicking.rs:645:5
[INFO] [stdout]   18:     0x555dc1c08445 - core::panicking::panic_fmt::hbf0e066aabfa482c
[INFO] [stdout]                                at /rustc/82e1608dfa6e0b5569232559e3d385fea5a93112/library/core/src/panicking.rs:72:14
[INFO] [stdout]   19:     0x555dc1c08a13 - core::result::unwrap_failed::hddb4fea594200c52
[INFO] [stdout]                                at /rustc/82e1608dfa6e0b5569232559e3d385fea5a93112/library/core/src/result.rs:1653:5
[INFO] [stdout]   20:     0x555dc1c572c3 - core::result::Result<T,E>::expect::h4a00a8cdd3a75874
[INFO] [stdout]                                at /rustc/82e1608dfa6e0b5569232559e3d385fea5a93112/library/core/src/result.rs:1034:23
[INFO] [stdout]   21:     0x555dc1c5dadf - mqttest::test::connect::{{closure}}::h9309811860dc8dbf
[INFO] [stdout]                                at /opt/rustwide/workdir/src/test.rs:43:19
[INFO] [stdout]   22:     0x555dc1c697f3 - tokio::runtime::basic_scheduler::BasicScheduler<P>::block_on::{{closure}}::{{closure}}::hd7a5507ca3371930
[INFO] [stdout]                                at /opt/rustwide/cargo-home/registry/src/index.crates.io-6f17d22bba15001f/tokio-0.2.16/src/runtime/basic_scheduler.rs:131:58
[INFO] [stdout]   23:     0x555dc1c3ff4e - tokio::coop::budget::{{closure}}::h702e6ad65c240a26
[INFO] [stdout]                                at /opt/rustwide/cargo-home/registry/src/index.crates.io-6f17d22bba15001f/tokio-0.2.16/src/coop.rs:97:9
[INFO] [stdout]   24:     0x555dc1c7a0c5 - std::thread::local::LocalKey<T>::try_with::hf0e59b9c93019260
[INFO] [stdout]                                at /rustc/82e1608dfa6e0b5569232559e3d385fea5a93112/library/std/src/thread/local.rs:270:16
[INFO] [stdout]   25:     0x555dc1c79696 - std::thread::local::LocalKey<T>::with::h4395249fc7eabd01
[INFO] [stdout]                                at /rustc/82e1608dfa6e0b5569232559e3d385fea5a93112/library/std/src/thread/local.rs:246:9
[INFO] [stdout]   26:     0x555dc1c6926d - tokio::coop::budget::h14447a89bfaea22e
[INFO] [stdout]                                at /opt/rustwide/cargo-home/registry/src/index.crates.io-6f17d22bba15001f/tokio-0.2.16/src/coop.rs:79:5
[INFO] [stdout]   27:     0x555dc1c6926d - tokio::runtime::basic_scheduler::BasicScheduler<P>::block_on::{{closure}}::hed839e01a3864b08
[INFO] [stdout]                                at /opt/rustwide/cargo-home/registry/src/index.crates.io-6f17d22bba15001f/tokio-0.2.16/src/runtime/basic_scheduler.rs:131:35
[INFO] [stdout]   28:     0x555dc1c69c0b - tokio::runtime::basic_scheduler::enter::{{closure}}::h5b0f1738b8028656
[INFO] [stdout]                                at /opt/rustwide/cargo-home/registry/src/index.crates.io-6f17d22bba15001f/tokio-0.2.16/src/runtime/basic_scheduler.rs:213:29
[INFO] [stdout]   29:     0x555dc1c39ed0 - tokio::macros::scoped_tls::ScopedKey<T>::set::hd21846bb5ee67bc1
[INFO] [stdout]                                at /opt/rustwide/cargo-home/registry/src/index.crates.io-6f17d22bba15001f/tokio-0.2.16/src/macros/scoped_tls.rs:64:9
[INFO] [stdout]   30:     0x555dc1c69b2e - tokio::runtime::basic_scheduler::enter::h5d4ebc8d10d28b19
[INFO] [stdout]                                at /opt/rustwide/cargo-home/registry/src/index.crates.io-6f17d22bba15001f/tokio-0.2.16/src/runtime/basic_scheduler.rs:213:5
[INFO] [stdout]   31:     0x555dc1c6903c - tokio::runtime::basic_scheduler::BasicScheduler<P>::block_on::h8be43ffc63c3643a
[INFO] [stdout]                                at /opt/rustwide/cargo-home/registry/src/index.crates.io-6f17d22bba15001f/tokio-0.2.16/src/runtime/basic_scheduler.rs:123:9
[INFO] [stdout]   32:     0x555dc1caa394 - tokio::runtime::Runtime::block_on::{{closure}}::h8e44fe77b45ab865
[INFO] [stdout]                                at /opt/rustwide/cargo-home/registry/src/index.crates.io-6f17d22bba15001f/tokio-0.2.16/src/runtime/mod.rs:418:34
[INFO] [stdout]   33:     0x555dc1ca0925 - tokio::runtime::context::enter::hb76b46d5becd1a14
[INFO] [stdout]                                at /opt/rustwide/cargo-home/registry/src/index.crates.io-6f17d22bba15001f/tokio-0.2.16/src/runtime/context.rs:72:5
[INFO] [stdout]   34:     0x555dc1c33835 - tokio::runtime::handle::Handle::enter::h6a4315d43764d91e
[INFO] [stdout]                                at /opt/rustwide/cargo-home/registry/src/index.crates.io-6f17d22bba15001f/tokio-0.2.16/src/runtime/handle.rs:39:9
[INFO] [stdout]   35:     0x555dc1caa2a4 - tokio::runtime::Runtime::block_on::h633972cdf36b4f51
[INFO] [stdout]                                at /opt/rustwide/cargo-home/registry/src/index.crates.io-6f17d22bba15001f/tokio-0.2.16/src/runtime/mod.rs:415:9
[INFO] [stdout]   36:     0x555dc1c5d661 - mqttest::test::block_on::h5aafe82d690fe8f6
[INFO] [stdout]                                at /opt/rustwide/workdir/src/test.rs:34:5
[INFO] [stdout]   37:     0x555dc1c5d740 - mqttest::test::connect::hf23b32a4cabfe1f3
[INFO] [stdout]                                at /opt/rustwide/workdir/src/test.rs:39:32
[INFO] [stdout]   38:     0x555dc1c5d707 - mqttest::test::connect::{{closure}}::hbbe2a4632afce1d0
[INFO] [stdout]                                at /opt/rustwide/workdir/src/test.rs:38:13
[INFO] [stdout]   39:     0x555dc1c5ee46 - core::ops::function::FnOnce::call_once::h377ebc8c6a95f004
[INFO] [stdout]                                at /rustc/82e1608dfa6e0b5569232559e3d385fea5a93112/library/core/src/ops/function.rs:250:5
[INFO] [stdout]   40:     0x555dc1e5153f - core::ops::function::FnOnce::call_once::h2b5d431d5046312d
[INFO] [stdout]                                at /rustc/82e1608dfa6e0b5569232559e3d385fea5a93112/library/core/src/ops/function.rs:250:5
[INFO] [stdout]   41:     0x555dc1e5153f - test::__rust_begin_short_backtrace::h7714669af176e207
[INFO] [stdout]                                at /rustc/82e1608dfa6e0b5569232559e3d385fea5a93112/library/test/src/lib.rs:628:18
[INFO] [stdout]   42:     0x555dc1e50555 - test::run_test_in_process::{{closure}}::h85218797dcbcec12
[INFO] [stdout]                                at /rustc/82e1608dfa6e0b5569232559e3d385fea5a93112/library/test/src/lib.rs:651:60
[INFO] [stdout]   43:     0x555dc1e50555 - <core::panic::unwind_safe::AssertUnwindSafe<F> as core::ops::function::FnOnce<()>>::call_once::h76c106ea31c14d7b
[INFO] [stdout]                                at /rustc/82e1608dfa6e0b5569232559e3d385fea5a93112/library/core/src/panic/unwind_safe.rs:272:9
[INFO] [stdout]   44:     0x555dc1e50555 - std::panicking::try::do_call::h3bd5d0f6620ee946
[INFO] [stdout]                                at /rustc/82e1608dfa6e0b5569232559e3d385fea5a93112/library/std/src/panicking.rs:552:40
[INFO] [stdout]   45:     0x555dc1e50555 - std::panicking::try::h232e535e4744fe31
[INFO] [stdout]                                at /rustc/82e1608dfa6e0b5569232559e3d385fea5a93112/library/std/src/panicking.rs:516:19
[INFO] [stdout]   46:     0x555dc1e50555 - std::panic::catch_unwind::h3ce3bd6ca8dbac68
[INFO] [stdout]                                at /rustc/82e1608dfa6e0b5569232559e3d385fea5a93112/library/std/src/panic.rs:142:14
[INFO] [stdout]   47:     0x555dc1e50555 - test::run_test_in_process::hc97b257c9621286a
[INFO] [stdout]                                at /rustc/82e1608dfa6e0b5569232559e3d385fea5a93112/library/test/src/lib.rs:651:27
[INFO] [stdout]   48:     0x555dc1e50555 - test::run_test::{{closure}}::h2aa798823a438d38
[INFO] [stdout]                                at /rustc/82e1608dfa6e0b5569232559e3d385fea5a93112/library/test/src/lib.rs:574:43
[INFO] [stdout]   49:     0x555dc1e18816 - test::run_test::{{closure}}::h87d231c78fb59832
[INFO] [stdout]                                at /rustc/82e1608dfa6e0b5569232559e3d385fea5a93112/library/test/src/lib.rs:602:41
[INFO] [stdout]   50:     0x555dc1e18816 - std::sys_common::backtrace::__rust_begin_short_backtrace::he6df152596625789
[INFO] [stdout]                                at /rustc/82e1608dfa6e0b5569232559e3d385fea5a93112/library/std/src/sys_common/backtrace.rs:154:18
[INFO] [stdout]   51:     0x555dc1e1d8c7 - std::thread::Builder::spawn_unchecked_::{{closure}}::{{closure}}::ha94be15d1e0acf36
[INFO] [stdout]                                at /rustc/82e1608dfa6e0b5569232559e3d385fea5a93112/library/std/src/thread/mod.rs:529:17
[INFO] [stdout]   52:     0x555dc1e1d8c7 - <core::panic::unwind_safe::AssertUnwindSafe<F> as core::ops::function::FnOnce<()>>::call_once::h9dc6bd6372f16606
[INFO] [stdout]                                at /rustc/82e1608dfa6e0b5569232559e3d385fea5a93112/library/core/src/panic/unwind_safe.rs:272:9
[INFO] [stdout]   53:     0x555dc1e1d8c7 - std::panicking::try::do_call::h9057517f80303cd4
[INFO] [stdout]                                at /rustc/82e1608dfa6e0b5569232559e3d385fea5a93112/library/std/src/panicking.rs:552:40
[INFO] [stdout]   54:     0x555dc1e1d8c7 - std::panicking::try::he3a30b11ee45340c
[INFO] [stdout]                                at /rustc/82e1608dfa6e0b5569232559e3d385fea5a93112/library/std/src/panicking.rs:516:19
[INFO] [stdout]   55:     0x555dc1e1d8c7 - std::panic::catch_unwind::h410458cfd3528b8b
[INFO] [stdout]                                at /rustc/82e1608dfa6e0b5569232559e3d385fea5a93112/library/std/src/panic.rs:142:14
[INFO] [stdout]   56:     0x555dc1e1d8c7 - std::thread::Builder::spawn_unchecked_::{{closure}}::h72ac3bdb567b737b
[INFO] [stdout]                                at /rustc/82e1608dfa6e0b5569232559e3d385fea5a93112/library/std/src/thread/mod.rs:528:30
[INFO] [stdout]   57:     0x555dc1e1d8c7 - core::ops::function::FnOnce::call_once{{vtable.shim}}::h38f34da3654a8344
[INFO] [stdout]                                at /rustc/82e1608dfa6e0b5569232559e3d385fea5a93112/library/core/src/ops/function.rs:250:5
[INFO] [stdout]   58:     0x555dc1f858d5 - <alloc::boxed::Box<F,A> as core::ops::function::FnOnce<Args>>::call_once::hc7eafaff61e32df9
[INFO] [stdout]                                at /rustc/82e1608dfa6e0b5569232559e3d385fea5a93112/library/alloc/src/boxed.rs:2007:9
[INFO] [stdout]   59:     0x555dc1f858d5 - <alloc::boxed::Box<F,A> as core::ops::function::FnOnce<Args>>::call_once::h6ba4a5de48dd2304
[INFO] [stdout]                                at /rustc/82e1608dfa6e0b5569232559e3d385fea5a93112/library/alloc/src/boxed.rs:2007:9
[INFO] [stdout]   60:     0x555dc1f858d5 - std::sys::unix::thread::Thread::new::thread_start::he469335aef763e45
[INFO] [stdout]                                at /rustc/82e1608dfa6e0b5569232559e3d385fea5a93112/library/std/src/sys/unix/thread.rs:108:17
[INFO] [stdout]   61:     0x7f68c34f2ac3 - <unknown>
[INFO] [stdout]   62:     0x7f68c3583bf4 - __clone
[INFO] [stdout]   63:                0x0 - <unknown>
[INFO] [stdout] 
[INFO] [stdout] 
[INFO] [stdout] failures:
[INFO] [stdout]     test::connect
[INFO] [stdout] 
[INFO] [stdout] test result: FAILED. 0 passed; 1 failed; 0 ignored; 0 measured; 0 filtered out; finished in 0.03s
[INFO] [stdout] 
[INFO] [stderr] error: test failed, to rerun pass `--lib`
[INFO] running `Command { std: "docker" "inspect" "2c3f09f2ba0197bf0a54b840f050acfbf4656992d82bec593863057a89d4fe21", kill_on_drop: false }`
[INFO] running `Command { std: "docker" "rm" "-f" "2c3f09f2ba0197bf0a54b840f050acfbf4656992d82bec593863057a89d4fe21", kill_on_drop: false }`
[INFO] [stdout] 2c3f09f2ba0197bf0a54b840f050acfbf4656992d82bec593863057a89d4fe21
