[INFO] fetching crate mqtt-analyzer 0.3.1...
[INFO] testing mqtt-analyzer-0.3.1 against 1.75.0 for beta-1.76-1
[INFO] extracting crate mqtt-analyzer 0.3.1 into /workspace/builds/worker-5-tc1/source
[INFO] validating manifest of crates.io crate mqtt-analyzer 0.3.1 on toolchain 1.75.0
[INFO] running `Command { std: CARGO_HOME="/workspace/cargo-home" RUSTUP_HOME="/workspace/rustup-home" "/workspace/cargo-home/bin/cargo" "+1.75.0" "metadata" "--manifest-path" "Cargo.toml" "--no-deps", kill_on_drop: false }`
[INFO] started tweaking crates.io crate mqtt-analyzer 0.3.1
[INFO] finished tweaking crates.io crate mqtt-analyzer 0.3.1
[INFO] tweaked toml for crates.io crate mqtt-analyzer 0.3.1 written to /workspace/builds/worker-5-tc1/source/Cargo.toml
[INFO] crate crates.io crate mqtt-analyzer 0.3.1 already has a lockfile, it will not be regenerated
[INFO] running `Command { std: CARGO_HOME="/workspace/cargo-home" RUSTUP_HOME="/workspace/rustup-home" "/workspace/cargo-home/bin/cargo" "+1.75.0" "fetch" "--manifest-path" "Cargo.toml", kill_on_drop: false }`
[INFO] [stderr]     Updating crates.io index
[INFO] [stderr]  Downloading crates ...
[INFO] [stderr]   Downloaded bitflags v1.2.0
[INFO] [stderr]   Downloaded autocfg v0.1.6
[INFO] [stderr]   Downloaded num_cpus v1.10.1
[INFO] [stderr]   Downloaded tokio-sync v0.1.6
[INFO] [stderr]   Downloaded owning_ref v0.4.0
[INFO] [stderr]   Downloaded memoffset v0.5.1
[INFO] [stderr]   Downloaded backtrace v0.3.38
[INFO] [stderr]   Downloaded failure_derive v0.1.5
[INFO] [stderr]   Downloaded failure v0.1.5
[INFO] [stderr]   Downloaded cc v1.0.45
[INFO] [stderr]   Downloaded backtrace-sys v0.1.31
[INFO] [stderr]   Downloaded iovec v0.1.2
[INFO] [stderr]   Downloaded nodrop v0.1.13
[INFO] [stderr]   Downloaded arrayvec v0.4.11
[INFO] [stderr]   Downloaded crossbeam-deque v0.7.1
[INFO] [stderr]   Downloaded rgb v0.8.14
[INFO] [stderr]   Downloaded colored v1.8.0
[INFO] [stderr]   Downloaded derive_more v0.13.0
[INFO] [stderr]   Downloaded mqtt311 v0.2.0
[INFO] [stderr]   Downloaded winconsole v0.10.0
[INFO] [stderr]   Downloaded jsonwebtoken v6.0.1
[INFO] [stderr]   Downloaded circular-queue v0.2.2
[INFO] [stderr]   Downloaded sct v0.5.0
[INFO] [stderr]   Downloaded chrono v0.4.9
[INFO] [stderr]   Downloaded tokio-reactor v0.1.9
[INFO] [stderr]   Downloaded tui v0.5.1
[INFO] [stderr]   Downloaded itertools v0.8.0
[INFO] [stderr]   Downloaded tokio-threadpool v0.1.15
[INFO] [stderr]   Downloaded tokio-rustls v0.9.3
[INFO] [stderr]   Downloaded webpki v0.19.1
[INFO] [stderr]   Downloaded smallvec v0.6.10
[INFO] [stderr]   Downloaded rustls v0.15.2
[INFO] [stderr]   Downloaded rumqtt v0.31.0
[INFO] running `Command { std: "docker" "create" "-v" "/var/lib/crater-agent-workspace/builds/worker-5-tc1/target:/opt/rustwide/target:rw,Z" "-v" "/var/lib/crater-agent-workspace/builds/worker-5-tc1/source:/opt/rustwide/workdir:ro,Z" "-v" "/var/lib/crater-agent-workspace/cargo-home:/opt/rustwide/cargo-home:ro,Z" "-v" "/var/lib/crater-agent-workspace/rustup-home:/opt/rustwide/rustup-home:ro,Z" "-e" "SOURCE_DIR=/opt/rustwide/workdir" "-e" "CARGO_TARGET_DIR=/opt/rustwide/target" "-e" "CARGO_HOME=/opt/rustwide/cargo-home" "-e" "RUSTUP_HOME=/opt/rustwide/rustup-home" "-w" "/opt/rustwide/workdir" "-m" "1610612736" "--user" "0:0" "--network" "none" "ghcr.io/rust-lang/crates-build-env/linux@sha256:2788e3201cd34a07e3172128adcd8b3090168a8e3bcc40d7c032b9dda1df7d1c" "/opt/rustwide/cargo-home/bin/cargo" "+1.75.0" "metadata" "--no-deps" "--format-version=1", kill_on_drop: false }`
[INFO] [stdout] b1b95468612aef8e774222481df11c83b604720e23fde435270656fecea06a4c
[INFO] running `Command { std: "docker" "start" "-a" "b1b95468612aef8e774222481df11c83b604720e23fde435270656fecea06a4c", kill_on_drop: false }`
[INFO] running `Command { std: "docker" "inspect" "b1b95468612aef8e774222481df11c83b604720e23fde435270656fecea06a4c", kill_on_drop: false }`
[INFO] running `Command { std: "docker" "rm" "-f" "b1b95468612aef8e774222481df11c83b604720e23fde435270656fecea06a4c", kill_on_drop: false }`
[INFO] [stdout] b1b95468612aef8e774222481df11c83b604720e23fde435270656fecea06a4c
[INFO] running `Command { std: "docker" "create" "-v" "/var/lib/crater-agent-workspace/builds/worker-5-tc1/target:/opt/rustwide/target:rw,Z" "-v" "/var/lib/crater-agent-workspace/builds/worker-5-tc1/source:/opt/rustwide/workdir:ro,Z" "-v" "/var/lib/crater-agent-workspace/cargo-home:/opt/rustwide/cargo-home:ro,Z" "-v" "/var/lib/crater-agent-workspace/rustup-home:/opt/rustwide/rustup-home:ro,Z" "-e" "SOURCE_DIR=/opt/rustwide/workdir" "-e" "CARGO_TARGET_DIR=/opt/rustwide/target" "-e" "CARGO_INCREMENTAL=0" "-e" "RUST_BACKTRACE=full" "-e" "RUSTFLAGS=--cap-lints=warn" "-e" "RUSTDOCFLAGS=--cap-lints=warn" "-e" "CARGO_HOME=/opt/rustwide/cargo-home" "-e" "RUSTUP_HOME=/opt/rustwide/rustup-home" "-w" "/opt/rustwide/workdir" "-m" "1610612736" "--user" "0:0" "--network" "none" "ghcr.io/rust-lang/crates-build-env/linux@sha256:2788e3201cd34a07e3172128adcd8b3090168a8e3bcc40d7c032b9dda1df7d1c" "/opt/rustwide/cargo-home/bin/cargo" "+1.75.0" "build" "--frozen" "--message-format=json", kill_on_drop: false }`
[INFO] [stdout] a351c1b3356e1629e83139c9ebcee03b904ae41a1edb97f11f724e85dd20ea9e
[INFO] running `Command { std: "docker" "start" "-a" "a351c1b3356e1629e83139c9ebcee03b904ae41a1edb97f11f724e85dd20ea9e", kill_on_drop: false }`
[INFO] [stderr]    Compiling libc v0.2.62
[INFO] [stderr]    Compiling autocfg v0.1.6
[INFO] [stderr]    Compiling rand_core v0.4.2
[INFO] [stderr]    Compiling semver-parser v0.7.0
[INFO] [stderr]    Compiling cc v1.0.45
[INFO] [stderr]    Compiling byteorder v1.3.2
[INFO] [stderr]    Compiling crossbeam-utils v0.6.6
[INFO] [stderr]    Compiling futures v0.1.29
[INFO] [stderr]    Compiling rand_core v0.3.1
[INFO] [stderr]    Compiling semver v0.9.0
[INFO] [stderr]    Compiling rand_pcg v0.1.2
[INFO] [stderr]    Compiling rand_chacha v0.1.1
[INFO] [stderr]    Compiling rustc_version v0.2.3
[INFO] [stderr]    Compiling rand v0.6.5
[INFO] [stderr]    Compiling num-traits v0.2.8
[INFO] [stderr]    Compiling proc-macro2 v0.4.30
[INFO] [stderr]    Compiling rand_xorshift v0.1.1
[INFO] [stderr]    Compiling iovec v0.1.2
[INFO] [stderr]    Compiling rand_os v0.1.3
[INFO] [stderr]    Compiling rand_isaac v0.1.1
[INFO] [stderr]    Compiling rand_hc v0.1.0
[INFO] [stderr]    Compiling rand_jitter v0.1.4
[INFO] [stderr]    Compiling unicode-xid v0.1.0
[INFO] [stderr]    Compiling syn v0.15.44
[INFO] [stderr]    Compiling ring v0.14.6
[INFO] [stderr]    Compiling tokio-executor v0.1.8
[INFO] [stderr]    Compiling bytes v0.4.12
[INFO] [stderr]    Compiling memoffset v0.5.1
[INFO] [stderr]    Compiling parking_lot_core v0.4.0
[INFO] [stderr]    Compiling quote v0.6.13
[INFO] [stderr]    Compiling proc-macro2 v1.0.4
[INFO] [stderr]    Compiling slab v0.4.2
[INFO] [stderr]    Compiling arrayvec v0.4.11
[INFO] [stderr]    Compiling untrusted v0.6.2
[INFO] [stderr]    Compiling stable_deref_trait v1.1.1
[INFO] [stderr]    Compiling owning_ref v0.4.0
[INFO] [stderr]    Compiling tokio-io v0.1.12
[INFO] [stderr]    Compiling backtrace-sys v0.1.31
[INFO] [stderr]    Compiling serde v1.0.101
[INFO] [stderr]    Compiling smallvec v0.6.10
[INFO] [stderr]    Compiling scopeguard v0.3.3
[INFO] [stderr]    Compiling nodrop v0.1.13
[INFO] [stderr]    Compiling lock_api v0.1.5
[INFO] [stderr]    Compiling num_cpus v1.10.1
[INFO] [stderr]    Compiling net2 v0.2.33
[INFO] [stderr]    Compiling num-integer v0.1.41
[INFO] [stderr]    Compiling failure_derive v0.1.5
[INFO] [stderr]    Compiling fnv v1.0.6
[INFO] [stderr]    Compiling scopeguard v1.0.0
[INFO] [stderr]    Compiling ryu v1.0.0
[INFO] [stderr]    Compiling syn v1.0.5
[INFO] [stderr]    Compiling crossbeam-epoch v0.7.2
[INFO] [stderr]    Compiling tokio-sync v0.1.6
[INFO] [stderr]    Compiling mio v0.6.19
[INFO] [stderr]    Compiling parking_lot v0.7.1
[INFO] [stderr]    Compiling quote v1.0.2
[INFO] [stderr]    Compiling base64 v0.10.1
[INFO] [stderr]    Compiling bitflags v1.2.0
[INFO] [stderr]    Compiling cgmath v0.16.1
[INFO] [stderr]    Compiling winapi v0.3.8
[INFO] [stderr]    Compiling rustc-demangle v0.1.16
[INFO] [stderr]    Compiling tokio-reactor v0.1.9
[INFO] [stderr]    Compiling backtrace v0.3.38
[INFO] [stderr]    Compiling synstructure v0.10.2
[INFO] [stderr]    Compiling crossbeam-deque v0.7.1
[INFO] [stderr]    Compiling num-traits v0.1.43
[INFO] [stderr]    Compiling rand v0.4.6
[INFO] [stderr]    Compiling time v0.1.42
[INFO] [stderr]    Compiling crossbeam-queue v0.1.2
[INFO] [stderr]    Compiling unicode-width v0.1.6
[INFO] [stderr]    Compiling approx v0.1.1
[INFO] [stderr]    Compiling sct v0.5.0
[INFO] [stderr]    Compiling webpki v0.19.1
[INFO] [stderr]    Compiling version_check v0.9.1
[INFO] [stderr]    Compiling itoa v0.4.4
[INFO] [stderr]    Compiling rustls v0.15.2
[INFO] [stderr]    Compiling circular-queue v0.2.2
[INFO] [stderr]    Compiling chrono v0.4.9
[INFO] [stderr]    Compiling derive_more v0.13.0
[INFO] [stderr]    Compiling tokio-threadpool v0.1.15
[INFO] [stderr]    Compiling serde_json v1.0.40
[INFO] [stderr]    Compiling failure v0.1.5
[INFO] [stderr]    Compiling serde_derive v1.0.101
[INFO] [stderr]    Compiling tokio-tcp v0.1.3
[INFO] [stderr]    Compiling tokio-codec v0.1.1
[INFO] [stderr]    Compiling tokio-timer v0.2.11
[INFO] [stderr]    Compiling tokio-current-thread v0.1.6
[INFO] [stderr]    Compiling either v1.5.3
[INFO] [stderr]    Compiling numtoa v0.1.0
[INFO] [stderr]    Compiling rgb v0.8.14
[INFO] [stderr]    Compiling winconsole v0.10.0
[INFO] [stderr]    Compiling termion v1.5.3
[INFO] [stderr]    Compiling tokio v0.1.22
[INFO] [stderr]    Compiling itertools v0.8.0
[INFO] [stderr]    Compiling tokio-rustls v0.9.3
[INFO] [stderr]    Compiling uuid v0.7.4
[INFO] [stderr]    Compiling textwrap v0.11.0
[INFO] [stderr]    Compiling mqtt311 v0.2.0
[INFO] [stderr]    Compiling atty v0.2.13
[INFO] [stderr]    Compiling crossbeam-channel v0.3.9
[INFO] [stderr]    Compiling cassowary v0.3.0
[INFO] [stderr]    Compiling unicode-segmentation v1.3.0
[INFO] [stderr]    Compiling ansi_term v0.11.0
[INFO] [stderr]    Compiling vec_map v0.8.1
[INFO] [stderr]    Compiling strsim v0.8.0
[INFO] [stderr]    Compiling colored v1.8.0
[INFO] [stderr]    Compiling tui v0.5.1
[INFO] [stderr]    Compiling clap v2.33.0
[INFO] [stderr]    Compiling hex v0.3.2
[INFO] [stderr]    Compiling jsonwebtoken v6.0.1
[INFO] [stderr]    Compiling rumqtt v0.31.0
[INFO] [stderr]    Compiling mqtt-analyzer v0.3.1 (/opt/rustwide/workdir)
[INFO] [stderr]     Finished dev [unoptimized + debuginfo] target(s) in 34.74s
[INFO] running `Command { std: "docker" "inspect" "a351c1b3356e1629e83139c9ebcee03b904ae41a1edb97f11f724e85dd20ea9e", kill_on_drop: false }`
[INFO] running `Command { std: "docker" "rm" "-f" "a351c1b3356e1629e83139c9ebcee03b904ae41a1edb97f11f724e85dd20ea9e", kill_on_drop: false }`
[INFO] [stdout] a351c1b3356e1629e83139c9ebcee03b904ae41a1edb97f11f724e85dd20ea9e
[INFO] running `Command { std: "docker" "create" "-v" "/var/lib/crater-agent-workspace/builds/worker-5-tc1/target:/opt/rustwide/target:rw,Z" "-v" "/var/lib/crater-agent-workspace/builds/worker-5-tc1/source:/opt/rustwide/workdir:ro,Z" "-v" "/var/lib/crater-agent-workspace/cargo-home:/opt/rustwide/cargo-home:ro,Z" "-v" "/var/lib/crater-agent-workspace/rustup-home:/opt/rustwide/rustup-home:ro,Z" "-e" "SOURCE_DIR=/opt/rustwide/workdir" "-e" "CARGO_TARGET_DIR=/opt/rustwide/target" "-e" "CARGO_INCREMENTAL=0" "-e" "RUST_BACKTRACE=full" "-e" "RUSTFLAGS=--cap-lints=warn" "-e" "RUSTDOCFLAGS=--cap-lints=warn" "-e" "CARGO_HOME=/opt/rustwide/cargo-home" "-e" "RUSTUP_HOME=/opt/rustwide/rustup-home" "-w" "/opt/rustwide/workdir" "-m" "1610612736" "--user" "0:0" "--network" "none" "ghcr.io/rust-lang/crates-build-env/linux@sha256:2788e3201cd34a07e3172128adcd8b3090168a8e3bcc40d7c032b9dda1df7d1c" "/opt/rustwide/cargo-home/bin/cargo" "+1.75.0" "test" "--frozen" "--no-run" "--message-format=json", kill_on_drop: false }`
[INFO] [stdout] 948a7db403567a476e9fb6f081bdbd9d798977fa24ebd7518a680bde8c7907f6
[INFO] running `Command { std: "docker" "start" "-a" "948a7db403567a476e9fb6f081bdbd9d798977fa24ebd7518a680bde8c7907f6", kill_on_drop: false }`
[INFO] [stderr]    Compiling mqtt-analyzer v0.3.1 (/opt/rustwide/workdir)
[INFO] [stderr]     Finished test [unoptimized + debuginfo] target(s) in 2.16s
[INFO] running `Command { std: "docker" "inspect" "948a7db403567a476e9fb6f081bdbd9d798977fa24ebd7518a680bde8c7907f6", kill_on_drop: false }`
[INFO] running `Command { std: "docker" "rm" "-f" "948a7db403567a476e9fb6f081bdbd9d798977fa24ebd7518a680bde8c7907f6", kill_on_drop: false }`
[INFO] [stdout] 948a7db403567a476e9fb6f081bdbd9d798977fa24ebd7518a680bde8c7907f6
[INFO] running `Command { std: "docker" "create" "-v" "/var/lib/crater-agent-workspace/builds/worker-5-tc1/target:/opt/rustwide/target:rw,Z" "-v" "/var/lib/crater-agent-workspace/builds/worker-5-tc1/source:/opt/rustwide/workdir:ro,Z" "-v" "/var/lib/crater-agent-workspace/cargo-home:/opt/rustwide/cargo-home:ro,Z" "-v" "/var/lib/crater-agent-workspace/rustup-home:/opt/rustwide/rustup-home:ro,Z" "-e" "SOURCE_DIR=/opt/rustwide/workdir" "-e" "CARGO_TARGET_DIR=/opt/rustwide/target" "-e" "CARGO_INCREMENTAL=0" "-e" "RUST_BACKTRACE=full" "-e" "RUSTFLAGS=--cap-lints=warn" "-e" "RUSTDOCFLAGS=--cap-lints=warn" "-e" "CARGO_HOME=/opt/rustwide/cargo-home" "-e" "RUSTUP_HOME=/opt/rustwide/rustup-home" "-w" "/opt/rustwide/workdir" "-m" "1610612736" "--user" "0:0" "--network" "none" "ghcr.io/rust-lang/crates-build-env/linux@sha256:2788e3201cd34a07e3172128adcd8b3090168a8e3bcc40d7c032b9dda1df7d1c" "/opt/rustwide/cargo-home/bin/cargo" "+1.75.0" "test" "--frozen", kill_on_drop: false }`
[INFO] [stdout] b6603c0eef1fb908e70f221b1c4c8e2cd6bb1fde66a79c927066e130109fb866
[INFO] running `Command { std: "docker" "start" "-a" "b6603c0eef1fb908e70f221b1c4c8e2cd6bb1fde66a79c927066e130109fb866", kill_on_drop: false }`
[INFO] [stderr]     Finished test [unoptimized + debuginfo] target(s) in 0.11s
[INFO] [stderr]      Running unittests src/lib.rs (/opt/rustwide/target/debug/deps/mqtt_analyzer-226f426c044087fc)
[INFO] [stderr]      Running unittests src/main.rs (/opt/rustwide/target/debug/deps/mqtt_analyzer-59b67c55648b84ca)
[INFO] [stdout] 
[INFO] [stdout] running 0 tests
[INFO] [stdout] 
[INFO] [stdout] test result: ok. 0 passed; 0 failed; 0 ignored; 0 measured; 0 filtered out; finished in 0.00s
[INFO] [stdout] 
[INFO] [stdout] 
[INFO] [stdout] running 8 tests
[INFO] [stdout] test format::tests::format_payload_text_non_empty ... ok
[INFO] [stdout] test format::tests::format_payload_text_with_special_chars_non_empty ... ok
[INFO] [stdout] test format::tests::format_payload_text_non_utf8 ... ok
[INFO] [stdout] test format::tests::format_payload_hex_non_empty ... ok
[INFO] [stdout] test format::tests::format_payload_ascii_non_empty ... ok
[INFO] [stdout] test format::tests::format_payload_base64_non_empty ... ok
[INFO] [stdout] test format::tests::format_payload_text_with_unicode_non_empty ... ok
[INFO] [stdout] test format::tests::format_payload_text_non_printable ... FAILED
[INFO] [stderr] error: test failed, to rerun pass `--bin mqtt-analyzer`
[INFO] [stdout] 
[INFO] [stdout] failures:
[INFO] [stdout] 
[INFO] [stdout] ---- format::tests::format_payload_text_non_printable stdout ----
[INFO] [stdout] thread 'format::tests::format_payload_text_non_printable' panicked at src/format.rs:299:9:
[INFO] [stdout] assertion `left == right` failed
[INFO] [stdout]   left: "\\tc\\ni\\0a\\ro"
[INFO] [stdout]  right: "\\tc\\ni\\u{0}a\\ro"
[INFO] [stdout] stack backtrace:
[INFO] [stdout]    0:     0x55efec85914c - std::backtrace_rs::backtrace::libunwind::trace::ha637c64ce894333a
[INFO] [stdout]                                at /rustc/82e1608dfa6e0b5569232559e3d385fea5a93112/library/std/src/../../backtrace/src/backtrace/libunwind.rs:104:5
[INFO] [stdout]    1:     0x55efec85914c - std::backtrace_rs::backtrace::trace_unsynchronized::h47f62dea28e0c88d
[INFO] [stdout]                                at /rustc/82e1608dfa6e0b5569232559e3d385fea5a93112/library/std/src/../../backtrace/src/backtrace/mod.rs:66:5
[INFO] [stdout]    2:     0x55efec85914c - std::sys_common::backtrace::_print_fmt::h9eef0abe20ede486
[INFO] [stdout]                                at /rustc/82e1608dfa6e0b5569232559e3d385fea5a93112/library/std/src/sys_common/backtrace.rs:67:5
[INFO] [stdout]    3:     0x55efec85914c - <std::sys_common::backtrace::_print::DisplayBacktrace as core::fmt::Display>::fmt::hed7f999df88cc644
[INFO] [stdout]                                at /rustc/82e1608dfa6e0b5569232559e3d385fea5a93112/library/std/src/sys_common/backtrace.rs:44:22
[INFO] [stdout]    4:     0x55efec882d10 - core::fmt::rt::Argument::fmt::h1539a9308b8d058d
[INFO] [stdout]                                at /rustc/82e1608dfa6e0b5569232559e3d385fea5a93112/library/core/src/fmt/rt.rs:142:9
[INFO] [stdout]    5:     0x55efec882d10 - core::fmt::write::h3a39390d8560d9c9
[INFO] [stdout]                                at /rustc/82e1608dfa6e0b5569232559e3d385fea5a93112/library/core/src/fmt/mod.rs:1120:17
[INFO] [stdout]    6:     0x55efec856aff - std::io::Write::write_fmt::h040b369f3a0f9cbc
[INFO] [stdout]                                at /rustc/82e1608dfa6e0b5569232559e3d385fea5a93112/library/std/src/io/mod.rs:1762:15
[INFO] [stdout]    7:     0x55efec858f34 - std::sys_common::backtrace::_print::h894006fb5c6f3d45
[INFO] [stdout]                                at /rustc/82e1608dfa6e0b5569232559e3d385fea5a93112/library/std/src/sys_common/backtrace.rs:47:5
[INFO] [stdout]    8:     0x55efec858f34 - std::sys_common::backtrace::print::h23a2d212c6fff936
[INFO] [stdout]                                at /rustc/82e1608dfa6e0b5569232559e3d385fea5a93112/library/std/src/sys_common/backtrace.rs:34:9
[INFO] [stdout]    9:     0x55efec85abf7 - std::panicking::default_hook::{{closure}}::h8a1d2ee00185001a
[INFO] [stdout]   10:     0x55efec85a8e3 - std::panicking::default_hook::h6038f2eba384e475
[INFO] [stdout]                                at /rustc/82e1608dfa6e0b5569232559e3d385fea5a93112/library/std/src/panicking.rs:289:9
[INFO] [stdout]   11:     0x55efec81f427 - <alloc::boxed::Box<F,A> as core::ops::function::Fn<Args>>::call::h0ad024c9bdc6d768
[INFO] [stdout]                                at /rustc/82e1608dfa6e0b5569232559e3d385fea5a93112/library/alloc/src/boxed.rs:2021:9
[INFO] [stdout]   12:     0x55efec81f427 - test::test_main::{{closure}}::h7500b54257359db6
[INFO] [stdout]                                at /rustc/82e1608dfa6e0b5569232559e3d385fea5a93112/library/test/src/lib.rs:138:21
[INFO] [stdout]   13:     0x55efec85b208 - <alloc::boxed::Box<F,A> as core::ops::function::Fn<Args>>::call::h1f8f335eaa9cfaee
[INFO] [stdout]                                at /rustc/82e1608dfa6e0b5569232559e3d385fea5a93112/library/alloc/src/boxed.rs:2021:9
[INFO] [stdout]   14:     0x55efec85b208 - std::panicking::rust_panic_with_hook::h2b5517d590cab22e
[INFO] [stdout]                                at /rustc/82e1608dfa6e0b5569232559e3d385fea5a93112/library/std/src/panicking.rs:783:13
[INFO] [stdout]   15:     0x55efec85af5e - std::panicking::begin_panic_handler::{{closure}}::h233112c06e0ef43e
[INFO] [stdout]                                at /rustc/82e1608dfa6e0b5569232559e3d385fea5a93112/library/std/src/panicking.rs:657:13
[INFO] [stdout]   16:     0x55efec859616 - std::sys_common::backtrace::__rust_end_short_backtrace::h6e893f24d7ebbff8
[INFO] [stdout]                                at /rustc/82e1608dfa6e0b5569232559e3d385fea5a93112/library/std/src/sys_common/backtrace.rs:170:18
[INFO] [stdout]   17:     0x55efec85acc2 - rust_begin_unwind
[INFO] [stdout]                                at /rustc/82e1608dfa6e0b5569232559e3d385fea5a93112/library/std/src/panicking.rs:645:5
[INFO] [stdout]   18:     0x55efec7e7cf5 - core::panicking::panic_fmt::hbf0e066aabfa482c
[INFO] [stdout]                                at /rustc/82e1608dfa6e0b5569232559e3d385fea5a93112/library/core/src/panicking.rs:72:14
[INFO] [stdout]   19:     0x55efec7e801b - core::panicking::assert_failed_inner::h0bba8b7c26ee4492
[INFO] [stdout]   20:     0x55efec7e9f22 - core::panicking::assert_failed::h5412f7597c56ea11
[INFO] [stdout]                                at /rustc/82e1608dfa6e0b5569232559e3d385fea5a93112/library/core/src/panicking.rs:279:5
[INFO] [stdout]   21:     0x55efec7eb7b6 - mqtt_analyzer::format::tests::format_payload_text_non_printable::h25375d72a31f4238
[INFO] [stdout]                                at /opt/rustwide/workdir/src/format.rs:299:9
[INFO] [stdout]   22:     0x55efec7eb6d7 - mqtt_analyzer::format::tests::format_payload_text_non_printable::{{closure}}::h485866e1d6bf1c79
[INFO] [stdout]                                at /opt/rustwide/workdir/src/format.rs:298:43
[INFO] [stdout]   23:     0x55efec7e9416 - core::ops::function::FnOnce::call_once::hc0f8e217c05bc349
[INFO] [stdout]                                at /rustc/82e1608dfa6e0b5569232559e3d385fea5a93112/library/core/src/ops/function.rs:250:5
[INFO] [stdout]   24:     0x55efec824a7f - core::ops::function::FnOnce::call_once::h2b5d431d5046312d
[INFO] [stdout]                                at /rustc/82e1608dfa6e0b5569232559e3d385fea5a93112/library/core/src/ops/function.rs:250:5
[INFO] [stdout]   25:     0x55efec824a7f - test::__rust_begin_short_backtrace::h7714669af176e207
[INFO] [stdout]                                at /rustc/82e1608dfa6e0b5569232559e3d385fea5a93112/library/test/src/lib.rs:628:18
[INFO] [stdout]   26:     0x55efec823a95 - test::run_test_in_process::{{closure}}::h85218797dcbcec12
[INFO] [stdout]                                at /rustc/82e1608dfa6e0b5569232559e3d385fea5a93112/library/test/src/lib.rs:651:60
[INFO] [stdout]   27:     0x55efec823a95 - <core::panic::unwind_safe::AssertUnwindSafe<F> as core::ops::function::FnOnce<()>>::call_once::h76c106ea31c14d7b
[INFO] [stdout]                                at /rustc/82e1608dfa6e0b5569232559e3d385fea5a93112/library/core/src/panic/unwind_safe.rs:272:9
[INFO] [stdout]   28:     0x55efec823a95 - std::panicking::try::do_call::h3bd5d0f6620ee946
[INFO] [stdout]                                at /rustc/82e1608dfa6e0b5569232559e3d385fea5a93112/library/std/src/panicking.rs:552:40
[INFO] [stdout]   29:     0x55efec823a95 - std::panicking::try::h232e535e4744fe31
[INFO] [stdout]                                at /rustc/82e1608dfa6e0b5569232559e3d385fea5a93112/library/std/src/panicking.rs:516:19
[INFO] [stdout]   30:     0x55efec823a95 - std::panic::catch_unwind::h3ce3bd6ca8dbac68
[INFO] [stdout]                                at /rustc/82e1608dfa6e0b5569232559e3d385fea5a93112/library/std/src/panic.rs:142:14
[INFO] [stdout]   31:     0x55efec823a95 - test::run_test_in_process::hc97b257c9621286a
[INFO] [stdout]                                at /rustc/82e1608dfa6e0b5569232559e3d385fea5a93112/library/test/src/lib.rs:651:27
[INFO] [stdout]   32:     0x55efec823a95 - test::run_test::{{closure}}::h2aa798823a438d38
[INFO] [stdout]                                at /rustc/82e1608dfa6e0b5569232559e3d385fea5a93112/library/test/src/lib.rs:574:43
[INFO] [stdout]   33:     0x55efec7ebd56 - test::run_test::{{closure}}::h87d231c78fb59832
[INFO] [stdout]                                at /rustc/82e1608dfa6e0b5569232559e3d385fea5a93112/library/test/src/lib.rs:602:41
[INFO] [stdout]   34:     0x55efec7ebd56 - std::sys_common::backtrace::__rust_begin_short_backtrace::he6df152596625789
[INFO] [stdout]                                at /rustc/82e1608dfa6e0b5569232559e3d385fea5a93112/library/std/src/sys_common/backtrace.rs:154:18
[INFO] [stdout]   35:     0x55efec7f0e07 - std::thread::Builder::spawn_unchecked_::{{closure}}::{{closure}}::ha94be15d1e0acf36
[INFO] [stdout]                                at /rustc/82e1608dfa6e0b5569232559e3d385fea5a93112/library/std/src/thread/mod.rs:529:17
[INFO] [stdout]   36:     0x55efec7f0e07 - <core::panic::unwind_safe::AssertUnwindSafe<F> as core::ops::function::FnOnce<()>>::call_once::h9dc6bd6372f16606
[INFO] [stdout]                                at /rustc/82e1608dfa6e0b5569232559e3d385fea5a93112/library/core/src/panic/unwind_safe.rs:272:9
[INFO] [stdout]   37:     0x55efec7f0e07 - std::panicking::try::do_call::h9057517f80303cd4
[INFO] [stdout]                                at /rustc/82e1608dfa6e0b5569232559e3d385fea5a93112/library/std/src/panicking.rs:552:40
[INFO] [stdout]   38:     0x55efec7f0e07 - std::panicking::try::he3a30b11ee45340c
[INFO] [stdout]                                at /rustc/82e1608dfa6e0b5569232559e3d385fea5a93112/library/std/src/panicking.rs:516:19
[INFO] [stdout]   39:     0x55efec7f0e07 - std::panic::catch_unwind::h410458cfd3528b8b
[INFO] [stdout]                                at /rustc/82e1608dfa6e0b5569232559e3d385fea5a93112/library/std/src/panic.rs:142:14
[INFO] [stdout]   40:     0x55efec7f0e07 - std::thread::Builder::spawn_unchecked_::{{closure}}::h72ac3bdb567b737b
[INFO] [stdout]                                at /rustc/82e1608dfa6e0b5569232559e3d385fea5a93112/library/std/src/thread/mod.rs:528:30
[INFO] [stdout]   41:     0x55efec7f0e07 - core::ops::function::FnOnce::call_once{{vtable.shim}}::h38f34da3654a8344
[INFO] [stdout]                                at /rustc/82e1608dfa6e0b5569232559e3d385fea5a93112/library/core/src/ops/function.rs:250:5
[INFO] [stdout]   42:     0x55efec85fc95 - <alloc::boxed::Box<F,A> as core::ops::function::FnOnce<Args>>::call_once::hc7eafaff61e32df9
[INFO] [stdout]                                at /rustc/82e1608dfa6e0b5569232559e3d385fea5a93112/library/alloc/src/boxed.rs:2007:9
[INFO] [stdout]   43:     0x55efec85fc95 - <alloc::boxed::Box<F,A> as core::ops::function::FnOnce<Args>>::call_once::h6ba4a5de48dd2304
[INFO] [stdout]                                at /rustc/82e1608dfa6e0b5569232559e3d385fea5a93112/library/alloc/src/boxed.rs:2007:9
[INFO] [stdout]   44:     0x55efec85fc95 - std::sys::unix::thread::Thread::new::thread_start::he469335aef763e45
[INFO] [stdout]                                at /rustc/82e1608dfa6e0b5569232559e3d385fea5a93112/library/std/src/sys/unix/thread.rs:108:17
[INFO] [stdout]   45:     0x7f572ab03ac3 - <unknown>
[INFO] [stdout]   46:     0x7f572ab94bf4 - __clone
[INFO] [stdout]   47:                0x0 - <unknown>
[INFO] [stdout] 
[INFO] [stdout] 
[INFO] [stdout] failures:
[INFO] [stdout]     format::tests::format_payload_text_non_printable
[INFO] [stdout] 
[INFO] [stdout] test result: FAILED. 7 passed; 1 failed; 0 ignored; 0 measured; 0 filtered out; finished in 0.08s
[INFO] [stdout] 
[INFO] running `Command { std: "docker" "inspect" "b6603c0eef1fb908e70f221b1c4c8e2cd6bb1fde66a79c927066e130109fb866", kill_on_drop: false }`
[INFO] running `Command { std: "docker" "rm" "-f" "b6603c0eef1fb908e70f221b1c4c8e2cd6bb1fde66a79c927066e130109fb866", kill_on_drop: false }`
[INFO] [stdout] b6603c0eef1fb908e70f221b1c4c8e2cd6bb1fde66a79c927066e130109fb866
[INFO] testing mqtt-analyzer-0.3.1 against beta-2023-12-22 for beta-1.76-1
[INFO] extracting crate mqtt-analyzer 0.3.1 into /workspace/builds/worker-5-tc2/source
[INFO] validating manifest of crates.io crate mqtt-analyzer 0.3.1 on toolchain beta-2023-12-22
[INFO] running `Command { std: CARGO_HOME="/workspace/cargo-home" RUSTUP_HOME="/workspace/rustup-home" "/workspace/cargo-home/bin/cargo" "+beta-2023-12-22" "metadata" "--manifest-path" "Cargo.toml" "--no-deps", kill_on_drop: false }`
[INFO] started tweaking crates.io crate mqtt-analyzer 0.3.1
[INFO] finished tweaking crates.io crate mqtt-analyzer 0.3.1
[INFO] tweaked toml for crates.io crate mqtt-analyzer 0.3.1 written to /workspace/builds/worker-5-tc2/source/Cargo.toml
[INFO] crate crates.io crate mqtt-analyzer 0.3.1 already has a lockfile, it will not be regenerated
[INFO] running `Command { std: CARGO_HOME="/workspace/cargo-home" RUSTUP_HOME="/workspace/rustup-home" "/workspace/cargo-home/bin/cargo" "+beta-2023-12-22" "fetch" "--manifest-path" "Cargo.toml", kill_on_drop: false }`
[INFO] running `Command { std: "docker" "create" "-v" "/var/lib/crater-agent-workspace/builds/worker-5-tc2/target:/opt/rustwide/target:rw,Z" "-v" "/var/lib/crater-agent-workspace/builds/worker-5-tc2/source:/opt/rustwide/workdir:ro,Z" "-v" "/var/lib/crater-agent-workspace/cargo-home:/opt/rustwide/cargo-home:ro,Z" "-v" "/var/lib/crater-agent-workspace/rustup-home:/opt/rustwide/rustup-home:ro,Z" "-e" "SOURCE_DIR=/opt/rustwide/workdir" "-e" "CARGO_TARGET_DIR=/opt/rustwide/target" "-e" "CARGO_HOME=/opt/rustwide/cargo-home" "-e" "RUSTUP_HOME=/opt/rustwide/rustup-home" "-w" "/opt/rustwide/workdir" "-m" "1610612736" "--user" "0:0" "--network" "none" "ghcr.io/rust-lang/crates-build-env/linux@sha256:2788e3201cd34a07e3172128adcd8b3090168a8e3bcc40d7c032b9dda1df7d1c" "/opt/rustwide/cargo-home/bin/cargo" "+beta-2023-12-22" "metadata" "--no-deps" "--format-version=1", kill_on_drop: false }`
[INFO] [stdout] 5f4ea48b258cd76bbaaa11b6a0a8eec27bec33a9ff5fbcd7605128b81caca977
[INFO] running `Command { std: "docker" "start" "-a" "5f4ea48b258cd76bbaaa11b6a0a8eec27bec33a9ff5fbcd7605128b81caca977", kill_on_drop: false }`
[INFO] running `Command { std: "docker" "inspect" "5f4ea48b258cd76bbaaa11b6a0a8eec27bec33a9ff5fbcd7605128b81caca977", kill_on_drop: false }`
[INFO] running `Command { std: "docker" "rm" "-f" "5f4ea48b258cd76bbaaa11b6a0a8eec27bec33a9ff5fbcd7605128b81caca977", kill_on_drop: false }`
[INFO] [stdout] 5f4ea48b258cd76bbaaa11b6a0a8eec27bec33a9ff5fbcd7605128b81caca977
[INFO] running `Command { std: "docker" "create" "-v" "/var/lib/crater-agent-workspace/builds/worker-5-tc2/target:/opt/rustwide/target:rw,Z" "-v" "/var/lib/crater-agent-workspace/builds/worker-5-tc2/source:/opt/rustwide/workdir:ro,Z" "-v" "/var/lib/crater-agent-workspace/cargo-home:/opt/rustwide/cargo-home:ro,Z" "-v" "/var/lib/crater-agent-workspace/rustup-home:/opt/rustwide/rustup-home:ro,Z" "-e" "SOURCE_DIR=/opt/rustwide/workdir" "-e" "CARGO_TARGET_DIR=/opt/rustwide/target" "-e" "CARGO_INCREMENTAL=0" "-e" "RUST_BACKTRACE=full" "-e" "RUSTFLAGS=--cap-lints=warn" "-e" "RUSTDOCFLAGS=--cap-lints=warn" "-e" "CARGO_HOME=/opt/rustwide/cargo-home" "-e" "RUSTUP_HOME=/opt/rustwide/rustup-home" "-w" "/opt/rustwide/workdir" "-m" "1610612736" "--user" "0:0" "--network" "none" "ghcr.io/rust-lang/crates-build-env/linux@sha256:2788e3201cd34a07e3172128adcd8b3090168a8e3bcc40d7c032b9dda1df7d1c" "/opt/rustwide/cargo-home/bin/cargo" "+beta-2023-12-22" "build" "--frozen" "--message-format=json", kill_on_drop: false }`
[INFO] [stdout] bacfb3dd22c2390e2a931ef627e7e8fe91907aab2d404d34a9618fe02e645090
[INFO] running `Command { std: "docker" "start" "-a" "bacfb3dd22c2390e2a931ef627e7e8fe91907aab2d404d34a9618fe02e645090", kill_on_drop: false }`
[INFO] [stderr]    Compiling libc v0.2.62
[INFO] [stderr]    Compiling autocfg v0.1.6
[INFO] [stderr]    Compiling rand_core v0.4.2
[INFO] [stderr]    Compiling semver-parser v0.7.0
[INFO] [stderr]    Compiling cc v1.0.45
[INFO] [stderr]    Compiling byteorder v1.3.2
[INFO] [stderr]    Compiling crossbeam-utils v0.6.6
[INFO] [stderr]    Compiling futures v0.1.29
[INFO] [stderr]    Compiling semver v0.9.0
[INFO] [stderr]    Compiling rand_core v0.3.1
[INFO] [stderr]    Compiling rand_chacha v0.1.1
[INFO] [stderr]    Compiling rand_pcg v0.1.2
[INFO] [stderr]    Compiling rustc_version v0.2.3
[INFO] [stderr]    Compiling rand v0.6.5
[INFO] [stderr]    Compiling num-traits v0.2.8
[INFO] [stderr]    Compiling proc-macro2 v0.4.30
[INFO] [stderr]    Compiling iovec v0.1.2
[INFO] [stderr]    Compiling rand_os v0.1.3
[INFO] [stderr]    Compiling rand_xorshift v0.1.1
[INFO] [stderr]    Compiling rand_hc v0.1.0
[INFO] [stderr]    Compiling rand_isaac v0.1.1
[INFO] [stderr]    Compiling rand_jitter v0.1.4
[INFO] [stderr]    Compiling unicode-xid v0.1.0
[INFO] [stderr]    Compiling ring v0.14.6
[INFO] [stderr]    Compiling syn v0.15.44
[INFO] [stderr]    Compiling bytes v0.4.12
[INFO] [stderr]    Compiling parking_lot_core v0.4.0
[INFO] [stderr]    Compiling tokio-executor v0.1.8
[INFO] [stderr]    Compiling quote v0.6.13
[INFO] [stderr]    Compiling memoffset v0.5.1
[INFO] [stderr]    Compiling stable_deref_trait v1.1.1
[INFO] [stderr]    Compiling slab v0.4.2
[INFO] [stderr]    Compiling untrusted v0.6.2
[INFO] [stderr]    Compiling arrayvec v0.4.11
[INFO] [stderr]    Compiling proc-macro2 v1.0.4
[INFO] [stderr]    Compiling owning_ref v0.4.0
[INFO] [stderr]    Compiling tokio-io v0.1.12
[INFO] [stderr]    Compiling backtrace-sys v0.1.31
[INFO] [stderr]    Compiling scopeguard v0.3.3
[INFO] [stderr]    Compiling smallvec v0.6.10
[INFO] [stderr]    Compiling serde v1.0.101
[INFO] [stderr]    Compiling nodrop v0.1.13
[INFO] [stderr]    Compiling lock_api v0.1.5
[INFO] [stderr]    Compiling num_cpus v1.10.1
[INFO] [stderr]    Compiling net2 v0.2.33
[INFO] [stderr]    Compiling num-integer v0.1.41
[INFO] [stderr]    Compiling scopeguard v1.0.0
[INFO] [stderr]    Compiling failure_derive v0.1.5
[INFO] [stderr]    Compiling fnv v1.0.6
[INFO] [stderr]    Compiling ryu v1.0.0
[INFO] [stderr]    Compiling syn v1.0.5
[INFO] [stderr]    Compiling tokio-sync v0.1.6
[INFO] [stderr]    Compiling mio v0.6.19
[INFO] [stderr]    Compiling crossbeam-epoch v0.7.2
[INFO] [stderr]    Compiling quote v1.0.2
[INFO] [stderr]    Compiling parking_lot v0.7.1
[INFO] [stderr]    Compiling base64 v0.10.1
[INFO] [stderr]    Compiling rustc-demangle v0.1.16
[INFO] [stderr]    Compiling cgmath v0.16.1
[INFO] [stderr]    Compiling winapi v0.3.8
[INFO] [stderr]    Compiling bitflags v1.2.0
[INFO] [stderr]    Compiling tokio-reactor v0.1.9
[INFO] [stderr]    Compiling backtrace v0.3.38
[INFO] [stderr]    Compiling synstructure v0.10.2
[INFO] [stderr]    Compiling crossbeam-deque v0.7.1
[INFO] [stderr]    Compiling num-traits v0.1.43
[INFO] [stderr]    Compiling time v0.1.42
[INFO] [stderr]    Compiling rand v0.4.6
[INFO] [stderr]    Compiling crossbeam-queue v0.1.2
[INFO] [stderr]    Compiling webpki v0.19.1
[INFO] [stderr]    Compiling sct v0.5.0
[INFO] [stderr]    Compiling itoa v0.4.4
[INFO] [stderr]    Compiling unicode-width v0.1.6
[INFO] [stderr]    Compiling approx v0.1.1
[INFO] [stderr]    Compiling version_check v0.9.1
[INFO] [stderr]    Compiling tokio-threadpool v0.1.15
[INFO] [stderr]    Compiling circular-queue v0.2.2
[INFO] [stderr]    Compiling rustls v0.15.2
[INFO] [stderr]    Compiling derive_more v0.13.0
[INFO] [stderr]    Compiling chrono v0.4.9
[INFO] [stderr]    Compiling failure v0.1.5
[INFO] [stderr]    Compiling tokio-tcp v0.1.3
[INFO] [stderr]    Compiling tokio-codec v0.1.1
[INFO] [stderr]    Compiling tokio-timer v0.2.11
[INFO] [stderr]    Compiling tokio-current-thread v0.1.6
[INFO] [stderr]    Compiling numtoa v0.1.0
[INFO] [stderr]    Compiling rgb v0.8.14
[INFO] [stderr]    Compiling either v1.5.3
[INFO] [stderr]    Compiling winconsole v0.10.0
[INFO] [stderr]    Compiling tokio v0.1.22
[INFO] [stderr]    Compiling termion v1.5.3
[INFO] [stderr]    Compiling itertools v0.8.0
[INFO] [stderr]    Compiling textwrap v0.11.0
[INFO] [stderr]    Compiling serde_derive v1.0.101
[INFO] [stderr]    Compiling serde_json v1.0.40
[INFO] [stderr]    Compiling uuid v0.7.4
[INFO] [stderr]    Compiling tokio-rustls v0.9.3
[INFO] [stderr]    Compiling atty v0.2.13
[INFO] [stderr]    Compiling crossbeam-channel v0.3.9
[INFO] [stderr]    Compiling unicode-segmentation v1.3.0
[INFO] [stderr]    Compiling ansi_term v0.11.0
[INFO] [stderr]    Compiling strsim v0.8.0
[INFO] [stderr]    Compiling vec_map v0.8.1
[INFO] [stderr]    Compiling cassowary v0.3.0
[INFO] [stderr]    Compiling clap v2.33.0
[INFO] [stderr]    Compiling mqtt311 v0.2.0
[INFO] [stderr]    Compiling colored v1.8.0
[INFO] [stderr]    Compiling tui v0.5.1
[INFO] [stderr]    Compiling hex v0.3.2
[INFO] [stderr]    Compiling jsonwebtoken v6.0.1
[INFO] [stderr]    Compiling rumqtt v0.31.0
[INFO] [stderr]    Compiling mqtt-analyzer v0.3.1 (/opt/rustwide/workdir)
[INFO] [stderr]     Finished dev [unoptimized + debuginfo] target(s) in 40.47s
[INFO] running `Command { std: "docker" "inspect" "bacfb3dd22c2390e2a931ef627e7e8fe91907aab2d404d34a9618fe02e645090", kill_on_drop: false }`
[INFO] running `Command { std: "docker" "rm" "-f" "bacfb3dd22c2390e2a931ef627e7e8fe91907aab2d404d34a9618fe02e645090", kill_on_drop: false }`
[INFO] [stdout] bacfb3dd22c2390e2a931ef627e7e8fe91907aab2d404d34a9618fe02e645090
[INFO] running `Command { std: "docker" "create" "-v" "/var/lib/crater-agent-workspace/builds/worker-5-tc2/target:/opt/rustwide/target:rw,Z" "-v" "/var/lib/crater-agent-workspace/builds/worker-5-tc2/source:/opt/rustwide/workdir:ro,Z" "-v" "/var/lib/crater-agent-workspace/cargo-home:/opt/rustwide/cargo-home:ro,Z" "-v" "/var/lib/crater-agent-workspace/rustup-home:/opt/rustwide/rustup-home:ro,Z" "-e" "SOURCE_DIR=/opt/rustwide/workdir" "-e" "CARGO_TARGET_DIR=/opt/rustwide/target" "-e" "CARGO_INCREMENTAL=0" "-e" "RUST_BACKTRACE=full" "-e" "RUSTFLAGS=--cap-lints=warn" "-e" "RUSTDOCFLAGS=--cap-lints=warn" "-e" "CARGO_HOME=/opt/rustwide/cargo-home" "-e" "RUSTUP_HOME=/opt/rustwide/rustup-home" "-w" "/opt/rustwide/workdir" "-m" "1610612736" "--user" "0:0" "--network" "none" "ghcr.io/rust-lang/crates-build-env/linux@sha256:2788e3201cd34a07e3172128adcd8b3090168a8e3bcc40d7c032b9dda1df7d1c" "/opt/rustwide/cargo-home/bin/cargo" "+beta-2023-12-22" "test" "--frozen" "--no-run" "--message-format=json", kill_on_drop: false }`
[INFO] [stdout] ee5a803010ab5fc82be559cdf691fef61a6cde53fcb83ee8ebabe4480bbc409d
[INFO] running `Command { std: "docker" "start" "-a" "ee5a803010ab5fc82be559cdf691fef61a6cde53fcb83ee8ebabe4480bbc409d", kill_on_drop: false }`
[INFO] [stderr]    Compiling mqtt-analyzer v0.3.1 (/opt/rustwide/workdir)
[INFO] [stderr]     Finished test [unoptimized + debuginfo] target(s) in 2.06s
[INFO] running `Command { std: "docker" "inspect" "ee5a803010ab5fc82be559cdf691fef61a6cde53fcb83ee8ebabe4480bbc409d", kill_on_drop: false }`
[INFO] running `Command { std: "docker" "rm" "-f" "ee5a803010ab5fc82be559cdf691fef61a6cde53fcb83ee8ebabe4480bbc409d", kill_on_drop: false }`
[INFO] [stdout] ee5a803010ab5fc82be559cdf691fef61a6cde53fcb83ee8ebabe4480bbc409d
[INFO] running `Command { std: "docker" "create" "-v" "/var/lib/crater-agent-workspace/builds/worker-5-tc2/target:/opt/rustwide/target:rw,Z" "-v" "/var/lib/crater-agent-workspace/builds/worker-5-tc2/source:/opt/rustwide/workdir:ro,Z" "-v" "/var/lib/crater-agent-workspace/cargo-home:/opt/rustwide/cargo-home:ro,Z" "-v" "/var/lib/crater-agent-workspace/rustup-home:/opt/rustwide/rustup-home:ro,Z" "-e" "SOURCE_DIR=/opt/rustwide/workdir" "-e" "CARGO_TARGET_DIR=/opt/rustwide/target" "-e" "CARGO_INCREMENTAL=0" "-e" "RUST_BACKTRACE=full" "-e" "RUSTFLAGS=--cap-lints=warn" "-e" "RUSTDOCFLAGS=--cap-lints=warn" "-e" "CARGO_HOME=/opt/rustwide/cargo-home" "-e" "RUSTUP_HOME=/opt/rustwide/rustup-home" "-w" "/opt/rustwide/workdir" "-m" "1610612736" "--user" "0:0" "--network" "none" "ghcr.io/rust-lang/crates-build-env/linux@sha256:2788e3201cd34a07e3172128adcd8b3090168a8e3bcc40d7c032b9dda1df7d1c" "/opt/rustwide/cargo-home/bin/cargo" "+beta-2023-12-22" "test" "--frozen", kill_on_drop: false }`
[INFO] [stdout] 89db660039cc3c733eae0ca2a4c616521774dc4763181f5e54902ed255b7d3e6
[INFO] running `Command { std: "docker" "start" "-a" "89db660039cc3c733eae0ca2a4c616521774dc4763181f5e54902ed255b7d3e6", kill_on_drop: false }`
[INFO] [stderr]     Finished test [unoptimized + debuginfo] target(s) in 0.09s
[INFO] [stderr]      Running unittests src/lib.rs (/opt/rustwide/target/debug/deps/mqtt_analyzer-7aa74c3d502fad4e)
[INFO] [stdout] 
[INFO] [stdout] running 0 tests
[INFO] [stdout] 
[INFO] [stdout] test result: ok. 0 passed; 0 failed; 0 ignored; 0 measured; 0 filtered out; finished in 0.00s
[INFO] [stdout] 
[INFO] [stderr]      Running unittests src/main.rs (/opt/rustwide/target/debug/deps/mqtt_analyzer-253a004da749330b)
[INFO] [stdout] 
[INFO] [stdout] running 8 tests
[INFO] [stdout] test format::tests::format_payload_ascii_non_empty ... ok
[INFO] [stdout] test format::tests::format_payload_hex_non_empty ... ok
[INFO] [stdout] test format::tests::format_payload_base64_non_empty ... ok
[INFO] [stdout] test format::tests::format_payload_text_non_empty ... ok
[INFO] [stdout] test format::tests::format_payload_text_with_special_chars_non_empty ... ok
[INFO] [stdout] test format::tests::format_payload_text_non_utf8 ... ok
[INFO] [stdout] test format::tests::format_payload_text_with_unicode_non_empty ... ok
[INFO] [stdout] test format::tests::format_payload_text_non_printable ... FAILED
[INFO] [stdout] 
[INFO] [stdout] failures:
[INFO] [stdout] 
[INFO] [stdout] ---- format::tests::format_payload_text_non_printable stdout ----
[INFO] [stdout] thread 'format::tests::format_payload_text_non_printable' panicked at src/format.rs:299:9:
[INFO] [stdout] assertion `left == right` failed
[INFO] [stdout]   left: "\\tc\\ni\\0a\\ro"
[INFO] [stdout]  right: "\\tc\\ni\\u{0}a\\ro"
[INFO] [stdout] stack backtrace:
[INFO] [stdout]    0:     0x56005d229a16 - std::backtrace_rs::backtrace::libunwind::trace::h261606ad26a499c1
[INFO] [stdout]                                at /rustc/0e09125c6c3c2fd70d7de961bcf0e51575235fad/library/std/src/../../backtrace/src/backtrace/libunwind.rs:104:5
[INFO] [stdout]    1:     0x56005d229a16 - std::backtrace_rs::backtrace::trace_unsynchronized::hd183f0625477fb28
[INFO] [stdout]                                at /rustc/0e09125c6c3c2fd70d7de961bcf0e51575235fad/library/std/src/../../backtrace/src/backtrace/mod.rs:66:5
[INFO] [stdout]    2:     0x56005d229a16 - std::sys_common::backtrace::_print_fmt::hd7f8fef21b4eda67
[INFO] [stdout]                                at /rustc/0e09125c6c3c2fd70d7de961bcf0e51575235fad/library/std/src/sys_common/backtrace.rs:68:5
[INFO] [stdout]    3:     0x56005d229a16 - <std::sys_common::backtrace::_print::DisplayBacktrace as core::fmt::Display>::fmt::h623d9b51f2f453f1
[INFO] [stdout]                                at /rustc/0e09125c6c3c2fd70d7de961bcf0e51575235fad/library/std/src/sys_common/backtrace.rs:44:22
[INFO] [stdout]    4:     0x56005d2528e0 - core::fmt::rt::Argument::fmt::h9f417ac76a86f368
[INFO] [stdout]                                at /rustc/0e09125c6c3c2fd70d7de961bcf0e51575235fad/library/core/src/fmt/rt.rs:142:9
[INFO] [stdout]    5:     0x56005d2528e0 - core::fmt::write::hc9b6faf4ac2aeff7
[INFO] [stdout]                                at /rustc/0e09125c6c3c2fd70d7de961bcf0e51575235fad/library/core/src/fmt/mod.rs:1120:17
[INFO] [stdout]    6:     0x56005d22747f - std::io::Write::write_fmt::he04625a3a989fec3
[INFO] [stdout]                                at /rustc/0e09125c6c3c2fd70d7de961bcf0e51575235fad/library/std/src/io/mod.rs:1810:15
[INFO] [stdout]    7:     0x56005d2297f4 - std::sys_common::backtrace::_print::hd5d66399c7df88a2
[INFO] [stdout]                                at /rustc/0e09125c6c3c2fd70d7de961bcf0e51575235fad/library/std/src/sys_common/backtrace.rs:47:5
[INFO] [stdout]    8:     0x56005d2297f4 - std::sys_common::backtrace::print::he81ed2da642d37e5
[INFO] [stdout]                                at /rustc/0e09125c6c3c2fd70d7de961bcf0e51575235fad/library/std/src/sys_common/backtrace.rs:34:9
[INFO] [stdout]    9:     0x56005d22b567 - std::panicking::default_hook::{{closure}}::h85773f4fa117163d
[INFO] [stdout]   10:     0x56005d22b24d - std::panicking::default_hook::h6a1694a91d09b278
[INFO] [stdout]                                at /rustc/0e09125c6c3c2fd70d7de961bcf0e51575235fad/library/std/src/panicking.rs:289:9
[INFO] [stdout]   11:     0x56005d1ee407 - <alloc::boxed::Box<F,A> as core::ops::function::Fn<Args>>::call::h616ac37fa3cd6c8f
[INFO] [stdout]                                at /rustc/0e09125c6c3c2fd70d7de961bcf0e51575235fad/library/alloc/src/boxed.rs:2029:9
[INFO] [stdout]   12:     0x56005d1ee407 - test::test_main::{{closure}}::h00d84697cefdcbb6
[INFO] [stdout]                                at /rustc/0e09125c6c3c2fd70d7de961bcf0e51575235fad/library/test/src/lib.rs:138:21
[INFO] [stdout]   13:     0x56005d22bb86 - <alloc::boxed::Box<F,A> as core::ops::function::Fn<Args>>::call::hcb3fe3b9bb537ba8
[INFO] [stdout]                                at /rustc/0e09125c6c3c2fd70d7de961bcf0e51575235fad/library/alloc/src/boxed.rs:2029:9
[INFO] [stdout]   14:     0x56005d22bb86 - std::panicking::rust_panic_with_hook::h0a7ad96e90f7145b
[INFO] [stdout]                                at /rustc/0e09125c6c3c2fd70d7de961bcf0e51575235fad/library/std/src/panicking.rs:783:13
[INFO] [stdout]   15:     0x56005d22b8d2 - std::panicking::begin_panic_handler::{{closure}}::h7919090525c6485e
[INFO] [stdout]                                at /rustc/0e09125c6c3c2fd70d7de961bcf0e51575235fad/library/std/src/panicking.rs:657:13
[INFO] [stdout]   16:     0x56005d229f16 - std::sys_common::backtrace::__rust_end_short_backtrace::hf3289479464f7dfe
[INFO] [stdout]                                at /rustc/0e09125c6c3c2fd70d7de961bcf0e51575235fad/library/std/src/sys_common/backtrace.rs:171:18
[INFO] [stdout]   17:     0x56005d22b630 - rust_begin_unwind
[INFO] [stdout]                                at /rustc/0e09125c6c3c2fd70d7de961bcf0e51575235fad/library/std/src/panicking.rs:645:5
[INFO] [stdout]   18:     0x56005d1b5cd5 - core::panicking::panic_fmt::hcc9f77c5c132af55
[INFO] [stdout]                                at /rustc/0e09125c6c3c2fd70d7de961bcf0e51575235fad/library/core/src/panicking.rs:72:14
[INFO] [stdout]   19:     0x56005d1b601b - core::panicking::assert_failed_inner::h9f13e27dd63c3a08
[INFO] [stdout]                                at /rustc/0e09125c6c3c2fd70d7de961bcf0e51575235fad/library/core/src/panicking.rs:342:17
[INFO] [stdout]   20:     0x56005d1b7f22 - core::panicking::assert_failed::hc19470ad1a49be99
[INFO] [stdout]                                at /rustc/0e09125c6c3c2fd70d7de961bcf0e51575235fad/library/core/src/panicking.rs:297:5
[INFO] [stdout]   21:     0x56005d1b97f6 - mqtt_analyzer::format::tests::format_payload_text_non_printable::h0fc92a73ed9328c2
[INFO] [stdout]                                at /opt/rustwide/workdir/src/format.rs:299:9
[INFO] [stdout]   22:     0x56005d1b9717 - mqtt_analyzer::format::tests::format_payload_text_non_printable::{{closure}}::h354e61f585fb9032
[INFO] [stdout]                                at /opt/rustwide/workdir/src/format.rs:298:43
[INFO] [stdout]   23:     0x56005d1b7316 - core::ops::function::FnOnce::call_once::h750a030fa2152501
[INFO] [stdout]                                at /rustc/0e09125c6c3c2fd70d7de961bcf0e51575235fad/library/core/src/ops/function.rs:250:5
[INFO] [stdout]   24:     0x56005d1f3cdf - core::ops::function::FnOnce::call_once::hd64d26f405258157
[INFO] [stdout]                                at /rustc/0e09125c6c3c2fd70d7de961bcf0e51575235fad/library/core/src/ops/function.rs:250:5
[INFO] [stdout]   25:     0x56005d1f3cdf - test::__rust_begin_short_backtrace::he21b0b7a6d731bf9
[INFO] [stdout]                                at /rustc/0e09125c6c3c2fd70d7de961bcf0e51575235fad/library/test/src/lib.rs:627:18
[INFO] [stdout]   26:     0x56005d1f2a61 - test::run_test_in_process::{{closure}}::hf5c73986d7bdfde2
[INFO] [stdout]                                at /rustc/0e09125c6c3c2fd70d7de961bcf0e51575235fad/library/test/src/lib.rs:650:60
[INFO] [stdout]   27:     0x56005d1f2a61 - <core::panic::unwind_safe::AssertUnwindSafe<F> as core::ops::function::FnOnce<()>>::call_once::h330011ad032aadc0
[INFO] [stdout]                                at /rustc/0e09125c6c3c2fd70d7de961bcf0e51575235fad/library/core/src/panic/unwind_safe.rs:272:9
[INFO] [stdout]   28:     0x56005d1f2a61 - std::panicking::try::do_call::he61b0a958b795a41
[INFO] [stdout]                                at /rustc/0e09125c6c3c2fd70d7de961bcf0e51575235fad/library/std/src/panicking.rs:552:40
[INFO] [stdout]   29:     0x56005d1f2a61 - std::panicking::try::h7309da130f906eb7
[INFO] [stdout]                                at /rustc/0e09125c6c3c2fd70d7de961bcf0e51575235fad/library/std/src/panicking.rs:516:19
[INFO] [stdout]   30:     0x56005d1f2a61 - std::panic::catch_unwind::hc5c3a06fdaf0a92a
[INFO] [stdout]                                at /rustc/0e09125c6c3c2fd70d7de961bcf0e51575235fad/library/std/src/panic.rs:142:14
[INFO] [stdout]   31:     0x56005d1f2a61 - test::run_test_in_process::h7e7b7c71c3324e0f
[INFO] [stdout]                                at /rustc/0e09125c6c3c2fd70d7de961bcf0e51575235fad/library/test/src/lib.rs:650:27
[INFO] [stdout]   32:     0x56005d1f2a61 - test::run_test::{{closure}}::h1f509f28f5cf20b1
[INFO] [stdout]                                at /rustc/0e09125c6c3c2fd70d7de961bcf0e51575235fad/library/test/src/lib.rs:573:43
[INFO] [stdout]   33:     0x56005d1b9d96 - test::run_test::{{closure}}::h1754218abf443f6d
[INFO] [stdout]                                at /rustc/0e09125c6c3c2fd70d7de961bcf0e51575235fad/library/test/src/lib.rs:601:41
[INFO] [stdout]   34:     0x56005d1b9d96 - std::sys_common::backtrace::__rust_begin_short_backtrace::h2ee174b9d5954948
[INFO] [stdout]                                at /rustc/0e09125c6c3c2fd70d7de961bcf0e51575235fad/library/std/src/sys_common/backtrace.rs:155:18
[INFO] [stdout]   35:     0x56005d1bedf7 - std::thread::Builder::spawn_unchecked_::{{closure}}::{{closure}}::hf60bee9c1a17ef09
[INFO] [stdout]                                at /rustc/0e09125c6c3c2fd70d7de961bcf0e51575235fad/library/std/src/thread/mod.rs:529:17
[INFO] [stdout]   36:     0x56005d1bedf7 - <core::panic::unwind_safe::AssertUnwindSafe<F> as core::ops::function::FnOnce<()>>::call_once::h33d0dddec5216160
[INFO] [stdout]                                at /rustc/0e09125c6c3c2fd70d7de961bcf0e51575235fad/library/core/src/panic/unwind_safe.rs:272:9
[INFO] [stdout]   37:     0x56005d1bedf7 - std::panicking::try::do_call::h144b3048b546f835
[INFO] [stdout]                                at /rustc/0e09125c6c3c2fd70d7de961bcf0e51575235fad/library/std/src/panicking.rs:552:40
[INFO] [stdout]   38:     0x56005d1bedf7 - std::panicking::try::h978244d04646189f
[INFO] [stdout]                                at /rustc/0e09125c6c3c2fd70d7de961bcf0e51575235fad/library/std/src/panicking.rs:516:19
[INFO] [stdout]   39:     0x56005d1bedf7 - std::panic::catch_unwind::hdf436369d188fe86
[INFO] [stdout]                                at /rustc/0e09125c6c3c2fd70d7de961bcf0e51575235fad/library/std/src/panic.rs:142:14
[INFO] [stdout]   40:     0x56005d1bedf7 - std::thread::Builder::spawn_unchecked_::{{closure}}::h87329cbdd33c79ec
[INFO] [stdout]                                at /rustc/0e09125c6c3c2fd70d7de961bcf0e51575235fad/library/std/src/thread/mod.rs:528:30
[INFO] [stdout]   41:     0x56005d1bedf7 - core::ops::function::FnOnce::call_once{{vtable.shim}}::h401abbe67897d450
[INFO] [stdout]                                at /rustc/0e09125c6c3c2fd70d7de961bcf0e51575235fad/library/core/src/ops/function.rs:250:5
[INFO] [stdout]   42:     0x56005d230635 - <alloc::boxed::Box<F,A> as core::ops::function::FnOnce<Args>>::call_once::h5d7c8f150ab9c84c
[INFO] [stdout]                                at /rustc/0e09125c6c3c2fd70d7de961bcf0e51575235fad/library/alloc/src/boxed.rs:2015:9
[INFO] [stdout]   43:     0x56005d230635 - <alloc::boxed::Box<F,A> as core::ops::function::FnOnce<Args>>::call_once::h570d5b005c242c15
[INFO] [stdout]                                at /rustc/0e09125c6c3c2fd70d7de961bcf0e51575235fad/library/alloc/src/boxed.rs:2015:9
[INFO] [stdout]   44:     0x56005d230635 - std::sys::unix::thread::Thread::new::thread_start::h36b0a20c0b2361ad
[INFO] [stdout]                                at /rustc/0e09125c6c3c2fd70d7de961bcf0e51575235fad/library/std/src/sys/unix/thread.rs:108:17
[INFO] [stdout]   45:     0x7fd3da9d3ac3 - <unknown>
[INFO] [stdout]   46:     0x7fd3daa64bf4 - __clone
[INFO] [stdout]   47:                0x0 - <unknown>
[INFO] [stdout] 
[INFO] [stdout] 
[INFO] [stdout] failures:
[INFO] [stdout]     format::tests::format_payload_text_non_printable
[INFO] [stdout] 
[INFO] [stdout] test result: FAILED. 7 passed; 1 failed; 0 ignored; 0 measured; 0 filtered out; finished in 0.06s
[INFO] [stdout] 
[INFO] [stderr] error: test failed, to rerun pass `--bin mqtt-analyzer`
[INFO] running `Command { std: "docker" "inspect" "89db660039cc3c733eae0ca2a4c616521774dc4763181f5e54902ed255b7d3e6", kill_on_drop: false }`
[INFO] running `Command { std: "docker" "rm" "-f" "89db660039cc3c733eae0ca2a4c616521774dc4763181f5e54902ed255b7d3e6", kill_on_drop: false }`
[INFO] [stdout] 89db660039cc3c733eae0ca2a4c616521774dc4763181f5e54902ed255b7d3e6
