[INFO] fetching crate mpi-fork-fnsp 0.6.0...
[INFO] testing mpi-fork-fnsp-0.6.0 against 1.75.0 for beta-1.76-1
[INFO] extracting crate mpi-fork-fnsp 0.6.0 into /workspace/builds/worker-2-tc1/source
[INFO] validating manifest of crates.io crate mpi-fork-fnsp 0.6.0 on toolchain 1.75.0
[INFO] running `Command { std: CARGO_HOME="/workspace/cargo-home" RUSTUP_HOME="/workspace/rustup-home" "/workspace/cargo-home/bin/cargo" "+1.75.0" "metadata" "--manifest-path" "Cargo.toml" "--no-deps", kill_on_drop: false }`
[INFO] started tweaking crates.io crate mpi-fork-fnsp 0.6.0
[INFO] removed 0 missing examples
[INFO] finished tweaking crates.io crate mpi-fork-fnsp 0.6.0
[INFO] tweaked toml for crates.io crate mpi-fork-fnsp 0.6.0 written to /workspace/builds/worker-2-tc1/source/Cargo.toml
[INFO] crate crates.io crate mpi-fork-fnsp 0.6.0 already has a lockfile, it will not be regenerated
[INFO] running `Command { std: CARGO_HOME="/workspace/cargo-home" RUSTUP_HOME="/workspace/rustup-home" "/workspace/cargo-home/bin/cargo" "+1.75.0" "fetch" "--manifest-path" "Cargo.toml", kill_on_drop: false }`
[INFO] [stderr]     Updating crates.io index
[INFO] [stderr]  Downloading crates ...
[INFO] [stderr]   Downloaded utf8-ranges v1.0.4
[INFO] [stderr]   Downloaded libffi v1.0.1
[INFO] [stderr]   Downloaded abort_on_panic v2.0.0
[INFO] [stderr]   Downloaded build-probe-mpi v0.1.1
[INFO] [stderr]   Downloaded conv v0.3.3
[INFO] [stderr]   Downloaded ucd-util v0.1.8
[INFO] [stderr]   Downloaded libffi-sys v1.3.2
[INFO] running `Command { std: "docker" "create" "-v" "/var/lib/crater-agent-workspace/builds/worker-2-tc1/target:/opt/rustwide/target:rw,Z" "-v" "/var/lib/crater-agent-workspace/builds/worker-2-tc1/source:/opt/rustwide/workdir:ro,Z" "-v" "/var/lib/crater-agent-workspace/cargo-home:/opt/rustwide/cargo-home:ro,Z" "-v" "/var/lib/crater-agent-workspace/rustup-home:/opt/rustwide/rustup-home:ro,Z" "-e" "SOURCE_DIR=/opt/rustwide/workdir" "-e" "CARGO_TARGET_DIR=/opt/rustwide/target" "-e" "CARGO_HOME=/opt/rustwide/cargo-home" "-e" "RUSTUP_HOME=/opt/rustwide/rustup-home" "-w" "/opt/rustwide/workdir" "-m" "1610612736" "--user" "0:0" "--network" "none" "ghcr.io/rust-lang/crates-build-env/linux@sha256:2788e3201cd34a07e3172128adcd8b3090168a8e3bcc40d7c032b9dda1df7d1c" "/opt/rustwide/cargo-home/bin/cargo" "+1.75.0" "metadata" "--no-deps" "--format-version=1", kill_on_drop: false }`
[INFO] [stdout] a2e0077c3bf1856bb4ed500b5edfe4a3e43a8e9a9bfe9d14e675745c27efdf2f
[INFO] running `Command { std: "docker" "start" "-a" "a2e0077c3bf1856bb4ed500b5edfe4a3e43a8e9a9bfe9d14e675745c27efdf2f", kill_on_drop: false }`
[INFO] running `Command { std: "docker" "inspect" "a2e0077c3bf1856bb4ed500b5edfe4a3e43a8e9a9bfe9d14e675745c27efdf2f", kill_on_drop: false }`
[INFO] running `Command { std: "docker" "rm" "-f" "a2e0077c3bf1856bb4ed500b5edfe4a3e43a8e9a9bfe9d14e675745c27efdf2f", kill_on_drop: false }`
[INFO] [stdout] a2e0077c3bf1856bb4ed500b5edfe4a3e43a8e9a9bfe9d14e675745c27efdf2f
[INFO] running `Command { std: "docker" "create" "-v" "/var/lib/crater-agent-workspace/builds/worker-2-tc1/target:/opt/rustwide/target:rw,Z" "-v" "/var/lib/crater-agent-workspace/builds/worker-2-tc1/source:/opt/rustwide/workdir:ro,Z" "-v" "/var/lib/crater-agent-workspace/cargo-home:/opt/rustwide/cargo-home:ro,Z" "-v" "/var/lib/crater-agent-workspace/rustup-home:/opt/rustwide/rustup-home:ro,Z" "-e" "SOURCE_DIR=/opt/rustwide/workdir" "-e" "CARGO_TARGET_DIR=/opt/rustwide/target" "-e" "CARGO_INCREMENTAL=0" "-e" "RUST_BACKTRACE=full" "-e" "RUSTFLAGS=--cap-lints=warn" "-e" "RUSTDOCFLAGS=--cap-lints=warn" "-e" "CARGO_HOME=/opt/rustwide/cargo-home" "-e" "RUSTUP_HOME=/opt/rustwide/rustup-home" "-w" "/opt/rustwide/workdir" "-m" "1610612736" "--user" "0:0" "--network" "none" "ghcr.io/rust-lang/crates-build-env/linux@sha256:2788e3201cd34a07e3172128adcd8b3090168a8e3bcc40d7c032b9dda1df7d1c" "/opt/rustwide/cargo-home/bin/cargo" "+1.75.0" "build" "--frozen" "--message-format=json", kill_on_drop: false }`
[INFO] [stdout] 8135ccfaae5d68e07ef14934d51fbfc17661c73b2211abbbb512be0ad494258a
[INFO] running `Command { std: "docker" "start" "-a" "8135ccfaae5d68e07ef14934d51fbfc17661c73b2211abbbb512be0ad494258a", kill_on_drop: false }`
[INFO] [stderr]    Compiling libc v0.2.121
[INFO] [stderr]    Compiling lazy_static v1.4.0
[INFO] [stderr]    Compiling memchr v2.4.1
[INFO] [stderr]    Compiling log v0.4.16
[INFO] [stderr]    Compiling glob v0.2.11
[INFO] [stderr]    Compiling libloading v0.4.3
[INFO] [stderr]    Compiling ucd-util v0.1.8
[INFO] [stderr]    Compiling cfg-if v1.0.0
[INFO] [stderr]    Compiling regex v0.2.11
[INFO] [stderr]    Compiling utf8-ranges v1.0.4
[INFO] [stderr]    Compiling unicode-width v0.1.9
[INFO] [stderr]    Compiling ansi_term v0.12.1
[INFO] [stderr]    Compiling bindgen v0.31.3
[INFO] [stderr]    Compiling vec_map v0.8.2
[INFO] [stderr]    Compiling bitflags v1.3.2
[INFO] [stderr]    Compiling strsim v0.8.0
[INFO] [stderr]    Compiling thread_local v0.3.6
[INFO] [stderr]    Compiling num-traits v0.2.14
[INFO] [stderr]    Compiling quote v0.3.15
[INFO] [stderr]    Compiling textwrap v0.11.0
[INFO] [stderr]    Compiling lazy_static v0.2.11
[INFO] [stderr]    Compiling regex-syntax v0.5.6
[INFO] [stderr]    Compiling pkg-config v0.3.24
[INFO] [stderr]    Compiling cfg-if v0.1.10
[INFO] [stderr]    Compiling libffi-sys v1.3.2
[INFO] [stderr]    Compiling peeking_take_while v0.1.2
[INFO] [stderr]    Compiling memoffset v0.6.5
[INFO] [stderr]    Compiling cc v1.0.73
[INFO] [stderr]    Compiling abort_on_panic v2.0.0
[INFO] [stderr]    Compiling custom_derive v0.1.7
[INFO] [stderr]    Compiling smallvec v1.8.0
[INFO] [stderr]    Compiling once_cell v1.10.0
[INFO] [stderr]    Compiling log v0.3.9
[INFO] [stderr]    Compiling build-probe-mpi v0.1.1
[INFO] [stderr]    Compiling clang-sys v0.21.2
[INFO] [stderr]    Compiling conv v0.3.3
[INFO] [stderr]    Compiling aho-corasick v0.6.10
[INFO] [stderr]    Compiling memchr v1.0.2
[INFO] [stderr]    Compiling atty v0.2.14
[INFO] [stderr]    Compiling which v1.0.5
[INFO] [stderr]    Compiling clap v2.34.0
[INFO] [stderr]    Compiling nom v3.2.1
[INFO] [stderr]    Compiling num-complex v0.4.0
[INFO] [stderr]    Compiling cexpr v0.2.3
[INFO] [stderr]    Compiling env_logger v0.4.3
[INFO] [stderr]    Compiling mpi-fork-fnsp v0.6.0 (/opt/rustwide/workdir)
[INFO] [stderr]    Compiling libffi v1.0.1
[INFO] [stderr]     Finished dev [unoptimized + debuginfo] target(s) in 17.41s
[INFO] [stderr] warning: the following packages contain code that will be rejected by a future version of Rust: nom v3.2.1
[INFO] [stderr] note: to see what the problems were, use the option `--future-incompat-report`, or run `cargo report future-incompatibilities --id 1`
[INFO] running `Command { std: "docker" "inspect" "8135ccfaae5d68e07ef14934d51fbfc17661c73b2211abbbb512be0ad494258a", kill_on_drop: false }`
[INFO] running `Command { std: "docker" "rm" "-f" "8135ccfaae5d68e07ef14934d51fbfc17661c73b2211abbbb512be0ad494258a", kill_on_drop: false }`
[INFO] [stdout] 8135ccfaae5d68e07ef14934d51fbfc17661c73b2211abbbb512be0ad494258a
[INFO] running `Command { std: "docker" "create" "-v" "/var/lib/crater-agent-workspace/builds/worker-2-tc1/target:/opt/rustwide/target:rw,Z" "-v" "/var/lib/crater-agent-workspace/builds/worker-2-tc1/source:/opt/rustwide/workdir:ro,Z" "-v" "/var/lib/crater-agent-workspace/cargo-home:/opt/rustwide/cargo-home:ro,Z" "-v" "/var/lib/crater-agent-workspace/rustup-home:/opt/rustwide/rustup-home:ro,Z" "-e" "SOURCE_DIR=/opt/rustwide/workdir" "-e" "CARGO_TARGET_DIR=/opt/rustwide/target" "-e" "CARGO_INCREMENTAL=0" "-e" "RUST_BACKTRACE=full" "-e" "RUSTFLAGS=--cap-lints=warn" "-e" "RUSTDOCFLAGS=--cap-lints=warn" "-e" "CARGO_HOME=/opt/rustwide/cargo-home" "-e" "RUSTUP_HOME=/opt/rustwide/rustup-home" "-w" "/opt/rustwide/workdir" "-m" "1610612736" "--user" "0:0" "--network" "none" "ghcr.io/rust-lang/crates-build-env/linux@sha256:2788e3201cd34a07e3172128adcd8b3090168a8e3bcc40d7c032b9dda1df7d1c" "/opt/rustwide/cargo-home/bin/cargo" "+1.75.0" "test" "--frozen" "--no-run" "--message-format=json", kill_on_drop: false }`
[INFO] [stdout] 282ef5e8f480b0a1cecc381387c80ad27185554891ba21d0bf1a7ef458738f38
[INFO] running `Command { std: "docker" "start" "-a" "282ef5e8f480b0a1cecc381387c80ad27185554891ba21d0bf1a7ef458738f38", kill_on_drop: false }`
[INFO] [stderr]    Compiling mpi-fork-fnsp v0.6.0 (/opt/rustwide/workdir)
[INFO] [stdout] warning: dereferencing a null pointer
[INFO] [stdout]  --> /opt/rustwide/target/debug/build/mpi-fork-fnsp-755354e004720e97/out/functions_and_types.rs:3:33431
[INFO] [stdout]   |
[INFO] [stdout] 3 | ...assert_eq ! ( unsafe { & ( * ( 0 as * const max_align_t ) ) . __clang_max_align_nonce1 as * const _ as usize } , 0usize , concat ! ( "...
[INFO] [stdout]   |                             ^^^^^^^^^^^^^^^^^^^^^^^^^^^^^^^^^^ this code causes undefined behavior when executed
[INFO] [stdout]   |
[INFO] [stdout]   = note: `#[warn(deref_nullptr)]` on by default
[INFO] [stdout] 
[INFO] [stdout] 
[INFO] [stdout] warning: dereferencing a null pointer
[INFO] [stdout]  --> /opt/rustwide/target/debug/build/mpi-fork-fnsp-755354e004720e97/out/functions_and_types.rs:3:33673
[INFO] [stdout]   |
[INFO] [stdout] 3 | ...assert_eq ! ( unsafe { & ( * ( 0 as * const max_align_t ) ) . __clang_max_align_nonce2 as * const _ as usize } , 16usize , concat ! ( ...
[INFO] [stdout]   |                             ^^^^^^^^^^^^^^^^^^^^^^^^^^^^^^^^^^ this code causes undefined behavior when executed
[INFO] [stdout] 
[INFO] [stdout] 
[INFO] [stdout] warning: dereferencing a null pointer
[INFO] [stdout]  --> /opt/rustwide/target/debug/build/mpi-fork-fnsp-755354e004720e97/out/functions_and_types.rs:3:36950
[INFO] [stdout]   |
[INFO] [stdout] 3 | ...t_eq ! ( unsafe { & ( * ( 0 as * const ompi_status_public_t ) ) . MPI_SOURCE as * const _ as usize } , 0usize , concat ! ( "Alignment ...
[INFO] [stdout]   |                        ^^^^^^^^^^^^^^^^^^^^^^^^^^^^^^^^^^^^^^^^^^^ this code causes undefined behavior when executed
[INFO] [stdout] 
[INFO] [stdout] 
[INFO] [stdout] warning: dereferencing a null pointer
[INFO] [stdout]  --> /opt/rustwide/target/debug/build/mpi-fork-fnsp-755354e004720e97/out/functions_and_types.rs:3:37182
[INFO] [stdout]   |
[INFO] [stdout] 3 | ...t_eq ! ( unsafe { & ( * ( 0 as * const ompi_status_public_t ) ) . MPI_TAG as * const _ as usize } , 4usize , concat ! ( "Alignment of ...
[INFO] [stdout]   |                        ^^^^^^^^^^^^^^^^^^^^^^^^^^^^^^^^^^^^^^^^^^^ this code causes undefined behavior when executed
[INFO] [stdout] 
[INFO] [stdout] 
[INFO] [stdout] warning: dereferencing a null pointer
[INFO] [stdout]  --> /opt/rustwide/target/debug/build/mpi-fork-fnsp-755354e004720e97/out/functions_and_types.rs:3:37408
[INFO] [stdout]   |
[INFO] [stdout] 3 | ...t_eq ! ( unsafe { & ( * ( 0 as * const ompi_status_public_t ) ) . MPI_ERROR as * const _ as usize } , 8usize , concat ! ( "Alignment o...
[INFO] [stdout]   |                        ^^^^^^^^^^^^^^^^^^^^^^^^^^^^^^^^^^^^^^^^^^^ this code causes undefined behavior when executed
[INFO] [stdout] 
[INFO] [stdout] 
[INFO] [stdout] warning: dereferencing a null pointer
[INFO] [stdout]  --> /opt/rustwide/target/debug/build/mpi-fork-fnsp-755354e004720e97/out/functions_and_types.rs:3:37638
[INFO] [stdout]   |
[INFO] [stdout] 3 | ...t_eq ! ( unsafe { & ( * ( 0 as * const ompi_status_public_t ) ) . _cancelled as * const _ as usize } , 12usize , concat ! ( "Alignment...
[INFO] [stdout]   |                        ^^^^^^^^^^^^^^^^^^^^^^^^^^^^^^^^^^^^^^^^^^^ this code causes undefined behavior when executed
[INFO] [stdout] 
[INFO] [stdout] 
[INFO] [stdout] warning: dereferencing a null pointer
[INFO] [stdout]  --> /opt/rustwide/target/debug/build/mpi-fork-fnsp-755354e004720e97/out/functions_and_types.rs:3:37871
[INFO] [stdout]   |
[INFO] [stdout] 3 | ...t_eq ! ( unsafe { & ( * ( 0 as * const ompi_status_public_t ) ) . _ucount as * const _ as usize } , 16usize , concat ! ( "Alignment of...
[INFO] [stdout]   |                        ^^^^^^^^^^^^^^^^^^^^^^^^^^^^^^^^^^^^^^^^^^^ this code causes undefined behavior when executed
[INFO] [stdout] 
[INFO] [stdout] 
[INFO] [stdout] warning: 7 warnings emitted
[INFO] [stdout] 
[INFO] [stdout] 
[INFO] [stderr]     Finished test [unoptimized + debuginfo] target(s) in 3.61s
[INFO] [stderr] warning: the following packages contain code that will be rejected by a future version of Rust: nom v3.2.1
[INFO] [stderr] note: to see what the problems were, use the option `--future-incompat-report`, or run `cargo report future-incompatibilities --id 1`
[INFO] running `Command { std: "docker" "inspect" "282ef5e8f480b0a1cecc381387c80ad27185554891ba21d0bf1a7ef458738f38", kill_on_drop: false }`
[INFO] running `Command { std: "docker" "rm" "-f" "282ef5e8f480b0a1cecc381387c80ad27185554891ba21d0bf1a7ef458738f38", kill_on_drop: false }`
[INFO] [stdout] 282ef5e8f480b0a1cecc381387c80ad27185554891ba21d0bf1a7ef458738f38
[INFO] running `Command { std: "docker" "create" "-v" "/var/lib/crater-agent-workspace/builds/worker-2-tc1/target:/opt/rustwide/target:rw,Z" "-v" "/var/lib/crater-agent-workspace/builds/worker-2-tc1/source:/opt/rustwide/workdir:ro,Z" "-v" "/var/lib/crater-agent-workspace/cargo-home:/opt/rustwide/cargo-home:ro,Z" "-v" "/var/lib/crater-agent-workspace/rustup-home:/opt/rustwide/rustup-home:ro,Z" "-e" "SOURCE_DIR=/opt/rustwide/workdir" "-e" "CARGO_TARGET_DIR=/opt/rustwide/target" "-e" "CARGO_INCREMENTAL=0" "-e" "RUST_BACKTRACE=full" "-e" "RUSTFLAGS=--cap-lints=warn" "-e" "RUSTDOCFLAGS=--cap-lints=warn" "-e" "CARGO_HOME=/opt/rustwide/cargo-home" "-e" "RUSTUP_HOME=/opt/rustwide/rustup-home" "-w" "/opt/rustwide/workdir" "-m" "1610612736" "--user" "0:0" "--network" "none" "ghcr.io/rust-lang/crates-build-env/linux@sha256:2788e3201cd34a07e3172128adcd8b3090168a8e3bcc40d7c032b9dda1df7d1c" "/opt/rustwide/cargo-home/bin/cargo" "+1.75.0" "test" "--frozen", kill_on_drop: false }`
[INFO] [stdout] 9d8d6941c6d08e5fbed07fdad6552551862f7964bb7fae10b38620c7366d82f2
[INFO] running `Command { std: "docker" "start" "-a" "9d8d6941c6d08e5fbed07fdad6552551862f7964bb7fae10b38620c7366d82f2", kill_on_drop: false }`
[INFO] [stderr] warning: dereferencing a null pointer
[INFO] [stderr]  --> /opt/rustwide/target/debug/build/mpi-fork-fnsp-755354e004720e97/out/functions_and_types.rs:3:33431
[INFO] [stderr]   |
[INFO] [stderr] 3 | ...assert_eq ! ( unsafe { & ( * ( 0 as * const max_align_t ) ) . __clang_max_align_nonce1 as * const _ as usize } , 0usize , concat ! ( "...
[INFO] [stderr]   |                             ^^^^^^^^^^^^^^^^^^^^^^^^^^^^^^^^^^ this code causes undefined behavior when executed
[INFO] [stderr]   |
[INFO] [stderr]   = note: `#[warn(deref_nullptr)]` on by default
[INFO] [stderr] 
[INFO] [stderr] warning: dereferencing a null pointer
[INFO] [stderr]  --> /opt/rustwide/target/debug/build/mpi-fork-fnsp-755354e004720e97/out/functions_and_types.rs:3:33673
[INFO] [stderr]   |
[INFO] [stderr] 3 | ...assert_eq ! ( unsafe { & ( * ( 0 as * const max_align_t ) ) . __clang_max_align_nonce2 as * const _ as usize } , 16usize , concat ! ( ...
[INFO] [stderr]   |                             ^^^^^^^^^^^^^^^^^^^^^^^^^^^^^^^^^^ this code causes undefined behavior when executed
[INFO] [stderr] 
[INFO] [stderr] warning: dereferencing a null pointer
[INFO] [stderr]  --> /opt/rustwide/target/debug/build/mpi-fork-fnsp-755354e004720e97/out/functions_and_types.rs:3:36950
[INFO] [stderr]   |
[INFO] [stderr] 3 | ...t_eq ! ( unsafe { & ( * ( 0 as * const ompi_status_public_t ) ) . MPI_SOURCE as * const _ as usize } , 0usize , concat ! ( "Alignment ...
[INFO] [stderr]   |                        ^^^^^^^^^^^^^^^^^^^^^^^^^^^^^^^^^^^^^^^^^^^ this code causes undefined behavior when executed
[INFO] [stderr] 
[INFO] [stderr] warning: dereferencing a null pointer
[INFO] [stderr]  --> /opt/rustwide/target/debug/build/mpi-fork-fnsp-755354e004720e97/out/functions_and_types.rs:3:37182
[INFO] [stderr]   |
[INFO] [stderr] 3 | ...t_eq ! ( unsafe { & ( * ( 0 as * const ompi_status_public_t ) ) . MPI_TAG as * const _ as usize } , 4usize , concat ! ( "Alignment of ...
[INFO] [stderr]   |                        ^^^^^^^^^^^^^^^^^^^^^^^^^^^^^^^^^^^^^^^^^^^ this code causes undefined behavior when executed
[INFO] [stderr] 
[INFO] [stderr] warning: dereferencing a null pointer
[INFO] [stderr]  --> /opt/rustwide/target/debug/build/mpi-fork-fnsp-755354e004720e97/out/functions_and_types.rs:3:37408
[INFO] [stderr]   |
[INFO] [stderr] 3 | ...t_eq ! ( unsafe { & ( * ( 0 as * const ompi_status_public_t ) ) . MPI_ERROR as * const _ as usize } , 8usize , concat ! ( "Alignment o...
[INFO] [stderr]   |                        ^^^^^^^^^^^^^^^^^^^^^^^^^^^^^^^^^^^^^^^^^^^ this code causes undefined behavior when executed
[INFO] [stderr] 
[INFO] [stderr] warning: dereferencing a null pointer
[INFO] [stderr]  --> /opt/rustwide/target/debug/build/mpi-fork-fnsp-755354e004720e97/out/functions_and_types.rs:3:37638
[INFO] [stderr]   |
[INFO] [stderr] 3 | ...t_eq ! ( unsafe { & ( * ( 0 as * const ompi_status_public_t ) ) . _cancelled as * const _ as usize } , 12usize , concat ! ( "Alignment...
[INFO] [stderr]   |                        ^^^^^^^^^^^^^^^^^^^^^^^^^^^^^^^^^^^^^^^^^^^ this code causes undefined behavior when executed
[INFO] [stderr] 
[INFO] [stderr] warning: dereferencing a null pointer
[INFO] [stderr]  --> /opt/rustwide/target/debug/build/mpi-fork-fnsp-755354e004720e97/out/functions_and_types.rs:3:37871
[INFO] [stderr]   |
[INFO] [stderr] 3 | ...t_eq ! ( unsafe { & ( * ( 0 as * const ompi_status_public_t ) ) . _ucount as * const _ as usize } , 16usize , concat ! ( "Alignment of...
[INFO] [stderr]   |                        ^^^^^^^^^^^^^^^^^^^^^^^^^^^^^^^^^^^^^^^^^^^ this code causes undefined behavior when executed
[INFO] [stderr] 
[INFO] [stderr] warning: `mpi-fork-fnsp` (lib test) generated 7 warnings
[INFO] [stderr]     Finished test [unoptimized + debuginfo] target(s) in 0.11s
[INFO] [stderr] warning: the following packages contain code that will be rejected by a future version of Rust: nom v3.2.1
[INFO] [stderr] note: to see what the problems were, use the option `--future-incompat-report`, or run `cargo report future-incompatibilities --id 1`
[INFO] [stderr]      Running unittests src/lib.rs (/opt/rustwide/target/debug/deps/mpi_fork_fnsp-37ff247db22146d8)
[INFO] [stdout] 
[INFO] [stdout] running 13 tests
[INFO] [stdout] test mpi_sys::tests::mpi_fint_compiles ... ok
[INFO] [stdout] test mpi_sys::tests::mpi_fint_comm_compiles ... ok
[INFO] [stdout] test mpi_sys::tests::mpi_fint_datatype_compiles ... ok
[INFO] [stdout] test mpi_sys::bindgen_test_layout_ompi_status_public_t ... ok
[INFO] [stdout] test mpi_sys::tests::mpi_fint_errhandler_compiles ... ok
[INFO] [stdout] test mpi_sys::tests::mpi_fint_file_compiles ... ok
[INFO] [stdout] test mpi_sys::tests::mpi_fint_group_compiles ... ok
[INFO] [stdout] test mpi_sys::tests::mpi_fint_request_compiles ... ok
[INFO] [stdout] test mpi_sys::tests::mpi_fint_message_compiles ... ok
[INFO] [stdout] test mpi_sys::tests::mpi_fint_win_compiles ... ok
[INFO] [stdout] test mpi_sys::tests::mpi_fint_info_compiles ... ok
[INFO] [stdout] test mpi_sys::tests::mpi_fint_op_compiles ... ok
[INFO] [stdout] test mpi_sys::bindgen_test_layout_max_align_t ... FAILED
[INFO] [stdout] 
[INFO] [stdout] failures:
[INFO] [stdout] 
[INFO] [stdout] ---- mpi_sys::bindgen_test_layout_max_align_t stdout ----
[INFO] [stdout] thread 'mpi_sys::bindgen_test_layout_max_align_t' panicked at /opt/rustwide/target/debug/build/mpi-fork-fnsp-755354e004720e97/out/functions_and_types.rs:3:33273:
[INFO] [stdout] assertion `left == right` failed: Size of: max_align_t
[INFO] [stdout]   left: 24
[INFO] [stdout]  right: 32
[INFO] [stdout] stack backtrace:
[INFO] [stdout]    0:     0x5607924e522c - std::backtrace_rs::backtrace::libunwind::trace::ha637c64ce894333a
[INFO] [stdout]                                at /rustc/82e1608dfa6e0b5569232559e3d385fea5a93112/library/std/src/../../backtrace/src/backtrace/libunwind.rs:104:5
[INFO] [stdout]    1:     0x5607924e522c - std::backtrace_rs::backtrace::trace_unsynchronized::h47f62dea28e0c88d
[INFO] [stdout]                                at /rustc/82e1608dfa6e0b5569232559e3d385fea5a93112/library/std/src/../../backtrace/src/backtrace/mod.rs:66:5
[INFO] [stdout]    2:     0x5607924e522c - std::sys_common::backtrace::_print_fmt::h9eef0abe20ede486
[INFO] [stdout]                                at /rustc/82e1608dfa6e0b5569232559e3d385fea5a93112/library/std/src/sys_common/backtrace.rs:67:5
[INFO] [stdout]    3:     0x5607924e522c - <std::sys_common::backtrace::_print::DisplayBacktrace as core::fmt::Display>::fmt::hed7f999df88cc644
[INFO] [stdout]                                at /rustc/82e1608dfa6e0b5569232559e3d385fea5a93112/library/std/src/sys_common/backtrace.rs:44:22
[INFO] [stdout]    4:     0x56079250ed70 - core::fmt::rt::Argument::fmt::h1539a9308b8d058d
[INFO] [stdout]                                at /rustc/82e1608dfa6e0b5569232559e3d385fea5a93112/library/core/src/fmt/rt.rs:142:9
[INFO] [stdout]    5:     0x56079250ed70 - core::fmt::write::h3a39390d8560d9c9
[INFO] [stdout]                                at /rustc/82e1608dfa6e0b5569232559e3d385fea5a93112/library/core/src/fmt/mod.rs:1120:17
[INFO] [stdout]    6:     0x5607924e2bdf - std::io::Write::write_fmt::h040b369f3a0f9cbc
[INFO] [stdout]                                at /rustc/82e1608dfa6e0b5569232559e3d385fea5a93112/library/std/src/io/mod.rs:1762:15
[INFO] [stdout]    7:     0x5607924e5014 - std::sys_common::backtrace::_print::h894006fb5c6f3d45
[INFO] [stdout]                                at /rustc/82e1608dfa6e0b5569232559e3d385fea5a93112/library/std/src/sys_common/backtrace.rs:47:5
[INFO] [stdout]    8:     0x5607924e5014 - std::sys_common::backtrace::print::h23a2d212c6fff936
[INFO] [stdout]                                at /rustc/82e1608dfa6e0b5569232559e3d385fea5a93112/library/std/src/sys_common/backtrace.rs:34:9
[INFO] [stdout]    9:     0x5607924e6cd7 - std::panicking::default_hook::{{closure}}::h8a1d2ee00185001a
[INFO] [stdout]   10:     0x5607924e69c3 - std::panicking::default_hook::h6038f2eba384e475
[INFO] [stdout]                                at /rustc/82e1608dfa6e0b5569232559e3d385fea5a93112/library/std/src/panicking.rs:289:9
[INFO] [stdout]   11:     0x5607924b67c7 - <alloc::boxed::Box<F,A> as core::ops::function::Fn<Args>>::call::h0ad024c9bdc6d768
[INFO] [stdout]                                at /rustc/82e1608dfa6e0b5569232559e3d385fea5a93112/library/alloc/src/boxed.rs:2021:9
[INFO] [stdout]   12:     0x5607924b67c7 - test::test_main::{{closure}}::h7500b54257359db6
[INFO] [stdout]                                at /rustc/82e1608dfa6e0b5569232559e3d385fea5a93112/library/test/src/lib.rs:138:21
[INFO] [stdout]   13:     0x5607924e72e8 - <alloc::boxed::Box<F,A> as core::ops::function::Fn<Args>>::call::h1f8f335eaa9cfaee
[INFO] [stdout]                                at /rustc/82e1608dfa6e0b5569232559e3d385fea5a93112/library/alloc/src/boxed.rs:2021:9
[INFO] [stdout]   14:     0x5607924e72e8 - std::panicking::rust_panic_with_hook::h2b5517d590cab22e
[INFO] [stdout]                                at /rustc/82e1608dfa6e0b5569232559e3d385fea5a93112/library/std/src/panicking.rs:783:13
[INFO] [stdout]   15:     0x5607924e703e - std::panicking::begin_panic_handler::{{closure}}::h233112c06e0ef43e
[INFO] [stdout]                                at /rustc/82e1608dfa6e0b5569232559e3d385fea5a93112/library/std/src/panicking.rs:657:13
[INFO] [stdout]   16:     0x5607924e56f6 - std::sys_common::backtrace::__rust_end_short_backtrace::h6e893f24d7ebbff8
[INFO] [stdout]                                at /rustc/82e1608dfa6e0b5569232559e3d385fea5a93112/library/std/src/sys_common/backtrace.rs:170:18
[INFO] [stdout]   17:     0x5607924e6da2 - rust_begin_unwind
[INFO] [stdout]                                at /rustc/82e1608dfa6e0b5569232559e3d385fea5a93112/library/std/src/panicking.rs:645:5
[INFO] [stdout]   18:     0x560792480e25 - core::panicking::panic_fmt::hbf0e066aabfa482c
[INFO] [stdout]                                at /rustc/82e1608dfa6e0b5569232559e3d385fea5a93112/library/core/src/panicking.rs:72:14
[INFO] [stdout]   19:     0x560792481231 - core::panicking::assert_failed_inner::h0bba8b7c26ee4492
[INFO] [stdout]   20:     0x5607924c066e - core::panicking::assert_failed::h8a4cee71e691ec0b
[INFO] [stdout]                                at /rustc/82e1608dfa6e0b5569232559e3d385fea5a93112/library/core/src/panicking.rs:279:5
[INFO] [stdout]   21:     0x560792481f44 - mpi_fork_fnsp::mpi_sys::bindgen_test_layout_max_align_t::h93f546b2a7586dd5
[INFO] [stdout]                                at /opt/rustwide/target/debug/build/mpi-fork-fnsp-755354e004720e97/out/functions_and_types.rs:3:33273
[INFO] [stdout]   22:     0x560792481e77 - mpi_fork_fnsp::mpi_sys::bindgen_test_layout_max_align_t::{{closure}}::h51802cd42452d861
[INFO] [stdout]                                at /opt/rustwide/target/debug/build/mpi-fork-fnsp-755354e004720e97/out/functions_and_types.rs:3:33270
[INFO] [stdout]   23:     0x560792481a06 - core::ops::function::FnOnce::call_once::h29c2cc03df1e43db
[INFO] [stdout]                                at /rustc/82e1608dfa6e0b5569232559e3d385fea5a93112/library/core/src/ops/function.rs:250:5
[INFO] [stdout]   24:     0x5607924bbe1f - core::ops::function::FnOnce::call_once::h2b5d431d5046312d
[INFO] [stdout]                                at /rustc/82e1608dfa6e0b5569232559e3d385fea5a93112/library/core/src/ops/function.rs:250:5
[INFO] [stdout]   25:     0x5607924bbe1f - test::__rust_begin_short_backtrace::h7714669af176e207
[INFO] [stdout]                                at /rustc/82e1608dfa6e0b5569232559e3d385fea5a93112/library/test/src/lib.rs:628:18
[INFO] [stdout]   26:     0x5607924bae35 - test::run_test_in_process::{{closure}}::h85218797dcbcec12
[INFO] [stdout]                                at /rustc/82e1608dfa6e0b5569232559e3d385fea5a93112/library/test/src/lib.rs:651:60
[INFO] [stdout]   27:     0x5607924bae35 - <core::panic::unwind_safe::AssertUnwindSafe<F> as core::ops::function::FnOnce<()>>::call_once::h76c106ea31c14d7b
[INFO] [stdout]                                at /rustc/82e1608dfa6e0b5569232559e3d385fea5a93112/library/core/src/panic/unwind_safe.rs:272:9
[INFO] [stdout]   28:     0x5607924bae35 - std::panicking::try::do_call::h3bd5d0f6620ee946
[INFO] [stdout]                                at /rustc/82e1608dfa6e0b5569232559e3d385fea5a93112/library/std/src/panicking.rs:552:40
[INFO] [stdout]   29:     0x5607924bae35 - std::panicking::try::h232e535e4744fe31
[INFO] [stdout]                                at /rustc/82e1608dfa6e0b5569232559e3d385fea5a93112/library/std/src/panicking.rs:516:19
[INFO] [stdout]   30:     0x5607924bae35 - std::panic::catch_unwind::h3ce3bd6ca8dbac68
[INFO] [stdout]                                at /rustc/82e1608dfa6e0b5569232559e3d385fea5a93112/library/std/src/panic.rs:142:14
[INFO] [stdout]   31:     0x5607924bae35 - test::run_test_in_process::hc97b257c9621286a
[INFO] [stdout]                                at /rustc/82e1608dfa6e0b5569232559e3d385fea5a93112/library/test/src/lib.rs:651:27
[INFO] [stdout]   32:     0x5607924bae35 - test::run_test::{{closure}}::h2aa798823a438d38
[INFO] [stdout]                                at /rustc/82e1608dfa6e0b5569232559e3d385fea5a93112/library/test/src/lib.rs:574:43
[INFO] [stdout]   33:     0x5607924830f6 - test::run_test::{{closure}}::h87d231c78fb59832
[INFO] [stdout]                                at /rustc/82e1608dfa6e0b5569232559e3d385fea5a93112/library/test/src/lib.rs:602:41
[INFO] [stdout]   34:     0x5607924830f6 - std::sys_common::backtrace::__rust_begin_short_backtrace::he6df152596625789
[INFO] [stdout]                                at /rustc/82e1608dfa6e0b5569232559e3d385fea5a93112/library/std/src/sys_common/backtrace.rs:154:18
[INFO] [stdout]   35:     0x5607924881a7 - std::thread::Builder::spawn_unchecked_::{{closure}}::{{closure}}::ha94be15d1e0acf36
[INFO] [stdout]                                at /rustc/82e1608dfa6e0b5569232559e3d385fea5a93112/library/std/src/thread/mod.rs:529:17
[INFO] [stdout]   36:     0x5607924881a7 - <core::panic::unwind_safe::AssertUnwindSafe<F> as core::ops::function::FnOnce<()>>::call_once::h9dc6bd6372f16606
[INFO] [stdout]                                at /rustc/82e1608dfa6e0b5569232559e3d385fea5a93112/library/core/src/panic/unwind_safe.rs:272:9
[INFO] [stdout]   37:     0x5607924881a7 - std::panicking::try::do_call::h9057517f80303cd4
[INFO] [stdout]                                at /rustc/82e1608dfa6e0b5569232559e3d385fea5a93112/library/std/src/panicking.rs:552:40
[INFO] [stdout]   38:     0x5607924881a7 - std::panicking::try::he3a30b11ee45340c
[INFO] [stdout]                                at /rustc/82e1608dfa6e0b5569232559e3d385fea5a93112/library/std/src/panicking.rs:516:19
[INFO] [stdout]   39:     0x5607924881a7 - std::panic::catch_unwind::h410458cfd3528b8b
[INFO] [stdout]                                at /rustc/82e1608dfa6e0b5569232559e3d385fea5a93112/library/std/src/panic.rs:142:14
[INFO] [stdout]   40:     0x5607924881a7 - std::thread::Builder::spawn_unchecked_::{{closure}}::h72ac3bdb567b737b
[INFO] [stdout]                                at /rustc/82e1608dfa6e0b5569232559e3d385fea5a93112/library/std/src/thread/mod.rs:528:30
[INFO] [stdout]   41:     0x5607924881a7 - core::ops::function::FnOnce::call_once{{vtable.shim}}::h38f34da3654a8344
[INFO] [stdout]                                at /rustc/82e1608dfa6e0b5569232559e3d385fea5a93112/library/core/src/ops/function.rs:250:5
[INFO] [stdout]   42:     0x5607924ebd75 - <alloc::boxed::Box<F,A> as core::ops::function::FnOnce<Args>>::call_once::hc7eafaff61e32df9
[INFO] [stdout]                                at /rustc/82e1608dfa6e0b5569232559e3d385fea5a93112/library/alloc/src/boxed.rs:2007:9
[INFO] [stdout]   43:     0x5607924ebd75 - <alloc::boxed::Box<F,A> as core::ops::function::FnOnce<Args>>::call_once::h6ba4a5de48dd2304
[INFO] [stdout]                                at /rustc/82e1608dfa6e0b5569232559e3d385fea5a93112/library/alloc/src/boxed.rs:2007:9
[INFO] [stdout]   44:     0x5607924ebd75 - std::sys::unix::thread::Thread::new::thread_start::he469335aef763e45
[INFO] [stdout]                                at /rustc/82e1608dfa6e0b5569232559e3d385fea5a93112/library/std/src/sys/unix/thread.rs:108:17
[INFO] [stdout]   45:     0x7f1e173f2ac3 - <unknown>
[INFO] [stdout]   46:     0x7f1e17483bf4 - __clone
[INFO] [stdout]   47:                0x0 - <unknown>
[INFO] [stdout] 
[INFO] [stdout] 
[INFO] [stdout] failures:
[INFO] [stdout]     mpi_sys::bindgen_test_layout_max_align_t
[INFO] [stdout] 
[INFO] [stdout] test result: FAILED. 12 passed; 1 failed; 0 ignored; 0 measured; 0 filtered out; finished in 0.07s
[INFO] [stdout] 
[INFO] [stderr] error: test failed, to rerun pass `--lib`
[INFO] running `Command { std: "docker" "inspect" "9d8d6941c6d08e5fbed07fdad6552551862f7964bb7fae10b38620c7366d82f2", kill_on_drop: false }`
[INFO] running `Command { std: "docker" "rm" "-f" "9d8d6941c6d08e5fbed07fdad6552551862f7964bb7fae10b38620c7366d82f2", kill_on_drop: false }`
[INFO] [stdout] 9d8d6941c6d08e5fbed07fdad6552551862f7964bb7fae10b38620c7366d82f2
