[INFO] fetching crate moodyblues-sdk 0.3.0...
[INFO] testing moodyblues-sdk-0.3.0 against 1.75.0 for beta-1.76-1
[INFO] extracting crate moodyblues-sdk 0.3.0 into /workspace/builds/worker-2-tc1/source
[INFO] validating manifest of crates.io crate moodyblues-sdk 0.3.0 on toolchain 1.75.0
[INFO] running `Command { std: CARGO_HOME="/workspace/cargo-home" RUSTUP_HOME="/workspace/rustup-home" "/workspace/cargo-home/bin/cargo" "+1.75.0" "metadata" "--manifest-path" "Cargo.toml" "--no-deps", kill_on_drop: false }`
[INFO] started tweaking crates.io crate moodyblues-sdk 0.3.0
[INFO] finished tweaking crates.io crate moodyblues-sdk 0.3.0
[INFO] tweaked toml for crates.io crate moodyblues-sdk 0.3.0 written to /workspace/builds/worker-2-tc1/source/Cargo.toml
[INFO] crate crates.io crate moodyblues-sdk 0.3.0 already has a lockfile, it will not be regenerated
[INFO] running `Command { std: CARGO_HOME="/workspace/cargo-home" RUSTUP_HOME="/workspace/rustup-home" "/workspace/cargo-home/bin/cargo" "+1.75.0" "fetch" "--manifest-path" "Cargo.toml", kill_on_drop: false }`
[INFO] [stderr]  Downloading crates ...
[INFO] [stderr]   Downloaded serde v1.0.103
[INFO] [stderr]   Downloaded serde_derive v1.0.103
[INFO] running `Command { std: "docker" "create" "-v" "/var/lib/crater-agent-workspace/builds/worker-2-tc1/target:/opt/rustwide/target:rw,Z" "-v" "/var/lib/crater-agent-workspace/builds/worker-2-tc1/source:/opt/rustwide/workdir:ro,Z" "-v" "/var/lib/crater-agent-workspace/cargo-home:/opt/rustwide/cargo-home:ro,Z" "-v" "/var/lib/crater-agent-workspace/rustup-home:/opt/rustwide/rustup-home:ro,Z" "-e" "SOURCE_DIR=/opt/rustwide/workdir" "-e" "CARGO_TARGET_DIR=/opt/rustwide/target" "-e" "CARGO_HOME=/opt/rustwide/cargo-home" "-e" "RUSTUP_HOME=/opt/rustwide/rustup-home" "-w" "/opt/rustwide/workdir" "-m" "1610612736" "--user" "0:0" "--network" "none" "ghcr.io/rust-lang/crates-build-env/linux@sha256:2788e3201cd34a07e3172128adcd8b3090168a8e3bcc40d7c032b9dda1df7d1c" "/opt/rustwide/cargo-home/bin/cargo" "+1.75.0" "metadata" "--no-deps" "--format-version=1", kill_on_drop: false }`
[INFO] [stdout] fd97c8f86e7c351ee89480a21e334dde3a24c703244ad1933139bf709b688dd8
[INFO] running `Command { std: "docker" "start" "-a" "fd97c8f86e7c351ee89480a21e334dde3a24c703244ad1933139bf709b688dd8", kill_on_drop: false }`
[INFO] running `Command { std: "docker" "inspect" "fd97c8f86e7c351ee89480a21e334dde3a24c703244ad1933139bf709b688dd8", kill_on_drop: false }`
[INFO] running `Command { std: "docker" "rm" "-f" "fd97c8f86e7c351ee89480a21e334dde3a24c703244ad1933139bf709b688dd8", kill_on_drop: false }`
[INFO] [stdout] fd97c8f86e7c351ee89480a21e334dde3a24c703244ad1933139bf709b688dd8
[INFO] running `Command { std: "docker" "create" "-v" "/var/lib/crater-agent-workspace/builds/worker-2-tc1/target:/opt/rustwide/target:rw,Z" "-v" "/var/lib/crater-agent-workspace/builds/worker-2-tc1/source:/opt/rustwide/workdir:ro,Z" "-v" "/var/lib/crater-agent-workspace/cargo-home:/opt/rustwide/cargo-home:ro,Z" "-v" "/var/lib/crater-agent-workspace/rustup-home:/opt/rustwide/rustup-home:ro,Z" "-e" "SOURCE_DIR=/opt/rustwide/workdir" "-e" "CARGO_TARGET_DIR=/opt/rustwide/target" "-e" "CARGO_INCREMENTAL=0" "-e" "RUST_BACKTRACE=full" "-e" "RUSTFLAGS=--cap-lints=warn" "-e" "RUSTDOCFLAGS=--cap-lints=warn" "-e" "CARGO_HOME=/opt/rustwide/cargo-home" "-e" "RUSTUP_HOME=/opt/rustwide/rustup-home" "-w" "/opt/rustwide/workdir" "-m" "1610612736" "--user" "0:0" "--network" "none" "ghcr.io/rust-lang/crates-build-env/linux@sha256:2788e3201cd34a07e3172128adcd8b3090168a8e3bcc40d7c032b9dda1df7d1c" "/opt/rustwide/cargo-home/bin/cargo" "+1.75.0" "build" "--frozen" "--message-format=json", kill_on_drop: false }`
[INFO] [stdout] f2ddb98f594d8a3c24f26666fec3fa78e868a8cee955edd871de61e725b1ed4c
[INFO] running `Command { std: "docker" "start" "-a" "f2ddb98f594d8a3c24f26666fec3fa78e868a8cee955edd871de61e725b1ed4c", kill_on_drop: false }`
[INFO] [stderr]    Compiling proc-macro2 v1.0.6
[INFO] [stderr]    Compiling unicode-xid v0.2.0
[INFO] [stderr]    Compiling syn v1.0.11
[INFO] [stderr]    Compiling serde v1.0.103
[INFO] [stderr]    Compiling ryu v1.0.2
[INFO] [stderr]    Compiling itoa v0.4.4
[INFO] [stderr]    Compiling quote v1.0.2
[INFO] [stderr]    Compiling serde_derive v1.0.103
[INFO] [stderr]    Compiling serde_json v1.0.44
[INFO] [stderr]    Compiling moodyblues-sdk v0.3.0 (/opt/rustwide/workdir)
[INFO] [stderr]     Finished dev [unoptimized + debuginfo] target(s) in 5.85s
[INFO] running `Command { std: "docker" "inspect" "f2ddb98f594d8a3c24f26666fec3fa78e868a8cee955edd871de61e725b1ed4c", kill_on_drop: false }`
[INFO] running `Command { std: "docker" "rm" "-f" "f2ddb98f594d8a3c24f26666fec3fa78e868a8cee955edd871de61e725b1ed4c", kill_on_drop: false }`
[INFO] [stdout] f2ddb98f594d8a3c24f26666fec3fa78e868a8cee955edd871de61e725b1ed4c
[INFO] running `Command { std: "docker" "create" "-v" "/var/lib/crater-agent-workspace/builds/worker-2-tc1/target:/opt/rustwide/target:rw,Z" "-v" "/var/lib/crater-agent-workspace/builds/worker-2-tc1/source:/opt/rustwide/workdir:ro,Z" "-v" "/var/lib/crater-agent-workspace/cargo-home:/opt/rustwide/cargo-home:ro,Z" "-v" "/var/lib/crater-agent-workspace/rustup-home:/opt/rustwide/rustup-home:ro,Z" "-e" "SOURCE_DIR=/opt/rustwide/workdir" "-e" "CARGO_TARGET_DIR=/opt/rustwide/target" "-e" "CARGO_INCREMENTAL=0" "-e" "RUST_BACKTRACE=full" "-e" "RUSTFLAGS=--cap-lints=warn" "-e" "RUSTDOCFLAGS=--cap-lints=warn" "-e" "CARGO_HOME=/opt/rustwide/cargo-home" "-e" "RUSTUP_HOME=/opt/rustwide/rustup-home" "-w" "/opt/rustwide/workdir" "-m" "1610612736" "--user" "0:0" "--network" "none" "ghcr.io/rust-lang/crates-build-env/linux@sha256:2788e3201cd34a07e3172128adcd8b3090168a8e3bcc40d7c032b9dda1df7d1c" "/opt/rustwide/cargo-home/bin/cargo" "+1.75.0" "test" "--frozen" "--no-run" "--message-format=json", kill_on_drop: false }`
[INFO] [stdout] 0bceab84c2e294cf9db9f2920a57b9ecaf7a608d6ac9ec5cef7bd9c09b637d46
[INFO] running `Command { std: "docker" "start" "-a" "0bceab84c2e294cf9db9f2920a57b9ecaf7a608d6ac9ec5cef7bd9c09b637d46", kill_on_drop: false }`
[INFO] [stderr]    Compiling moodyblues-sdk v0.3.0 (/opt/rustwide/workdir)
[INFO] [stderr]     Finished test [unoptimized + debuginfo] target(s) in 0.42s
[INFO] running `Command { std: "docker" "inspect" "0bceab84c2e294cf9db9f2920a57b9ecaf7a608d6ac9ec5cef7bd9c09b637d46", kill_on_drop: false }`
[INFO] running `Command { std: "docker" "rm" "-f" "0bceab84c2e294cf9db9f2920a57b9ecaf7a608d6ac9ec5cef7bd9c09b637d46", kill_on_drop: false }`
[INFO] [stdout] 0bceab84c2e294cf9db9f2920a57b9ecaf7a608d6ac9ec5cef7bd9c09b637d46
[INFO] running `Command { std: "docker" "create" "-v" "/var/lib/crater-agent-workspace/builds/worker-2-tc1/target:/opt/rustwide/target:rw,Z" "-v" "/var/lib/crater-agent-workspace/builds/worker-2-tc1/source:/opt/rustwide/workdir:ro,Z" "-v" "/var/lib/crater-agent-workspace/cargo-home:/opt/rustwide/cargo-home:ro,Z" "-v" "/var/lib/crater-agent-workspace/rustup-home:/opt/rustwide/rustup-home:ro,Z" "-e" "SOURCE_DIR=/opt/rustwide/workdir" "-e" "CARGO_TARGET_DIR=/opt/rustwide/target" "-e" "CARGO_INCREMENTAL=0" "-e" "RUST_BACKTRACE=full" "-e" "RUSTFLAGS=--cap-lints=warn" "-e" "RUSTDOCFLAGS=--cap-lints=warn" "-e" "CARGO_HOME=/opt/rustwide/cargo-home" "-e" "RUSTUP_HOME=/opt/rustwide/rustup-home" "-w" "/opt/rustwide/workdir" "-m" "1610612736" "--user" "0:0" "--network" "none" "ghcr.io/rust-lang/crates-build-env/linux@sha256:2788e3201cd34a07e3172128adcd8b3090168a8e3bcc40d7c032b9dda1df7d1c" "/opt/rustwide/cargo-home/bin/cargo" "+1.75.0" "test" "--frozen", kill_on_drop: false }`
[INFO] [stdout] 4b1b68d3d2033c2d33f5beee1c9bca35b5fc8fd88f5233bdf02308fc764823cd
[INFO] running `Command { std: "docker" "start" "-a" "4b1b68d3d2033c2d33f5beee1c9bca35b5fc8fd88f5233bdf02308fc764823cd", kill_on_drop: false }`
[INFO] [stderr]     Finished test [unoptimized + debuginfo] target(s) in 0.01s
[INFO] [stderr]      Running unittests src/lib.rs (/opt/rustwide/target/debug/deps/moodyblues_sdk-ae8591a5d6bbdd28)
[INFO] [stdout] 
[INFO] [stdout] running 2 tests
[INFO] [stdout] test time::test::now_in_millisec_should_gt_0 ... ok
[INFO] [stdout] test test::test_tracer ... FAILED
[INFO] [stdout] 
[INFO] [stdout] failures:
[INFO] [stdout] 
[INFO] [stdout] ---- test::test_tracer stdout ----
[INFO] [stdout] Error: Os { code: 30, kind: ReadOnlyFilesystem, message: "Read-only file system" }
[INFO] [stdout] 
[INFO] [stdout] 
[INFO] [stdout] failures:
[INFO] [stdout]     test::test_tracer
[INFO] [stdout] 
[INFO] [stdout] test result: FAILED. 1 passed; 1 failed; 0 ignored; 0 measured; 0 filtered out; finished in 0.00s
[INFO] [stdout] 
[INFO] [stderr] error: test failed, to rerun pass `--lib`
[INFO] running `Command { std: "docker" "inspect" "4b1b68d3d2033c2d33f5beee1c9bca35b5fc8fd88f5233bdf02308fc764823cd", kill_on_drop: false }`
[INFO] running `Command { std: "docker" "rm" "-f" "4b1b68d3d2033c2d33f5beee1c9bca35b5fc8fd88f5233bdf02308fc764823cd", kill_on_drop: false }`
[INFO] [stdout] 4b1b68d3d2033c2d33f5beee1c9bca35b5fc8fd88f5233bdf02308fc764823cd
[INFO] testing moodyblues-sdk-0.3.0 against beta-2023-12-22 for beta-1.76-1
[INFO] extracting crate moodyblues-sdk 0.3.0 into /workspace/builds/worker-2-tc2/source
[INFO] validating manifest of crates.io crate moodyblues-sdk 0.3.0 on toolchain beta-2023-12-22
[INFO] running `Command { std: CARGO_HOME="/workspace/cargo-home" RUSTUP_HOME="/workspace/rustup-home" "/workspace/cargo-home/bin/cargo" "+beta-2023-12-22" "metadata" "--manifest-path" "Cargo.toml" "--no-deps", kill_on_drop: false }`
[INFO] started tweaking crates.io crate moodyblues-sdk 0.3.0
[INFO] finished tweaking crates.io crate moodyblues-sdk 0.3.0
[INFO] tweaked toml for crates.io crate moodyblues-sdk 0.3.0 written to /workspace/builds/worker-2-tc2/source/Cargo.toml
[INFO] crate crates.io crate moodyblues-sdk 0.3.0 already has a lockfile, it will not be regenerated
[INFO] running `Command { std: CARGO_HOME="/workspace/cargo-home" RUSTUP_HOME="/workspace/rustup-home" "/workspace/cargo-home/bin/cargo" "+beta-2023-12-22" "fetch" "--manifest-path" "Cargo.toml", kill_on_drop: false }`
[INFO] running `Command { std: "docker" "create" "-v" "/var/lib/crater-agent-workspace/builds/worker-2-tc2/target:/opt/rustwide/target:rw,Z" "-v" "/var/lib/crater-agent-workspace/builds/worker-2-tc2/source:/opt/rustwide/workdir:ro,Z" "-v" "/var/lib/crater-agent-workspace/cargo-home:/opt/rustwide/cargo-home:ro,Z" "-v" "/var/lib/crater-agent-workspace/rustup-home:/opt/rustwide/rustup-home:ro,Z" "-e" "SOURCE_DIR=/opt/rustwide/workdir" "-e" "CARGO_TARGET_DIR=/opt/rustwide/target" "-e" "CARGO_HOME=/opt/rustwide/cargo-home" "-e" "RUSTUP_HOME=/opt/rustwide/rustup-home" "-w" "/opt/rustwide/workdir" "-m" "1610612736" "--user" "0:0" "--network" "none" "ghcr.io/rust-lang/crates-build-env/linux@sha256:2788e3201cd34a07e3172128adcd8b3090168a8e3bcc40d7c032b9dda1df7d1c" "/opt/rustwide/cargo-home/bin/cargo" "+beta-2023-12-22" "metadata" "--no-deps" "--format-version=1", kill_on_drop: false }`
[INFO] [stdout] 554a28b04ddb33e0c34afa882707f8e6eb75f609c509f4250c47351fa067a56b
[INFO] running `Command { std: "docker" "start" "-a" "554a28b04ddb33e0c34afa882707f8e6eb75f609c509f4250c47351fa067a56b", kill_on_drop: false }`
[INFO] running `Command { std: "docker" "inspect" "554a28b04ddb33e0c34afa882707f8e6eb75f609c509f4250c47351fa067a56b", kill_on_drop: false }`
[INFO] running `Command { std: "docker" "rm" "-f" "554a28b04ddb33e0c34afa882707f8e6eb75f609c509f4250c47351fa067a56b", kill_on_drop: false }`
[INFO] [stdout] 554a28b04ddb33e0c34afa882707f8e6eb75f609c509f4250c47351fa067a56b
[INFO] running `Command { std: "docker" "create" "-v" "/var/lib/crater-agent-workspace/builds/worker-2-tc2/target:/opt/rustwide/target:rw,Z" "-v" "/var/lib/crater-agent-workspace/builds/worker-2-tc2/source:/opt/rustwide/workdir:ro,Z" "-v" "/var/lib/crater-agent-workspace/cargo-home:/opt/rustwide/cargo-home:ro,Z" "-v" "/var/lib/crater-agent-workspace/rustup-home:/opt/rustwide/rustup-home:ro,Z" "-e" "SOURCE_DIR=/opt/rustwide/workdir" "-e" "CARGO_TARGET_DIR=/opt/rustwide/target" "-e" "CARGO_INCREMENTAL=0" "-e" "RUST_BACKTRACE=full" "-e" "RUSTFLAGS=--cap-lints=warn" "-e" "RUSTDOCFLAGS=--cap-lints=warn" "-e" "CARGO_HOME=/opt/rustwide/cargo-home" "-e" "RUSTUP_HOME=/opt/rustwide/rustup-home" "-w" "/opt/rustwide/workdir" "-m" "1610612736" "--user" "0:0" "--network" "none" "ghcr.io/rust-lang/crates-build-env/linux@sha256:2788e3201cd34a07e3172128adcd8b3090168a8e3bcc40d7c032b9dda1df7d1c" "/opt/rustwide/cargo-home/bin/cargo" "+beta-2023-12-22" "build" "--frozen" "--message-format=json", kill_on_drop: false }`
[INFO] [stdout] bdf1261c4a1463966942d6286dd84885b9aa6fe0236693571f0776093026fcf0
[INFO] running `Command { std: "docker" "start" "-a" "bdf1261c4a1463966942d6286dd84885b9aa6fe0236693571f0776093026fcf0", kill_on_drop: false }`
[INFO] [stderr]    Compiling proc-macro2 v1.0.6
[INFO] [stderr]    Compiling unicode-xid v0.2.0
[INFO] [stderr]    Compiling syn v1.0.11
[INFO] [stderr]    Compiling ryu v1.0.2
[INFO] [stderr]    Compiling serde v1.0.103
[INFO] [stderr]    Compiling itoa v0.4.4
[INFO] [stderr]    Compiling quote v1.0.2
[INFO] [stderr]    Compiling serde_derive v1.0.103
[INFO] [stderr]    Compiling serde_json v1.0.44
[INFO] [stderr]    Compiling moodyblues-sdk v0.3.0 (/opt/rustwide/workdir)
[INFO] [stderr]     Finished dev [unoptimized + debuginfo] target(s) in 6.80s
[INFO] running `Command { std: "docker" "inspect" "bdf1261c4a1463966942d6286dd84885b9aa6fe0236693571f0776093026fcf0", kill_on_drop: false }`
[INFO] running `Command { std: "docker" "rm" "-f" "bdf1261c4a1463966942d6286dd84885b9aa6fe0236693571f0776093026fcf0", kill_on_drop: false }`
[INFO] [stdout] bdf1261c4a1463966942d6286dd84885b9aa6fe0236693571f0776093026fcf0
[INFO] running `Command { std: "docker" "create" "-v" "/var/lib/crater-agent-workspace/builds/worker-2-tc2/target:/opt/rustwide/target:rw,Z" "-v" "/var/lib/crater-agent-workspace/builds/worker-2-tc2/source:/opt/rustwide/workdir:ro,Z" "-v" "/var/lib/crater-agent-workspace/cargo-home:/opt/rustwide/cargo-home:ro,Z" "-v" "/var/lib/crater-agent-workspace/rustup-home:/opt/rustwide/rustup-home:ro,Z" "-e" "SOURCE_DIR=/opt/rustwide/workdir" "-e" "CARGO_TARGET_DIR=/opt/rustwide/target" "-e" "CARGO_INCREMENTAL=0" "-e" "RUST_BACKTRACE=full" "-e" "RUSTFLAGS=--cap-lints=warn" "-e" "RUSTDOCFLAGS=--cap-lints=warn" "-e" "CARGO_HOME=/opt/rustwide/cargo-home" "-e" "RUSTUP_HOME=/opt/rustwide/rustup-home" "-w" "/opt/rustwide/workdir" "-m" "1610612736" "--user" "0:0" "--network" "none" "ghcr.io/rust-lang/crates-build-env/linux@sha256:2788e3201cd34a07e3172128adcd8b3090168a8e3bcc40d7c032b9dda1df7d1c" "/opt/rustwide/cargo-home/bin/cargo" "+beta-2023-12-22" "test" "--frozen" "--no-run" "--message-format=json", kill_on_drop: false }`
[INFO] [stdout] 60274e64cd8c3b15dd4670608d7a860b7249afeec3e6483a0c5a89f6ecc400aa
[INFO] running `Command { std: "docker" "start" "-a" "60274e64cd8c3b15dd4670608d7a860b7249afeec3e6483a0c5a89f6ecc400aa", kill_on_drop: false }`
[INFO] [stderr]    Compiling moodyblues-sdk v0.3.0 (/opt/rustwide/workdir)
[INFO] [stderr]     Finished test [unoptimized + debuginfo] target(s) in 0.76s
[INFO] running `Command { std: "docker" "inspect" "60274e64cd8c3b15dd4670608d7a860b7249afeec3e6483a0c5a89f6ecc400aa", kill_on_drop: false }`
[INFO] running `Command { std: "docker" "rm" "-f" "60274e64cd8c3b15dd4670608d7a860b7249afeec3e6483a0c5a89f6ecc400aa", kill_on_drop: false }`
[INFO] [stdout] 60274e64cd8c3b15dd4670608d7a860b7249afeec3e6483a0c5a89f6ecc400aa
[INFO] running `Command { std: "docker" "create" "-v" "/var/lib/crater-agent-workspace/builds/worker-2-tc2/target:/opt/rustwide/target:rw,Z" "-v" "/var/lib/crater-agent-workspace/builds/worker-2-tc2/source:/opt/rustwide/workdir:ro,Z" "-v" "/var/lib/crater-agent-workspace/cargo-home:/opt/rustwide/cargo-home:ro,Z" "-v" "/var/lib/crater-agent-workspace/rustup-home:/opt/rustwide/rustup-home:ro,Z" "-e" "SOURCE_DIR=/opt/rustwide/workdir" "-e" "CARGO_TARGET_DIR=/opt/rustwide/target" "-e" "CARGO_INCREMENTAL=0" "-e" "RUST_BACKTRACE=full" "-e" "RUSTFLAGS=--cap-lints=warn" "-e" "RUSTDOCFLAGS=--cap-lints=warn" "-e" "CARGO_HOME=/opt/rustwide/cargo-home" "-e" "RUSTUP_HOME=/opt/rustwide/rustup-home" "-w" "/opt/rustwide/workdir" "-m" "1610612736" "--user" "0:0" "--network" "none" "ghcr.io/rust-lang/crates-build-env/linux@sha256:2788e3201cd34a07e3172128adcd8b3090168a8e3bcc40d7c032b9dda1df7d1c" "/opt/rustwide/cargo-home/bin/cargo" "+beta-2023-12-22" "test" "--frozen", kill_on_drop: false }`
[INFO] [stdout] 39d55acb1fe64e84d598325fef2dd10f1ed72a8d27ce6ea16a395cb6e5c84219
[INFO] running `Command { std: "docker" "start" "-a" "39d55acb1fe64e84d598325fef2dd10f1ed72a8d27ce6ea16a395cb6e5c84219", kill_on_drop: false }`
[INFO] [stderr]     Finished test [unoptimized + debuginfo] target(s) in 0.02s
[INFO] [stderr]      Running unittests src/lib.rs (/opt/rustwide/target/debug/deps/moodyblues_sdk-a4639dc98438c4a1)
[INFO] [stdout] 
[INFO] [stdout] running 2 tests
[INFO] [stdout] test time::test::now_in_millisec_should_gt_0 ... ok
[INFO] [stdout] test test::test_tracer ... FAILED
[INFO] [stdout] 
[INFO] [stdout] failures:
[INFO] [stdout] 
[INFO] [stdout] ---- test::test_tracer stdout ----
[INFO] [stdout] Error: Os { code: 30, kind: ReadOnlyFilesystem, message: "Read-only file system" }
[INFO] [stdout] 
[INFO] [stdout] 
[INFO] [stdout] failures:
[INFO] [stdout]     test::test_tracer
[INFO] [stdout] 
[INFO] [stdout] test result: FAILED. 1 passed; 1 failed; 0 ignored; 0 measured; 0 filtered out; finished in 0.00s
[INFO] [stdout] 
[INFO] [stderr] error: test failed, to rerun pass `--lib`
[INFO] running `Command { std: "docker" "inspect" "39d55acb1fe64e84d598325fef2dd10f1ed72a8d27ce6ea16a395cb6e5c84219", kill_on_drop: false }`
[INFO] running `Command { std: "docker" "rm" "-f" "39d55acb1fe64e84d598325fef2dd10f1ed72a8d27ce6ea16a395cb6e5c84219", kill_on_drop: false }`
[INFO] [stdout] 39d55acb1fe64e84d598325fef2dd10f1ed72a8d27ce6ea16a395cb6e5c84219
