[INFO] fetching crate modyne 0.2.1...
[INFO] testing modyne-0.2.1 against 1.75.0 for beta-1.76-1
[INFO] extracting crate modyne 0.2.1 into /workspace/builds/worker-2-tc1/source
[INFO] validating manifest of crates.io crate modyne 0.2.1 on toolchain 1.75.0
[INFO] running `Command { std: CARGO_HOME="/workspace/cargo-home" RUSTUP_HOME="/workspace/rustup-home" "/workspace/cargo-home/bin/cargo" "+1.75.0" "metadata" "--manifest-path" "Cargo.toml" "--no-deps", kill_on_drop: false }`
[INFO] started tweaking crates.io crate modyne 0.2.1
[INFO] finished tweaking crates.io crate modyne 0.2.1
[INFO] tweaked toml for crates.io crate modyne 0.2.1 written to /workspace/builds/worker-2-tc1/source/Cargo.toml
[INFO] running `Command { std: CARGO_HOME="/workspace/cargo-home" RUSTUP_HOME="/workspace/rustup-home" "/workspace/cargo-home/bin/cargo" "+1.75.0" "generate-lockfile" "--manifest-path" "Cargo.toml", kill_on_drop: false }`
[INFO] [stderr]     Updating crates.io index
[INFO] running `Command { std: CARGO_HOME="/workspace/cargo-home" RUSTUP_HOME="/workspace/rustup-home" "/workspace/cargo-home/bin/cargo" "+1.75.0" "fetch" "--manifest-path" "Cargo.toml", kill_on_drop: false }`
[INFO] [stderr]  Downloading crates ...
[INFO] [stderr]   Downloaded aws-sdk-sso v0.30.0
[INFO] [stderr]   Downloaded aliri_braid_impl v0.4.0
[INFO] [stderr]   Downloaded aws-http v0.56.1
[INFO] [stderr]   Downloaded aws-smithy-query v0.56.1
[INFO] [stderr]   Downloaded aws-smithy-async v0.56.1
[INFO] [stderr]   Downloaded aws-runtime v0.56.1
[INFO] [stderr]   Downloaded modyne-derive v0.2.1
[INFO] [stderr]   Downloaded aws-smithy-runtime-api v0.56.1
[INFO] [stderr]   Downloaded aws-smithy-runtime v0.56.1
[INFO] [stderr]   Downloaded aws-sdk-sts v0.30.0
[INFO] [stderr]   Downloaded aws-sdk-dynamodb v0.30.0
[INFO] [stderr]   Downloaded aws-config v0.56.1
[INFO] [stderr]   Downloaded aws-smithy-http-tower v0.56.1
[INFO] [stderr]   Downloaded aws-smithy-client v0.56.1
[INFO] [stderr]   Downloaded aws-smithy-types v0.56.1
[INFO] [stderr]   Downloaded serde_dynamo v4.2.13
[INFO] [stderr]   Downloaded aliri_braid v0.4.0
[INFO] [stderr]   Downloaded aws-sigv4 v0.56.1
[INFO] [stderr]   Downloaded aws-smithy-http v0.56.1
[INFO] [stderr]   Downloaded aws-smithy-xml v0.56.1
[INFO] [stderr]   Downloaded aws-smithy-json v0.56.1
[INFO] [stderr]   Downloaded aws-types v0.56.1
[INFO] [stderr]   Downloaded aws-credential-types v0.56.1
[INFO] running `Command { std: "docker" "create" "-v" "/var/lib/crater-agent-workspace/builds/worker-2-tc1/target:/opt/rustwide/target:rw,Z" "-v" "/var/lib/crater-agent-workspace/builds/worker-2-tc1/source:/opt/rustwide/workdir:ro,Z" "-v" "/var/lib/crater-agent-workspace/cargo-home:/opt/rustwide/cargo-home:ro,Z" "-v" "/var/lib/crater-agent-workspace/rustup-home:/opt/rustwide/rustup-home:ro,Z" "-e" "SOURCE_DIR=/opt/rustwide/workdir" "-e" "CARGO_TARGET_DIR=/opt/rustwide/target" "-e" "CARGO_HOME=/opt/rustwide/cargo-home" "-e" "RUSTUP_HOME=/opt/rustwide/rustup-home" "-w" "/opt/rustwide/workdir" "-m" "1610612736" "--user" "0:0" "--network" "none" "ghcr.io/rust-lang/crates-build-env/linux@sha256:2788e3201cd34a07e3172128adcd8b3090168a8e3bcc40d7c032b9dda1df7d1c" "/opt/rustwide/cargo-home/bin/cargo" "+1.75.0" "metadata" "--no-deps" "--format-version=1", kill_on_drop: false }`
[INFO] [stdout] 18d1b37e11bb2c2647eee4a66f456661de8969e28c84e2e1c6f0ae312b6e8d86
[INFO] running `Command { std: "docker" "start" "-a" "18d1b37e11bb2c2647eee4a66f456661de8969e28c84e2e1c6f0ae312b6e8d86", kill_on_drop: false }`
[INFO] running `Command { std: "docker" "inspect" "18d1b37e11bb2c2647eee4a66f456661de8969e28c84e2e1c6f0ae312b6e8d86", kill_on_drop: false }`
[INFO] running `Command { std: "docker" "rm" "-f" "18d1b37e11bb2c2647eee4a66f456661de8969e28c84e2e1c6f0ae312b6e8d86", kill_on_drop: false }`
[INFO] [stdout] 18d1b37e11bb2c2647eee4a66f456661de8969e28c84e2e1c6f0ae312b6e8d86
[INFO] running `Command { std: "docker" "create" "-v" "/var/lib/crater-agent-workspace/builds/worker-2-tc1/target:/opt/rustwide/target:rw,Z" "-v" "/var/lib/crater-agent-workspace/builds/worker-2-tc1/source:/opt/rustwide/workdir:ro,Z" "-v" "/var/lib/crater-agent-workspace/cargo-home:/opt/rustwide/cargo-home:ro,Z" "-v" "/var/lib/crater-agent-workspace/rustup-home:/opt/rustwide/rustup-home:ro,Z" "-e" "SOURCE_DIR=/opt/rustwide/workdir" "-e" "CARGO_TARGET_DIR=/opt/rustwide/target" "-e" "CARGO_INCREMENTAL=0" "-e" "RUST_BACKTRACE=full" "-e" "RUSTFLAGS=--cap-lints=warn" "-e" "RUSTDOCFLAGS=--cap-lints=warn" "-e" "CARGO_HOME=/opt/rustwide/cargo-home" "-e" "RUSTUP_HOME=/opt/rustwide/rustup-home" "-w" "/opt/rustwide/workdir" "-m" "1610612736" "--user" "0:0" "--network" "none" "ghcr.io/rust-lang/crates-build-env/linux@sha256:2788e3201cd34a07e3172128adcd8b3090168a8e3bcc40d7c032b9dda1df7d1c" "/opt/rustwide/cargo-home/bin/cargo" "+1.75.0" "build" "--frozen" "--message-format=json", kill_on_drop: false }`
[INFO] [stdout] 6d029ebf9210706cacc00a7a35ab02d131f3995ed6205dfc210c261ae263c09c
[INFO] running `Command { std: "docker" "start" "-a" "6d029ebf9210706cacc00a7a35ab02d131f3995ed6205dfc210c261ae263c09c", kill_on_drop: false }`
[INFO] [stderr]    Compiling libc v0.2.151
[INFO] [stderr]    Compiling serde v1.0.194
[INFO] [stderr]    Compiling futures-task v0.3.30
[INFO] [stderr]    Compiling powerfmt v0.2.0
[INFO] [stderr]    Compiling vsimd v0.8.0
[INFO] [stderr]    Compiling num-traits v0.2.17
[INFO] [stderr]    Compiling outref v0.5.1
[INFO] [stderr]    Compiling time-core v0.1.2
[INFO] [stderr]    Compiling syn v2.0.48
[INFO] [stderr]    Compiling socket2 v0.5.5
[INFO] [stderr]    Compiling mio v0.8.10
[INFO] [stderr]    Compiling getrandom v0.2.11
[INFO] [stderr]    Compiling either v1.9.0
[INFO] [stderr]    Compiling generic-array v0.14.7
[INFO] [stderr]    Compiling rustls v0.21.10
[INFO] [stderr]    Compiling rustls-pemfile v1.0.4
[INFO] [stderr]    Compiling tower-layer v0.3.2
[INFO] [stderr]    Compiling openssl-probe v0.1.5
[INFO] [stderr]    Compiling futures-util v0.3.30
[INFO] [stderr]    Compiling bytes-utils v0.1.4
[INFO] [stderr]    Compiling rustls-native-certs v0.6.3
[INFO] [stderr]    Compiling fastrand v2.0.1
[INFO] [stderr]    Compiling subtle v2.5.0
[INFO] [stderr]    Compiling memchr v2.7.1
[INFO] [stderr]    Compiling aws-types v0.56.1
[INFO] [stderr]    Compiling regex-syntax v0.8.2
[INFO] [stderr]    Compiling zeroize v1.7.0
[INFO] [stderr]    Compiling hex v0.4.3
[INFO] [stderr]    Compiling tokio v1.35.1
[INFO] [stderr]    Compiling uuid v1.6.1
[INFO] [stderr]    Compiling xmlparser v0.13.6
[INFO] [stderr]    Compiling urlencoding v2.1.3
[INFO] [stderr]    Compiling base64-simd v0.8.0
[INFO] [stderr]    Compiling untrusted v0.7.1
[INFO] [stderr]    Compiling async-trait v0.1.77
[INFO] [stderr]    Compiling spin v0.5.2
[INFO] [stderr]    Compiling aws-smithy-xml v0.56.1
[INFO] [stderr]    Compiling aho-corasick v1.1.2
[INFO] [stderr]    Compiling block-buffer v0.10.4
[INFO] [stderr]    Compiling crypto-common v0.1.6
[INFO] [stderr]    Compiling digest v0.10.7
[INFO] [stderr]    Compiling cc v1.0.83
[INFO] [stderr]    Compiling hmac v0.12.1
[INFO] [stderr]    Compiling sha2 v0.10.8
[INFO] [stderr]    Compiling num-integer v0.1.45
[INFO] [stderr]    Compiling ring v0.17.7
[INFO] [stderr]    Compiling ring v0.16.20
[INFO] [stderr]    Compiling regex-automata v0.4.3
[INFO] [stderr]    Compiling serde_derive v1.0.194
[INFO] [stderr]    Compiling tracing-attributes v0.1.27
[INFO] [stderr]    Compiling pin-project-internal v1.1.3
[INFO] [stderr]    Compiling aliri_braid_impl v0.4.0
[INFO] [stderr]    Compiling thiserror-impl v1.0.56
[INFO] [stderr]    Compiling regex v1.10.2
[INFO] [stderr]    Compiling tokio-stream v0.1.14
[INFO] [stderr]    Compiling aws-smithy-async v0.56.1
[INFO] [stderr]    Compiling sct v0.7.1
[INFO] [stderr]    Compiling rustls-webpki v0.101.7
[INFO] [stderr]    Compiling thiserror v1.0.56
[INFO] [stderr]    Compiling pin-project v1.1.3
[INFO] [stderr]    Compiling tracing v0.1.40
[INFO] [stderr]    Compiling aliri_braid v0.4.0
[INFO] [stderr]    Compiling tokio-util v0.7.10
[INFO] [stderr]    Compiling tower v0.4.13
[INFO] [stderr]    Compiling h2 v0.3.22
[INFO] [stderr]    Compiling tokio-rustls v0.24.1
[INFO] [stderr]    Compiling deranged v0.3.11
[INFO] [stderr]    Compiling time v0.3.31
[INFO] [stderr]    Compiling hyper v0.14.28
[INFO] [stderr]    Compiling aws-smithy-types v0.56.1
[INFO] [stderr]    Compiling aws-credential-types v0.56.1
[INFO] [stderr]    Compiling aws-smithy-json v0.56.1
[INFO] [stderr]    Compiling aws-smithy-query v0.56.1
[INFO] [stderr]    Compiling aws-smithy-http v0.56.1
[INFO] [stderr]    Compiling hyper-rustls v0.24.2
[INFO] [stderr]    Compiling aws-smithy-http-tower v0.56.1
[INFO] [stderr]    Compiling aws-smithy-runtime-api v0.56.1
[INFO] [stderr]    Compiling aws-sigv4 v0.56.1
[INFO] [stderr]    Compiling aws-smithy-client v0.56.1
[INFO] [stderr]    Compiling aws-smithy-runtime v0.56.1
[INFO] [stderr]    Compiling aws-http v0.56.1
[INFO] [stderr]    Compiling aws-runtime v0.56.1
[INFO] [stderr]    Compiling aws-sdk-dynamodb v0.30.0
[INFO] [stderr]    Compiling aws-sdk-sso v0.30.0
[INFO] [stderr]    Compiling aws-sdk-sts v0.30.0
[INFO] [stderr]    Compiling aws-config v0.56.1
[INFO] [stderr]    Compiling serde_dynamo v4.2.13
[INFO] [stderr]    Compiling modyne v0.2.1 (/opt/rustwide/workdir)
[INFO] [stderr]     Finished dev [unoptimized + debuginfo] target(s) in 30.56s
[INFO] running `Command { std: "docker" "inspect" "6d029ebf9210706cacc00a7a35ab02d131f3995ed6205dfc210c261ae263c09c", kill_on_drop: false }`
[INFO] running `Command { std: "docker" "rm" "-f" "6d029ebf9210706cacc00a7a35ab02d131f3995ed6205dfc210c261ae263c09c", kill_on_drop: false }`
[INFO] [stdout] 6d029ebf9210706cacc00a7a35ab02d131f3995ed6205dfc210c261ae263c09c
[INFO] running `Command { std: "docker" "create" "-v" "/var/lib/crater-agent-workspace/builds/worker-2-tc1/target:/opt/rustwide/target:rw,Z" "-v" "/var/lib/crater-agent-workspace/builds/worker-2-tc1/source:/opt/rustwide/workdir:ro,Z" "-v" "/var/lib/crater-agent-workspace/cargo-home:/opt/rustwide/cargo-home:ro,Z" "-v" "/var/lib/crater-agent-workspace/rustup-home:/opt/rustwide/rustup-home:ro,Z" "-e" "SOURCE_DIR=/opt/rustwide/workdir" "-e" "CARGO_TARGET_DIR=/opt/rustwide/target" "-e" "CARGO_INCREMENTAL=0" "-e" "RUST_BACKTRACE=full" "-e" "RUSTFLAGS=--cap-lints=warn" "-e" "RUSTDOCFLAGS=--cap-lints=warn" "-e" "CARGO_HOME=/opt/rustwide/cargo-home" "-e" "RUSTUP_HOME=/opt/rustwide/rustup-home" "-w" "/opt/rustwide/workdir" "-m" "1610612736" "--user" "0:0" "--network" "none" "ghcr.io/rust-lang/crates-build-env/linux@sha256:2788e3201cd34a07e3172128adcd8b3090168a8e3bcc40d7c032b9dda1df7d1c" "/opt/rustwide/cargo-home/bin/cargo" "+1.75.0" "test" "--frozen" "--no-run" "--message-format=json", kill_on_drop: false }`
[INFO] [stdout] a28c3ceaacbe0722baab664be990a3f3610f9e90bbc549415b750ea85381c6c8
[INFO] running `Command { std: "docker" "start" "-a" "a28c3ceaacbe0722baab664be990a3f3610f9e90bbc549415b750ea85381c6c8", kill_on_drop: false }`
[INFO] [stderr]    Compiling modyne v0.2.1 (/opt/rustwide/workdir)
[INFO] [stderr]     Finished test [unoptimized + debuginfo] target(s) in 7.69s
[INFO] running `Command { std: "docker" "inspect" "a28c3ceaacbe0722baab664be990a3f3610f9e90bbc549415b750ea85381c6c8", kill_on_drop: false }`
[INFO] running `Command { std: "docker" "rm" "-f" "a28c3ceaacbe0722baab664be990a3f3610f9e90bbc549415b750ea85381c6c8", kill_on_drop: false }`
[INFO] [stdout] a28c3ceaacbe0722baab664be990a3f3610f9e90bbc549415b750ea85381c6c8
[INFO] running `Command { std: "docker" "create" "-v" "/var/lib/crater-agent-workspace/builds/worker-2-tc1/target:/opt/rustwide/target:rw,Z" "-v" "/var/lib/crater-agent-workspace/builds/worker-2-tc1/source:/opt/rustwide/workdir:ro,Z" "-v" "/var/lib/crater-agent-workspace/cargo-home:/opt/rustwide/cargo-home:ro,Z" "-v" "/var/lib/crater-agent-workspace/rustup-home:/opt/rustwide/rustup-home:ro,Z" "-e" "SOURCE_DIR=/opt/rustwide/workdir" "-e" "CARGO_TARGET_DIR=/opt/rustwide/target" "-e" "CARGO_INCREMENTAL=0" "-e" "RUST_BACKTRACE=full" "-e" "RUSTFLAGS=--cap-lints=warn" "-e" "RUSTDOCFLAGS=--cap-lints=warn" "-e" "CARGO_HOME=/opt/rustwide/cargo-home" "-e" "RUSTUP_HOME=/opt/rustwide/rustup-home" "-w" "/opt/rustwide/workdir" "-m" "1610612736" "--user" "0:0" "--network" "none" "ghcr.io/rust-lang/crates-build-env/linux@sha256:2788e3201cd34a07e3172128adcd8b3090168a8e3bcc40d7c032b9dda1df7d1c" "/opt/rustwide/cargo-home/bin/cargo" "+1.75.0" "test" "--frozen", kill_on_drop: false }`
[INFO] [stdout] e149845970edd2f1819c8cbd0cdae35eb6422cfbe04538543cc9976b285fedad
[INFO] running `Command { std: "docker" "start" "-a" "e149845970edd2f1819c8cbd0cdae35eb6422cfbe04538543cc9976b285fedad", kill_on_drop: false }`
[INFO] [stderr]     Finished test [unoptimized + debuginfo] target(s) in 0.16s
[INFO] [stderr]      Running unittests src/lib.rs (/opt/rustwide/target/debug/deps/modyne-b20117aa166913af)
[INFO] [stdout] 
[INFO] [stdout] running 14 tests
[INFO] [stdout] test expr::tests::key_condition_expression_partition_only_doesnt_include_sort_key_variable ... ok
[INFO] [stdout] test types::tests::timestamp_removes_fractional_seconds ... ok
[INFO] [stdout] test keys::tests::test_primary_key ... ok
[INFO] [stdout] test expr::tests::projection_expression_filters_out_duplicates ... ok
[INFO] [stdout] test expr::tests::key_condition_expression_specific_item ... ok
[INFO] [stdout] test tests::test_entity_serializes_as_expected ... ok
[INFO] [stdout] test keys::tests::test_lsi_key ... ok
[INFO] [stdout] test types::tests::timestamp_matches_expected_format ... ok
[INFO] [stdout] test expr::tests::ensure_expected_substitutions_for_projection_expression ... ok
[INFO] [stdout] test types::tests::timestamp_as_attribute_item_is_timestamp ... ok
[INFO] [stdout] test expr::tests::key_condition_expression_between ... ok
[INFO] [stdout] test keys::tests::test_gsi_key ... ok
[INFO] [stdout] test keys::tests::test_composite_key ... ok
[INFO] [stdout] test types::tests::timestamp_moves_to_utc ... ok
[INFO] [stdout] 
[INFO] [stdout] test result: ok. 14 passed; 0 failed; 0 ignored; 0 measured; 0 filtered out; finished in 0.05s
[INFO] [stdout] 
[INFO] [stderr]    Doc-tests modyne
[INFO] [stdout] 
[INFO] [stdout] running 18 tests
[INFO] [stdout] test src/lib.rs - (line 137) ... FAILED
[INFO] [stdout] test src/lib.rs - EntityDef (line 79) ... FAILED
[INFO] [stdout] test src/lib.rs - (line 212) - compile fail ... ok
[INFO] [stdout] test src/lib.rs - (line 246) ... FAILED
[INFO] [stdout] test src/lib.rs - Entity (line 153) ... FAILED
[INFO] [stdout] test src/lib.rs - (line 92) ... FAILED
[INFO] [stdout] test src/lib.rs - (line 285) ... FAILED
[INFO] [stdout] test src/lib.rs - Entity::KeyInput (line 235) ... ok
[INFO] [stdout] test src/lib.rs - (line 175) ... FAILED
[INFO] [stdout] test src/lib.rs - Entity::IndexKeys (line 255) ... ok
[INFO] [stdout] test src/lib.rs - Entity::KeyInput (line 224) ... ok
[INFO] [stdout] test src/lib.rs - (line 45) ... ok
[INFO] [stdout] test src/lib.rs - EntityDef (line 93) ... ok
[INFO] [stdout] test src/lib.rs - Entity::IndexKeys (line 262) ... ok
[INFO] [stdout] test src/lib.rs - (line 17) ... ok
[INFO] [stdout] test src/lib.rs - once_projection_expression (line 503) ... ok
[INFO] [stdout] test src/keys.rs - keys (line 18) ... ok
[INFO] [stdout] test src/keys.rs - keys (line 38) ... ok
[INFO] [stdout] 
[INFO] [stdout] failures:
[INFO] [stdout] 
[INFO] [stdout] ---- src/lib.rs - (line 137) stdout ----
[INFO] [stdout] error[E0433]: failed to resolve: could not find `EntityDef` in `modyne`
[INFO] [stdout]   --> src/lib.rs:146:25
[INFO] [stdout]    |
[INFO] [stdout] 12 | #[derive(Debug, modyne::EntityDef, serde::Serialize)]
[INFO] [stdout]    |                         ^^^^^^^^^ could not find `EntityDef` in `modyne`
[INFO] [stdout]    |
[INFO] [stdout] note: found an item that was configured out
[INFO] [stdout]   --> /opt/rustwide/workdir/src/lib.rs:24:24
[INFO] [stdout]    |
[INFO] [stdout] 24 | pub use modyne_derive::EntityDef;
[INFO] [stdout]    |                        ^^^^^^^^^
[INFO] [stdout]    = note: the item is gated behind the `derive` feature
[INFO] [stdout] 
[INFO] [stdout] error[E0277]: the trait bound `Session: EntityDef` is not satisfied
[INFO] [stdout]    --> src/lib.rs:148:25
[INFO] [stdout]     |
[INFO] [stdout] 14  | impl modyne::Entity for Session {
[INFO] [stdout]     |                         ^^^^^^^ the trait `EntityDef` is not implemented for `Session`
[INFO] [stdout]     |
[INFO] [stdout] note: required by a bound in `Entity`
[INFO] [stdout]    --> /opt/rustwide/workdir/src/lib.rs:208:19
[INFO] [stdout]     |
[INFO] [stdout] 208 | pub trait Entity: EntityDef + Sized {
[INFO] [stdout]     |                   ^^^^^^^^^ required by this bound in `Entity`
[INFO] [stdout] 
[INFO] [stdout] error: aborting due to 2 previous errors
[INFO] [stdout] 
[INFO] [stdout] Some errors have detailed explanations: E0277, E0433.
[INFO] [stdout] For more information about an error, try `rustc --explain E0277`.
[INFO] [stdout] Couldn't compile the test.
[INFO] [stdout] ---- src/lib.rs - EntityDef (line 79) stdout ----
[INFO] [stdout] error: cannot find derive macro `EntityDef` in this scope
[INFO] [stdout]  --> src/lib.rs:83:10
[INFO] [stdout]   |
[INFO] [stdout] 7 | #[derive(EntityDef)]
[INFO] [stdout]   |          ^^^^^^^^^
[INFO] [stdout]   |
[INFO] [stdout] note: `EntityDef` is imported here, but it is only a trait, without a derive macro
[INFO] [stdout]  --> src/lib.rs:81:5
[INFO] [stdout]   |
[INFO] [stdout] 5 | use modyne::EntityDef;
[INFO] [stdout]   |     ^^^^^^^^^^^^^^^^^
[INFO] [stdout] 
[INFO] [stdout] error: cannot find attribute `serde` in this scope
[INFO] [stdout]  --> src/lib.rs:84:3
[INFO] [stdout]   |
[INFO] [stdout] 8 | #[serde(rename = "orange", rename_all = "kebab-case")]
[INFO] [stdout]   |   ^^^^^
[INFO] [stdout]   |
[INFO] [stdout]   = note: `serde` is in scope, but it is a crate, not an attribute
[INFO] [stdout] 
[INFO] [stdout] error: cannot find attribute `serde` in this scope
[INFO] [stdout]   --> src/lib.rs:87:7
[INFO] [stdout]    |
[INFO] [stdout] 11 |     #[serde(rename = "second-field")]
[INFO] [stdout]    |       ^^^^^
[INFO] [stdout]    |
[INFO] [stdout]    = note: `serde` is in scope, but it is a crate, not an attribute
[INFO] [stdout] 
[INFO] [stdout] error: aborting due to 3 previous errors
[INFO] [stdout] 
[INFO] [stdout] Couldn't compile the test.
[INFO] [stdout] ---- src/lib.rs - (line 246) stdout ----
[INFO] [stdout] error: cannot find derive macro `EntityDef` in this scope
[INFO] [stdout]   --> src/lib.rs:265:17
[INFO] [stdout]    |
[INFO] [stdout] 22 | #[derive(Debug, EntityDef, serde::Serialize, serde::Deserialize)]
[INFO] [stdout]    |                 ^^^^^^^^^
[INFO] [stdout]    |
[INFO] [stdout] note: `EntityDef` is imported here, but it is only a trait, without a derive macro
[INFO] [stdout]   --> src/lib.rs:248:14
[INFO] [stdout]    |
[INFO] [stdout] 5  | use modyne::{EntityDef, Projection};
[INFO] [stdout]    |              ^^^^^^^^^
[INFO] [stdout] 
[INFO] [stdout] error: cannot find derive macro `Projection` in this scope
[INFO] [stdout]   --> src/lib.rs:271:17
[INFO] [stdout]    |
[INFO] [stdout] 28 | #[derive(Debug, Projection, serde::Deserialize)]
[INFO] [stdout]    |                 ^^^^^^^^^^
[INFO] [stdout]    |
[INFO] [stdout] note: `Projection` is imported here, but it is only a trait, without a derive macro
[INFO] [stdout]   --> src/lib.rs:248:25
[INFO] [stdout]    |
[INFO] [stdout] 5  | use modyne::{EntityDef, Projection};
[INFO] [stdout]    |                         ^^^^^^^^^^
[INFO] [stdout] 
[INFO] [stdout] error: cannot find attribute `entity` in this scope
[INFO] [stdout]   --> src/lib.rs:272:3
[INFO] [stdout]    |
[INFO] [stdout] 29 | #[entity(Session)]
[INFO] [stdout]    |   ^^^^^^
[INFO] [stdout] 
[INFO] [stdout] error[E0277]: the trait bound `Session: EntityDef` is not satisfied
[INFO] [stdout]    --> src/lib.rs:257:25
[INFO] [stdout]     |
[INFO] [stdout] 14  | impl modyne::Entity for Session {
[INFO] [stdout]     |                         ^^^^^^^ the trait `EntityDef` is not implemented for `Session`
[INFO] [stdout]     |
[INFO] [stdout] note: required by a bound in `Entity`
[INFO] [stdout]    --> /opt/rustwide/workdir/src/lib.rs:208:19
[INFO] [stdout]     |
[INFO] [stdout] 208 | pub trait Entity: EntityDef + Sized {
[INFO] [stdout]     |                   ^^^^^^^^^ required by this bound in `Entity`
[INFO] [stdout] 
[INFO] [stdout] error: aborting due to 4 previous errors
[INFO] [stdout] 
[INFO] [stdout] For more information about this error, try `rustc --explain E0277`.
[INFO] [stdout] Couldn't compile the test.
[INFO] [stdout] ---- src/lib.rs - Entity (line 153) stdout ----
[INFO] [stdout] error: cannot find derive macro `EntityDef` in this scope
[INFO] [stdout]   --> src/lib.rs:166:17
[INFO] [stdout]    |
[INFO] [stdout] 16 | #[derive(Debug, EntityDef, serde::Serialize, serde::Deserialize)]
[INFO] [stdout]    |                 ^^^^^^^^^
[INFO] [stdout]    |
[INFO] [stdout] note: `EntityDef` is imported here, but it is only a trait, without a derive macro
[INFO] [stdout]   --> src/lib.rs:155:28
[INFO] [stdout]    |
[INFO] [stdout] 5  | use modyne::{keys, Entity, EntityDef};
[INFO] [stdout]    |                            ^^^^^^^^^
[INFO] [stdout] 
[INFO] [stdout] error[E0277]: the trait bound `Order: EntityDef` is not satisfied
[INFO] [stdout]    --> src/lib.rs:185:17
[INFO] [stdout]     |
[INFO] [stdout] 35  | impl Entity for Order {
[INFO] [stdout]     |                 ^^^^^ the trait `EntityDef` is not implemented for `Order`
[INFO] [stdout]     |
[INFO] [stdout] note: required by a bound in `Entity`
[INFO] [stdout]    --> /opt/rustwide/workdir/src/lib.rs:208:19
[INFO] [stdout]     |
[INFO] [stdout] 208 | pub trait Entity: EntityDef + Sized {
[INFO] [stdout]     |                   ^^^^^^^^^ required by this bound in `Entity`
[INFO] [stdout] 
[INFO] [stdout] error: aborting due to 2 previous errors
[INFO] [stdout] 
[INFO] [stdout] For more information about this error, try `rustc --explain E0277`.
[INFO] [stdout] Couldn't compile the test.
[INFO] [stdout] ---- src/lib.rs - (line 92) stdout ----
[INFO] [stdout] error: cannot find derive macro `EntityDef` in this scope
[INFO] [stdout]   --> src/lib.rs:105:17
[INFO] [stdout]    |
[INFO] [stdout] 16 | #[derive(Debug, EntityDef, serde::Serialize, serde::Deserialize)]
[INFO] [stdout]    |                 ^^^^^^^^^
[INFO] [stdout]    |
[INFO] [stdout] note: `EntityDef` is imported here, but it is only a trait, without a derive macro
[INFO] [stdout]   --> src/lib.rs:94:28
[INFO] [stdout]    |
[INFO] [stdout] 5  | use modyne::{keys, Entity, EntityDef};
[INFO] [stdout]    |                            ^^^^^^^^^
[INFO] [stdout] 
[INFO] [stdout] error[E0277]: the trait bound `Session: EntityDef` is not satisfied
[INFO] [stdout]    --> src/lib.rs:111:17
[INFO] [stdout]     |
[INFO] [stdout] 22  | impl Entity for Session {
[INFO] [stdout]     |                 ^^^^^^^ the trait `EntityDef` is not implemented for `Session`
[INFO] [stdout]     |
[INFO] [stdout] note: required by a bound in `Entity`
[INFO] [stdout]    --> /opt/rustwide/workdir/src/lib.rs:208:19
[INFO] [stdout]     |
[INFO] [stdout] 208 | pub trait Entity: EntityDef + Sized {
[INFO] [stdout]     |                   ^^^^^^^^^ required by this bound in `Entity`
[INFO] [stdout] 
[INFO] [stdout] error: aborting due to 2 previous errors
[INFO] [stdout] 
[INFO] [stdout] For more information about this error, try `rustc --explain E0277`.
[INFO] [stdout] Couldn't compile the test.
[INFO] [stdout] ---- src/lib.rs - (line 285) stdout ----
[INFO] [stdout] error[E0433]: failed to resolve: could not find `EntityDef` in `modyne`
[INFO] [stdout]   --> src/lib.rs:295:25
[INFO] [stdout]    |
[INFO] [stdout] 13 | #[derive(Debug, modyne::EntityDef, serde::Serialize, serde::Deserialize)]
[INFO] [stdout]    |                         ^^^^^^^^^ could not find `EntityDef` in `modyne`
[INFO] [stdout]    |
[INFO] [stdout] note: found an item that was configured out
[INFO] [stdout]   --> /opt/rustwide/workdir/src/lib.rs:24:24
[INFO] [stdout]    |
[INFO] [stdout] 24 | pub use modyne_derive::EntityDef;
[INFO] [stdout]    |                        ^^^^^^^^^
[INFO] [stdout]    = note: the item is gated behind the `derive` feature
[INFO] [stdout] 
[INFO] [stdout] error[E0433]: failed to resolve: could not find `EntityDef` in `modyne`
[INFO] [stdout]   --> src/lib.rs:305:25
[INFO] [stdout]    |
[INFO] [stdout] 23 | #[derive(Debug, modyne::EntityDef, serde::Serialize, serde::Deserialize)]
[INFO] [stdout]    |                         ^^^^^^^^^ could not find `EntityDef` in `modyne`
[INFO] [stdout]    |
[INFO] [stdout] note: found an item that was configured out
[INFO] [stdout]   --> /opt/rustwide/workdir/src/lib.rs:24:24
[INFO] [stdout]    |
[INFO] [stdout] 24 | pub use modyne_derive::EntityDef;
[INFO] [stdout]    |                        ^^^^^^^^^
[INFO] [stdout]    = note: the item is gated behind the `derive` feature
[INFO] [stdout] 
[INFO] [stdout] error[E0277]: the trait bound `Session: EntityDef` is not satisfied
[INFO] [stdout]    --> src/lib.rs:297:25
[INFO] [stdout]     |
[INFO] [stdout] 15  | impl modyne::Entity for Session {
[INFO] [stdout]     |                         ^^^^^^^ the trait `EntityDef` is not implemented for `Session`
[INFO] [stdout]     |
[INFO] [stdout] note: required by a bound in `Entity`
[INFO] [stdout]    --> /opt/rustwide/workdir/src/lib.rs:208:19
[INFO] [stdout]     |
[INFO] [stdout] 208 | pub trait Entity: EntityDef + Sized {
[INFO] [stdout]     |                   ^^^^^^^^^ required by this bound in `Entity`
[INFO] [stdout] 
[INFO] [stdout] error[E0277]: the trait bound `UserMetadata: EntityDef` is not satisfied
[INFO] [stdout]    --> src/lib.rs:307:25
[INFO] [stdout]     |
[INFO] [stdout] 25  | impl modyne::Entity for UserMetadata {
[INFO] [stdout]     |                         ^^^^^^^^^^^^ the trait `EntityDef` is not implemented for `UserMetadata`
[INFO] [stdout]     |
[INFO] [stdout] note: required by a bound in `Entity`
[INFO] [stdout]    --> /opt/rustwide/workdir/src/lib.rs:208:19
[INFO] [stdout]     |
[INFO] [stdout] 208 | pub trait Entity: EntityDef + Sized {
[INFO] [stdout]     |                   ^^^^^^^^^ required by this bound in `Entity`
[INFO] [stdout] 
[INFO] [stdout] error: aborting due to 4 previous errors
[INFO] [stdout] 
[INFO] [stdout] Some errors have detailed explanations: E0277, E0433.
[INFO] [stdout] For more information about an error, try `rustc --explain E0277`.
[INFO] [stdout] Couldn't compile the test.
[INFO] [stdout] ---- src/lib.rs - (line 175) stdout ----
[INFO] [stdout] error: cannot find derive macro `EntityDef` in this scope
[INFO] [stdout]   --> src/lib.rs:194:17
[INFO] [stdout]    |
[INFO] [stdout] 22 | #[derive(Debug, EntityDef, serde::Serialize, serde::Deserialize)]
[INFO] [stdout]    |                 ^^^^^^^^^
[INFO] [stdout]    |
[INFO] [stdout] note: `EntityDef` is imported here, but it is only a trait, without a derive macro
[INFO] [stdout]   --> src/lib.rs:177:14
[INFO] [stdout]    |
[INFO] [stdout] 5  | use modyne::{EntityDef, Projection};
[INFO] [stdout]    |              ^^^^^^^^^
[INFO] [stdout] 
[INFO] [stdout] error: cannot find derive macro `Projection` in this scope
[INFO] [stdout]   --> src/lib.rs:200:17
[INFO] [stdout]    |
[INFO] [stdout] 28 | #[derive(Debug, Projection, serde::Deserialize)]
[INFO] [stdout]    |                 ^^^^^^^^^^
[INFO] [stdout]    |
[INFO] [stdout] note: `Projection` is imported here, but it is only a trait, without a derive macro
[INFO] [stdout]   --> src/lib.rs:177:25
[INFO] [stdout]    |
[INFO] [stdout] 5  | use modyne::{EntityDef, Projection};
[INFO] [stdout]    |                         ^^^^^^^^^^
[INFO] [stdout] 
[INFO] [stdout] error: cannot find attribute `entity` in this scope
[INFO] [stdout]   --> src/lib.rs:201:3
[INFO] [stdout]    |
[INFO] [stdout] 29 | #[entity(Session)]
[INFO] [stdout]    |   ^^^^^^
[INFO] [stdout] 
[INFO] [stdout] error[E0277]: the trait bound `Session: EntityDef` is not satisfied
[INFO] [stdout]    --> src/lib.rs:186:25
[INFO] [stdout]     |
[INFO] [stdout] 14  | impl modyne::Entity for Session {
[INFO] [stdout]     |                         ^^^^^^^ the trait `EntityDef` is not implemented for `Session`
[INFO] [stdout]     |
[INFO] [stdout] note: required by a bound in `Entity`
[INFO] [stdout]    --> /opt/rustwide/workdir/src/lib.rs:208:19
[INFO] [stdout]     |
[INFO] [stdout] 208 | pub trait Entity: EntityDef + Sized {
[INFO] [stdout]     |                   ^^^^^^^^^ required by this bound in `Entity`
[INFO] [stdout] 
[INFO] [stdout] error: aborting due to 4 previous errors
[INFO] [stdout] 
[INFO] [stdout] For more information about this error, try `rustc --explain E0277`.
[INFO] [stdout] Couldn't compile the test.
[INFO] [stdout] 
[INFO] [stdout] failures:
[INFO] [stdout]     src/lib.rs - (line 137)
[INFO] [stdout]     src/lib.rs - (line 175)
[INFO] [stdout]     src/lib.rs - (line 246)
[INFO] [stdout]     src/lib.rs - (line 285)
[INFO] [stdout]     src/lib.rs - (line 92)
[INFO] [stdout]     src/lib.rs - Entity (line 153)
[INFO] [stdout]     src/lib.rs - EntityDef (line 79)
[INFO] [stdout] 
[INFO] [stdout] test result: FAILED. 11 passed; 7 failed; 0 ignored; 0 measured; 0 filtered out; finished in 5.13s
[INFO] [stdout] 
[INFO] [stderr] error: doctest failed, to rerun pass `--doc`
[INFO] running `Command { std: "docker" "inspect" "e149845970edd2f1819c8cbd0cdae35eb6422cfbe04538543cc9976b285fedad", kill_on_drop: false }`
[INFO] running `Command { std: "docker" "rm" "-f" "e149845970edd2f1819c8cbd0cdae35eb6422cfbe04538543cc9976b285fedad", kill_on_drop: false }`
[INFO] [stdout] e149845970edd2f1819c8cbd0cdae35eb6422cfbe04538543cc9976b285fedad
[INFO] testing modyne-0.2.1 against beta-2023-12-22 for beta-1.76-1
[INFO] extracting crate modyne 0.2.1 into /workspace/builds/worker-2-tc2/source
[INFO] validating manifest of crates.io crate modyne 0.2.1 on toolchain beta-2023-12-22
[INFO] running `Command { std: CARGO_HOME="/workspace/cargo-home" RUSTUP_HOME="/workspace/rustup-home" "/workspace/cargo-home/bin/cargo" "+beta-2023-12-22" "metadata" "--manifest-path" "Cargo.toml" "--no-deps", kill_on_drop: false }`
[INFO] started tweaking crates.io crate modyne 0.2.1
[INFO] finished tweaking crates.io crate modyne 0.2.1
[INFO] tweaked toml for crates.io crate modyne 0.2.1 written to /workspace/builds/worker-2-tc2/source/Cargo.toml
[INFO] running `Command { std: CARGO_HOME="/workspace/cargo-home" RUSTUP_HOME="/workspace/rustup-home" "/workspace/cargo-home/bin/cargo" "+beta-2023-12-22" "generate-lockfile" "--manifest-path" "Cargo.toml", kill_on_drop: false }`
[INFO] [stderr]     Updating crates.io index
[INFO] running `Command { std: CARGO_HOME="/workspace/cargo-home" RUSTUP_HOME="/workspace/rustup-home" "/workspace/cargo-home/bin/cargo" "+beta-2023-12-22" "fetch" "--manifest-path" "Cargo.toml", kill_on_drop: false }`
[INFO] running `Command { std: "docker" "create" "-v" "/var/lib/crater-agent-workspace/builds/worker-2-tc2/target:/opt/rustwide/target:rw,Z" "-v" "/var/lib/crater-agent-workspace/builds/worker-2-tc2/source:/opt/rustwide/workdir:ro,Z" "-v" "/var/lib/crater-agent-workspace/cargo-home:/opt/rustwide/cargo-home:ro,Z" "-v" "/var/lib/crater-agent-workspace/rustup-home:/opt/rustwide/rustup-home:ro,Z" "-e" "SOURCE_DIR=/opt/rustwide/workdir" "-e" "CARGO_TARGET_DIR=/opt/rustwide/target" "-e" "CARGO_HOME=/opt/rustwide/cargo-home" "-e" "RUSTUP_HOME=/opt/rustwide/rustup-home" "-w" "/opt/rustwide/workdir" "-m" "1610612736" "--user" "0:0" "--network" "none" "ghcr.io/rust-lang/crates-build-env/linux@sha256:2788e3201cd34a07e3172128adcd8b3090168a8e3bcc40d7c032b9dda1df7d1c" "/opt/rustwide/cargo-home/bin/cargo" "+beta-2023-12-22" "metadata" "--no-deps" "--format-version=1", kill_on_drop: false }`
[INFO] [stdout] 2d264b095bc8c2ff0936332fa6eac9aa3426dbf64d47166d4d673a2fe621577b
[INFO] running `Command { std: "docker" "start" "-a" "2d264b095bc8c2ff0936332fa6eac9aa3426dbf64d47166d4d673a2fe621577b", kill_on_drop: false }`
[INFO] running `Command { std: "docker" "inspect" "2d264b095bc8c2ff0936332fa6eac9aa3426dbf64d47166d4d673a2fe621577b", kill_on_drop: false }`
[INFO] running `Command { std: "docker" "rm" "-f" "2d264b095bc8c2ff0936332fa6eac9aa3426dbf64d47166d4d673a2fe621577b", kill_on_drop: false }`
[INFO] [stdout] 2d264b095bc8c2ff0936332fa6eac9aa3426dbf64d47166d4d673a2fe621577b
[INFO] running `Command { std: "docker" "create" "-v" "/var/lib/crater-agent-workspace/builds/worker-2-tc2/target:/opt/rustwide/target:rw,Z" "-v" "/var/lib/crater-agent-workspace/builds/worker-2-tc2/source:/opt/rustwide/workdir:ro,Z" "-v" "/var/lib/crater-agent-workspace/cargo-home:/opt/rustwide/cargo-home:ro,Z" "-v" "/var/lib/crater-agent-workspace/rustup-home:/opt/rustwide/rustup-home:ro,Z" "-e" "SOURCE_DIR=/opt/rustwide/workdir" "-e" "CARGO_TARGET_DIR=/opt/rustwide/target" "-e" "CARGO_INCREMENTAL=0" "-e" "RUST_BACKTRACE=full" "-e" "RUSTFLAGS=--cap-lints=warn" "-e" "RUSTDOCFLAGS=--cap-lints=warn" "-e" "CARGO_HOME=/opt/rustwide/cargo-home" "-e" "RUSTUP_HOME=/opt/rustwide/rustup-home" "-w" "/opt/rustwide/workdir" "-m" "1610612736" "--user" "0:0" "--network" "none" "ghcr.io/rust-lang/crates-build-env/linux@sha256:2788e3201cd34a07e3172128adcd8b3090168a8e3bcc40d7c032b9dda1df7d1c" "/opt/rustwide/cargo-home/bin/cargo" "+beta-2023-12-22" "build" "--frozen" "--message-format=json", kill_on_drop: false }`
[INFO] [stdout] 4f69969ac0dd492896a93fea1405c5dff8c43e704a07db287d7586375c25e03f
[INFO] running `Command { std: "docker" "start" "-a" "4f69969ac0dd492896a93fea1405c5dff8c43e704a07db287d7586375c25e03f", kill_on_drop: false }`
[INFO] [stderr]    Compiling libc v0.2.151
[INFO] [stderr]    Compiling serde v1.0.194
[INFO] [stderr]    Compiling futures-task v0.3.30
[INFO] [stderr]    Compiling powerfmt v0.2.0
[INFO] [stderr]    Compiling outref v0.5.1
[INFO] [stderr]    Compiling num-traits v0.2.17
[INFO] [stderr]    Compiling time-core v0.1.2
[INFO] [stderr]    Compiling vsimd v0.8.0
[INFO] [stderr]    Compiling futures-sink v0.3.30
[INFO] [stderr]    Compiling httparse v1.8.0
[INFO] [stderr]    Compiling syn v2.0.48
[INFO] [stderr]    Compiling mio v0.8.10
[INFO] [stderr]    Compiling socket2 v0.5.5
[INFO] [stderr]    Compiling tower-service v0.3.2
[INFO] [stderr]    Compiling try-lock v0.2.5
[INFO] [stderr]    Compiling http-body v0.4.6
[INFO] [stderr]    Compiling getrandom v0.2.11
[INFO] [stderr]    Compiling want v0.3.1
[INFO] [stderr]    Compiling futures-channel v0.3.30
[INFO] [stderr]    Compiling futures-util v0.3.30
[INFO] [stderr]    Compiling httpdate v1.0.3
[INFO] [stderr]    Compiling either v1.9.0
[INFO] [stderr]    Compiling generic-array v0.14.7
[INFO] [stderr]    Compiling rustls v0.21.10
[INFO] [stderr]    Compiling rustls-pemfile v1.0.4
[INFO] [stderr]    Compiling bytes-utils v0.1.4
[INFO] [stderr]    Compiling openssl-probe v0.1.5
[INFO] [stderr]    Compiling tower-layer v0.3.2
[INFO] [stderr]    Compiling rustls-native-certs v0.6.3
[INFO] [stderr]    Compiling fastrand v2.0.1
[INFO] [stderr]    Compiling tokio v1.35.1
[INFO] [stderr]    Compiling memchr v2.7.1
[INFO] [stderr]    Compiling subtle v2.5.0
[INFO] [stderr]    Compiling aws-types v0.56.1
[INFO] [stderr]    Compiling base64-simd v0.8.0
[INFO] [stderr]    Compiling regex-syntax v0.8.2
[INFO] [stderr]    Compiling zeroize v1.7.0
[INFO] [stderr]    Compiling form_urlencoded v1.2.1
[INFO] [stderr]    Compiling hex v0.4.3
[INFO] [stderr]    Compiling uuid v1.6.1
[INFO] [stderr]    Compiling urlencoding v2.1.3
[INFO] [stderr]    Compiling xmlparser v0.13.6
[INFO] [stderr]    Compiling async-trait v0.1.77
[INFO] [stderr]    Compiling spin v0.5.2
[INFO] [stderr]    Compiling untrusted v0.7.1
[INFO] [stderr]    Compiling aho-corasick v1.1.2
[INFO] [stderr]    Compiling aws-smithy-xml v0.56.1
[INFO] [stderr]    Compiling cc v1.0.83
[INFO] [stderr]    Compiling crypto-common v0.1.6
[INFO] [stderr]    Compiling block-buffer v0.10.4
[INFO] [stderr]    Compiling digest v0.10.7
[INFO] [stderr]    Compiling hmac v0.12.1
[INFO] [stderr]    Compiling sha2 v0.10.8
[INFO] [stderr]    Compiling num-integer v0.1.45
[INFO] [stderr]    Compiling ring v0.17.7
[INFO] [stderr]    Compiling ring v0.16.20
[INFO] [stderr]    Compiling regex-automata v0.4.3
[INFO] [stderr]    Compiling tokio-stream v0.1.14
[INFO] [stderr]    Compiling regex v1.10.2
[INFO] [stderr]    Compiling aws-smithy-async v0.56.1
[INFO] [stderr]    Compiling serde_derive v1.0.194
[INFO] [stderr]    Compiling tracing-attributes v0.1.27
[INFO] [stderr]    Compiling pin-project-internal v1.1.3
[INFO] [stderr]    Compiling thiserror-impl v1.0.56
[INFO] [stderr]    Compiling aliri_braid_impl v0.4.0
[INFO] [stderr]    Compiling aliri_braid v0.4.0
[INFO] [stderr]    Compiling thiserror v1.0.56
[INFO] [stderr]    Compiling pin-project v1.1.3
[INFO] [stderr]    Compiling tracing v0.1.40
[INFO] [stderr]    Compiling tokio-util v0.7.10
[INFO] [stderr]    Compiling tower v0.4.13
[INFO] [stderr]    Compiling rustls-webpki v0.101.7
[INFO] [stderr]    Compiling sct v0.7.1
[INFO] [stderr]    Compiling h2 v0.3.22
[INFO] [stderr]    Compiling tokio-rustls v0.24.1
[INFO] [stderr]    Compiling deranged v0.3.11
[INFO] [stderr]    Compiling hyper v0.14.28
[INFO] [stderr]    Compiling time v0.3.31
[INFO] [stderr]    Compiling aws-smithy-types v0.56.1
[INFO] [stderr]    Compiling aws-credential-types v0.56.1
[INFO] [stderr]    Compiling aws-smithy-json v0.56.1
[INFO] [stderr]    Compiling aws-smithy-query v0.56.1
[INFO] [stderr]    Compiling aws-smithy-http v0.56.1
[INFO] [stderr]    Compiling hyper-rustls v0.24.2
[INFO] [stderr]    Compiling aws-smithy-http-tower v0.56.1
[INFO] [stderr]    Compiling aws-smithy-runtime-api v0.56.1
[INFO] [stderr]    Compiling aws-sigv4 v0.56.1
[INFO] [stderr]    Compiling aws-smithy-client v0.56.1
[INFO] [stderr]    Compiling aws-smithy-runtime v0.56.1
[INFO] [stderr]    Compiling aws-http v0.56.1
[INFO] [stderr]    Compiling aws-runtime v0.56.1
[INFO] [stderr]    Compiling aws-sdk-dynamodb v0.30.0
[INFO] [stderr]    Compiling aws-sdk-sso v0.30.0
[INFO] [stderr]    Compiling aws-sdk-sts v0.30.0
[INFO] [stderr]    Compiling aws-config v0.56.1
[INFO] [stderr]    Compiling serde_dynamo v4.2.13
[INFO] [stderr]    Compiling modyne v0.2.1 (/opt/rustwide/workdir)
[INFO] [stderr]     Finished dev [unoptimized + debuginfo] target(s) in 37.38s
[INFO] running `Command { std: "docker" "inspect" "4f69969ac0dd492896a93fea1405c5dff8c43e704a07db287d7586375c25e03f", kill_on_drop: false }`
[INFO] running `Command { std: "docker" "rm" "-f" "4f69969ac0dd492896a93fea1405c5dff8c43e704a07db287d7586375c25e03f", kill_on_drop: false }`
[INFO] [stdout] 4f69969ac0dd492896a93fea1405c5dff8c43e704a07db287d7586375c25e03f
[INFO] running `Command { std: "docker" "create" "-v" "/var/lib/crater-agent-workspace/builds/worker-2-tc2/target:/opt/rustwide/target:rw,Z" "-v" "/var/lib/crater-agent-workspace/builds/worker-2-tc2/source:/opt/rustwide/workdir:ro,Z" "-v" "/var/lib/crater-agent-workspace/cargo-home:/opt/rustwide/cargo-home:ro,Z" "-v" "/var/lib/crater-agent-workspace/rustup-home:/opt/rustwide/rustup-home:ro,Z" "-e" "SOURCE_DIR=/opt/rustwide/workdir" "-e" "CARGO_TARGET_DIR=/opt/rustwide/target" "-e" "CARGO_INCREMENTAL=0" "-e" "RUST_BACKTRACE=full" "-e" "RUSTFLAGS=--cap-lints=warn" "-e" "RUSTDOCFLAGS=--cap-lints=warn" "-e" "CARGO_HOME=/opt/rustwide/cargo-home" "-e" "RUSTUP_HOME=/opt/rustwide/rustup-home" "-w" "/opt/rustwide/workdir" "-m" "1610612736" "--user" "0:0" "--network" "none" "ghcr.io/rust-lang/crates-build-env/linux@sha256:2788e3201cd34a07e3172128adcd8b3090168a8e3bcc40d7c032b9dda1df7d1c" "/opt/rustwide/cargo-home/bin/cargo" "+beta-2023-12-22" "test" "--frozen" "--no-run" "--message-format=json", kill_on_drop: false }`
[INFO] [stdout] 4e242d31394931726c75adc45e7962d08d53dd2918a07d16da033ac9c47f382e
[INFO] running `Command { std: "docker" "start" "-a" "4e242d31394931726c75adc45e7962d08d53dd2918a07d16da033ac9c47f382e", kill_on_drop: false }`
[INFO] [stderr]    Compiling modyne v0.2.1 (/opt/rustwide/workdir)
[INFO] [stderr]     Finished test [unoptimized + debuginfo] target(s) in 4.00s
[INFO] running `Command { std: "docker" "inspect" "4e242d31394931726c75adc45e7962d08d53dd2918a07d16da033ac9c47f382e", kill_on_drop: false }`
[INFO] running `Command { std: "docker" "rm" "-f" "4e242d31394931726c75adc45e7962d08d53dd2918a07d16da033ac9c47f382e", kill_on_drop: false }`
[INFO] [stdout] 4e242d31394931726c75adc45e7962d08d53dd2918a07d16da033ac9c47f382e
[INFO] running `Command { std: "docker" "create" "-v" "/var/lib/crater-agent-workspace/builds/worker-2-tc2/target:/opt/rustwide/target:rw,Z" "-v" "/var/lib/crater-agent-workspace/builds/worker-2-tc2/source:/opt/rustwide/workdir:ro,Z" "-v" "/var/lib/crater-agent-workspace/cargo-home:/opt/rustwide/cargo-home:ro,Z" "-v" "/var/lib/crater-agent-workspace/rustup-home:/opt/rustwide/rustup-home:ro,Z" "-e" "SOURCE_DIR=/opt/rustwide/workdir" "-e" "CARGO_TARGET_DIR=/opt/rustwide/target" "-e" "CARGO_INCREMENTAL=0" "-e" "RUST_BACKTRACE=full" "-e" "RUSTFLAGS=--cap-lints=warn" "-e" "RUSTDOCFLAGS=--cap-lints=warn" "-e" "CARGO_HOME=/opt/rustwide/cargo-home" "-e" "RUSTUP_HOME=/opt/rustwide/rustup-home" "-w" "/opt/rustwide/workdir" "-m" "1610612736" "--user" "0:0" "--network" "none" "ghcr.io/rust-lang/crates-build-env/linux@sha256:2788e3201cd34a07e3172128adcd8b3090168a8e3bcc40d7c032b9dda1df7d1c" "/opt/rustwide/cargo-home/bin/cargo" "+beta-2023-12-22" "test" "--frozen", kill_on_drop: false }`
[INFO] [stdout] 25cbbbc90d39613285b2936c64f82c4ea6b2de4967a4b4e7579f377cbc59fb52
[INFO] running `Command { std: "docker" "start" "-a" "25cbbbc90d39613285b2936c64f82c4ea6b2de4967a4b4e7579f377cbc59fb52", kill_on_drop: false }`
[INFO] [stderr]     Finished test [unoptimized + debuginfo] target(s) in 0.09s
[INFO] [stderr]      Running unittests src/lib.rs (/opt/rustwide/target/debug/deps/modyne-3a04498e6948acb1)
[INFO] [stdout] 
[INFO] [stdout] running 14 tests
[INFO] [stdout] test expr::tests::key_condition_expression_between ... ok
[INFO] [stdout] test expr::tests::ensure_expected_substitutions_for_projection_expression ... ok
[INFO] [stdout] test expr::tests::projection_expression_filters_out_duplicates ... ok
[INFO] [stdout] test expr::tests::key_condition_expression_partition_only_doesnt_include_sort_key_variable ... ok
[INFO] [stdout] test expr::tests::key_condition_expression_specific_item ... ok
[INFO] [stdout] test keys::tests::test_gsi_key ... ok
[INFO] [stdout] test keys::tests::test_composite_key ... ok
[INFO] [stdout] test keys::tests::test_lsi_key ... ok
[INFO] [stdout] test keys::tests::test_primary_key ... ok
[INFO] [stdout] test tests::test_entity_serializes_as_expected ... ok
[INFO] [stdout] test types::tests::timestamp_as_attribute_item_is_timestamp ... ok
[INFO] [stdout] test types::tests::timestamp_matches_expected_format ... ok
[INFO] [stdout] test types::tests::timestamp_moves_to_utc ... ok
[INFO] [stdout] test types::tests::timestamp_removes_fractional_seconds ... ok
[INFO] [stdout] 
[INFO] [stdout] test result: ok. 14 passed; 0 failed; 0 ignored; 0 measured; 0 filtered out; finished in 0.00s
[INFO] [stdout] 
[INFO] [stderr]    Doc-tests modyne
[INFO] [stdout] 
[INFO] [stdout] running 18 tests
[INFO] [stdout] test src/lib.rs - EntityDef (line 79) ... FAILED
[INFO] [stdout] test src/lib.rs - (line 137) ... FAILED
[INFO] [stdout] test src/lib.rs - (line 246) ... FAILED
[INFO] [stdout] test src/lib.rs - (line 92) ... FAILED
[INFO] [stdout] test src/lib.rs - (line 175) ... FAILED
[INFO] [stdout] test src/lib.rs - Entity (line 153) ... FAILED
[INFO] [stdout] test src/lib.rs - (line 212) - compile fail ... ok
[INFO] [stdout] test src/lib.rs - (line 285) ... FAILED
[INFO] [stdout] test src/lib.rs - Entity::KeyInput (line 224) ... ok
[INFO] [stdout] test src/lib.rs - Entity::KeyInput (line 235) ... ok
[INFO] [stdout] test src/lib.rs - (line 17) ... ok
[INFO] [stdout] test src/lib.rs - Entity::IndexKeys (line 255) ... ok
[INFO] [stdout] test src/lib.rs - Entity::IndexKeys (line 262) ... ok
[INFO] [stdout] test src/lib.rs - (line 45) ... ok
[INFO] [stdout] test src/lib.rs - EntityDef (line 93) ... ok
[INFO] [stdout] test src/lib.rs - once_projection_expression (line 503) ... ok
[INFO] [stdout] test src/keys.rs - keys (line 18) ... ok
[INFO] [stdout] test src/keys.rs - keys (line 38) ... ok
[INFO] [stdout] 
[INFO] [stdout] failures:
[INFO] [stdout] 
[INFO] [stdout] ---- src/lib.rs - EntityDef (line 79) stdout ----
[INFO] [stdout] error: cannot find derive macro `EntityDef` in this scope
[INFO] [stdout]  --> src/lib.rs:83:10
[INFO] [stdout]   |
[INFO] [stdout] 7 | #[derive(EntityDef)]
[INFO] [stdout]   |          ^^^^^^^^^
[INFO] [stdout]   |
[INFO] [stdout] note: `EntityDef` is imported here, but it is only a trait, without a derive macro
[INFO] [stdout]  --> src/lib.rs:81:5
[INFO] [stdout]   |
[INFO] [stdout] 5 | use modyne::EntityDef;
[INFO] [stdout]   |     ^^^^^^^^^^^^^^^^^
[INFO] [stdout] 
[INFO] [stdout] error: cannot find attribute `serde` in this scope
[INFO] [stdout]  --> src/lib.rs:84:3
[INFO] [stdout]   |
[INFO] [stdout] 8 | #[serde(rename = "orange", rename_all = "kebab-case")]
[INFO] [stdout]   |   ^^^^^
[INFO] [stdout]   |
[INFO] [stdout]   = note: `serde` is in scope, but it is a crate, not an attribute
[INFO] [stdout] 
[INFO] [stdout] error: cannot find attribute `serde` in this scope
[INFO] [stdout]   --> src/lib.rs:87:7
[INFO] [stdout]    |
[INFO] [stdout] 11 |     #[serde(rename = "second-field")]
[INFO] [stdout]    |       ^^^^^
[INFO] [stdout]    |
[INFO] [stdout]    = note: `serde` is in scope, but it is a crate, not an attribute
[INFO] [stdout] 
[INFO] [stdout] error: aborting due to 3 previous errors
[INFO] [stdout] 
[INFO] [stdout] Couldn't compile the test.
[INFO] [stdout] ---- src/lib.rs - (line 137) stdout ----
[INFO] [stdout] error[E0433]: failed to resolve: could not find `EntityDef` in `modyne`
[INFO] [stdout]   --> src/lib.rs:146:25
[INFO] [stdout]    |
[INFO] [stdout] 12 | #[derive(Debug, modyne::EntityDef, serde::Serialize)]
[INFO] [stdout]    |                         ^^^^^^^^^ could not find `EntityDef` in `modyne`
[INFO] [stdout]    |
[INFO] [stdout] note: found an item that was configured out
[INFO] [stdout]   --> /opt/rustwide/workdir/src/lib.rs:24:24
[INFO] [stdout]    |
[INFO] [stdout] 24 | pub use modyne_derive::EntityDef;
[INFO] [stdout]    |                        ^^^^^^^^^
[INFO] [stdout]    = note: the item is gated behind the `derive` feature
[INFO] [stdout] 
[INFO] [stdout] error[E0277]: the trait bound `Session: EntityDef` is not satisfied
[INFO] [stdout]    --> src/lib.rs:148:25
[INFO] [stdout]     |
[INFO] [stdout] 14  | impl modyne::Entity for Session {
[INFO] [stdout]     |                         ^^^^^^^ the trait `EntityDef` is not implemented for `Session`
[INFO] [stdout]     |
[INFO] [stdout] note: required by a bound in `Entity`
[INFO] [stdout]    --> /opt/rustwide/workdir/src/lib.rs:208:19
[INFO] [stdout]     |
[INFO] [stdout] 208 | pub trait Entity: EntityDef + Sized {
[INFO] [stdout]     |                   ^^^^^^^^^ required by this bound in `Entity`
[INFO] [stdout] 
[INFO] [stdout] error: aborting due to 2 previous errors
[INFO] [stdout] 
[INFO] [stdout] Some errors have detailed explanations: E0277, E0433.
[INFO] [stdout] For more information about an error, try `rustc --explain E0277`.
[INFO] [stdout] Couldn't compile the test.
[INFO] [stdout] ---- src/lib.rs - (line 246) stdout ----
[INFO] [stdout] error: cannot find derive macro `EntityDef` in this scope
[INFO] [stdout]   --> src/lib.rs:265:17
[INFO] [stdout]    |
[INFO] [stdout] 22 | #[derive(Debug, EntityDef, serde::Serialize, serde::Deserialize)]
[INFO] [stdout]    |                 ^^^^^^^^^
[INFO] [stdout]    |
[INFO] [stdout] note: `EntityDef` is imported here, but it is only a trait, without a derive macro
[INFO] [stdout]   --> src/lib.rs:248:14
[INFO] [stdout]    |
[INFO] [stdout] 5  | use modyne::{EntityDef, Projection};
[INFO] [stdout]    |              ^^^^^^^^^
[INFO] [stdout] 
[INFO] [stdout] error: cannot find derive macro `Projection` in this scope
[INFO] [stdout]   --> src/lib.rs:271:17
[INFO] [stdout]    |
[INFO] [stdout] 28 | #[derive(Debug, Projection, serde::Deserialize)]
[INFO] [stdout]    |                 ^^^^^^^^^^
[INFO] [stdout]    |
[INFO] [stdout] note: `Projection` is imported here, but it is only a trait, without a derive macro
[INFO] [stdout]   --> src/lib.rs:248:25
[INFO] [stdout]    |
[INFO] [stdout] 5  | use modyne::{EntityDef, Projection};
[INFO] [stdout]    |                         ^^^^^^^^^^
[INFO] [stdout] 
[INFO] [stdout] error: cannot find attribute `entity` in this scope
[INFO] [stdout]   --> src/lib.rs:272:3
[INFO] [stdout]    |
[INFO] [stdout] 29 | #[entity(Session)]
[INFO] [stdout]    |   ^^^^^^
[INFO] [stdout] 
[INFO] [stdout] error[E0277]: the trait bound `Session: EntityDef` is not satisfied
[INFO] [stdout]    --> src/lib.rs:257:25
[INFO] [stdout]     |
[INFO] [stdout] 14  | impl modyne::Entity for Session {
[INFO] [stdout]     |                         ^^^^^^^ the trait `EntityDef` is not implemented for `Session`
[INFO] [stdout]     |
[INFO] [stdout] note: required by a bound in `Entity`
[INFO] [stdout]    --> /opt/rustwide/workdir/src/lib.rs:208:19
[INFO] [stdout]     |
[INFO] [stdout] 208 | pub trait Entity: EntityDef + Sized {
[INFO] [stdout]     |                   ^^^^^^^^^ required by this bound in `Entity`
[INFO] [stdout] 
[INFO] [stdout] error: aborting due to 4 previous errors
[INFO] [stdout] 
[INFO] [stdout] For more information about this error, try `rustc --explain E0277`.
[INFO] [stdout] Couldn't compile the test.
[INFO] [stdout] ---- src/lib.rs - (line 92) stdout ----
[INFO] [stdout] error: cannot find derive macro `EntityDef` in this scope
[INFO] [stdout]   --> src/lib.rs:105:17
[INFO] [stdout]    |
[INFO] [stdout] 16 | #[derive(Debug, EntityDef, serde::Serialize, serde::Deserialize)]
[INFO] [stdout]    |                 ^^^^^^^^^
[INFO] [stdout]    |
[INFO] [stdout] note: `EntityDef` is imported here, but it is only a trait, without a derive macro
[INFO] [stdout]   --> src/lib.rs:94:28
[INFO] [stdout]    |
[INFO] [stdout] 5  | use modyne::{keys, Entity, EntityDef};
[INFO] [stdout]    |                            ^^^^^^^^^
[INFO] [stdout] 
[INFO] [stdout] error[E0277]: the trait bound `Session: EntityDef` is not satisfied
[INFO] [stdout]    --> src/lib.rs:111:17
[INFO] [stdout]     |
[INFO] [stdout] 22  | impl Entity for Session {
[INFO] [stdout]     |                 ^^^^^^^ the trait `EntityDef` is not implemented for `Session`
[INFO] [stdout]     |
[INFO] [stdout] note: required by a bound in `Entity`
[INFO] [stdout]    --> /opt/rustwide/workdir/src/lib.rs:208:19
[INFO] [stdout]     |
[INFO] [stdout] 208 | pub trait Entity: EntityDef + Sized {
[INFO] [stdout]     |                   ^^^^^^^^^ required by this bound in `Entity`
[INFO] [stdout] 
[INFO] [stdout] error: aborting due to 2 previous errors
[INFO] [stdout] 
[INFO] [stdout] For more information about this error, try `rustc --explain E0277`.
[INFO] [stdout] Couldn't compile the test.
[INFO] [stdout] ---- src/lib.rs - (line 175) stdout ----
[INFO] [stdout] error: cannot find derive macro `EntityDef` in this scope
[INFO] [stdout]   --> src/lib.rs:194:17
[INFO] [stdout]    |
[INFO] [stdout] 22 | #[derive(Debug, EntityDef, serde::Serialize, serde::Deserialize)]
[INFO] [stdout]    |                 ^^^^^^^^^
[INFO] [stdout]    |
[INFO] [stdout] note: `EntityDef` is imported here, but it is only a trait, without a derive macro
[INFO] [stdout]   --> src/lib.rs:177:14
[INFO] [stdout]    |
[INFO] [stdout] 5  | use modyne::{EntityDef, Projection};
[INFO] [stdout]    |              ^^^^^^^^^
[INFO] [stdout] 
[INFO] [stdout] error: cannot find derive macro `Projection` in this scope
[INFO] [stdout]   --> src/lib.rs:200:17
[INFO] [stdout]    |
[INFO] [stdout] 28 | #[derive(Debug, Projection, serde::Deserialize)]
[INFO] [stdout]    |                 ^^^^^^^^^^
[INFO] [stdout]    |
[INFO] [stdout] note: `Projection` is imported here, but it is only a trait, without a derive macro
[INFO] [stdout]   --> src/lib.rs:177:25
[INFO] [stdout]    |
[INFO] [stdout] 5  | use modyne::{EntityDef, Projection};
[INFO] [stdout]    |                         ^^^^^^^^^^
[INFO] [stdout] 
[INFO] [stdout] error: cannot find attribute `entity` in this scope
[INFO] [stdout]   --> src/lib.rs:201:3
[INFO] [stdout]    |
[INFO] [stdout] 29 | #[entity(Session)]
[INFO] [stdout]    |   ^^^^^^
[INFO] [stdout] 
[INFO] [stdout] error[E0277]: the trait bound `Session: EntityDef` is not satisfied
[INFO] [stdout]    --> src/lib.rs:186:25
[INFO] [stdout]     |
[INFO] [stdout] 14  | impl modyne::Entity for Session {
[INFO] [stdout]     |                         ^^^^^^^ the trait `EntityDef` is not implemented for `Session`
[INFO] [stdout]     |
[INFO] [stdout] note: required by a bound in `Entity`
[INFO] [stdout]    --> /opt/rustwide/workdir/src/lib.rs:208:19
[INFO] [stdout]     |
[INFO] [stdout] 208 | pub trait Entity: EntityDef + Sized {
[INFO] [stdout]     |                   ^^^^^^^^^ required by this bound in `Entity`
[INFO] [stdout] 
[INFO] [stdout] error: aborting due to 4 previous errors
[INFO] [stdout] 
[INFO] [stdout] For more information about this error, try `rustc --explain E0277`.
[INFO] [stdout] Couldn't compile the test.
[INFO] [stdout] ---- src/lib.rs - Entity (line 153) stdout ----
[INFO] [stdout] error: cannot find derive macro `EntityDef` in this scope
[INFO] [stdout]   --> src/lib.rs:166:17
[INFO] [stdout]    |
[INFO] [stdout] 16 | #[derive(Debug, EntityDef, serde::Serialize, serde::Deserialize)]
[INFO] [stdout]    |                 ^^^^^^^^^
[INFO] [stdout]    |
[INFO] [stdout] note: `EntityDef` is imported here, but it is only a trait, without a derive macro
[INFO] [stdout]   --> src/lib.rs:155:28
[INFO] [stdout]    |
[INFO] [stdout] 5  | use modyne::{keys, Entity, EntityDef};
[INFO] [stdout]    |                            ^^^^^^^^^
[INFO] [stdout] 
[INFO] [stdout] error[E0277]: the trait bound `Order: EntityDef` is not satisfied
[INFO] [stdout]    --> src/lib.rs:185:17
[INFO] [stdout]     |
[INFO] [stdout] 35  | impl Entity for Order {
[INFO] [stdout]     |                 ^^^^^ the trait `EntityDef` is not implemented for `Order`
[INFO] [stdout]     |
[INFO] [stdout] note: required by a bound in `Entity`
[INFO] [stdout]    --> /opt/rustwide/workdir/src/lib.rs:208:19
[INFO] [stdout]     |
[INFO] [stdout] 208 | pub trait Entity: EntityDef + Sized {
[INFO] [stdout]     |                   ^^^^^^^^^ required by this bound in `Entity`
[INFO] [stdout] 
[INFO] [stdout] error: aborting due to 2 previous errors
[INFO] [stdout] 
[INFO] [stdout] For more information about this error, try `rustc --explain E0277`.
[INFO] [stdout] Couldn't compile the test.
[INFO] [stdout] ---- src/lib.rs - (line 285) stdout ----
[INFO] [stdout] error[E0433]: failed to resolve: could not find `EntityDef` in `modyne`
[INFO] [stdout]   --> src/lib.rs:295:25
[INFO] [stdout]    |
[INFO] [stdout] 13 | #[derive(Debug, modyne::EntityDef, serde::Serialize, serde::Deserialize)]
[INFO] [stdout]    |                         ^^^^^^^^^ could not find `EntityDef` in `modyne`
[INFO] [stdout]    |
[INFO] [stdout] note: found an item that was configured out
[INFO] [stdout]   --> /opt/rustwide/workdir/src/lib.rs:24:24
[INFO] [stdout]    |
[INFO] [stdout] 24 | pub use modyne_derive::EntityDef;
[INFO] [stdout]    |                        ^^^^^^^^^
[INFO] [stdout]    = note: the item is gated behind the `derive` feature
[INFO] [stdout] 
[INFO] [stdout] error[E0433]: failed to resolve: could not find `EntityDef` in `modyne`
[INFO] [stdout]   --> src/lib.rs:305:25
[INFO] [stdout]    |
[INFO] [stdout] 23 | #[derive(Debug, modyne::EntityDef, serde::Serialize, serde::Deserialize)]
[INFO] [stdout]    |                         ^^^^^^^^^ could not find `EntityDef` in `modyne`
[INFO] [stdout]    |
[INFO] [stdout] note: found an item that was configured out
[INFO] [stdout]   --> /opt/rustwide/workdir/src/lib.rs:24:24
[INFO] [stdout]    |
[INFO] [stdout] 24 | pub use modyne_derive::EntityDef;
[INFO] [stdout]    |                        ^^^^^^^^^
[INFO] [stdout]    = note: the item is gated behind the `derive` feature
[INFO] [stdout] 
[INFO] [stdout] error[E0277]: the trait bound `Session: EntityDef` is not satisfied
[INFO] [stdout]    --> src/lib.rs:297:25
[INFO] [stdout]     |
[INFO] [stdout] 15  | impl modyne::Entity for Session {
[INFO] [stdout]     |                         ^^^^^^^ the trait `EntityDef` is not implemented for `Session`
[INFO] [stdout]     |
[INFO] [stdout] note: required by a bound in `Entity`
[INFO] [stdout]    --> /opt/rustwide/workdir/src/lib.rs:208:19
[INFO] [stdout]     |
[INFO] [stdout] 208 | pub trait Entity: EntityDef + Sized {
[INFO] [stdout]     |                   ^^^^^^^^^ required by this bound in `Entity`
[INFO] [stdout] 
[INFO] [stdout] error[E0277]: the trait bound `UserMetadata: EntityDef` is not satisfied
[INFO] [stdout]    --> src/lib.rs:307:25
[INFO] [stdout]     |
[INFO] [stdout] 25  | impl modyne::Entity for UserMetadata {
[INFO] [stdout]     |                         ^^^^^^^^^^^^ the trait `EntityDef` is not implemented for `UserMetadata`
[INFO] [stdout]     |
[INFO] [stdout] note: required by a bound in `Entity`
[INFO] [stdout]    --> /opt/rustwide/workdir/src/lib.rs:208:19
[INFO] [stdout]     |
[INFO] [stdout] 208 | pub trait Entity: EntityDef + Sized {
[INFO] [stdout]     |                   ^^^^^^^^^ required by this bound in `Entity`
[INFO] [stdout] 
[INFO] [stdout] error: aborting due to 4 previous errors
[INFO] [stdout] 
[INFO] [stdout] Some errors have detailed explanations: E0277, E0433.
[INFO] [stdout] For more information about an error, try `rustc --explain E0277`.
[INFO] [stdout] Couldn't compile the test.
[INFO] [stdout] 
[INFO] [stdout] failures:
[INFO] [stdout]     src/lib.rs - (line 137)
[INFO] [stdout]     src/lib.rs - (line 175)
[INFO] [stdout]     src/lib.rs - (line 246)
[INFO] [stdout]     src/lib.rs - (line 285)
[INFO] [stdout]     src/lib.rs - (line 92)
[INFO] [stdout]     src/lib.rs - Entity (line 153)
[INFO] [stdout]     src/lib.rs - EntityDef (line 79)
[INFO] [stdout] 
[INFO] [stdout] test result: FAILED. 11 passed; 7 failed; 0 ignored; 0 measured; 0 filtered out; finished in 2.71s
[INFO] [stdout] 
[INFO] [stderr] error: doctest failed, to rerun pass `--doc`
[INFO] running `Command { std: "docker" "inspect" "25cbbbc90d39613285b2936c64f82c4ea6b2de4967a4b4e7579f377cbc59fb52", kill_on_drop: false }`
[INFO] running `Command { std: "docker" "rm" "-f" "25cbbbc90d39613285b2936c64f82c4ea6b2de4967a4b4e7579f377cbc59fb52", kill_on_drop: false }`
[INFO] [stdout] 25cbbbc90d39613285b2936c64f82c4ea6b2de4967a4b4e7579f377cbc59fb52
