[INFO] fetching crate modfile 1.4.6...
[INFO] testing modfile-1.4.6 against 1.75.0 for beta-1.76-1
[INFO] extracting crate modfile 1.4.6 into /workspace/builds/worker-0-tc1/source
[INFO] validating manifest of crates.io crate modfile 1.4.6 on toolchain 1.75.0
[INFO] running `Command { std: CARGO_HOME="/workspace/cargo-home" RUSTUP_HOME="/workspace/rustup-home" "/workspace/cargo-home/bin/cargo" "+1.75.0" "metadata" "--manifest-path" "Cargo.toml" "--no-deps", kill_on_drop: false }`
[INFO] started tweaking crates.io crate modfile 1.4.6
[INFO] finished tweaking crates.io crate modfile 1.4.6
[INFO] tweaked toml for crates.io crate modfile 1.4.6 written to /workspace/builds/worker-0-tc1/source/Cargo.toml
[INFO] crate crates.io crate modfile 1.4.6 already has a lockfile, it will not be regenerated
[INFO] running `Command { std: CARGO_HOME="/workspace/cargo-home" RUSTUP_HOME="/workspace/rustup-home" "/workspace/cargo-home/bin/cargo" "+1.75.0" "fetch" "--manifest-path" "Cargo.toml", kill_on_drop: false }`
[INFO] [stderr]  Downloading crates ...
[INFO] [stderr]   Downloaded serde-big-array v0.3.2
[INFO] running `Command { std: "docker" "create" "-v" "/var/lib/crater-agent-workspace/builds/worker-0-tc1/target:/opt/rustwide/target:rw,Z" "-v" "/var/lib/crater-agent-workspace/builds/worker-0-tc1/source:/opt/rustwide/workdir:ro,Z" "-v" "/var/lib/crater-agent-workspace/cargo-home:/opt/rustwide/cargo-home:ro,Z" "-v" "/var/lib/crater-agent-workspace/rustup-home:/opt/rustwide/rustup-home:ro,Z" "-e" "SOURCE_DIR=/opt/rustwide/workdir" "-e" "CARGO_TARGET_DIR=/opt/rustwide/target" "-e" "CARGO_HOME=/opt/rustwide/cargo-home" "-e" "RUSTUP_HOME=/opt/rustwide/rustup-home" "-w" "/opt/rustwide/workdir" "-m" "1610612736" "--user" "0:0" "--network" "none" "ghcr.io/rust-lang/crates-build-env/linux@sha256:2788e3201cd34a07e3172128adcd8b3090168a8e3bcc40d7c032b9dda1df7d1c" "/opt/rustwide/cargo-home/bin/cargo" "+1.75.0" "metadata" "--no-deps" "--format-version=1", kill_on_drop: false }`
[INFO] [stdout] 1c0957d2221e8ee051167cf2ebfb16376d3d5d5949e963016042df50ee262f47
[INFO] running `Command { std: "docker" "start" "-a" "1c0957d2221e8ee051167cf2ebfb16376d3d5d5949e963016042df50ee262f47", kill_on_drop: false }`
[INFO] running `Command { std: "docker" "inspect" "1c0957d2221e8ee051167cf2ebfb16376d3d5d5949e963016042df50ee262f47", kill_on_drop: false }`
[INFO] running `Command { std: "docker" "rm" "-f" "1c0957d2221e8ee051167cf2ebfb16376d3d5d5949e963016042df50ee262f47", kill_on_drop: false }`
[INFO] [stdout] 1c0957d2221e8ee051167cf2ebfb16376d3d5d5949e963016042df50ee262f47
[INFO] running `Command { std: "docker" "create" "-v" "/var/lib/crater-agent-workspace/builds/worker-0-tc1/target:/opt/rustwide/target:rw,Z" "-v" "/var/lib/crater-agent-workspace/builds/worker-0-tc1/source:/opt/rustwide/workdir:ro,Z" "-v" "/var/lib/crater-agent-workspace/cargo-home:/opt/rustwide/cargo-home:ro,Z" "-v" "/var/lib/crater-agent-workspace/rustup-home:/opt/rustwide/rustup-home:ro,Z" "-e" "SOURCE_DIR=/opt/rustwide/workdir" "-e" "CARGO_TARGET_DIR=/opt/rustwide/target" "-e" "CARGO_INCREMENTAL=0" "-e" "RUST_BACKTRACE=full" "-e" "RUSTFLAGS=--cap-lints=warn" "-e" "RUSTDOCFLAGS=--cap-lints=warn" "-e" "CARGO_HOME=/opt/rustwide/cargo-home" "-e" "RUSTUP_HOME=/opt/rustwide/rustup-home" "-w" "/opt/rustwide/workdir" "-m" "1610612736" "--user" "0:0" "--network" "none" "ghcr.io/rust-lang/crates-build-env/linux@sha256:2788e3201cd34a07e3172128adcd8b3090168a8e3bcc40d7c032b9dda1df7d1c" "/opt/rustwide/cargo-home/bin/cargo" "+1.75.0" "build" "--frozen" "--message-format=json", kill_on_drop: false }`
[INFO] [stdout] 25fdf87d709627367ac97dbb380d00c2266a1a039d5f294b42da998a02c711c1
[INFO] running `Command { std: "docker" "start" "-a" "25fdf87d709627367ac97dbb380d00c2266a1a039d5f294b42da998a02c711c1", kill_on_drop: false }`
[INFO] [stderr]    Compiling proc-macro2 v1.0.27
[INFO] [stderr]    Compiling unicode-xid v0.2.2
[INFO] [stderr]    Compiling syn v1.0.73
[INFO] [stderr]    Compiling serde_derive v1.0.126
[INFO] [stderr]    Compiling serde v1.0.126
[INFO] [stderr]    Compiling ryu v1.0.5
[INFO] [stderr]    Compiling serde_json v1.0.64
[INFO] [stderr]    Compiling itoa v0.4.7
[INFO] [stderr]    Compiling quote v1.0.9
[INFO] [stderr]    Compiling serde-big-array v0.3.2
[INFO] [stderr]    Compiling modfile v1.4.6 (/opt/rustwide/workdir)
[INFO] [stderr]     Finished dev [unoptimized + debuginfo] target(s) in 8.55s
[INFO] running `Command { std: "docker" "inspect" "25fdf87d709627367ac97dbb380d00c2266a1a039d5f294b42da998a02c711c1", kill_on_drop: false }`
[INFO] running `Command { std: "docker" "rm" "-f" "25fdf87d709627367ac97dbb380d00c2266a1a039d5f294b42da998a02c711c1", kill_on_drop: false }`
[INFO] [stdout] 25fdf87d709627367ac97dbb380d00c2266a1a039d5f294b42da998a02c711c1
[INFO] running `Command { std: "docker" "create" "-v" "/var/lib/crater-agent-workspace/builds/worker-0-tc1/target:/opt/rustwide/target:rw,Z" "-v" "/var/lib/crater-agent-workspace/builds/worker-0-tc1/source:/opt/rustwide/workdir:ro,Z" "-v" "/var/lib/crater-agent-workspace/cargo-home:/opt/rustwide/cargo-home:ro,Z" "-v" "/var/lib/crater-agent-workspace/rustup-home:/opt/rustwide/rustup-home:ro,Z" "-e" "SOURCE_DIR=/opt/rustwide/workdir" "-e" "CARGO_TARGET_DIR=/opt/rustwide/target" "-e" "CARGO_INCREMENTAL=0" "-e" "RUST_BACKTRACE=full" "-e" "RUSTFLAGS=--cap-lints=warn" "-e" "RUSTDOCFLAGS=--cap-lints=warn" "-e" "CARGO_HOME=/opt/rustwide/cargo-home" "-e" "RUSTUP_HOME=/opt/rustwide/rustup-home" "-w" "/opt/rustwide/workdir" "-m" "1610612736" "--user" "0:0" "--network" "none" "ghcr.io/rust-lang/crates-build-env/linux@sha256:2788e3201cd34a07e3172128adcd8b3090168a8e3bcc40d7c032b9dda1df7d1c" "/opt/rustwide/cargo-home/bin/cargo" "+1.75.0" "test" "--frozen" "--no-run" "--message-format=json", kill_on_drop: false }`
[INFO] [stdout] 0522ec930d99d0e1916b147990616915691c8c9fcf8101557d71cb1d31f3009b
[INFO] running `Command { std: "docker" "start" "-a" "0522ec930d99d0e1916b147990616915691c8c9fcf8101557d71cb1d31f3009b", kill_on_drop: false }`
[INFO] [stderr]    Compiling modfile v1.4.6 (/opt/rustwide/workdir)
[INFO] [stderr]     Finished test [unoptimized + debuginfo] target(s) in 1.24s
[INFO] running `Command { std: "docker" "inspect" "0522ec930d99d0e1916b147990616915691c8c9fcf8101557d71cb1d31f3009b", kill_on_drop: false }`
[INFO] running `Command { std: "docker" "rm" "-f" "0522ec930d99d0e1916b147990616915691c8c9fcf8101557d71cb1d31f3009b", kill_on_drop: false }`
[INFO] [stdout] 0522ec930d99d0e1916b147990616915691c8c9fcf8101557d71cb1d31f3009b
[INFO] running `Command { std: "docker" "create" "-v" "/var/lib/crater-agent-workspace/builds/worker-0-tc1/target:/opt/rustwide/target:rw,Z" "-v" "/var/lib/crater-agent-workspace/builds/worker-0-tc1/source:/opt/rustwide/workdir:ro,Z" "-v" "/var/lib/crater-agent-workspace/cargo-home:/opt/rustwide/cargo-home:ro,Z" "-v" "/var/lib/crater-agent-workspace/rustup-home:/opt/rustwide/rustup-home:ro,Z" "-e" "SOURCE_DIR=/opt/rustwide/workdir" "-e" "CARGO_TARGET_DIR=/opt/rustwide/target" "-e" "CARGO_INCREMENTAL=0" "-e" "RUST_BACKTRACE=full" "-e" "RUSTFLAGS=--cap-lints=warn" "-e" "RUSTDOCFLAGS=--cap-lints=warn" "-e" "CARGO_HOME=/opt/rustwide/cargo-home" "-e" "RUSTUP_HOME=/opt/rustwide/rustup-home" "-w" "/opt/rustwide/workdir" "-m" "1610612736" "--user" "0:0" "--network" "none" "ghcr.io/rust-lang/crates-build-env/linux@sha256:2788e3201cd34a07e3172128adcd8b3090168a8e3bcc40d7c032b9dda1df7d1c" "/opt/rustwide/cargo-home/bin/cargo" "+1.75.0" "test" "--frozen", kill_on_drop: false }`
[INFO] [stdout] b94453f7e8d03023f88501274be7f00583d8ffd5b44253d042df654ac2155cf8
[INFO] running `Command { std: "docker" "start" "-a" "b94453f7e8d03023f88501274be7f00583d8ffd5b44253d042df654ac2155cf8", kill_on_drop: false }`
[INFO] [stderr]     Finished test [unoptimized + debuginfo] target(s) in 0.01s
[INFO] [stderr]      Running unittests src/lib.rs (/opt/rustwide/target/debug/deps/modfile-b9208ba4857fd7d7)
[INFO] [stdout] 
[INFO] [stdout] running 31 tests
[INFO] [stdout] test ptmf::tests::test_analyze_p61 ... FAILED
[INFO] [stdout] test ptmf::tests::test_find_duplicate_patterns ... FAILED
[INFO] [stdout] test ptmf::tests::test_find_duplicate_samples_same_sample ... FAILED
[INFO] [stdout] test ptmf::tests::test_find_duplicate_samples_same_sample_ft ... FAILED
[INFO] [stdout] test ptmf::tests::test_find_duplicate_samples_same_sample_rep ... FAILED
[INFO] [stdout] test ptmf::tests::test_find_unused_samples_1 ... FAILED
[INFO] [stdout] test ptmf::tests::test_find_unused_samples_1d ... FAILED
[INFO] [stdout] test ptmf::tests::test_find_unused_samples_1e ... FAILED
[INFO] [stdout] test ptmf::tests::test_find_unused_samples_2 ... FAILED
[INFO] [stdout] test ptmf::tests::test_find_unused_samples_1f ... FAILED
[INFO] [stdout] test ptmf::tests::test_find_unused_samples_3 ... FAILED
[INFO] [stdout] test ptmf::tests::test_find_unused_samples_all_used ... FAILED
[INFO] [stdout] test ptmf::tests::test_find_unused_samples_no_used ... FAILED
[INFO] [stdout] test ptmf::tests::test_p61_fetchdata ... ok
[INFO] [stdout] test ptmf::tests::test_p61_putdata ... ok
[INFO] [stdout] test ptmf::tests::test_read_mod ... FAILED
[INFO] [stdout] test ptmf::tests::test_read_p61 ... FAILED
[INFO] [stdout] test ptmf::tests::test_remove_duplicate_patterns ... FAILED
[INFO] [stdout] test ptmf::tests::test_remove_duplicate_samples_same_sample ... FAILED
[INFO] [stdout] test ptmf::tests::test_remove_duplicate_samples_same_sample_ft ... FAILED
[INFO] [stdout] test ptmf::tests::test_remove_duplicate_samples_same_sample_rep ... FAILED
[INFO] [stdout] test ptmf::tests::test_remove_unused_samples_1 ... FAILED
[INFO] [stdout] test ptmf::tests::test_remove_unused_samples_all_used ... FAILED
[INFO] [stdout] test ptmf::tests::test_remove_unused_samples_no_used ... FAILED
[INFO] [stdout] test ptmf::tests::test_truncate_patterns ... FAILED
[INFO] [stdout] test ptmf::tests::test_truncate_samples ... FAILED
[INFO] [stdout] test ptmf::tests::test_write_mod ... FAILED
[INFO] [stdout] test ptmf::tests::test_write_p61_leftovers ... FAILED
[INFO] [stdout] test ptmf::tests::test_write_mod_truncated ... FAILED
[INFO] [stdout] test ptmf::tests::test_write_p61_spiderfunk ... FAILED
[INFO] [stdout] test ptmf::tests::test_encode_p61_channel ... ok
[INFO] [stdout] 
[INFO] [stdout] failures:
[INFO] [stdout] 
[INFO] [stdout] ---- ptmf::tests::test_analyze_p61 stdout ----
[INFO] [stdout] Error: Io(Os { code: 2, kind: NotFound, message: "No such file or directory" })
[INFO] [stdout] 
[INFO] [stdout] ---- ptmf::tests::test_find_duplicate_patterns stdout ----
[INFO] [stdout] Error: Io(Os { code: 2, kind: NotFound, message: "No such file or directory" })
[INFO] [stdout] 
[INFO] [stdout] ---- ptmf::tests::test_find_duplicate_samples_same_sample stdout ----
[INFO] [stdout] Error: Io(Os { code: 2, kind: NotFound, message: "No such file or directory" })
[INFO] [stdout] 
[INFO] [stdout] ---- ptmf::tests::test_find_duplicate_samples_same_sample_ft stdout ----
[INFO] [stdout] Error: Io(Os { code: 2, kind: NotFound, message: "No such file or directory" })
[INFO] [stdout] 
[INFO] [stdout] ---- ptmf::tests::test_find_duplicate_samples_same_sample_rep stdout ----
[INFO] [stdout] Error: Io(Os { code: 2, kind: NotFound, message: "No such file or directory" })
[INFO] [stdout] 
[INFO] [stdout] ---- ptmf::tests::test_find_unused_samples_1 stdout ----
[INFO] [stdout] Error: Io(Os { code: 2, kind: NotFound, message: "No such file or directory" })
[INFO] [stdout] 
[INFO] [stdout] ---- ptmf::tests::test_find_unused_samples_1d stdout ----
[INFO] [stdout] Error: Io(Os { code: 2, kind: NotFound, message: "No such file or directory" })
[INFO] [stdout] 
[INFO] [stdout] ---- ptmf::tests::test_find_unused_samples_1e stdout ----
[INFO] [stdout] Error: Io(Os { code: 2, kind: NotFound, message: "No such file or directory" })
[INFO] [stdout] 
[INFO] [stdout] ---- ptmf::tests::test_find_unused_samples_2 stdout ----
[INFO] [stdout] Error: Io(Os { code: 2, kind: NotFound, message: "No such file or directory" })
[INFO] [stdout] 
[INFO] [stdout] ---- ptmf::tests::test_find_unused_samples_1f stdout ----
[INFO] [stdout] Error: Io(Os { code: 2, kind: NotFound, message: "No such file or directory" })
[INFO] [stdout] 
[INFO] [stdout] ---- ptmf::tests::test_find_unused_samples_3 stdout ----
[INFO] [stdout] Error: Io(Os { code: 2, kind: NotFound, message: "No such file or directory" })
[INFO] [stdout] 
[INFO] [stdout] ---- ptmf::tests::test_find_unused_samples_all_used stdout ----
[INFO] [stdout] Error: Io(Os { code: 2, kind: NotFound, message: "No such file or directory" })
[INFO] [stdout] 
[INFO] [stdout] ---- ptmf::tests::test_find_unused_samples_no_used stdout ----
[INFO] [stdout] Error: Io(Os { code: 2, kind: NotFound, message: "No such file or directory" })
[INFO] [stdout] 
[INFO] [stdout] ---- ptmf::tests::test_read_mod stdout ----
[INFO] [stdout] Failed to open file: '/opt/rustwide/workdir/testdata/spiderfunk.mod' Error: 'No such file or directory (os error 2)'
[INFO] [stdout] Error: ()
[INFO] [stdout] 
[INFO] [stdout] ---- ptmf::tests::test_read_p61 stdout ----
[INFO] [stdout] Failed to open file: '/opt/rustwide/workdir/testdata/P61.spiderfunk.mod' Error: 'No such file or directory (os error 2)'
[INFO] [stdout] Error: ()
[INFO] [stdout] 
[INFO] [stdout] ---- ptmf::tests::test_remove_duplicate_patterns stdout ----
[INFO] [stdout] Error: Io(Os { code: 2, kind: NotFound, message: "No such file or directory" })
[INFO] [stdout] 
[INFO] [stdout] ---- ptmf::tests::test_remove_duplicate_samples_same_sample stdout ----
[INFO] [stdout] Error: Io(Os { code: 2, kind: NotFound, message: "No such file or directory" })
[INFO] [stdout] 
[INFO] [stdout] ---- ptmf::tests::test_remove_duplicate_samples_same_sample_ft stdout ----
[INFO] [stdout] Error: Io(Os { code: 2, kind: NotFound, message: "No such file or directory" })
[INFO] [stdout] 
[INFO] [stdout] ---- ptmf::tests::test_remove_duplicate_samples_same_sample_rep stdout ----
[INFO] [stdout] Error: Io(Os { code: 2, kind: NotFound, message: "No such file or directory" })
[INFO] [stdout] 
[INFO] [stdout] ---- ptmf::tests::test_remove_unused_samples_1 stdout ----
[INFO] [stdout] Error: Io(Os { code: 2, kind: NotFound, message: "No such file or directory" })
[INFO] [stdout] 
[INFO] [stdout] ---- ptmf::tests::test_remove_unused_samples_all_used stdout ----
[INFO] [stdout] Error: Io(Os { code: 2, kind: NotFound, message: "No such file or directory" })
[INFO] [stdout] 
[INFO] [stdout] ---- ptmf::tests::test_remove_unused_samples_no_used stdout ----
[INFO] [stdout] Error: Io(Os { code: 2, kind: NotFound, message: "No such file or directory" })
[INFO] [stdout] 
[INFO] [stdout] ---- ptmf::tests::test_truncate_patterns stdout ----
[INFO] [stdout] Error: Io(Os { code: 2, kind: NotFound, message: "No such file or directory" })
[INFO] [stdout] 
[INFO] [stdout] ---- ptmf::tests::test_truncate_samples stdout ----
[INFO] [stdout] Error: Io(Os { code: 2, kind: NotFound, message: "No such file or directory" })
[INFO] [stdout] 
[INFO] [stdout] ---- ptmf::tests::test_write_mod stdout ----
[INFO] [stdout] Failed to open file: '/opt/rustwide/workdir/testdata/spiderfunk.mod' Error: 'No such file or directory (os error 2)'
[INFO] [stdout] Error: ()
[INFO] [stdout] 
[INFO] [stdout] ---- ptmf::tests::test_write_p61_leftovers stdout ----
[INFO] [stdout] Error: Io(Os { code: 2, kind: NotFound, message: "No such file or directory" })
[INFO] [stdout] 
[INFO] [stdout] ---- ptmf::tests::test_write_mod_truncated stdout ----
[INFO] [stdout] Failed to open file: '/opt/rustwide/workdir/testdata/truncate_patterns.mod' Error: 'No such file or directory (os error 2)'
[INFO] [stdout] Error: ()
[INFO] [stdout] 
[INFO] [stdout] ---- ptmf::tests::test_write_p61_spiderfunk stdout ----
[INFO] [stdout] Error: Io(Os { code: 2, kind: NotFound, message: "No such file or directory" })
[INFO] [stdout] 
[INFO] [stdout] 
[INFO] [stdout] failures:
[INFO] [stdout]     ptmf::tests::test_analyze_p61
[INFO] [stdout]     ptmf::tests::test_find_duplicate_patterns
[INFO] [stdout]     ptmf::tests::test_find_duplicate_samples_same_sample
[INFO] [stdout]     ptmf::tests::test_find_duplicate_samples_same_sample_ft
[INFO] [stdout]     ptmf::tests::test_find_duplicate_samples_same_sample_rep
[INFO] [stdout]     ptmf::tests::test_find_unused_samples_1
[INFO] [stdout]     ptmf::tests::test_find_unused_samples_1d
[INFO] [stdout]     ptmf::tests::test_find_unused_samples_1e
[INFO] [stdout]     ptmf::tests::test_find_unused_samples_1f
[INFO] [stdout]     ptmf::tests::test_find_unused_samples_2
[INFO] [stdout]     ptmf::tests::test_find_unused_samples_3
[INFO] [stdout]     ptmf::tests::test_find_unused_samples_all_used
[INFO] [stdout]     ptmf::tests::test_find_unused_samples_no_used
[INFO] [stdout]     ptmf::tests::test_read_mod
[INFO] [stdout]     ptmf::tests::test_read_p61
[INFO] [stdout]     ptmf::tests::test_remove_duplicate_patterns
[INFO] [stdout]     ptmf::tests::test_remove_duplicate_samples_same_sample
[INFO] [stdout]     ptmf::tests::test_remove_duplicate_samples_same_sample_ft
[INFO] [stdout]     ptmf::tests::test_remove_duplicate_samples_same_sample_rep
[INFO] [stdout]     ptmf::tests::test_remove_unused_samples_1
[INFO] [stdout]     ptmf::tests::test_remove_unused_samples_all_used
[INFO] [stdout]     ptmf::tests::test_remove_unused_samples_no_used
[INFO] [stdout]     ptmf::tests::test_truncate_patterns
[INFO] [stdout]     ptmf::tests::test_truncate_samples
[INFO] [stdout]     ptmf::tests::test_write_mod
[INFO] [stdout]     ptmf::tests::test_write_mod_truncated
[INFO] [stdout]     ptmf::tests::test_write_p61_leftovers
[INFO] [stdout]     ptmf::tests::test_write_p61_spiderfunk
[INFO] [stdout] 
[INFO] [stdout] test result: FAILED. 3 passed; 28 failed; 0 ignored; 0 measured; 0 filtered out; finished in 0.00s
[INFO] [stdout] 
[INFO] [stderr] error: test failed, to rerun pass `--lib`
[INFO] running `Command { std: "docker" "inspect" "b94453f7e8d03023f88501274be7f00583d8ffd5b44253d042df654ac2155cf8", kill_on_drop: false }`
[INFO] running `Command { std: "docker" "rm" "-f" "b94453f7e8d03023f88501274be7f00583d8ffd5b44253d042df654ac2155cf8", kill_on_drop: false }`
[INFO] [stdout] b94453f7e8d03023f88501274be7f00583d8ffd5b44253d042df654ac2155cf8
[INFO] testing modfile-1.4.6 against beta-2023-12-22 for beta-1.76-1
[INFO] extracting crate modfile 1.4.6 into /workspace/builds/worker-0-tc2/source
[INFO] validating manifest of crates.io crate modfile 1.4.6 on toolchain beta-2023-12-22
[INFO] running `Command { std: CARGO_HOME="/workspace/cargo-home" RUSTUP_HOME="/workspace/rustup-home" "/workspace/cargo-home/bin/cargo" "+beta-2023-12-22" "metadata" "--manifest-path" "Cargo.toml" "--no-deps", kill_on_drop: false }`
[INFO] started tweaking crates.io crate modfile 1.4.6
[INFO] finished tweaking crates.io crate modfile 1.4.6
[INFO] tweaked toml for crates.io crate modfile 1.4.6 written to /workspace/builds/worker-0-tc2/source/Cargo.toml
[INFO] crate crates.io crate modfile 1.4.6 already has a lockfile, it will not be regenerated
[INFO] running `Command { std: CARGO_HOME="/workspace/cargo-home" RUSTUP_HOME="/workspace/rustup-home" "/workspace/cargo-home/bin/cargo" "+beta-2023-12-22" "fetch" "--manifest-path" "Cargo.toml", kill_on_drop: false }`
[INFO] running `Command { std: "docker" "create" "-v" "/var/lib/crater-agent-workspace/builds/worker-0-tc2/target:/opt/rustwide/target:rw,Z" "-v" "/var/lib/crater-agent-workspace/builds/worker-0-tc2/source:/opt/rustwide/workdir:ro,Z" "-v" "/var/lib/crater-agent-workspace/cargo-home:/opt/rustwide/cargo-home:ro,Z" "-v" "/var/lib/crater-agent-workspace/rustup-home:/opt/rustwide/rustup-home:ro,Z" "-e" "SOURCE_DIR=/opt/rustwide/workdir" "-e" "CARGO_TARGET_DIR=/opt/rustwide/target" "-e" "CARGO_HOME=/opt/rustwide/cargo-home" "-e" "RUSTUP_HOME=/opt/rustwide/rustup-home" "-w" "/opt/rustwide/workdir" "-m" "1610612736" "--user" "0:0" "--network" "none" "ghcr.io/rust-lang/crates-build-env/linux@sha256:2788e3201cd34a07e3172128adcd8b3090168a8e3bcc40d7c032b9dda1df7d1c" "/opt/rustwide/cargo-home/bin/cargo" "+beta-2023-12-22" "metadata" "--no-deps" "--format-version=1", kill_on_drop: false }`
[INFO] [stdout] 64d2845ef6ce92bea9b04b4e52ae1fd1d6d042fb899cf6ae3fd9fe9ab0f37009
[INFO] running `Command { std: "docker" "start" "-a" "64d2845ef6ce92bea9b04b4e52ae1fd1d6d042fb899cf6ae3fd9fe9ab0f37009", kill_on_drop: false }`
[INFO] running `Command { std: "docker" "inspect" "64d2845ef6ce92bea9b04b4e52ae1fd1d6d042fb899cf6ae3fd9fe9ab0f37009", kill_on_drop: false }`
[INFO] running `Command { std: "docker" "rm" "-f" "64d2845ef6ce92bea9b04b4e52ae1fd1d6d042fb899cf6ae3fd9fe9ab0f37009", kill_on_drop: false }`
[INFO] [stdout] 64d2845ef6ce92bea9b04b4e52ae1fd1d6d042fb899cf6ae3fd9fe9ab0f37009
[INFO] running `Command { std: "docker" "create" "-v" "/var/lib/crater-agent-workspace/builds/worker-0-tc2/target:/opt/rustwide/target:rw,Z" "-v" "/var/lib/crater-agent-workspace/builds/worker-0-tc2/source:/opt/rustwide/workdir:ro,Z" "-v" "/var/lib/crater-agent-workspace/cargo-home:/opt/rustwide/cargo-home:ro,Z" "-v" "/var/lib/crater-agent-workspace/rustup-home:/opt/rustwide/rustup-home:ro,Z" "-e" "SOURCE_DIR=/opt/rustwide/workdir" "-e" "CARGO_TARGET_DIR=/opt/rustwide/target" "-e" "CARGO_INCREMENTAL=0" "-e" "RUST_BACKTRACE=full" "-e" "RUSTFLAGS=--cap-lints=warn" "-e" "RUSTDOCFLAGS=--cap-lints=warn" "-e" "CARGO_HOME=/opt/rustwide/cargo-home" "-e" "RUSTUP_HOME=/opt/rustwide/rustup-home" "-w" "/opt/rustwide/workdir" "-m" "1610612736" "--user" "0:0" "--network" "none" "ghcr.io/rust-lang/crates-build-env/linux@sha256:2788e3201cd34a07e3172128adcd8b3090168a8e3bcc40d7c032b9dda1df7d1c" "/opt/rustwide/cargo-home/bin/cargo" "+beta-2023-12-22" "build" "--frozen" "--message-format=json", kill_on_drop: false }`
[INFO] [stdout] 97cad53fca33cc24a368630f0181cd91189c72707b26044f1f598616d30330b7
[INFO] running `Command { std: "docker" "start" "-a" "97cad53fca33cc24a368630f0181cd91189c72707b26044f1f598616d30330b7", kill_on_drop: false }`
[INFO] [stderr]    Compiling proc-macro2 v1.0.27
[INFO] [stderr]    Compiling unicode-xid v0.2.2
[INFO] [stderr]    Compiling syn v1.0.73
[INFO] [stderr]    Compiling serde_derive v1.0.126
[INFO] [stderr]    Compiling serde v1.0.126
[INFO] [stderr]    Compiling ryu v1.0.5
[INFO] [stderr]    Compiling serde_json v1.0.64
[INFO] [stderr]    Compiling itoa v0.4.7
[INFO] [stderr]    Compiling quote v1.0.9
[INFO] [stderr]    Compiling serde-big-array v0.3.2
[INFO] [stderr]    Compiling modfile v1.4.6 (/opt/rustwide/workdir)
[INFO] [stderr]     Finished dev [unoptimized + debuginfo] target(s) in 9.06s
[INFO] running `Command { std: "docker" "inspect" "97cad53fca33cc24a368630f0181cd91189c72707b26044f1f598616d30330b7", kill_on_drop: false }`
[INFO] running `Command { std: "docker" "rm" "-f" "97cad53fca33cc24a368630f0181cd91189c72707b26044f1f598616d30330b7", kill_on_drop: false }`
[INFO] [stdout] 97cad53fca33cc24a368630f0181cd91189c72707b26044f1f598616d30330b7
[INFO] running `Command { std: "docker" "create" "-v" "/var/lib/crater-agent-workspace/builds/worker-0-tc2/target:/opt/rustwide/target:rw,Z" "-v" "/var/lib/crater-agent-workspace/builds/worker-0-tc2/source:/opt/rustwide/workdir:ro,Z" "-v" "/var/lib/crater-agent-workspace/cargo-home:/opt/rustwide/cargo-home:ro,Z" "-v" "/var/lib/crater-agent-workspace/rustup-home:/opt/rustwide/rustup-home:ro,Z" "-e" "SOURCE_DIR=/opt/rustwide/workdir" "-e" "CARGO_TARGET_DIR=/opt/rustwide/target" "-e" "CARGO_INCREMENTAL=0" "-e" "RUST_BACKTRACE=full" "-e" "RUSTFLAGS=--cap-lints=warn" "-e" "RUSTDOCFLAGS=--cap-lints=warn" "-e" "CARGO_HOME=/opt/rustwide/cargo-home" "-e" "RUSTUP_HOME=/opt/rustwide/rustup-home" "-w" "/opt/rustwide/workdir" "-m" "1610612736" "--user" "0:0" "--network" "none" "ghcr.io/rust-lang/crates-build-env/linux@sha256:2788e3201cd34a07e3172128adcd8b3090168a8e3bcc40d7c032b9dda1df7d1c" "/opt/rustwide/cargo-home/bin/cargo" "+beta-2023-12-22" "test" "--frozen" "--no-run" "--message-format=json", kill_on_drop: false }`
[INFO] [stdout] afb697ee3b049658b39889fdcca442f7f6e4fe598ea992ec28e5339876e65b8c
[INFO] running `Command { std: "docker" "start" "-a" "afb697ee3b049658b39889fdcca442f7f6e4fe598ea992ec28e5339876e65b8c", kill_on_drop: false }`
[INFO] [stderr]    Compiling modfile v1.4.6 (/opt/rustwide/workdir)
[INFO] [stderr]     Finished test [unoptimized + debuginfo] target(s) in 1.00s
[INFO] running `Command { std: "docker" "inspect" "afb697ee3b049658b39889fdcca442f7f6e4fe598ea992ec28e5339876e65b8c", kill_on_drop: false }`
[INFO] running `Command { std: "docker" "rm" "-f" "afb697ee3b049658b39889fdcca442f7f6e4fe598ea992ec28e5339876e65b8c", kill_on_drop: false }`
[INFO] [stdout] afb697ee3b049658b39889fdcca442f7f6e4fe598ea992ec28e5339876e65b8c
[INFO] running `Command { std: "docker" "create" "-v" "/var/lib/crater-agent-workspace/builds/worker-0-tc2/target:/opt/rustwide/target:rw,Z" "-v" "/var/lib/crater-agent-workspace/builds/worker-0-tc2/source:/opt/rustwide/workdir:ro,Z" "-v" "/var/lib/crater-agent-workspace/cargo-home:/opt/rustwide/cargo-home:ro,Z" "-v" "/var/lib/crater-agent-workspace/rustup-home:/opt/rustwide/rustup-home:ro,Z" "-e" "SOURCE_DIR=/opt/rustwide/workdir" "-e" "CARGO_TARGET_DIR=/opt/rustwide/target" "-e" "CARGO_INCREMENTAL=0" "-e" "RUST_BACKTRACE=full" "-e" "RUSTFLAGS=--cap-lints=warn" "-e" "RUSTDOCFLAGS=--cap-lints=warn" "-e" "CARGO_HOME=/opt/rustwide/cargo-home" "-e" "RUSTUP_HOME=/opt/rustwide/rustup-home" "-w" "/opt/rustwide/workdir" "-m" "1610612736" "--user" "0:0" "--network" "none" "ghcr.io/rust-lang/crates-build-env/linux@sha256:2788e3201cd34a07e3172128adcd8b3090168a8e3bcc40d7c032b9dda1df7d1c" "/opt/rustwide/cargo-home/bin/cargo" "+beta-2023-12-22" "test" "--frozen", kill_on_drop: false }`
[INFO] [stdout] 9607331e01c493d7c68a136508484ef23ed5e026252250da7cf261d5a8da6b7f
[INFO] running `Command { std: "docker" "start" "-a" "9607331e01c493d7c68a136508484ef23ed5e026252250da7cf261d5a8da6b7f", kill_on_drop: false }`
[INFO] [stderr]     Finished test [unoptimized + debuginfo] target(s) in 0.02s
[INFO] [stderr]      Running unittests src/lib.rs (/opt/rustwide/target/debug/deps/modfile-37c1aefbc9194d68)
[INFO] [stdout] 
[INFO] [stdout] running 31 tests
[INFO] [stdout] test ptmf::tests::test_find_unused_samples_1d ... FAILED
[INFO] [stdout] test ptmf::tests::test_find_duplicate_samples_same_sample ... FAILED
[INFO] [stdout] test ptmf::tests::test_analyze_p61 ... FAILED
[INFO] [stdout] test ptmf::tests::test_find_unused_samples_1 ... FAILED
[INFO] [stdout] test ptmf::tests::test_encode_p61_channel ... ok
[INFO] [stdout] test ptmf::tests::test_find_unused_samples_2 ... FAILED
[INFO] [stdout] test ptmf::tests::test_find_duplicate_samples_same_sample_rep ... FAILED
[INFO] [stdout] test ptmf::tests::test_find_unused_samples_3 ... FAILED
[INFO] [stdout] test ptmf::tests::test_find_duplicate_samples_same_sample_ft ... FAILED
[INFO] [stdout] test ptmf::tests::test_find_duplicate_patterns ... FAILED
[INFO] [stdout] test ptmf::tests::test_find_unused_samples_all_used ... FAILED
[INFO] [stdout] test ptmf::tests::test_read_p61 ... FAILED
[INFO] [stdout] test ptmf::tests::test_remove_duplicate_samples_same_sample ... FAILED
[INFO] [stdout] test ptmf::tests::test_find_unused_samples_1f ... FAILED
[INFO] [stdout] test ptmf::tests::test_remove_duplicate_patterns ... FAILED
[INFO] [stdout] test ptmf::tests::test_find_unused_samples_no_used ... FAILED
[INFO] [stdout] test ptmf::tests::test_find_unused_samples_1e ... FAILED
[INFO] [stderr] error: test failed, to rerun pass `--lib`
[INFO] [stdout] test ptmf::tests::test_p61_putdata ... ok
[INFO] [stdout] test ptmf::tests::test_write_p61_leftovers ... FAILED
[INFO] [stdout] test ptmf::tests::test_write_mod_truncated ... FAILED
[INFO] [stdout] test ptmf::tests::test_truncate_samples ... FAILED
[INFO] [stdout] test ptmf::tests::test_write_mod ... FAILED
[INFO] [stdout] test ptmf::tests::test_truncate_patterns ... FAILED
[INFO] [stdout] test ptmf::tests::test_remove_unused_samples_no_used ... FAILED
[INFO] [stdout] test ptmf::tests::test_remove_duplicate_samples_same_sample_ft ... FAILED
[INFO] [stdout] test ptmf::tests::test_remove_unused_samples_1 ... FAILED
[INFO] [stdout] test ptmf::tests::test_remove_unused_samples_all_used ... FAILED
[INFO] [stdout] test ptmf::tests::test_remove_duplicate_samples_same_sample_rep ... FAILED
[INFO] [stdout] test ptmf::tests::test_read_mod ... FAILED
[INFO] [stdout] test ptmf::tests::test_write_p61_spiderfunk ... FAILED
[INFO] [stdout] test ptmf::tests::test_p61_fetchdata ... ok
[INFO] [stdout] 
[INFO] [stdout] failures:
[INFO] [stdout] 
[INFO] [stdout] ---- ptmf::tests::test_find_unused_samples_1d stdout ----
[INFO] [stdout] Error: Io(Os { code: 2, kind: NotFound, message: "No such file or directory" })
[INFO] [stdout] 
[INFO] [stdout] ---- ptmf::tests::test_find_duplicate_samples_same_sample stdout ----
[INFO] [stdout] Error: Io(Os { code: 2, kind: NotFound, message: "No such file or directory" })
[INFO] [stdout] 
[INFO] [stdout] ---- ptmf::tests::test_analyze_p61 stdout ----
[INFO] [stdout] Error: Io(Os { code: 2, kind: NotFound, message: "No such file or directory" })
[INFO] [stdout] 
[INFO] [stdout] ---- ptmf::tests::test_find_unused_samples_1 stdout ----
[INFO] [stdout] Error: Io(Os { code: 2, kind: NotFound, message: "No such file or directory" })
[INFO] [stdout] 
[INFO] [stdout] ---- ptmf::tests::test_find_unused_samples_2 stdout ----
[INFO] [stdout] Error: Io(Os { code: 2, kind: NotFound, message: "No such file or directory" })
[INFO] [stdout] 
[INFO] [stdout] ---- ptmf::tests::test_find_duplicate_samples_same_sample_rep stdout ----
[INFO] [stdout] Error: Io(Os { code: 2, kind: NotFound, message: "No such file or directory" })
[INFO] [stdout] 
[INFO] [stdout] ---- ptmf::tests::test_find_unused_samples_3 stdout ----
[INFO] [stdout] Error: Io(Os { code: 2, kind: NotFound, message: "No such file or directory" })
[INFO] [stdout] 
[INFO] [stdout] ---- ptmf::tests::test_find_duplicate_samples_same_sample_ft stdout ----
[INFO] [stdout] Error: Io(Os { code: 2, kind: NotFound, message: "No such file or directory" })
[INFO] [stdout] 
[INFO] [stdout] ---- ptmf::tests::test_find_duplicate_patterns stdout ----
[INFO] [stdout] Error: Io(Os { code: 2, kind: NotFound, message: "No such file or directory" })
[INFO] [stdout] 
[INFO] [stdout] ---- ptmf::tests::test_find_unused_samples_all_used stdout ----
[INFO] [stdout] Error: Io(Os { code: 2, kind: NotFound, message: "No such file or directory" })
[INFO] [stdout] 
[INFO] [stdout] ---- ptmf::tests::test_read_p61 stdout ----
[INFO] [stdout] Failed to open file: '/opt/rustwide/workdir/testdata/P61.spiderfunk.mod' Error: 'No such file or directory (os error 2)'
[INFO] [stdout] Error: ()
[INFO] [stdout] 
[INFO] [stdout] ---- ptmf::tests::test_remove_duplicate_samples_same_sample stdout ----
[INFO] [stdout] Error: Io(Os { code: 2, kind: NotFound, message: "No such file or directory" })
[INFO] [stdout] 
[INFO] [stdout] ---- ptmf::tests::test_find_unused_samples_1f stdout ----
[INFO] [stdout] Error: Io(Os { code: 2, kind: NotFound, message: "No such file or directory" })
[INFO] [stdout] 
[INFO] [stdout] ---- ptmf::tests::test_remove_duplicate_patterns stdout ----
[INFO] [stdout] Error: Io(Os { code: 2, kind: NotFound, message: "No such file or directory" })
[INFO] [stdout] 
[INFO] [stdout] ---- ptmf::tests::test_find_unused_samples_no_used stdout ----
[INFO] [stdout] Error: Io(Os { code: 2, kind: NotFound, message: "No such file or directory" })
[INFO] [stdout] 
[INFO] [stdout] ---- ptmf::tests::test_find_unused_samples_1e stdout ----
[INFO] [stdout] Error: Io(Os { code: 2, kind: NotFound, message: "No such file or directory" })
[INFO] [stdout] 
[INFO] [stdout] ---- ptmf::tests::test_write_p61_leftovers stdout ----
[INFO] [stdout] Error: Io(Os { code: 2, kind: NotFound, message: "No such file or directory" })
[INFO] [stdout] 
[INFO] [stdout] ---- ptmf::tests::test_write_mod_truncated stdout ----
[INFO] [stdout] Failed to open file: '/opt/rustwide/workdir/testdata/truncate_patterns.mod' Error: 'No such file or directory (os error 2)'
[INFO] [stdout] Error: ()
[INFO] [stdout] 
[INFO] [stdout] ---- ptmf::tests::test_truncate_samples stdout ----
[INFO] [stdout] Error: Io(Os { code: 2, kind: NotFound, message: "No such file or directory" })
[INFO] [stdout] 
[INFO] [stdout] ---- ptmf::tests::test_write_mod stdout ----
[INFO] [stdout] Failed to open file: '/opt/rustwide/workdir/testdata/spiderfunk.mod' Error: 'No such file or directory (os error 2)'
[INFO] [stdout] Error: ()
[INFO] [stdout] 
[INFO] [stdout] ---- ptmf::tests::test_truncate_patterns stdout ----
[INFO] [stdout] Error: Io(Os { code: 2, kind: NotFound, message: "No such file or directory" })
[INFO] [stdout] 
[INFO] [stdout] ---- ptmf::tests::test_remove_unused_samples_no_used stdout ----
[INFO] [stdout] Error: Io(Os { code: 2, kind: NotFound, message: "No such file or directory" })
[INFO] [stdout] 
[INFO] [stdout] ---- ptmf::tests::test_remove_duplicate_samples_same_sample_ft stdout ----
[INFO] [stdout] Error: Io(Os { code: 2, kind: NotFound, message: "No such file or directory" })
[INFO] [stdout] 
[INFO] [stdout] ---- ptmf::tests::test_remove_unused_samples_1 stdout ----
[INFO] [stdout] Error: Io(Os { code: 2, kind: NotFound, message: "No such file or directory" })
[INFO] [stdout] 
[INFO] [stdout] ---- ptmf::tests::test_remove_unused_samples_all_used stdout ----
[INFO] [stdout] Error: Io(Os { code: 2, kind: NotFound, message: "No such file or directory" })
[INFO] [stdout] 
[INFO] [stdout] ---- ptmf::tests::test_remove_duplicate_samples_same_sample_rep stdout ----
[INFO] [stdout] Error: Io(Os { code: 2, kind: NotFound, message: "No such file or directory" })
[INFO] [stdout] 
[INFO] [stdout] ---- ptmf::tests::test_read_mod stdout ----
[INFO] [stdout] Failed to open file: '/opt/rustwide/workdir/testdata/spiderfunk.mod' Error: 'No such file or directory (os error 2)'
[INFO] [stdout] Error: ()
[INFO] [stdout] 
[INFO] [stdout] ---- ptmf::tests::test_write_p61_spiderfunk stdout ----
[INFO] [stdout] Error: Io(Os { code: 2, kind: NotFound, message: "No such file or directory" })
[INFO] [stdout] 
[INFO] [stdout] 
[INFO] [stdout] failures:
[INFO] [stdout]     ptmf::tests::test_analyze_p61
[INFO] [stdout]     ptmf::tests::test_find_duplicate_patterns
[INFO] [stdout]     ptmf::tests::test_find_duplicate_samples_same_sample
[INFO] [stdout]     ptmf::tests::test_find_duplicate_samples_same_sample_ft
[INFO] [stdout]     ptmf::tests::test_find_duplicate_samples_same_sample_rep
[INFO] [stdout]     ptmf::tests::test_find_unused_samples_1
[INFO] [stdout]     ptmf::tests::test_find_unused_samples_1d
[INFO] [stdout]     ptmf::tests::test_find_unused_samples_1e
[INFO] [stdout]     ptmf::tests::test_find_unused_samples_1f
[INFO] [stdout]     ptmf::tests::test_find_unused_samples_2
[INFO] [stdout]     ptmf::tests::test_find_unused_samples_3
[INFO] [stdout]     ptmf::tests::test_find_unused_samples_all_used
[INFO] [stdout]     ptmf::tests::test_find_unused_samples_no_used
[INFO] [stdout]     ptmf::tests::test_read_mod
[INFO] [stdout]     ptmf::tests::test_read_p61
[INFO] [stdout]     ptmf::tests::test_remove_duplicate_patterns
[INFO] [stdout]     ptmf::tests::test_remove_duplicate_samples_same_sample
[INFO] [stdout]     ptmf::tests::test_remove_duplicate_samples_same_sample_ft
[INFO] [stdout]     ptmf::tests::test_remove_duplicate_samples_same_sample_rep
[INFO] [stdout]     ptmf::tests::test_remove_unused_samples_1
[INFO] [stdout]     ptmf::tests::test_remove_unused_samples_all_used
[INFO] [stdout]     ptmf::tests::test_remove_unused_samples_no_used
[INFO] [stdout]     ptmf::tests::test_truncate_patterns
[INFO] [stdout]     ptmf::tests::test_truncate_samples
[INFO] [stdout]     ptmf::tests::test_write_mod
[INFO] [stdout]     ptmf::tests::test_write_mod_truncated
[INFO] [stdout]     ptmf::tests::test_write_p61_leftovers
[INFO] [stdout]     ptmf::tests::test_write_p61_spiderfunk
[INFO] [stdout] 
[INFO] [stdout] test result: FAILED. 3 passed; 28 failed; 0 ignored; 0 measured; 0 filtered out; finished in 0.02s
[INFO] [stdout] 
[INFO] running `Command { std: "docker" "inspect" "9607331e01c493d7c68a136508484ef23ed5e026252250da7cf261d5a8da6b7f", kill_on_drop: false }`
[INFO] running `Command { std: "docker" "rm" "-f" "9607331e01c493d7c68a136508484ef23ed5e026252250da7cf261d5a8da6b7f", kill_on_drop: false }`
[INFO] [stdout] 9607331e01c493d7c68a136508484ef23ed5e026252250da7cf261d5a8da6b7f
