[INFO] fetching crate mockito 1.2.0...
[INFO] testing mockito-1.2.0 against 1.75.0 for beta-1.76-1
[INFO] extracting crate mockito 1.2.0 into /workspace/builds/worker-2-tc1/source
[INFO] validating manifest of crates.io crate mockito 1.2.0 on toolchain 1.75.0
[INFO] running `Command { std: CARGO_HOME="/workspace/cargo-home" RUSTUP_HOME="/workspace/rustup-home" "/workspace/cargo-home/bin/cargo" "+1.75.0" "metadata" "--manifest-path" "Cargo.toml" "--no-deps", kill_on_drop: false }`
[INFO] removed /workspace/builds/worker-2-tc1/source/.cargo/config.toml
[INFO] started tweaking crates.io crate mockito 1.2.0
[INFO] finished tweaking crates.io crate mockito 1.2.0
[INFO] tweaked toml for crates.io crate mockito 1.2.0 written to /workspace/builds/worker-2-tc1/source/Cargo.toml
[INFO] crate crates.io crate mockito 1.2.0 already has a lockfile, it will not be regenerated
[INFO] running `Command { std: CARGO_HOME="/workspace/cargo-home" RUSTUP_HOME="/workspace/rustup-home" "/workspace/cargo-home/bin/cargo" "+1.75.0" "fetch" "--manifest-path" "Cargo.toml", kill_on_drop: false }`
[INFO] [stderr]     Updating crates.io index
[INFO] [stderr]  Downloading crates ...
[INFO] [stderr]   Downloaded testing_logger v0.1.1
[INFO] [stderr]   Downloaded tokio-util v0.7.6
[INFO] running `Command { std: "docker" "create" "-v" "/var/lib/crater-agent-workspace/builds/worker-2-tc1/target:/opt/rustwide/target:rw,Z" "-v" "/var/lib/crater-agent-workspace/builds/worker-2-tc1/source:/opt/rustwide/workdir:ro,Z" "-v" "/var/lib/crater-agent-workspace/cargo-home:/opt/rustwide/cargo-home:ro,Z" "-v" "/var/lib/crater-agent-workspace/rustup-home:/opt/rustwide/rustup-home:ro,Z" "-e" "SOURCE_DIR=/opt/rustwide/workdir" "-e" "CARGO_TARGET_DIR=/opt/rustwide/target" "-e" "CARGO_HOME=/opt/rustwide/cargo-home" "-e" "RUSTUP_HOME=/opt/rustwide/rustup-home" "-w" "/opt/rustwide/workdir" "-m" "1610612736" "--user" "0:0" "--network" "none" "ghcr.io/rust-lang/crates-build-env/linux@sha256:2788e3201cd34a07e3172128adcd8b3090168a8e3bcc40d7c032b9dda1df7d1c" "/opt/rustwide/cargo-home/bin/cargo" "+1.75.0" "metadata" "--no-deps" "--format-version=1", kill_on_drop: false }`
[INFO] [stdout] 4a15601d87a387331cbc5f68b4d732f29dc81014b4d449cc356a636dc79c5e7c
[INFO] running `Command { std: "docker" "start" "-a" "4a15601d87a387331cbc5f68b4d732f29dc81014b4d449cc356a636dc79c5e7c", kill_on_drop: false }`
[INFO] running `Command { std: "docker" "inspect" "4a15601d87a387331cbc5f68b4d732f29dc81014b4d449cc356a636dc79c5e7c", kill_on_drop: false }`
[INFO] running `Command { std: "docker" "rm" "-f" "4a15601d87a387331cbc5f68b4d732f29dc81014b4d449cc356a636dc79c5e7c", kill_on_drop: false }`
[INFO] [stdout] 4a15601d87a387331cbc5f68b4d732f29dc81014b4d449cc356a636dc79c5e7c
[INFO] running `Command { std: "docker" "create" "-v" "/var/lib/crater-agent-workspace/builds/worker-2-tc1/target:/opt/rustwide/target:rw,Z" "-v" "/var/lib/crater-agent-workspace/builds/worker-2-tc1/source:/opt/rustwide/workdir:ro,Z" "-v" "/var/lib/crater-agent-workspace/cargo-home:/opt/rustwide/cargo-home:ro,Z" "-v" "/var/lib/crater-agent-workspace/rustup-home:/opt/rustwide/rustup-home:ro,Z" "-e" "SOURCE_DIR=/opt/rustwide/workdir" "-e" "CARGO_TARGET_DIR=/opt/rustwide/target" "-e" "CARGO_INCREMENTAL=0" "-e" "RUST_BACKTRACE=full" "-e" "RUSTFLAGS=--cap-lints=warn" "-e" "RUSTDOCFLAGS=--cap-lints=warn" "-e" "CARGO_HOME=/opt/rustwide/cargo-home" "-e" "RUSTUP_HOME=/opt/rustwide/rustup-home" "-w" "/opt/rustwide/workdir" "-m" "1610612736" "--user" "0:0" "--network" "none" "ghcr.io/rust-lang/crates-build-env/linux@sha256:2788e3201cd34a07e3172128adcd8b3090168a8e3bcc40d7c032b9dda1df7d1c" "/opt/rustwide/cargo-home/bin/cargo" "+1.75.0" "build" "--frozen" "--message-format=json", kill_on_drop: false }`
[INFO] [stdout] a213dbe95dfe9c1a9c788a3210cb50d87bb04fdce7da0aac95bd18b8e37c1689
[INFO] running `Command { std: "docker" "start" "-a" "a213dbe95dfe9c1a9c788a3210cb50d87bb04fdce7da0aac95bd18b8e37c1689", kill_on_drop: false }`
[INFO] [stderr]    Compiling autocfg v1.1.0
[INFO] [stderr]    Compiling libc v0.2.124
[INFO] [stderr]    Compiling cfg-if v1.0.0
[INFO] [stderr]    Compiling proc-macro2 v1.0.51
[INFO] [stderr]    Compiling quote v1.0.23
[INFO] [stderr]    Compiling unicode-ident v1.0.6
[INFO] [stderr]    Compiling syn v1.0.107
[INFO] [stderr]    Compiling memchr v2.4.1
[INFO] [stderr]    Compiling pin-project-lite v0.2.9
[INFO] [stderr]    Compiling futures-core v0.3.26
[INFO] [stderr]    Compiling log v0.4.16
[INFO] [stderr]    Compiling futures-task v0.3.26
[INFO] [stderr]    Compiling futures-channel v0.3.26
[INFO] [stderr]    Compiling futures-sink v0.3.26
[INFO] [stderr]    Compiling itoa v1.0.1
[INFO] [stderr]    Compiling parking_lot_core v0.9.7
[INFO] [stderr]    Compiling smallvec v1.10.0
[INFO] [stderr]    Compiling futures-util v0.3.26
[INFO] [stderr]    Compiling scopeguard v1.1.0
[INFO] [stderr]    Compiling bytes v1.4.0
[INFO] [stderr]    Compiling pin-utils v0.1.0
[INFO] [stderr]    Compiling once_cell v1.17.0
[INFO] [stderr]    Compiling serde v1.0.152
[INFO] [stderr]    Compiling futures-io v0.3.26
[INFO] [stderr]    Compiling tracing-core v0.1.30
[INFO] [stderr]    Compiling fnv v1.0.7
[INFO] [stderr]    Compiling ryu v1.0.12
[INFO] [stderr]    Compiling hashbrown v0.12.3
[INFO] [stderr]    Compiling serde_json v1.0.91
[INFO] [stderr]    Compiling httparse v1.8.0
[INFO] [stderr]    Compiling slab v0.4.7
[INFO] [stderr]    Compiling lock_api v0.4.9
[INFO] [stderr]    Compiling tokio v1.25.0
[INFO] [stderr]    Compiling indexmap v1.9.2
[INFO] [stderr]    Compiling ppv-lite86 v0.2.17
[INFO] [stderr]    Compiling try-lock v0.2.4
[INFO] [stderr]    Compiling http v0.2.8
[INFO] [stderr]    Compiling percent-encoding v2.2.0
[INFO] [stderr]    Compiling tracing v0.1.37
[INFO] [stderr]    Compiling aho-corasick v0.7.19
[INFO] [stderr]    Compiling form_urlencoded v1.1.0
[INFO] [stderr]    Compiling want v0.3.0
[INFO] [stderr]    Compiling httpdate v1.0.2
[INFO] [stderr]    Compiling tower-service v0.3.2
[INFO] [stderr]    Compiling regex-syntax v0.6.27
[INFO] [stderr]    Compiling mio v0.8.5
[INFO] [stderr]    Compiling num_cpus v1.15.0
[INFO] [stderr]    Compiling socket2 v0.4.7
[INFO] [stderr]    Compiling signal-hook-registry v1.4.0
[INFO] [stderr]    Compiling getrandom v0.2.8
[INFO] [stderr]    Compiling atty v0.2.14
[INFO] [stderr]    Compiling parking_lot v0.12.1
[INFO] [stderr]    Compiling lazy_static v1.4.0
[INFO] [stderr]    Compiling similar v2.2.1
[INFO] [stderr]    Compiling colored v2.0.0
[INFO] [stderr]    Compiling rand_core v0.6.4
[INFO] [stderr]    Compiling http-body v0.4.5
[INFO] [stderr]    Compiling rand_chacha v0.3.1
[INFO] [stderr]    Compiling rand v0.8.5
[INFO] [stderr]    Compiling regex v1.7.1
[INFO] [stderr]    Compiling serde_urlencoded v0.7.1
[INFO] [stderr]    Compiling futures-macro v0.3.26
[INFO] [stderr]    Compiling tokio-macros v1.8.2
[INFO] [stderr]    Compiling assert-json-diff v2.0.2
[INFO] [stderr]    Compiling futures-executor v0.3.26
[INFO] [stderr]    Compiling futures v0.3.26
[INFO] [stderr]    Compiling tokio-util v0.7.6
[INFO] [stderr]    Compiling h2 v0.3.15
[INFO] [stderr]    Compiling hyper v0.14.24
[INFO] [stderr]    Compiling mockito v1.2.0 (/opt/rustwide/workdir)
[INFO] [stderr]     Finished dev [unoptimized + debuginfo] target(s) in 12.69s
[INFO] running `Command { std: "docker" "inspect" "a213dbe95dfe9c1a9c788a3210cb50d87bb04fdce7da0aac95bd18b8e37c1689", kill_on_drop: false }`
[INFO] running `Command { std: "docker" "rm" "-f" "a213dbe95dfe9c1a9c788a3210cb50d87bb04fdce7da0aac95bd18b8e37c1689", kill_on_drop: false }`
[INFO] [stdout] a213dbe95dfe9c1a9c788a3210cb50d87bb04fdce7da0aac95bd18b8e37c1689
[INFO] running `Command { std: "docker" "create" "-v" "/var/lib/crater-agent-workspace/builds/worker-2-tc1/target:/opt/rustwide/target:rw,Z" "-v" "/var/lib/crater-agent-workspace/builds/worker-2-tc1/source:/opt/rustwide/workdir:ro,Z" "-v" "/var/lib/crater-agent-workspace/cargo-home:/opt/rustwide/cargo-home:ro,Z" "-v" "/var/lib/crater-agent-workspace/rustup-home:/opt/rustwide/rustup-home:ro,Z" "-e" "SOURCE_DIR=/opt/rustwide/workdir" "-e" "CARGO_TARGET_DIR=/opt/rustwide/target" "-e" "CARGO_INCREMENTAL=0" "-e" "RUST_BACKTRACE=full" "-e" "RUSTFLAGS=--cap-lints=warn" "-e" "RUSTDOCFLAGS=--cap-lints=warn" "-e" "CARGO_HOME=/opt/rustwide/cargo-home" "-e" "RUSTUP_HOME=/opt/rustwide/rustup-home" "-w" "/opt/rustwide/workdir" "-m" "1610612736" "--user" "0:0" "--network" "none" "ghcr.io/rust-lang/crates-build-env/linux@sha256:2788e3201cd34a07e3172128adcd8b3090168a8e3bcc40d7c032b9dda1df7d1c" "/opt/rustwide/cargo-home/bin/cargo" "+1.75.0" "test" "--frozen" "--no-run" "--message-format=json", kill_on_drop: false }`
[INFO] [stdout] 17345d66691424ad8e7130a697ff5ae5115796b55201145713eb1e9611ae1ab6
[INFO] running `Command { std: "docker" "start" "-a" "17345d66691424ad8e7130a697ff5ae5115796b55201145713eb1e9611ae1ab6", kill_on_drop: false }`
[INFO] [stderr]    Compiling log v0.4.16
[INFO] [stderr]    Compiling cc v1.0.79
[INFO] [stderr]    Compiling pkg-config v0.3.26
[INFO] [stderr]    Compiling openssl v0.10.45
[INFO] [stderr]    Compiling foreign-types-shared v0.1.1
[INFO] [stderr]    Compiling native-tls v0.2.11
[INFO] [stderr]    Compiling openssl-macros v0.1.0
[INFO] [stderr]    Compiling bitflags v1.3.2
[INFO] [stderr]    Compiling tinyvec_macros v0.1.1
[INFO] [stderr]    Compiling openssl-probe v0.1.5
[INFO] [stderr]    Compiling unicode-bidi v0.3.10
[INFO] [stderr]    Compiling encoding_rs v0.8.32
[INFO] [stderr]    Compiling humantime v2.1.0
[INFO] [stderr]    Compiling mime v0.3.16
[INFO] [stderr]    Compiling ipnet v2.7.1
[INFO] [stderr]    Compiling base64 v0.21.0
[INFO] [stderr]    Compiling foreign-types v0.3.2
[INFO] [stderr]    Compiling tinyvec v1.6.0
[INFO] [stderr]    Compiling termcolor v1.1.3
[INFO] [stderr]    Compiling mio v0.8.5
[INFO] [stderr]    Compiling want v0.3.0
[INFO] [stderr]    Compiling env_logger v0.8.4
[INFO] [stderr]    Compiling testing_logger v0.1.1
[INFO] [stderr]    Compiling tokio v1.25.0
[INFO] [stderr]    Compiling openssl-sys v0.9.80
[INFO] [stderr]    Compiling unicode-normalization v0.1.22
[INFO] [stderr]    Compiling idna v0.3.0
[INFO] [stderr]    Compiling url v2.3.1
[INFO] [stderr]    Compiling tokio-util v0.7.6
[INFO] [stderr]    Compiling h2 v0.3.15
[INFO] [stderr]    Compiling tokio-native-tls v0.3.1
[INFO] [stderr]    Compiling hyper v0.14.24
[INFO] [stderr]    Compiling hyper-tls v0.5.0
[INFO] [stderr]    Compiling mockito v1.2.0 (/opt/rustwide/workdir)
[INFO] [stderr]    Compiling reqwest v0.11.14
[INFO] [stderr]     Finished test [unoptimized + debuginfo] target(s) in 14.86s
[INFO] running `Command { std: "docker" "inspect" "17345d66691424ad8e7130a697ff5ae5115796b55201145713eb1e9611ae1ab6", kill_on_drop: false }`
[INFO] running `Command { std: "docker" "rm" "-f" "17345d66691424ad8e7130a697ff5ae5115796b55201145713eb1e9611ae1ab6", kill_on_drop: false }`
[INFO] [stdout] 17345d66691424ad8e7130a697ff5ae5115796b55201145713eb1e9611ae1ab6
[INFO] running `Command { std: "docker" "create" "-v" "/var/lib/crater-agent-workspace/builds/worker-2-tc1/target:/opt/rustwide/target:rw,Z" "-v" "/var/lib/crater-agent-workspace/builds/worker-2-tc1/source:/opt/rustwide/workdir:ro,Z" "-v" "/var/lib/crater-agent-workspace/cargo-home:/opt/rustwide/cargo-home:ro,Z" "-v" "/var/lib/crater-agent-workspace/rustup-home:/opt/rustwide/rustup-home:ro,Z" "-e" "SOURCE_DIR=/opt/rustwide/workdir" "-e" "CARGO_TARGET_DIR=/opt/rustwide/target" "-e" "CARGO_INCREMENTAL=0" "-e" "RUST_BACKTRACE=full" "-e" "RUSTFLAGS=--cap-lints=warn" "-e" "RUSTDOCFLAGS=--cap-lints=warn" "-e" "CARGO_HOME=/opt/rustwide/cargo-home" "-e" "RUSTUP_HOME=/opt/rustwide/rustup-home" "-w" "/opt/rustwide/workdir" "-m" "1610612736" "--user" "0:0" "--network" "none" "ghcr.io/rust-lang/crates-build-env/linux@sha256:2788e3201cd34a07e3172128adcd8b3090168a8e3bcc40d7c032b9dda1df7d1c" "/opt/rustwide/cargo-home/bin/cargo" "+1.75.0" "test" "--frozen", kill_on_drop: false }`
[INFO] [stdout] 5157a01f23e220147a6427d85cde2b6675c63e4e832855c0db1964f53b190f9c
[INFO] running `Command { std: "docker" "start" "-a" "5157a01f23e220147a6427d85cde2b6675c63e4e832855c0db1964f53b190f9c", kill_on_drop: false }`
[INFO] [stderr]     Finished test [unoptimized + debuginfo] target(s) in 0.09s
[INFO] [stderr]      Running unittests src/lib.rs (/opt/rustwide/target/debug/deps/mockito-eb1a2b60ce01f0dc)
[INFO] [stdout] 
[INFO] [stdout] running 0 tests
[INFO] [stdout] 
[INFO] [stdout] test result: ok. 0 passed; 0 failed; 0 ignored; 0 measured; 0 filtered out; finished in 0.00s
[INFO] [stdout] 
[INFO] [stderr]      Running tests/lib.rs (/opt/rustwide/target/debug/deps/lib-e72284d4574cea7c)
[INFO] [stdout] 
[INFO] [stdout] running 116 tests
[INFO] [stdout] test test_assert_defaults_to_one_hit ... ok
[INFO] [stdout] test test_anyof_exact_path_and_query_matcher ... ok
[INFO] [stdout] test test_any_of_match_header ... ok
[INFO] [stdout] test test_any_of_missing_match_header ... ok
[INFO] [stdout] test test_all_of_missing_match_header ... ok
[INFO] [stdout] test test_all_of_match_body ... ok
[INFO] [stdout] test test_any_of_match_body ... ok
[INFO] [stdout] test test_body_from_file ... ok
[INFO] [stdout] test test_create_starts_the_server ... ok
[INFO] [stdout] test test_display_mock_matching_all_of_queries ... ok
[INFO] [stdout] test test_display_mock_matching_any_body ... ok
[INFO] [stdout] test test_default_headers ... ok
[INFO] [stdout] test test_display_mock_matching_any_of_headers ... ok
[INFO] [stdout] test test_display_mock_matching_any_path ... ok
[INFO] [stdout] test test_display_mock_matching_any_query ... ok
[INFO] [stdout] test test_display_mock_matching_exact_header ... ok
[INFO] [stdout] test test_display_mock_matching_exact_path ... ok
[INFO] [stdout] test test_display_mock_matching_exact_body ... ok
[INFO] [stdout] test test_all_of_match_header ... ok
[INFO] [stdout] test test_display_mock_matching_exact_query ... ok
[INFO] [stdout] test test_display_mock_matching_headers_and_body ... ok
[INFO] [stdout] test test_display_mock_matching_multiple_headers ... ok
[INFO] [stdout] test test_display_mock_matching_regex_body ... ok
[INFO] [stdout] test test_display_mock_matching_regex_path ... ok
[INFO] [stdout] test test_display_mock_matching_regex_query ... ok
[INFO] [stdout] test test_does_not_match_binary_body ... ok
[INFO] [stdout] test test_expect_at_least ... ok
[INFO] [stdout] test test_expect ... ok
[INFO] [stdout] test test_expect_at_least_more ... ok
[INFO] [stdout] test test_head_request_with_overridden_content_length ... ok
[INFO] [stdout] test test_expect_at_least_and_at_most ... ok
[INFO] [stdout] test test_expect_at_most_with_few_requests ... ok
[INFO] [stdout] test test_expect_at_most_with_needed_requests ... ok
[INFO] [stdout] test test_invalid_header_field_name ... ok
[INFO] [stdout] test test_large_body_without_content_length ... ok
[INFO] [stdout] test test_match_any_body_by_default ... ok
[INFO] [stdout] test test_match_any_query ... ok
[INFO] [stdout] test test_match_binary_body ... ok
[INFO] [stdout] test test_large_utf8_body ... ok
[INFO] [stdout] test test_match_body ... ok
[INFO] [stdout] test test_match_body_not_matching ... ok
[INFO] [stdout] test test_match_body_with_json ... ok
[INFO] [stdout] test test_match_body_with_json_order ... ok
[INFO] [stdout] test test_match_body_with_json_string ... ok
[INFO] [stdout] test test_match_body_with_json_string_order ... ok
[INFO] [stdout] test test_match_body_with_more_headers_with_json ... ok
[INFO] [stdout] test test_match_body_with_partial_json ... ok
[INFO] [stdout] test test_match_body_with_partial_json_and_extra_fields ... ok
[INFO] [stdout] test test_match_body_with_partial_json_string ... ok
[INFO] [stdout] test test_match_body_with_partial_json_string_and_extra_fields ... ok
[INFO] [stdout] test test_match_body_with_regex ... ok
[INFO] [stdout] test test_match_body_with_regex_not_matching ... ok
[INFO] [stdout] test test_match_exact_query_via_path ... ok
[INFO] [stdout] test test_match_exact_query ... ok
[INFO] [stdout] test test_match_header_any_matching ... ok
[INFO] [stdout] test test_match_header ... ok
[INFO] [stdout] test test_match_header_any_not_matching ... ok
[INFO] [stdout] test test_match_header_missing_matching ... ok
[INFO] [stdout] test test_match_header_is_case_insensitive_on_the_field_name ... ok
[INFO] [stdout] test test_match_header_missing_not_matching_even_when_empty ... ok
[INFO] [stdout] test test_match_header_missing_not_matching ... ok
[INFO] [stdout] test test_match_multiple_header_conditions_matching ... ok
[INFO] [stdout] test test_match_missing_query ... ok
[INFO] [stdout] test test_match_multiple_header_conditions_not_matching ... ok
[INFO] [stdout] test test_match_multiple_headers ... ok
[INFO] [stdout] test test_match_partial_query_by_regex ... ok
[INFO] [stdout] test test_match_partial_query_by_regex_all_of ... ok
[INFO] [stdout] test test_match_partial_query_by_urlencoded ... ok
[INFO] [stdout] test test_match_query_with_non_percent_url_escaping ... ok
[INFO] [stdout] test test_match_partial_query_by_urlencoded_all_of ... ok
[INFO] [stdout] test test_missing_create_bad ... ok
[INFO] [stdout] test test_missing_create_good ... ok
[INFO] [stdout] test test_matched_bool ... ok
[INFO] [stdout] test test_mock_from_inside_thread_does_not_lock_forever ... ok
[INFO] [stdout] test test_mock_preserves_header_order ... ok
[INFO] [stdout] test test_mock_with_body ... ok
[INFO] [stdout] test test_mock_with_body_from_request_body ... ok
[INFO] [stdout] test test_mock_with_body_from_request ... ok
[INFO] [stdout] test test_mock_with_custom_status ... ok
[INFO] [stdout] test test_mock_with_fn_body ... ok
[INFO] [stdout] test test_mock_with_fn_body_streamed_forever ... ok
[INFO] [stdout] test test_mock_with_header ... ok
[INFO] [stdout] test test_mock_with_multiple_headers ... ok
[INFO] [stdout] test test_mock_with_status ... ok
[INFO] [stdout] test test_no_match_returns_501 ... ok
[INFO] [stdout] test test_propagate_protocol_to_response ... ok
[INFO] [stdout] test test_pooled_server_going_out_of_context_removes_all_mocks ... ok
[INFO] [stdout] test test_regex_match_path ... ok
[INFO] [stdout] test test_remove_a_single_mock ... ok
[INFO] [stdout] test test_request_from_thread ... ok
[INFO] [stdout] test test_running_multiple_servers ... ok
[INFO] [stdout] test test_same_endpoint_different_responses ... ok
[INFO] [stdout] test test_regex_match_header ... ok
[INFO] [stdout] test test_same_endpoint_different_responses_last_one_forever ... ok
[INFO] [stdout] test test_assert_panics_if_no_request_was_performed - should panic ... ok
[INFO] [stdout] test test_assert_panics_expect_at_least_and_at_most_with_too_few_requests - should panic ... ok
[INFO] [stdout] test test_assert_panics_with_too_few_requests - should panic ... ok
[INFO] [stdout] test test_assert_panics_with_too_many_requests - should panic ... ok
[INFO] [stdout] test test_assert_panics_expect_at_least_with_too_few_requests - should panic ... ok
[INFO] [stdout] test test_simple_route_mock ... ok
[INFO] [stdout] test test_assert_with_last_unmatched_request - should panic ... FAILED
[INFO] [stdout] test test_assert_with_last_unmatched_request_and_body - should panic ... ok
[INFO] [stdout] test test_assert_panics_expect_at_most_with_too_many_requests - should panic ... ok
[INFO] [stdout] test test_assert_with_last_unmatched_request_and_headers - should panic ... FAILED
[INFO] [stdout] test test_assert_with_last_unmatched_request_and_query - should panic ... FAILED
[INFO] [stdout] test test_assert_panics_expect_at_least_and_at_most_with_too_many_requests - should panic ... ok
[INFO] [stdout] test test_two_route_mocks ... ok
[INFO] [stdout] test test_transfer_encoding_chunked ... ok
[INFO] [stdout] test test_unpooled_server_going_out_of_context_removes_all_mocks ... ok
[INFO] [stdout] test test_http2_requests_async ... ok
[INFO] [stdout] test test_match_body_asnyc ... ok
[INFO] [stdout] test test_simple_route_mock_async ... ok
[INFO] [stdout] test test_several_route_mocks_async ... ok
[INFO] [stdout] test test_join_all_async ... ok
[INFO] [stdout] test test_server_pool ... ok
[INFO] [stdout] test test_server_pool_async ... ok
[INFO] [stdout] 
[INFO] [stdout] failures:
[INFO] [stdout] 
[INFO] [stdout] ---- test_assert_with_last_unmatched_request stdout ----
[INFO] [stdout] thread 'test_assert_with_last_unmatched_request' panicked at tests/lib.rs:1397:10:
[INFO] [stdout] 
[INFO] [stdout] > Expected 1 request(s) to:
[INFO] [stdout] 
[INFO] [stdout] GET /hello
[INFO] [stdout] 
[INFO] [stdout] ...but received 0
[INFO] [stdout] 
[INFO] [stdout] > The last unmatched request was:
[INFO] [stdout] 
[INFO] [stdout] GET /bye
[INFO] [stdout] 
[INFO] [stdout] > Difference:
[INFO] [stdout] 
[INFO] [stdout] GET /hello
[INFO] [stdout] GET /bye
[INFO] [stdout] 
[INFO] [stdout] 
[INFO] [stdout] 
[INFO] [stdout] stack backtrace:
[INFO] [stdout]    0:     0x560301812dac - std::backtrace_rs::backtrace::libunwind::trace::ha637c64ce894333a
[INFO] [stdout]                                at /rustc/82e1608dfa6e0b5569232559e3d385fea5a93112/library/std/src/../../backtrace/src/backtrace/libunwind.rs:104:5
[INFO] [stdout]    1:     0x560301812dac - std::backtrace_rs::backtrace::trace_unsynchronized::h47f62dea28e0c88d
[INFO] [stdout]                                at /rustc/82e1608dfa6e0b5569232559e3d385fea5a93112/library/std/src/../../backtrace/src/backtrace/mod.rs:66:5
[INFO] [stdout]    2:     0x560301812dac - std::sys_common::backtrace::_print_fmt::h9eef0abe20ede486
[INFO] [stdout]                                at /rustc/82e1608dfa6e0b5569232559e3d385fea5a93112/library/std/src/sys_common/backtrace.rs:67:5
[INFO] [stdout]    3:     0x560301812dac - <std::sys_common::backtrace::_print::DisplayBacktrace as core::fmt::Display>::fmt::hed7f999df88cc644
[INFO] [stdout]                                at /rustc/82e1608dfa6e0b5569232559e3d385fea5a93112/library/std/src/sys_common/backtrace.rs:44:22
[INFO] [stdout]    4:     0x560301840ca0 - core::fmt::rt::Argument::fmt::h1539a9308b8d058d
[INFO] [stdout]                                at /rustc/82e1608dfa6e0b5569232559e3d385fea5a93112/library/core/src/fmt/rt.rs:142:9
[INFO] [stdout]    5:     0x560301840ca0 - core::fmt::write::h3a39390d8560d9c9
[INFO] [stdout]                                at /rustc/82e1608dfa6e0b5569232559e3d385fea5a93112/library/core/src/fmt/mod.rs:1120:17
[INFO] [stdout]    6:     0x56030180f9ef - std::io::Write::write_fmt::h040b369f3a0f9cbc
[INFO] [stdout]                                at /rustc/82e1608dfa6e0b5569232559e3d385fea5a93112/library/std/src/io/mod.rs:1762:15
[INFO] [stdout]    7:     0x560301812b94 - std::sys_common::backtrace::_print::h894006fb5c6f3d45
[INFO] [stdout]                                at /rustc/82e1608dfa6e0b5569232559e3d385fea5a93112/library/std/src/sys_common/backtrace.rs:47:5
[INFO] [stdout]    8:     0x560301812b94 - std::sys_common::backtrace::print::h23a2d212c6fff936
[INFO] [stdout]                                at /rustc/82e1608dfa6e0b5569232559e3d385fea5a93112/library/std/src/sys_common/backtrace.rs:34:9
[INFO] [stdout]    9:     0x560301814857 - std::panicking::default_hook::{{closure}}::h8a1d2ee00185001a
[INFO] [stdout]   10:     0x560301814543 - std::panicking::default_hook::h6038f2eba384e475
[INFO] [stdout]                                at /rustc/82e1608dfa6e0b5569232559e3d385fea5a93112/library/std/src/panicking.rs:289:9
[INFO] [stdout]   11:     0x56030128b2c7 - <alloc::boxed::Box<F,A> as core::ops::function::Fn<Args>>::call::h0ad024c9bdc6d768
[INFO] [stdout]                                at /rustc/82e1608dfa6e0b5569232559e3d385fea5a93112/library/alloc/src/boxed.rs:2021:9
[INFO] [stdout]   12:     0x56030128b2c7 - test::test_main::{{closure}}::h7500b54257359db6
[INFO] [stdout]                                at /rustc/82e1608dfa6e0b5569232559e3d385fea5a93112/library/test/src/lib.rs:138:21
[INFO] [stdout]   13:     0x560301814e68 - <alloc::boxed::Box<F,A> as core::ops::function::Fn<Args>>::call::h1f8f335eaa9cfaee
[INFO] [stdout]                                at /rustc/82e1608dfa6e0b5569232559e3d385fea5a93112/library/alloc/src/boxed.rs:2021:9
[INFO] [stdout]   14:     0x560301814e68 - std::panicking::rust_panic_with_hook::h2b5517d590cab22e
[INFO] [stdout]                                at /rustc/82e1608dfa6e0b5569232559e3d385fea5a93112/library/std/src/panicking.rs:783:13
[INFO] [stdout]   15:     0x560301814bbe - std::panicking::begin_panic_handler::{{closure}}::h233112c06e0ef43e
[INFO] [stdout]                                at /rustc/82e1608dfa6e0b5569232559e3d385fea5a93112/library/std/src/panicking.rs:657:13
[INFO] [stdout]   16:     0x560301813276 - std::sys_common::backtrace::__rust_end_short_backtrace::h6e893f24d7ebbff8
[INFO] [stdout]                                at /rustc/82e1608dfa6e0b5569232559e3d385fea5a93112/library/std/src/sys_common/backtrace.rs:170:18
[INFO] [stdout]   17:     0x560301814922 - rust_begin_unwind
[INFO] [stdout]                                at /rustc/82e1608dfa6e0b5569232559e3d385fea5a93112/library/std/src/panicking.rs:645:5
[INFO] [stdout]   18:     0x560300fa1695 - core::panicking::panic_fmt::hbf0e066aabfa482c
[INFO] [stdout]                                at /rustc/82e1608dfa6e0b5569232559e3d385fea5a93112/library/core/src/panicking.rs:72:14
[INFO] [stdout]   19:     0x5603012b718f - core::panicking::panic_display::h45dea506b34e4728
[INFO] [stdout]                                at /rustc/82e1608dfa6e0b5569232559e3d385fea5a93112/library/core/src/panicking.rs:178:5
[INFO] [stdout]   20:     0x5603012ac63e - mockito::mock::Mock::assert::panic_cold_display::h7dde7706cb6aaec8
[INFO] [stdout]                                at /rustc/82e1608dfa6e0b5569232559e3d385fea5a93112/library/core/src/panic.rs:99:13
[INFO] [stdout]   21:     0x5603012a9722 - mockito::mock::Mock::assert::hc7e59c02cc66f7d9
[INFO] [stdout]                                at /opt/rustwide/workdir/src/mock.rs:454:13
[INFO] [stdout]   22:     0x560300fbd8bb - lib::test_assert_with_last_unmatched_request::h04e456a8a75bf807
[INFO] [stdout]                                at /opt/rustwide/workdir/tests/lib.rs:1397:5
[INFO] [stdout]   23:     0x560300fbd737 - lib::test_assert_with_last_unmatched_request::{{closure}}::h0bfd8ad745065db5
[INFO] [stdout]                                at /opt/rustwide/workdir/tests/lib.rs:1390:45
[INFO] [stdout]   24:     0x560300fd4146 - core::ops::function::FnOnce::call_once::he262db60c4bc6d65
[INFO] [stdout]                                at /rustc/82e1608dfa6e0b5569232559e3d385fea5a93112/library/core/src/ops/function.rs:250:5
[INFO] [stdout]   25:     0x56030129091f - core::ops::function::FnOnce::call_once::h2b5d431d5046312d
[INFO] [stdout]                                at /rustc/82e1608dfa6e0b5569232559e3d385fea5a93112/library/core/src/ops/function.rs:250:5
[INFO] [stdout]   26:     0x56030129091f - test::__rust_begin_short_backtrace::h7714669af176e207
[INFO] [stdout]                                at /rustc/82e1608dfa6e0b5569232559e3d385fea5a93112/library/test/src/lib.rs:628:18
[INFO] [stdout]   27:     0x56030128f935 - test::run_test_in_process::{{closure}}::h85218797dcbcec12
[INFO] [stdout]                                at /rustc/82e1608dfa6e0b5569232559e3d385fea5a93112/library/test/src/lib.rs:651:60
[INFO] [stdout]   28:     0x56030128f935 - <core::panic::unwind_safe::AssertUnwindSafe<F> as core::ops::function::FnOnce<()>>::call_once::h76c106ea31c14d7b
[INFO] [stdout]                                at /rustc/82e1608dfa6e0b5569232559e3d385fea5a93112/library/core/src/panic/unwind_safe.rs:272:9
[INFO] [stdout]   29:     0x56030128f935 - std::panicking::try::do_call::h3bd5d0f6620ee946
[INFO] [stdout]                                at /rustc/82e1608dfa6e0b5569232559e3d385fea5a93112/library/std/src/panicking.rs:552:40
[INFO] [stdout]   30:     0x56030128f935 - std::panicking::try::h232e535e4744fe31
[INFO] [stdout]                                at /rustc/82e1608dfa6e0b5569232559e3d385fea5a93112/library/std/src/panicking.rs:516:19
[INFO] [stdout]   31:     0x56030128f935 - std::panic::catch_unwind::h3ce3bd6ca8dbac68
[INFO] [stdout]                                at /rustc/82e1608dfa6e0b5569232559e3d385fea5a93112/library/std/src/panic.rs:142:14
[INFO] [stdout]   32:     0x56030128f935 - test::run_test_in_process::hc97b257c9621286a
[INFO] [stdout]                                at /rustc/82e1608dfa6e0b5569232559e3d385fea5a93112/library/test/src/lib.rs:651:27
[INFO] [stdout]   33:     0x56030128f935 - test::run_test::{{closure}}::h2aa798823a438d38
[INFO] [stdout]                                at /rustc/82e1608dfa6e0b5569232559e3d385fea5a93112/library/test/src/lib.rs:574:43
[INFO] [stdout]   34:     0x560301257bf6 - test::run_test::{{closure}}::h87d231c78fb59832
[INFO] [stdout]                                at /rustc/82e1608dfa6e0b5569232559e3d385fea5a93112/library/test/src/lib.rs:602:41
[INFO] [stdout]   35:     0x560301257bf6 - std::sys_common::backtrace::__rust_begin_short_backtrace::he6df152596625789
[INFO] [stdout]                                at /rustc/82e1608dfa6e0b5569232559e3d385fea5a93112/library/std/src/sys_common/backtrace.rs:154:18
[INFO] [stdout]   36:     0x56030125cca7 - std::thread::Builder::spawn_unchecked_::{{closure}}::{{closure}}::ha94be15d1e0acf36
[INFO] [stdout]                                at /rustc/82e1608dfa6e0b5569232559e3d385fea5a93112/library/std/src/thread/mod.rs:529:17
[INFO] [stdout]   37:     0x56030125cca7 - <core::panic::unwind_safe::AssertUnwindSafe<F> as core::ops::function::FnOnce<()>>::call_once::h9dc6bd6372f16606
[INFO] [stdout]                                at /rustc/82e1608dfa6e0b5569232559e3d385fea5a93112/library/core/src/panic/unwind_safe.rs:272:9
[INFO] [stdout]   38:     0x56030125cca7 - std::panicking::try::do_call::h9057517f80303cd4
[INFO] [stdout]                                at /rustc/82e1608dfa6e0b5569232559e3d385fea5a93112/library/std/src/panicking.rs:552:40
[INFO] [stdout]   39:     0x56030125cca7 - std::panicking::try::he3a30b11ee45340c
[INFO] [stdout]                                at /rustc/82e1608dfa6e0b5569232559e3d385fea5a93112/library/std/src/panicking.rs:516:19
[INFO] [stdout]   40:     0x56030125cca7 - std::panic::catch_unwind::h410458cfd3528b8b
[INFO] [stdout]                                at /rustc/82e1608dfa6e0b5569232559e3d385fea5a93112/library/std/src/panic.rs:142:14
[INFO] [stdout]   41:     0x56030125cca7 - std::thread::Builder::spawn_unchecked_::{{closure}}::h72ac3bdb567b737b
[INFO] [stdout]                                at /rustc/82e1608dfa6e0b5569232559e3d385fea5a93112/library/std/src/thread/mod.rs:528:30
[INFO] [stdout]   42:     0x56030125cca7 - core::ops::function::FnOnce::call_once{{vtable.shim}}::h38f34da3654a8344
[INFO] [stdout]                                at /rustc/82e1608dfa6e0b5569232559e3d385fea5a93112/library/core/src/ops/function.rs:250:5
[INFO] [stdout]   43:     0x560301819b85 - <alloc::boxed::Box<F,A> as core::ops::function::FnOnce<Args>>::call_once::hc7eafaff61e32df9
[INFO] [stdout]                                at /rustc/82e1608dfa6e0b5569232559e3d385fea5a93112/library/alloc/src/boxed.rs:2007:9
[INFO] [stdout]   44:     0x560301819b85 - <alloc::boxed::Box<F,A> as core::ops::function::FnOnce<Args>>::call_once::h6ba4a5de48dd2304
[INFO] [stdout]                                at /rustc/82e1608dfa6e0b5569232559e3d385fea5a93112/library/alloc/src/boxed.rs:2007:9
[INFO] [stdout]   45:     0x560301819b85 - std::sys::unix::thread::Thread::new::thread_start::he469335aef763e45
[INFO] [stdout]                                at /rustc/82e1608dfa6e0b5569232559e3d385fea5a93112/library/std/src/sys/unix/thread.rs:108:17
[INFO] [stdout]   46:     0x7fd6d50aaac3 - <unknown>
[INFO] [stdout]   47:     0x7fd6d513bbf4 - __clone
[INFO] [stdout]   48:                0x0 - <unknown>
[INFO] [stdout] note: panic did not contain expected string
[INFO] [stdout]       panic message: `"\n> Expected 1 request(s) to:\n\r\nGET /hello\r\n\n...but received 0\n\n> The last unmatched request was:\n\r\nGET /bye\r\n\n> Difference:\n\nGET /hello\nGET /bye\n\n\n"`,
[INFO] [stdout]  expected substring: `"\n> Expected 1 request(s) to:\n\r\nGET /hello\r\n\n...but received 0\n\n> The last unmatched request was:\n\r\nGET /bye\r\n\n> Difference:\n\n\u{1b}[31mGET /hello\n\u{1b}[0m\u{1b}[32mGET\u{1b}[0m\u{1b}[32m \u{1b}[0m\u{1b}[42;30m/bye\u{1b}[0m\u{1b}[32m\n\u{1b}[0m\n\n"`
[INFO] [stdout] ---- test_assert_with_last_unmatched_request_and_headers stdout ----
[INFO] [stdout] thread 'test_assert_with_last_unmatched_request_and_headers' panicked at tests/lib.rs:1459:10:
[INFO] [stdout] 
[INFO] [stdout] > Expected 1 request(s) to:
[INFO] [stdout] 
[INFO] [stdout] GET /hello
[INFO] [stdout] 
[INFO] [stdout] ...but received 0
[INFO] [stdout] 
[INFO] [stdout] > The last unmatched request was:
[INFO] [stdout] 
[INFO] [stdout] GET /bye
[INFO] [stdout] authorization: 1234
[INFO] [stdout] accept: text
[INFO] [stdout] 
[INFO] [stdout] > Difference:
[INFO] [stdout] 
[INFO] [stdout] GET /hello
[INFO] [stdout] GET /bye
[INFO] [stdout] authorization: 1234
[INFO] [stdout] accept: text
[INFO] [stdout] 
[INFO] [stdout] 
[INFO] [stdout] 
[INFO] [stdout] stack backtrace:
[INFO] [stdout]    0:     0x560301812dac - std::backtrace_rs::backtrace::libunwind::trace::ha637c64ce894333a
[INFO] [stdout]                                at /rustc/82e1608dfa6e0b5569232559e3d385fea5a93112/library/std/src/../../backtrace/src/backtrace/libunwind.rs:104:5
[INFO] [stdout]    1:     0x560301812dac - std::backtrace_rs::backtrace::trace_unsynchronized::h47f62dea28e0c88d
[INFO] [stdout]                                at /rustc/82e1608dfa6e0b5569232559e3d385fea5a93112/library/std/src/../../backtrace/src/backtrace/mod.rs:66:5
[INFO] [stdout]    2:     0x560301812dac - std::sys_common::backtrace::_print_fmt::h9eef0abe20ede486
[INFO] [stdout]                                at /rustc/82e1608dfa6e0b5569232559e3d385fea5a93112/library/std/src/sys_common/backtrace.rs:67:5
[INFO] [stdout]    3:     0x560301812dac - <std::sys_common::backtrace::_print::DisplayBacktrace as core::fmt::Display>::fmt::hed7f999df88cc644
[INFO] [stdout]                                at /rustc/82e1608dfa6e0b5569232559e3d385fea5a93112/library/std/src/sys_common/backtrace.rs:44:22
[INFO] [stdout]    4:     0x560301840ca0 - core::fmt::rt::Argument::fmt::h1539a9308b8d058d
[INFO] [stdout]                                at /rustc/82e1608dfa6e0b5569232559e3d385fea5a93112/library/core/src/fmt/rt.rs:142:9
[INFO] [stdout]    5:     0x560301840ca0 - core::fmt::write::h3a39390d8560d9c9
[INFO] [stdout]                                at /rustc/82e1608dfa6e0b5569232559e3d385fea5a93112/library/core/src/fmt/mod.rs:1120:17
[INFO] [stdout]    6:     0x56030180f9ef - std::io::Write::write_fmt::h040b369f3a0f9cbc
[INFO] [stdout]                                at /rustc/82e1608dfa6e0b5569232559e3d385fea5a93112/library/std/src/io/mod.rs:1762:15
[INFO] [stdout]    7:     0x560301812b94 - std::sys_common::backtrace::_print::h894006fb5c6f3d45
[INFO] [stdout]                                at /rustc/82e1608dfa6e0b5569232559e3d385fea5a93112/library/std/src/sys_common/backtrace.rs:47:5
[INFO] [stdout]    8:     0x560301812b94 - std::sys_common::backtrace::print::h23a2d212c6fff936
[INFO] [stdout]                                at /rustc/82e1608dfa6e0b5569232559e3d385fea5a93112/library/std/src/sys_common/backtrace.rs:34:9
[INFO] [stdout]    9:     0x560301814857 - std::panicking::default_hook::{{closure}}::h8a1d2ee00185001a
[INFO] [stdout]   10:     0x560301814543 - std::panicking::default_hook::h6038f2eba384e475
[INFO] [stdout]                                at /rustc/82e1608dfa6e0b5569232559e3d385fea5a93112/library/std/src/panicking.rs:289:9
[INFO] [stdout]   11:     0x56030128b2c7 - <alloc::boxed::Box<F,A> as core::ops::function::Fn<Args>>::call::h0ad024c9bdc6d768
[INFO] [stdout]                                at /rustc/82e1608dfa6e0b5569232559e3d385fea5a93112/library/alloc/src/boxed.rs:2021:9
[INFO] [stdout]   12:     0x56030128b2c7 - test::test_main::{{closure}}::h7500b54257359db6
[INFO] [stdout]                                at /rustc/82e1608dfa6e0b5569232559e3d385fea5a93112/library/test/src/lib.rs:138:21
[INFO] [stdout]   13:     0x560301814e68 - <alloc::boxed::Box<F,A> as core::ops::function::Fn<Args>>::call::h1f8f335eaa9cfaee
[INFO] [stdout]                                at /rustc/82e1608dfa6e0b5569232559e3d385fea5a93112/library/alloc/src/boxed.rs:2021:9
[INFO] [stdout]   14:     0x560301814e68 - std::panicking::rust_panic_with_hook::h2b5517d590cab22e
[INFO] [stdout]                                at /rustc/82e1608dfa6e0b5569232559e3d385fea5a93112/library/std/src/panicking.rs:783:13
[INFO] [stdout]   15:     0x560301814bbe - std::panicking::begin_panic_handler::{{closure}}::h233112c06e0ef43e
[INFO] [stdout]                                at /rustc/82e1608dfa6e0b5569232559e3d385fea5a93112/library/std/src/panicking.rs:657:13
[INFO] [stdout]   16:     0x560301813276 - std::sys_common::backtrace::__rust_end_short_backtrace::h6e893f24d7ebbff8
[INFO] [stdout]                                at /rustc/82e1608dfa6e0b5569232559e3d385fea5a93112/library/std/src/sys_common/backtrace.rs:170:18
[INFO] [stdout]   17:     0x560301814922 - rust_begin_unwind
[INFO] [stdout]                                at /rustc/82e1608dfa6e0b5569232559e3d385fea5a93112/library/std/src/panicking.rs:645:5
[INFO] [stdout]   18:     0x560300fa1695 - core::panicking::panic_fmt::hbf0e066aabfa482c
[INFO] [stdout]                                at /rustc/82e1608dfa6e0b5569232559e3d385fea5a93112/library/core/src/panicking.rs:72:14
[INFO] [stdout]   19:     0x5603012b718f - core::panicking::panic_display::h45dea506b34e4728
[INFO] [stdout]                                at /rustc/82e1608dfa6e0b5569232559e3d385fea5a93112/library/core/src/panicking.rs:178:5
[INFO] [stdout]   20:     0x5603012ac63e - mockito::mock::Mock::assert::panic_cold_display::h7dde7706cb6aaec8
[INFO] [stdout]                                at /rustc/82e1608dfa6e0b5569232559e3d385fea5a93112/library/core/src/panic.rs:99:13
[INFO] [stdout]   21:     0x5603012a9722 - mockito::mock::Mock::assert::hc7e59c02cc66f7d9
[INFO] [stdout]                                at /opt/rustwide/workdir/src/mock.rs:454:13
[INFO] [stdout]   22:     0x560300fbdc9c - lib::test_assert_with_last_unmatched_request_and_headers::h0107f36056ec0e8d
[INFO] [stdout]                                at /opt/rustwide/workdir/tests/lib.rs:1459:5
[INFO] [stdout]   23:     0x560300fbdb17 - lib::test_assert_with_last_unmatched_request_and_headers::{{closure}}::h0c600e822314eb89
[INFO] [stdout]                                at /opt/rustwide/workdir/tests/lib.rs:1452:57
[INFO] [stdout]   24:     0x560300fd3c96 - core::ops::function::FnOnce::call_once::hafcdeb87e32955d0
[INFO] [stdout]                                at /rustc/82e1608dfa6e0b5569232559e3d385fea5a93112/library/core/src/ops/function.rs:250:5
[INFO] [stdout]   25:     0x56030129091f - core::ops::function::FnOnce::call_once::h2b5d431d5046312d
[INFO] [stdout]                                at /rustc/82e1608dfa6e0b5569232559e3d385fea5a93112/library/core/src/ops/function.rs:250:5
[INFO] [stdout]   26:     0x56030129091f - test::__rust_begin_short_backtrace::h7714669af176e207
[INFO] [stdout]                                at /rustc/82e1608dfa6e0b5569232559e3d385fea5a93112/library/test/src/lib.rs:628:18
[INFO] [stdout]   27:     0x56030128f935 - test::run_test_in_process::{{closure}}::h85218797dcbcec12
[INFO] [stdout]                                at /rustc/82e1608dfa6e0b5569232559e3d385fea5a93112/library/test/src/lib.rs:651:60
[INFO] [stdout]   28:     0x56030128f935 - <core::panic::unwind_safe::AssertUnwindSafe<F> as core::ops::function::FnOnce<()>>::call_once::h76c106ea31c14d7b
[INFO] [stdout]                                at /rustc/82e1608dfa6e0b5569232559e3d385fea5a93112/library/core/src/panic/unwind_safe.rs:272:9
[INFO] [stdout]   29:     0x56030128f935 - std::panicking::try::do_call::h3bd5d0f6620ee946
[INFO] [stdout]                                at /rustc/82e1608dfa6e0b5569232559e3d385fea5a93112/library/std/src/panicking.rs:552:40
[INFO] [stdout]   30:     0x56030128f935 - std::panicking::try::h232e535e4744fe31
[INFO] [stdout]                                at /rustc/82e1608dfa6e0b5569232559e3d385fea5a93112/library/std/src/panicking.rs:516:19
[INFO] [stdout]   31:     0x56030128f935 - std::panic::catch_unwind::h3ce3bd6ca8dbac68
[INFO] [stdout]                                at /rustc/82e1608dfa6e0b5569232559e3d385fea5a93112/library/std/src/panic.rs:142:14
[INFO] [stdout]   32:     0x56030128f935 - test::run_test_in_process::hc97b257c9621286a
[INFO] [stdout]                                at /rustc/82e1608dfa6e0b5569232559e3d385fea5a93112/library/test/src/lib.rs:651:27
[INFO] [stdout]   33:     0x56030128f935 - test::run_test::{{closure}}::h2aa798823a438d38
[INFO] [stdout]                                at /rustc/82e1608dfa6e0b5569232559e3d385fea5a93112/library/test/src/lib.rs:574:43
[INFO] [stdout]   34:     0x560301257bf6 - test::run_test::{{closure}}::h87d231c78fb59832
[INFO] [stdout]                                at /rustc/82e1608dfa6e0b5569232559e3d385fea5a93112/library/test/src/lib.rs:602:41
[INFO] [stdout]   35:     0x560301257bf6 - std::sys_common::backtrace::__rust_begin_short_backtrace::he6df152596625789
[INFO] [stdout]                                at /rustc/82e1608dfa6e0b5569232559e3d385fea5a93112/library/std/src/sys_common/backtrace.rs:154:18
[INFO] [stdout]   36:     0x56030125cca7 - std::thread::Builder::spawn_unchecked_::{{closure}}::{{closure}}::ha94be15d1e0acf36
[INFO] [stdout]                                at /rustc/82e1608dfa6e0b5569232559e3d385fea5a93112/library/std/src/thread/mod.rs:529:17
[INFO] [stdout]   37:     0x56030125cca7 - <core::panic::unwind_safe::AssertUnwindSafe<F> as core::ops::function::FnOnce<()>>::call_once::h9dc6bd6372f16606
[INFO] [stdout]                                at /rustc/82e1608dfa6e0b5569232559e3d385fea5a93112/library/core/src/panic/unwind_safe.rs:272:9
[INFO] [stdout]   38:     0x56030125cca7 - std::panicking::try::do_call::h9057517f80303cd4
[INFO] [stdout]                                at /rustc/82e1608dfa6e0b5569232559e3d385fea5a93112/library/std/src/panicking.rs:552:40
[INFO] [stdout]   39:     0x56030125cca7 - std::panicking::try::he3a30b11ee45340c
[INFO] [stdout]                                at /rustc/82e1608dfa6e0b5569232559e3d385fea5a93112/library/std/src/panicking.rs:516:19
[INFO] [stdout]   40:     0x56030125cca7 - std::panic::catch_unwind::h410458cfd3528b8b
[INFO] [stdout]                                at /rustc/82e1608dfa6e0b5569232559e3d385fea5a93112/library/std/src/panic.rs:142:14
[INFO] [stdout]   41:     0x56030125cca7 - std::thread::Builder::spawn_unchecked_::{{closure}}::h72ac3bdb567b737b
[INFO] [stdout]                                at /rustc/82e1608dfa6e0b5569232559e3d385fea5a93112/library/std/src/thread/mod.rs:528:30
[INFO] [stdout]   42:     0x56030125cca7 - core::ops::function::FnOnce::call_once{{vtable.shim}}::h38f34da3654a8344
[INFO] [stdout]                                at /rustc/82e1608dfa6e0b5569232559e3d385fea5a93112/library/core/src/ops/function.rs:250:5
[INFO] [stdout]   43:     0x560301819b85 - <alloc::boxed::Box<F,A> as core::ops::function::FnOnce<Args>>::call_once::hc7eafaff61e32df9
[INFO] [stdout]                                at /rustc/82e1608dfa6e0b5569232559e3d385fea5a93112/library/alloc/src/boxed.rs:2007:9
[INFO] [stdout]   44:     0x560301819b85 - <alloc::boxed::Box<F,A> as core::ops::function::FnOnce<Args>>::call_once::h6ba4a5de48dd2304
[INFO] [stdout]                                at /rustc/82e1608dfa6e0b5569232559e3d385fea5a93112/library/alloc/src/boxed.rs:2007:9
[INFO] [stdout]   45:     0x560301819b85 - std::sys::unix::thread::Thread::new::thread_start::he469335aef763e45
[INFO] [stdout]                                at /rustc/82e1608dfa6e0b5569232559e3d385fea5a93112/library/std/src/sys/unix/thread.rs:108:17
[INFO] [stdout]   46:     0x7fd6d50aaac3 - <unknown>
[INFO] [stdout]   47:     0x7fd6d513bbf4 - __clone
[INFO] [stdout]   48:                0x0 - <unknown>
[INFO] [stdout] note: panic did not contain expected string
[INFO] [stdout]       panic message: `"\n> Expected 1 request(s) to:\n\r\nGET /hello\r\n\n...but received 0\n\n> The last unmatched request was:\n\r\nGET /bye\r\nauthorization: 1234\r\naccept: text\r\n\n> Difference:\n\nGET /hello\nGET /bye\nauthorization: 1234\naccept: text\n\n\n"`,
[INFO] [stdout]  expected substring: `"\n> Expected 1 request(s) to:\n\r\nGET /hello\r\n\n...but received 0\n\n> The last unmatched request was:\n\r\nGET /bye\r\nauthorization: 1234\r\naccept: text\r\n\n> Difference:\n\n\u{1b}[31mGET /hello\n\u{1b}[0m\u{1b}[32mGET\u{1b}[0m\u{1b}[32m \u{1b}[0m\u{1b}[42;30m/bye\u{1b}[0m\u{1b}[32m\n\u{1b}[0m\u{1b}[92mauthorization: 1234\n\u{1b}[0m\u{1b}[92maccept: text\n\u{1b}[0m\n\n"`
[INFO] [stdout] ---- test_assert_with_last_unmatched_request_and_query stdout ----
[INFO] [stdout] thread 'test_assert_with_last_unmatched_request_and_query' panicked at tests/lib.rs:1428:10:
[INFO] [stdout] 
[INFO] [stdout] > Expected 1 request(s) to:
[INFO] [stdout] 
[INFO] [stdout] GET /hello?world=1
[INFO] [stdout] 
[INFO] [stdout] ...but received 0
[INFO] [stdout] 
[INFO] [stdout] > The last unmatched request was:
[INFO] [stdout] 
[INFO] [stdout] GET /hello?world=2
[INFO] [stdout] 
[INFO] [stdout] > Difference:
[INFO] [stdout] 
[INFO] [stdout] GET /hello?world=1
[INFO] [stdout] GET /hello?world=2
[INFO] [stdout] 
[INFO] [stdout] 
[INFO] [stdout] 
[INFO] [stdout] stack backtrace:
[INFO] [stdout]    0:     0x560301812dac - std::backtrace_rs::backtrace::libunwind::trace::ha637c64ce894333a
[INFO] [stdout]                                at /rustc/82e1608dfa6e0b5569232559e3d385fea5a93112/library/std/src/../../backtrace/src/backtrace/libunwind.rs:104:5
[INFO] [stdout]    1:     0x560301812dac - std::backtrace_rs::backtrace::trace_unsynchronized::h47f62dea28e0c88d
[INFO] [stdout]                                at /rustc/82e1608dfa6e0b5569232559e3d385fea5a93112/library/std/src/../../backtrace/src/backtrace/mod.rs:66:5
[INFO] [stdout]    2:     0x560301812dac - std::sys_common::backtrace::_print_fmt::h9eef0abe20ede486
[INFO] [stdout]                                at /rustc/82e1608dfa6e0b5569232559e3d385fea5a93112/library/std/src/sys_common/backtrace.rs:67:5
[INFO] [stdout]    3:     0x560301812dac - <std::sys_common::backtrace::_print::DisplayBacktrace as core::fmt::Display>::fmt::hed7f999df88cc644
[INFO] [stdout]                                at /rustc/82e1608dfa6e0b5569232559e3d385fea5a93112/library/std/src/sys_common/backtrace.rs:44:22
[INFO] [stdout]    4:     0x560301840ca0 - core::fmt::rt::Argument::fmt::h1539a9308b8d058d
[INFO] [stdout]                                at /rustc/82e1608dfa6e0b5569232559e3d385fea5a93112/library/core/src/fmt/rt.rs:142:9
[INFO] [stdout]    5:     0x560301840ca0 - core::fmt::write::h3a39390d8560d9c9
[INFO] [stdout]                                at /rustc/82e1608dfa6e0b5569232559e3d385fea5a93112/library/core/src/fmt/mod.rs:1120:17
[INFO] [stdout]    6:     0x56030180f9ef - std::io::Write::write_fmt::h040b369f3a0f9cbc
[INFO] [stdout]                                at /rustc/82e1608dfa6e0b5569232559e3d385fea5a93112/library/std/src/io/mod.rs:1762:15
[INFO] [stdout]    7:     0x560301812b94 - std::sys_common::backtrace::_print::h894006fb5c6f3d45
[INFO] [stdout]                                at /rustc/82e1608dfa6e0b5569232559e3d385fea5a93112/library/std/src/sys_common/backtrace.rs:47:5
[INFO] [stdout]    8:     0x560301812b94 - std::sys_common::backtrace::print::h23a2d212c6fff936
[INFO] [stdout]                                at /rustc/82e1608dfa6e0b5569232559e3d385fea5a93112/library/std/src/sys_common/backtrace.rs:34:9
[INFO] [stdout]    9:     0x560301814857 - std::panicking::default_hook::{{closure}}::h8a1d2ee00185001a
[INFO] [stdout]   10:     0x560301814543 - std::panicking::default_hook::h6038f2eba384e475
[INFO] [stdout]                                at /rustc/82e1608dfa6e0b5569232559e3d385fea5a93112/library/std/src/panicking.rs:289:9
[INFO] [stdout]   11:     0x56030128b2c7 - <alloc::boxed::Box<F,A> as core::ops::function::Fn<Args>>::call::h0ad024c9bdc6d768
[INFO] [stdout]                                at /rustc/82e1608dfa6e0b5569232559e3d385fea5a93112/library/alloc/src/boxed.rs:2021:9
[INFO] [stdout]   12:     0x56030128b2c7 - test::test_main::{{closure}}::h7500b54257359db6
[INFO] [stdout]                                at /rustc/82e1608dfa6e0b5569232559e3d385fea5a93112/library/test/src/lib.rs:138:21
[INFO] [stdout]   13:     0x560301814e68 - <alloc::boxed::Box<F,A> as core::ops::function::Fn<Args>>::call::h1f8f335eaa9cfaee
[INFO] [stdout]                                at /rustc/82e1608dfa6e0b5569232559e3d385fea5a93112/library/alloc/src/boxed.rs:2021:9
[INFO] [stdout]   14:     0x560301814e68 - std::panicking::rust_panic_with_hook::h2b5517d590cab22e
[INFO] [stdout]                                at /rustc/82e1608dfa6e0b5569232559e3d385fea5a93112/library/std/src/panicking.rs:783:13
[INFO] [stdout]   15:     0x560301814bbe - std::panicking::begin_panic_handler::{{closure}}::h233112c06e0ef43e
[INFO] [stdout]                                at /rustc/82e1608dfa6e0b5569232559e3d385fea5a93112/library/std/src/panicking.rs:657:13
[INFO] [stdout]   16:     0x560301813276 - std::sys_common::backtrace::__rust_end_short_backtrace::h6e893f24d7ebbff8
[INFO] [stdout]                                at /rustc/82e1608dfa6e0b5569232559e3d385fea5a93112/library/std/src/sys_common/backtrace.rs:170:18
[INFO] [stdout]   17:     0x560301814922 - rust_begin_unwind
[INFO] [stdout]                                at /rustc/82e1608dfa6e0b5569232559e3d385fea5a93112/library/std/src/panicking.rs:645:5
[INFO] [stdout]   18:     0x560300fa1695 - core::panicking::panic_fmt::hbf0e066aabfa482c
[INFO] [stdout]                                at /rustc/82e1608dfa6e0b5569232559e3d385fea5a93112/library/core/src/panicking.rs:72:14
[INFO] [stdout]   19:     0x5603012b718f - core::panicking::panic_display::h45dea506b34e4728
[INFO] [stdout]                                at /rustc/82e1608dfa6e0b5569232559e3d385fea5a93112/library/core/src/panicking.rs:178:5
[INFO] [stdout]   20:     0x5603012ac63e - mockito::mock::Mock::assert::panic_cold_display::h7dde7706cb6aaec8
[INFO] [stdout]                                at /rustc/82e1608dfa6e0b5569232559e3d385fea5a93112/library/core/src/panic.rs:99:13
[INFO] [stdout]   21:     0x5603012a9722 - mockito::mock::Mock::assert::hc7e59c02cc66f7d9
[INFO] [stdout]                                at /opt/rustwide/workdir/src/mock.rs:454:13
[INFO] [stdout]   22:     0x560300fbdaab - lib::test_assert_with_last_unmatched_request_and_query::h04cd57de5b447b93
[INFO] [stdout]                                at /opt/rustwide/workdir/tests/lib.rs:1428:5
[INFO] [stdout]   23:     0x560300fbd927 - lib::test_assert_with_last_unmatched_request_and_query::{{closure}}::h0db29faa02d58b12
[INFO] [stdout]                                at /opt/rustwide/workdir/tests/lib.rs:1421:55
[INFO] [stdout]   24:     0x560300fd3d16 - core::ops::function::FnOnce::call_once::hb0fc1afaaaec9075
[INFO] [stdout]                                at /rustc/82e1608dfa6e0b5569232559e3d385fea5a93112/library/core/src/ops/function.rs:250:5
[INFO] [stdout]   25:     0x56030129091f - core::ops::function::FnOnce::call_once::h2b5d431d5046312d
[INFO] [stdout]                                at /rustc/82e1608dfa6e0b5569232559e3d385fea5a93112/library/core/src/ops/function.rs:250:5
[INFO] [stdout]   26:     0x56030129091f - test::__rust_begin_short_backtrace::h7714669af176e207
[INFO] [stdout]                                at /rustc/82e1608dfa6e0b5569232559e3d385fea5a93112/library/test/src/lib.rs:628:18
[INFO] [stdout]   27:     0x56030128f935 - test::run_test_in_process::{{closure}}::h85218797dcbcec12
[INFO] [stdout]                                at /rustc/82e1608dfa6e0b5569232559e3d385fea5a93112/library/test/src/lib.rs:651:60
[INFO] [stdout]   28:     0x56030128f935 - <core::panic::unwind_safe::AssertUnwindSafe<F> as core::ops::function::FnOnce<()>>::call_once::h76c106ea31c14d7b
[INFO] [stdout]                                at /rustc/82e1608dfa6e0b5569232559e3d385fea5a93112/library/core/src/panic/unwind_safe.rs:272:9
[INFO] [stdout]   29:     0x56030128f935 - std::panicking::try::do_call::h3bd5d0f6620ee946
[INFO] [stdout]                                at /rustc/82e1608dfa6e0b5569232559e3d385fea5a93112/library/std/src/panicking.rs:552:40
[INFO] [stdout]   30:     0x56030128f935 - std::panicking::try::h232e535e4744fe31
[INFO] [stdout]                                at /rustc/82e1608dfa6e0b5569232559e3d385fea5a93112/library/std/src/panicking.rs:516:19
[INFO] [stdout]   31:     0x56030128f935 - std::panic::catch_unwind::h3ce3bd6ca8dbac68
[INFO] [stdout]                                at /rustc/82e1608dfa6e0b5569232559e3d385fea5a93112/library/std/src/panic.rs:142:14
[INFO] [stdout]   32:     0x56030128f935 - test::run_test_in_process::hc97b257c9621286a
[INFO] [stdout]                                at /rustc/82e1608dfa6e0b5569232559e3d385fea5a93112/library/test/src/lib.rs:651:27
[INFO] [stdout]   33:     0x56030128f935 - test::run_test::{{closure}}::h2aa798823a438d38
[INFO] [stdout]                                at /rustc/82e1608dfa6e0b5569232559e3d385fea5a93112/library/test/src/lib.rs:574:43
[INFO] [stdout]   34:     0x560301257bf6 - test::run_test::{{closure}}::h87d231c78fb59832
[INFO] [stdout]                                at /rustc/82e1608dfa6e0b5569232559e3d385fea5a93112/library/test/src/lib.rs:602:41
[INFO] [stdout]   35:     0x560301257bf6 - std::sys_common::backtrace::__rust_begin_short_backtrace::he6df152596625789
[INFO] [stdout]                                at /rustc/82e1608dfa6e0b5569232559e3d385fea5a93112/library/std/src/sys_common/backtrace.rs:154:18
[INFO] [stdout]   36:     0x56030125cca7 - std::thread::Builder::spawn_unchecked_::{{closure}}::{{closure}}::ha94be15d1e0acf36
[INFO] [stdout]                                at /rustc/82e1608dfa6e0b5569232559e3d385fea5a93112/library/std/src/thread/mod.rs:529:17
[INFO] [stdout]   37:     0x56030125cca7 - <core::panic::unwind_safe::AssertUnwindSafe<F> as core::ops::function::FnOnce<()>>::call_once::h9dc6bd6372f16606
[INFO] [stdout]                                at /rustc/82e1608dfa6e0b5569232559e3d385fea5a93112/library/core/src/panic/unwind_safe.rs:272:9
[INFO] [stdout]   38:     0x56030125cca7 - std::panicking::try::do_call::h9057517f80303cd4
[INFO] [stdout]                                at /rustc/82e1608dfa6e0b5569232559e3d385fea5a93112/library/std/src/panicking.rs:552:40
[INFO] [stdout]   39:     0x56030125cca7 - std::panicking::try::he3a30b11ee45340c
[INFO] [stdout]                                at /rustc/82e1608dfa6e0b5569232559e3d385fea5a93112/library/std/src/panicking.rs:516:19
[INFO] [stdout]   40:     0x56030125cca7 - std::panic::catch_unwind::h410458cfd3528b8b
[INFO] [stdout]                                at /rustc/82e1608dfa6e0b5569232559e3d385fea5a93112/library/std/src/panic.rs:142:14
[INFO] [stdout]   41:     0x56030125cca7 - std::thread::Builder::spawn_unchecked_::{{closure}}::h72ac3bdb567b737b
[INFO] [stdout]                                at /rustc/82e1608dfa6e0b5569232559e3d385fea5a93112/library/std/src/thread/mod.rs:528:30
[INFO] [stdout]   42:     0x56030125cca7 - core::ops::function::FnOnce::call_once{{vtable.shim}}::h38f34da3654a8344
[INFO] [stdout]                                at /rustc/82e1608dfa6e0b5569232559e3d385fea5a93112/library/core/src/ops/function.rs:250:5
[INFO] [stdout]   43:     0x560301819b85 - <alloc::boxed::Box<F,A> as core::ops::function::FnOnce<Args>>::call_once::hc7eafaff61e32df9
[INFO] [stdout]                                at /rustc/82e1608dfa6e0b5569232559e3d385fea5a93112/library/alloc/src/boxed.rs:2007:9
[INFO] [stdout]   44:     0x560301819b85 - <alloc::boxed::Box<F,A> as core::ops::function::FnOnce<Args>>::call_once::h6ba4a5de48dd2304
[INFO] [stdout]                                at /rustc/82e1608dfa6e0b5569232559e3d385fea5a93112/library/alloc/src/boxed.rs:2007:9
[INFO] [stdout]   45:     0x560301819b85 - std::sys::unix::thread::Thread::new::thread_start::he469335aef763e45
[INFO] [stdout]                                at /rustc/82e1608dfa6e0b5569232559e3d385fea5a93112/library/std/src/sys/unix/thread.rs:108:17
[INFO] [stdout]   46:     0x7fd6d50aaac3 - <unknown>
[INFO] [stdout]   47:     0x7fd6d513bbf4 - __clone
[INFO] [stdout]   48:                0x0 - <unknown>
[INFO] [stdout] note: panic did not contain expected string
[INFO] [stdout]       panic message: `"\n> Expected 1 request(s) to:\n\r\nGET /hello?world=1\r\n\n...but received 0\n\n> The last unmatched request was:\n\r\nGET /hello?world=2\r\n\n> Difference:\n\nGET /hello?world=1\nGET /hello?world=2\n\n\n"`,
[INFO] [stdout]  expected substring: `"\n> Expected 1 request(s) to:\n\r\nGET /hello?world=1\r\n\n...but received 0\n\n> The last unmatched request was:\n\r\nGET /hello?world=2\r\n\n> Difference:\n\n\u{1b}[31mGET /hello?world=1\n\u{1b}[0m\u{1b}[32mGET\u{1b}[0m\u{1b}[32m \u{1b}[0m\u{1b}[42;30m/hello?world=2\u{1b}[0m\u{1b}[32m\n\u{1b}[0m\n\n"`
[INFO] [stdout] 
[INFO] [stdout] failures:
[INFO] [stdout]     test_assert_with_last_unmatched_request
[INFO] [stdout]     test_assert_with_last_unmatched_request_and_headers
[INFO] [stdout]     test_assert_with_last_unmatched_request_and_query
[INFO] [stdout] 
[INFO] [stdout] test result: FAILED. 113 passed; 3 failed; 0 ignored; 0 measured; 0 filtered out; finished in 2.19s
[INFO] [stdout] 
[INFO] [stderr] error: test failed, to rerun pass `--test lib`
[INFO] running `Command { std: "docker" "inspect" "5157a01f23e220147a6427d85cde2b6675c63e4e832855c0db1964f53b190f9c", kill_on_drop: false }`
[INFO] running `Command { std: "docker" "rm" "-f" "5157a01f23e220147a6427d85cde2b6675c63e4e832855c0db1964f53b190f9c", kill_on_drop: false }`
[INFO] [stdout] 5157a01f23e220147a6427d85cde2b6675c63e4e832855c0db1964f53b190f9c
