[INFO] fetching crate mmheaps 0.1.11...
[INFO] testing mmheaps-0.1.11 against 1.75.0 for beta-1.76-1
[INFO] extracting crate mmheaps 0.1.11 into /workspace/builds/worker-3-tc1/source
[INFO] validating manifest of crates.io crate mmheaps 0.1.11 on toolchain 1.75.0
[INFO] running `Command { std: CARGO_HOME="/workspace/cargo-home" RUSTUP_HOME="/workspace/rustup-home" "/workspace/cargo-home/bin/cargo" "+1.75.0" "metadata" "--manifest-path" "Cargo.toml" "--no-deps", kill_on_drop: false }`
[INFO] started tweaking crates.io crate mmheaps 0.1.11
[INFO] finished tweaking crates.io crate mmheaps 0.1.11
[INFO] tweaked toml for crates.io crate mmheaps 0.1.11 written to /workspace/builds/worker-3-tc1/source/Cargo.toml
[INFO] running `Command { std: CARGO_HOME="/workspace/cargo-home" RUSTUP_HOME="/workspace/rustup-home" "/workspace/cargo-home/bin/cargo" "+1.75.0" "generate-lockfile" "--manifest-path" "Cargo.toml", kill_on_drop: false }`
[INFO] running `Command { std: CARGO_HOME="/workspace/cargo-home" RUSTUP_HOME="/workspace/rustup-home" "/workspace/cargo-home/bin/cargo" "+1.75.0" "fetch" "--manifest-path" "Cargo.toml", kill_on_drop: false }`
[INFO] running `Command { std: "docker" "create" "-v" "/var/lib/crater-agent-workspace/builds/worker-3-tc1/target:/opt/rustwide/target:rw,Z" "-v" "/var/lib/crater-agent-workspace/builds/worker-3-tc1/source:/opt/rustwide/workdir:ro,Z" "-v" "/var/lib/crater-agent-workspace/cargo-home:/opt/rustwide/cargo-home:ro,Z" "-v" "/var/lib/crater-agent-workspace/rustup-home:/opt/rustwide/rustup-home:ro,Z" "-e" "SOURCE_DIR=/opt/rustwide/workdir" "-e" "CARGO_TARGET_DIR=/opt/rustwide/target" "-e" "CARGO_HOME=/opt/rustwide/cargo-home" "-e" "RUSTUP_HOME=/opt/rustwide/rustup-home" "-w" "/opt/rustwide/workdir" "-m" "1610612736" "--user" "0:0" "--network" "none" "ghcr.io/rust-lang/crates-build-env/linux@sha256:2788e3201cd34a07e3172128adcd8b3090168a8e3bcc40d7c032b9dda1df7d1c" "/opt/rustwide/cargo-home/bin/cargo" "+1.75.0" "metadata" "--no-deps" "--format-version=1", kill_on_drop: false }`
[INFO] [stdout] 6837929db1d7da7527bd40a2d2fb4a190cd906c21a269befecddff17f567eb91
[INFO] running `Command { std: "docker" "start" "-a" "6837929db1d7da7527bd40a2d2fb4a190cd906c21a269befecddff17f567eb91", kill_on_drop: false }`
[INFO] running `Command { std: "docker" "inspect" "6837929db1d7da7527bd40a2d2fb4a190cd906c21a269befecddff17f567eb91", kill_on_drop: false }`
[INFO] running `Command { std: "docker" "rm" "-f" "6837929db1d7da7527bd40a2d2fb4a190cd906c21a269befecddff17f567eb91", kill_on_drop: false }`
[INFO] [stdout] 6837929db1d7da7527bd40a2d2fb4a190cd906c21a269befecddff17f567eb91
[INFO] running `Command { std: "docker" "create" "-v" "/var/lib/crater-agent-workspace/builds/worker-3-tc1/target:/opt/rustwide/target:rw,Z" "-v" "/var/lib/crater-agent-workspace/builds/worker-3-tc1/source:/opt/rustwide/workdir:ro,Z" "-v" "/var/lib/crater-agent-workspace/cargo-home:/opt/rustwide/cargo-home:ro,Z" "-v" "/var/lib/crater-agent-workspace/rustup-home:/opt/rustwide/rustup-home:ro,Z" "-e" "SOURCE_DIR=/opt/rustwide/workdir" "-e" "CARGO_TARGET_DIR=/opt/rustwide/target" "-e" "CARGO_INCREMENTAL=0" "-e" "RUST_BACKTRACE=full" "-e" "RUSTFLAGS=--cap-lints=warn" "-e" "RUSTDOCFLAGS=--cap-lints=warn" "-e" "CARGO_HOME=/opt/rustwide/cargo-home" "-e" "RUSTUP_HOME=/opt/rustwide/rustup-home" "-w" "/opt/rustwide/workdir" "-m" "1610612736" "--user" "0:0" "--network" "none" "ghcr.io/rust-lang/crates-build-env/linux@sha256:2788e3201cd34a07e3172128adcd8b3090168a8e3bcc40d7c032b9dda1df7d1c" "/opt/rustwide/cargo-home/bin/cargo" "+1.75.0" "build" "--frozen" "--message-format=json", kill_on_drop: false }`
[INFO] [stdout] 7d93857198cde7fc96608b46e46d144549c7e67a03fce00585e6618956f336c8
[INFO] running `Command { std: "docker" "start" "-a" "7d93857198cde7fc96608b46e46d144549c7e67a03fce00585e6618956f336c8", kill_on_drop: false }`
[INFO] [stderr]    Compiling mmheaps v0.1.11 (/opt/rustwide/workdir)
[INFO] [stderr]     Finished dev [unoptimized + debuginfo] target(s) in 0.16s
[INFO] running `Command { std: "docker" "inspect" "7d93857198cde7fc96608b46e46d144549c7e67a03fce00585e6618956f336c8", kill_on_drop: false }`
[INFO] running `Command { std: "docker" "rm" "-f" "7d93857198cde7fc96608b46e46d144549c7e67a03fce00585e6618956f336c8", kill_on_drop: false }`
[INFO] [stdout] 7d93857198cde7fc96608b46e46d144549c7e67a03fce00585e6618956f336c8
[INFO] running `Command { std: "docker" "create" "-v" "/var/lib/crater-agent-workspace/builds/worker-3-tc1/target:/opt/rustwide/target:rw,Z" "-v" "/var/lib/crater-agent-workspace/builds/worker-3-tc1/source:/opt/rustwide/workdir:ro,Z" "-v" "/var/lib/crater-agent-workspace/cargo-home:/opt/rustwide/cargo-home:ro,Z" "-v" "/var/lib/crater-agent-workspace/rustup-home:/opt/rustwide/rustup-home:ro,Z" "-e" "SOURCE_DIR=/opt/rustwide/workdir" "-e" "CARGO_TARGET_DIR=/opt/rustwide/target" "-e" "CARGO_INCREMENTAL=0" "-e" "RUST_BACKTRACE=full" "-e" "RUSTFLAGS=--cap-lints=warn" "-e" "RUSTDOCFLAGS=--cap-lints=warn" "-e" "CARGO_HOME=/opt/rustwide/cargo-home" "-e" "RUSTUP_HOME=/opt/rustwide/rustup-home" "-w" "/opt/rustwide/workdir" "-m" "1610612736" "--user" "0:0" "--network" "none" "ghcr.io/rust-lang/crates-build-env/linux@sha256:2788e3201cd34a07e3172128adcd8b3090168a8e3bcc40d7c032b9dda1df7d1c" "/opt/rustwide/cargo-home/bin/cargo" "+1.75.0" "test" "--frozen" "--no-run" "--message-format=json", kill_on_drop: false }`
[INFO] [stdout] dd75900ddf88c1813dfdbf0c24dad8ee5bdd612a181c674b34b5144310873c82
[INFO] running `Command { std: "docker" "start" "-a" "dd75900ddf88c1813dfdbf0c24dad8ee5bdd612a181c674b34b5144310873c82", kill_on_drop: false }`
[INFO] [stderr]    Compiling mmheaps v0.1.11 (/opt/rustwide/workdir)
[INFO] [stderr]     Finished test [unoptimized + debuginfo] target(s) in 0.45s
[INFO] running `Command { std: "docker" "inspect" "dd75900ddf88c1813dfdbf0c24dad8ee5bdd612a181c674b34b5144310873c82", kill_on_drop: false }`
[INFO] running `Command { std: "docker" "rm" "-f" "dd75900ddf88c1813dfdbf0c24dad8ee5bdd612a181c674b34b5144310873c82", kill_on_drop: false }`
[INFO] [stdout] dd75900ddf88c1813dfdbf0c24dad8ee5bdd612a181c674b34b5144310873c82
[INFO] running `Command { std: "docker" "create" "-v" "/var/lib/crater-agent-workspace/builds/worker-3-tc1/target:/opt/rustwide/target:rw,Z" "-v" "/var/lib/crater-agent-workspace/builds/worker-3-tc1/source:/opt/rustwide/workdir:ro,Z" "-v" "/var/lib/crater-agent-workspace/cargo-home:/opt/rustwide/cargo-home:ro,Z" "-v" "/var/lib/crater-agent-workspace/rustup-home:/opt/rustwide/rustup-home:ro,Z" "-e" "SOURCE_DIR=/opt/rustwide/workdir" "-e" "CARGO_TARGET_DIR=/opt/rustwide/target" "-e" "CARGO_INCREMENTAL=0" "-e" "RUST_BACKTRACE=full" "-e" "RUSTFLAGS=--cap-lints=warn" "-e" "RUSTDOCFLAGS=--cap-lints=warn" "-e" "CARGO_HOME=/opt/rustwide/cargo-home" "-e" "RUSTUP_HOME=/opt/rustwide/rustup-home" "-w" "/opt/rustwide/workdir" "-m" "1610612736" "--user" "0:0" "--network" "none" "ghcr.io/rust-lang/crates-build-env/linux@sha256:2788e3201cd34a07e3172128adcd8b3090168a8e3bcc40d7c032b9dda1df7d1c" "/opt/rustwide/cargo-home/bin/cargo" "+1.75.0" "test" "--frozen", kill_on_drop: false }`
[INFO] [stdout] 752aabe39827de63fe7ba2a36463c7314506b6c2500b94a858d8f007bcc5038b
[INFO] running `Command { std: "docker" "start" "-a" "752aabe39827de63fe7ba2a36463c7314506b6c2500b94a858d8f007bcc5038b", kill_on_drop: false }`
[INFO] [stderr]     Finished test [unoptimized + debuginfo] target(s) in 0.01s
[INFO] [stderr]      Running unittests src/lib.rs (/opt/rustwide/target/debug/deps/mmheaps-bf5f6d1c54d34232)
[INFO] [stdout] 
[INFO] [stdout] running 0 tests
[INFO] [stdout] 
[INFO] [stdout] test result: ok. 0 passed; 0 failed; 0 ignored; 0 measured; 0 filtered out; finished in 0.00s
[INFO] [stdout] 
[INFO] [stderr]    Doc-tests mmheaps
[INFO] [stdout] 
[INFO] [stdout] running 2 tests
[INFO] [stdout] test src/min_heap/min.rs - min_heap::min::MinHeap (line 23) ... FAILED
[INFO] [stdout] test src/max_heap/max.rs - max_heap::max::MaxHeap (line 23) ... FAILED
[INFO] [stdout] 
[INFO] [stdout] failures:
[INFO] [stdout] 
[INFO] [stdout] ---- src/min_heap/min.rs - min_heap::min::MinHeap (line 23) stdout ----
[INFO] [stdout] error[E0433]: failed to resolve: use of undeclared type `MinHeap`
[INFO] [stdout]  --> src/min_heap/min.rs:24:16
[INFO] [stdout]   |
[INFO] [stdout] 3 | let min_heap = MinHeap::<i32>::new();
[INFO] [stdout]   |                ^^^^^^^ use of undeclared type `MinHeap`
[INFO] [stdout]   |
[INFO] [stdout] help: consider importing this struct
[INFO] [stdout]   |
[INFO] [stdout] 2 + use mmheaps::min_heap::min::MinHeap;
[INFO] [stdout]   |
[INFO] [stdout] 
[INFO] [stdout] error[E0423]: expected function, found macro `println`
[INFO] [stdout]  --> src/min_heap/min.rs:30:4
[INFO] [stdout]   |
[INFO] [stdout] 9 |    println("{:?}",i);
[INFO] [stdout]   |    ^^^^^^^ not a function
[INFO] [stdout]   |
[INFO] [stdout] help: use `!` to invoke the macro
[INFO] [stdout]   |
[INFO] [stdout] 9 |    println!("{:?}",i);
[INFO] [stdout]   |           +
[INFO] [stdout] 
[INFO] [stdout] error: aborting due to 2 previous errors
[INFO] [stdout] 
[INFO] [stdout] Some errors have detailed explanations: E0423, E0433.
[INFO] [stdout] For more information about an error, try `rustc --explain E0423`.
[INFO] [stdout] Couldn't compile the test.
[INFO] [stdout] ---- src/max_heap/max.rs - max_heap::max::MaxHeap (line 23) stdout ----
[INFO] [stdout] error[E0433]: failed to resolve: use of undeclared type `MaxHeap`
[INFO] [stdout]  --> src/max_heap/max.rs:24:16
[INFO] [stdout]   |
[INFO] [stdout] 3 | let max_heap = MaxHeap::<i32>::new();
[INFO] [stdout]   |                ^^^^^^^ use of undeclared type `MaxHeap`
[INFO] [stdout]   |
[INFO] [stdout] help: consider importing this struct
[INFO] [stdout]   |
[INFO] [stdout] 2 + use mmheaps::max_heap::max::MaxHeap;
[INFO] [stdout]   |
[INFO] [stdout] 
[INFO] [stdout] error[E0423]: expected function, found macro `println`
[INFO] [stdout]  --> src/max_heap/max.rs:29:5
[INFO] [stdout]   |
[INFO] [stdout] 8 |     println("{:?}",i);
[INFO] [stdout]   |     ^^^^^^^ not a function
[INFO] [stdout]   |
[INFO] [stdout] help: use `!` to invoke the macro
[INFO] [stdout]   |
[INFO] [stdout] 8 |     println!("{:?}",i);
[INFO] [stdout]   |            +
[INFO] [stdout] 
[INFO] [stdout] error: aborting due to 2 previous errors
[INFO] [stdout] 
[INFO] [stdout] Some errors have detailed explanations: E0423, E0433.
[INFO] [stdout] For more information about an error, try `rustc --explain E0423`.
[INFO] [stdout] Couldn't compile the test.
[INFO] [stdout] 
[INFO] [stdout] failures:
[INFO] [stdout]     src/max_heap/max.rs - max_heap::max::MaxHeap (line 23)
[INFO] [stdout]     src/min_heap/min.rs - min_heap::min::MinHeap (line 23)
[INFO] [stdout] 
[INFO] [stdout] test result: FAILED. 0 passed; 2 failed; 0 ignored; 0 measured; 0 filtered out; finished in 0.12s
[INFO] [stdout] 
[INFO] [stderr] error: doctest failed, to rerun pass `--doc`
[INFO] running `Command { std: "docker" "inspect" "752aabe39827de63fe7ba2a36463c7314506b6c2500b94a858d8f007bcc5038b", kill_on_drop: false }`
[INFO] running `Command { std: "docker" "rm" "-f" "752aabe39827de63fe7ba2a36463c7314506b6c2500b94a858d8f007bcc5038b", kill_on_drop: false }`
[INFO] [stdout] 752aabe39827de63fe7ba2a36463c7314506b6c2500b94a858d8f007bcc5038b
