[INFO] fetching crate mls-rs-crypto-openssl 0.6.0...
[INFO] testing mls-rs-crypto-openssl-0.6.0 against 1.75.0 for beta-1.76-1
[INFO] extracting crate mls-rs-crypto-openssl 0.6.0 into /workspace/builds/worker-3-tc1/source
[INFO] validating manifest of crates.io crate mls-rs-crypto-openssl 0.6.0 on toolchain 1.75.0
[INFO] running `Command { std: CARGO_HOME="/workspace/cargo-home" RUSTUP_HOME="/workspace/rustup-home" "/workspace/cargo-home/bin/cargo" "+1.75.0" "metadata" "--manifest-path" "Cargo.toml" "--no-deps", kill_on_drop: false }`
[INFO] started tweaking crates.io crate mls-rs-crypto-openssl 0.6.0
[INFO] finished tweaking crates.io crate mls-rs-crypto-openssl 0.6.0
[INFO] tweaked toml for crates.io crate mls-rs-crypto-openssl 0.6.0 written to /workspace/builds/worker-3-tc1/source/Cargo.toml
[INFO] running `Command { std: CARGO_HOME="/workspace/cargo-home" RUSTUP_HOME="/workspace/rustup-home" "/workspace/cargo-home/bin/cargo" "+1.75.0" "generate-lockfile" "--manifest-path" "Cargo.toml", kill_on_drop: false }`
[INFO] [stderr]     Updating crates.io index
[INFO] running `Command { std: CARGO_HOME="/workspace/cargo-home" RUSTUP_HOME="/workspace/rustup-home" "/workspace/cargo-home/bin/cargo" "+1.75.0" "fetch" "--manifest-path" "Cargo.toml", kill_on_drop: false }`
[INFO] [stderr]  Downloading crates ...
[INFO] [stderr]   Downloaded safer-ffi-gen v0.9.2
[INFO] [stderr]   Downloaded mls-rs-codec-derive v0.1.0
[INFO] [stderr]   Downloaded mls-rs-crypto-hpke v0.6.0
[INFO] [stderr]   Downloaded extension-traits v1.0.1
[INFO] [stderr]   Downloaded uninit v0.5.1
[INFO] [stderr]   Downloaded with_builtin_macros-proc_macros v0.0.3
[INFO] [stderr]   Downloaded macro_rules_attribute-proc_macro v0.1.3
[INFO] [stderr]   Downloaded with_builtin_macros v0.0.3
[INFO] [stderr]   Downloaded unwind_safe v0.1.0
[INFO] [stderr]   Downloaded ext-trait-proc_macros v1.0.1
[INFO] [stderr]   Downloaded safer-ffi v0.1.4
[INFO] [stderr]   Downloaded mls-rs-core v0.15.0
[INFO] [stderr]   Downloaded macro_rules_attribute v0.1.3
[INFO] [stderr]   Downloaded safer_ffi-proc_macros v0.1.4
[INFO] [stderr]   Downloaded ext-trait v1.0.1
[INFO] [stderr]   Downloaded mls-rs-crypto-traits v0.7.0
[INFO] [stderr]   Downloaded mls-rs-codec v0.4.0
[INFO] [stderr]   Downloaded safer-ffi-gen-macro v0.9.2
[INFO] [stderr]   Downloaded mls-rs-identity-x509 v0.8.0
[INFO] running `Command { std: "docker" "create" "-v" "/var/lib/crater-agent-workspace/builds/worker-3-tc1/target:/opt/rustwide/target:rw,Z" "-v" "/var/lib/crater-agent-workspace/builds/worker-3-tc1/source:/opt/rustwide/workdir:ro,Z" "-v" "/var/lib/crater-agent-workspace/cargo-home:/opt/rustwide/cargo-home:ro,Z" "-v" "/var/lib/crater-agent-workspace/rustup-home:/opt/rustwide/rustup-home:ro,Z" "-e" "SOURCE_DIR=/opt/rustwide/workdir" "-e" "CARGO_TARGET_DIR=/opt/rustwide/target" "-e" "CARGO_HOME=/opt/rustwide/cargo-home" "-e" "RUSTUP_HOME=/opt/rustwide/rustup-home" "-w" "/opt/rustwide/workdir" "-m" "1610612736" "--user" "0:0" "--network" "none" "ghcr.io/rust-lang/crates-build-env/linux@sha256:2788e3201cd34a07e3172128adcd8b3090168a8e3bcc40d7c032b9dda1df7d1c" "/opt/rustwide/cargo-home/bin/cargo" "+1.75.0" "metadata" "--no-deps" "--format-version=1", kill_on_drop: false }`
[INFO] [stdout] 52e0b99aef2644423b7e9c47adcf444294cf262faf745a9013f3b2774c86162c
[INFO] running `Command { std: "docker" "start" "-a" "52e0b99aef2644423b7e9c47adcf444294cf262faf745a9013f3b2774c86162c", kill_on_drop: false }`
[INFO] running `Command { std: "docker" "inspect" "52e0b99aef2644423b7e9c47adcf444294cf262faf745a9013f3b2774c86162c", kill_on_drop: false }`
[INFO] running `Command { std: "docker" "rm" "-f" "52e0b99aef2644423b7e9c47adcf444294cf262faf745a9013f3b2774c86162c", kill_on_drop: false }`
[INFO] [stdout] 52e0b99aef2644423b7e9c47adcf444294cf262faf745a9013f3b2774c86162c
[INFO] running `Command { std: "docker" "create" "-v" "/var/lib/crater-agent-workspace/builds/worker-3-tc1/target:/opt/rustwide/target:rw,Z" "-v" "/var/lib/crater-agent-workspace/builds/worker-3-tc1/source:/opt/rustwide/workdir:ro,Z" "-v" "/var/lib/crater-agent-workspace/cargo-home:/opt/rustwide/cargo-home:ro,Z" "-v" "/var/lib/crater-agent-workspace/rustup-home:/opt/rustwide/rustup-home:ro,Z" "-e" "SOURCE_DIR=/opt/rustwide/workdir" "-e" "CARGO_TARGET_DIR=/opt/rustwide/target" "-e" "CARGO_INCREMENTAL=0" "-e" "RUST_BACKTRACE=full" "-e" "RUSTFLAGS=--cap-lints=warn" "-e" "RUSTDOCFLAGS=--cap-lints=warn" "-e" "CARGO_HOME=/opt/rustwide/cargo-home" "-e" "RUSTUP_HOME=/opt/rustwide/rustup-home" "-w" "/opt/rustwide/workdir" "-m" "1610612736" "--user" "0:0" "--network" "none" "ghcr.io/rust-lang/crates-build-env/linux@sha256:2788e3201cd34a07e3172128adcd8b3090168a8e3bcc40d7c032b9dda1df7d1c" "/opt/rustwide/cargo-home/bin/cargo" "+1.75.0" "build" "--frozen" "--message-format=json", kill_on_drop: false }`
[INFO] [stdout] a8a1f70b70bbad342c815567bf23b7b43191972b335fe5a79dd98e6c3a2dc4d1
[INFO] running `Command { std: "docker" "start" "-a" "a8a1f70b70bbad342c815567bf23b7b43191972b335fe5a79dd98e6c3a2dc4d1", kill_on_drop: false }`
[INFO] [stderr]    Compiling ident_case v1.0.1
[INFO] [stderr]    Compiling strsim v0.10.0
[INFO] [stderr]    Compiling fnv v1.0.7
[INFO] [stderr]    Compiling hashbrown v0.14.3
[INFO] [stderr]    Compiling winnow v0.5.32
[INFO] [stderr]    Compiling toml_datetime v0.6.3
[INFO] [stderr]    Compiling libc v0.2.151
[INFO] [stderr]    Compiling syn v2.0.48
[INFO] [stderr]    Compiling syn v1.0.109
[INFO] [stderr]    Compiling vcpkg v0.2.15
[INFO] [stderr]    Compiling base64 v0.21.5
[INFO] [stderr]    Compiling foreign-types-shared v0.1.1
[INFO] [stderr]    Compiling openssl v0.10.62
[INFO] [stderr]    Compiling foreign-types v0.3.2
[INFO] [stderr]    Compiling indexmap v2.1.0
[INFO] [stderr]    Compiling cc v1.0.83
[INFO] [stderr]    Compiling openssl-sys v0.9.98
[INFO] [stderr]    Compiling toml_edit v0.20.2
[INFO] [stderr]    Compiling proc-macro-crate v2.0.1
[INFO] [stderr]    Compiling maybe-async v0.2.7
[INFO] [stderr]    Compiling darling_core v0.20.3
[INFO] [stderr]    Compiling thiserror-impl v1.0.56
[INFO] [stderr]    Compiling num_enum_derive v0.7.1
[INFO] [stderr]    Compiling enum-iterator-derive v1.2.1
[INFO] [stderr]    Compiling zeroize_derive v1.4.2
[INFO] [stderr]    Compiling async-trait v0.1.77
[INFO] [stderr]    Compiling openssl-macros v0.1.1
[INFO] [stderr]    Compiling zeroize v1.7.0
[INFO] [stderr]    Compiling enum-iterator v1.4.1
[INFO] [stderr]    Compiling darling_macro v0.20.3
[INFO] [stderr]    Compiling thiserror v1.0.56
[INFO] [stderr]    Compiling darling v0.20.3
[INFO] [stderr]    Compiling mls-rs-codec-derive v0.1.0
[INFO] [stderr]    Compiling num_enum v0.7.1
[INFO] [stderr]    Compiling mls-rs-codec v0.4.0
[INFO] [stderr]    Compiling mls-rs-core v0.15.0
[INFO] [stderr]    Compiling mls-rs-crypto-traits v0.7.0
[INFO] [stderr]    Compiling mls-rs-identity-x509 v0.8.0
[INFO] [stderr]    Compiling mls-rs-crypto-hpke v0.6.0
[INFO] [stderr]    Compiling mls-rs-crypto-openssl v0.6.0 (/opt/rustwide/workdir)
[INFO] [stderr]     Finished dev [unoptimized + debuginfo] target(s) in 21.00s
[INFO] running `Command { std: "docker" "inspect" "a8a1f70b70bbad342c815567bf23b7b43191972b335fe5a79dd98e6c3a2dc4d1", kill_on_drop: false }`
[INFO] running `Command { std: "docker" "rm" "-f" "a8a1f70b70bbad342c815567bf23b7b43191972b335fe5a79dd98e6c3a2dc4d1", kill_on_drop: false }`
[INFO] [stdout] a8a1f70b70bbad342c815567bf23b7b43191972b335fe5a79dd98e6c3a2dc4d1
[INFO] running `Command { std: "docker" "create" "-v" "/var/lib/crater-agent-workspace/builds/worker-3-tc1/target:/opt/rustwide/target:rw,Z" "-v" "/var/lib/crater-agent-workspace/builds/worker-3-tc1/source:/opt/rustwide/workdir:ro,Z" "-v" "/var/lib/crater-agent-workspace/cargo-home:/opt/rustwide/cargo-home:ro,Z" "-v" "/var/lib/crater-agent-workspace/rustup-home:/opt/rustwide/rustup-home:ro,Z" "-e" "SOURCE_DIR=/opt/rustwide/workdir" "-e" "CARGO_TARGET_DIR=/opt/rustwide/target" "-e" "CARGO_INCREMENTAL=0" "-e" "RUST_BACKTRACE=full" "-e" "RUSTFLAGS=--cap-lints=warn" "-e" "RUSTDOCFLAGS=--cap-lints=warn" "-e" "CARGO_HOME=/opt/rustwide/cargo-home" "-e" "RUSTUP_HOME=/opt/rustwide/rustup-home" "-w" "/opt/rustwide/workdir" "-m" "1610612736" "--user" "0:0" "--network" "none" "ghcr.io/rust-lang/crates-build-env/linux@sha256:2788e3201cd34a07e3172128adcd8b3090168a8e3bcc40d7c032b9dda1df7d1c" "/opt/rustwide/cargo-home/bin/cargo" "+1.75.0" "test" "--frozen" "--no-run" "--message-format=json", kill_on_drop: false }`
[INFO] [stdout] fdad85c1eb03a94573d76f9fffa06c4bf08e20883b9d547266ee2e8b12aec942
[INFO] running `Command { std: "docker" "start" "-a" "fdad85c1eb03a94573d76f9fffa06c4bf08e20883b9d547266ee2e8b12aec942", kill_on_drop: false }`
[INFO] [stderr]    Compiling serde v1.0.194
[INFO] [stderr]    Compiling serde_json v1.0.111
[INFO] [stderr]    Compiling either v1.9.0
[INFO] [stderr]    Compiling serde_derive v1.0.194
[INFO] [stderr]    Compiling assert_matches v1.5.0
[INFO] [stderr]    Compiling itertools v0.12.0
[INFO] [stderr]    Compiling hex v0.4.3
[INFO] [stderr]    Compiling mls-rs-core v0.15.0
[INFO] [stderr]    Compiling mls-rs-crypto-traits v0.7.0
[INFO] [stderr]    Compiling mls-rs-identity-x509 v0.8.0
[INFO] [stderr]    Compiling mls-rs-crypto-hpke v0.6.0
[INFO] [stderr]    Compiling mls-rs-crypto-openssl v0.6.0 (/opt/rustwide/workdir)
[INFO] [stderr]     Finished test [unoptimized + debuginfo] target(s) in 11.40s
[INFO] running `Command { std: "docker" "inspect" "fdad85c1eb03a94573d76f9fffa06c4bf08e20883b9d547266ee2e8b12aec942", kill_on_drop: false }`
[INFO] running `Command { std: "docker" "rm" "-f" "fdad85c1eb03a94573d76f9fffa06c4bf08e20883b9d547266ee2e8b12aec942", kill_on_drop: false }`
[INFO] [stdout] fdad85c1eb03a94573d76f9fffa06c4bf08e20883b9d547266ee2e8b12aec942
[INFO] running `Command { std: "docker" "create" "-v" "/var/lib/crater-agent-workspace/builds/worker-3-tc1/target:/opt/rustwide/target:rw,Z" "-v" "/var/lib/crater-agent-workspace/builds/worker-3-tc1/source:/opt/rustwide/workdir:ro,Z" "-v" "/var/lib/crater-agent-workspace/cargo-home:/opt/rustwide/cargo-home:ro,Z" "-v" "/var/lib/crater-agent-workspace/rustup-home:/opt/rustwide/rustup-home:ro,Z" "-e" "SOURCE_DIR=/opt/rustwide/workdir" "-e" "CARGO_TARGET_DIR=/opt/rustwide/target" "-e" "CARGO_INCREMENTAL=0" "-e" "RUST_BACKTRACE=full" "-e" "RUSTFLAGS=--cap-lints=warn" "-e" "RUSTDOCFLAGS=--cap-lints=warn" "-e" "CARGO_HOME=/opt/rustwide/cargo-home" "-e" "RUSTUP_HOME=/opt/rustwide/rustup-home" "-w" "/opt/rustwide/workdir" "-m" "1610612736" "--user" "0:0" "--network" "none" "ghcr.io/rust-lang/crates-build-env/linux@sha256:2788e3201cd34a07e3172128adcd8b3090168a8e3bcc40d7c032b9dda1df7d1c" "/opt/rustwide/cargo-home/bin/cargo" "+1.75.0" "test" "--frozen", kill_on_drop: false }`
[INFO] [stdout] add8ef81d449f2316c0f0415fb4bb1e3fe9c6bf5d004c3c568f88ee8ad8ce913
[INFO] running `Command { std: "docker" "start" "-a" "add8ef81d449f2316c0f0415fb4bb1e3fe9c6bf5d004c3c568f88ee8ad8ce913", kill_on_drop: false }`
[INFO] [stderr]     Finished test [unoptimized + debuginfo] target(s) in 0.05s
[INFO] [stderr]      Running unittests src/lib.rs (/opt/rustwide/target/debug/deps/mls_rs_crypto_openssl-5ffcb1879ca8ba4f)
[INFO] [stdout] 
[INFO] [stdout] running 34 tests
[INFO] [stdout] test aead::test::invalid_ciphertext ... ok
[INFO] [stdout] test ec::tests::public_key_can_be_imported_and_exported ... ok
[INFO] [stdout] test ec::tests::test_order_range_enforcement ... ok
[INFO] [stdout] test ec::tests::key_pair_can_be_generated ... ok
[INFO] [stdout] test aead::test::aad_mismatch ... ok
[INFO] [stdout] test ec::tests::private_key_can_be_imported_and_exported ... ok
[INFO] [stdout] test ec::tests::mismatched_curve_import ... ok
[INFO] [stdout] test ec::tests::private_key_can_be_generated ... ok
[INFO] [stdout] test kdf::test::no_key ... ok
[INFO] [stdout] test ec::tests::secret_to_public ... ok
[INFO] [stdout] test aead::test::invalid_key ... ok
[INFO] [stdout] test kdf::test::test_short_key ... ok
[INFO] [stdout] test ec_signer::test::import_der_private ... ok
[INFO] [stdout] test ecdh::test::test_mismatched_curve ... ok
[INFO] [stdout] test x509::tests::can_detect_invalid_ca_certificates ... ok
[INFO] [stdout] test ecdh::test::test_algo_test_cases ... ok
[INFO] [stdout] test kdf::test::no_salt ... ok
[INFO] [stdout] test kdf::test::no_info ... ok
[INFO] [stdout] test x509::tests::can_detect_ca_cert_with_invalid_self_signed_signature ... ok
[INFO] [stdout] test x509::tests::can_detect_expired_certs ... ok
[INFO] [stdout] test ec_signer::test::import_der_public ... ok
[INFO] [stdout] test x509::tests::subject_alt_names_ip ... ok
[INFO] [stdout] test x509::tests::subject_alt_names ... ok
[INFO] [stdout] test x509::tests::subject_parser_components ... ok
[INFO] [stdout] test x509::tests::subject_parser_bytes ... ok
[INFO] [stdout] test mls_core_tests ... FAILED
[INFO] [stdout] test x509::tests::will_fail_on_empty_chain ... ok
[INFO] [stdout] test x509::tests::writing_ca_csr ... ok
[INFO] [stdout] test x509::tests::writing_csr ... ok
[INFO] [stdout] test x509::tests::will_fail_on_invalid_chain ... ok
[INFO] [stdout] test x509::tests::will_return_public_key_of_leaf ... ok
[INFO] [stdout] test x509::tests::will_fail_on_invalid_ca ... ok
[INFO] [stdout] test x509::tests::can_validate_cert_chain ... ok
[INFO] [stdout] test x509::tests::can_validate_against_system_ca_list ... ok
[INFO] [stdout] 
[INFO] [stdout] failures:
[INFO] [stdout] 
[INFO] [stdout] ---- mls_core_tests stdout ----
[INFO] [stdout] thread 'mls_core_tests' panicked at /opt/rustwide/cargo-home/registry/src/index.crates.io-6f17d22bba15001f/mls-rs-core-0.15.0/src/crypto/test_suite.rs:91:53:
[INFO] [stdout] called `Result::unwrap()` on an `Err` value: Os { code: 2, kind: NotFound, message: "No such file or directory" }
[INFO] [stdout] stack backtrace:
[INFO] [stdout]    0:     0x55fad7095c2c - std::backtrace_rs::backtrace::libunwind::trace::ha637c64ce894333a
[INFO] [stdout]                                at /rustc/82e1608dfa6e0b5569232559e3d385fea5a93112/library/std/src/../../backtrace/src/backtrace/libunwind.rs:104:5
[INFO] [stdout]    1:     0x55fad7095c2c - std::backtrace_rs::backtrace::trace_unsynchronized::h47f62dea28e0c88d
[INFO] [stdout]                                at /rustc/82e1608dfa6e0b5569232559e3d385fea5a93112/library/std/src/../../backtrace/src/backtrace/mod.rs:66:5
[INFO] [stdout]    2:     0x55fad7095c2c - std::sys_common::backtrace::_print_fmt::h9eef0abe20ede486
[INFO] [stdout]                                at /rustc/82e1608dfa6e0b5569232559e3d385fea5a93112/library/std/src/sys_common/backtrace.rs:67:5
[INFO] [stdout]    3:     0x55fad7095c2c - <std::sys_common::backtrace::_print::DisplayBacktrace as core::fmt::Display>::fmt::hed7f999df88cc644
[INFO] [stdout]                                at /rustc/82e1608dfa6e0b5569232559e3d385fea5a93112/library/std/src/sys_common/backtrace.rs:44:22
[INFO] [stdout]    4:     0x55fad70c14f0 - core::fmt::rt::Argument::fmt::h1539a9308b8d058d
[INFO] [stdout]                                at /rustc/82e1608dfa6e0b5569232559e3d385fea5a93112/library/core/src/fmt/rt.rs:142:9
[INFO] [stdout]    5:     0x55fad70c14f0 - core::fmt::write::h3a39390d8560d9c9
[INFO] [stdout]                                at /rustc/82e1608dfa6e0b5569232559e3d385fea5a93112/library/core/src/fmt/mod.rs:1120:17
[INFO] [stdout]    6:     0x55fad70935df - std::io::Write::write_fmt::h040b369f3a0f9cbc
[INFO] [stdout]                                at /rustc/82e1608dfa6e0b5569232559e3d385fea5a93112/library/std/src/io/mod.rs:1762:15
[INFO] [stdout]    7:     0x55fad7095a14 - std::sys_common::backtrace::_print::h894006fb5c6f3d45
[INFO] [stdout]                                at /rustc/82e1608dfa6e0b5569232559e3d385fea5a93112/library/std/src/sys_common/backtrace.rs:47:5
[INFO] [stdout]    8:     0x55fad7095a14 - std::sys_common::backtrace::print::h23a2d212c6fff936
[INFO] [stdout]                                at /rustc/82e1608dfa6e0b5569232559e3d385fea5a93112/library/std/src/sys_common/backtrace.rs:34:9
[INFO] [stdout]    9:     0x55fad70976d7 - std::panicking::default_hook::{{closure}}::h8a1d2ee00185001a
[INFO] [stdout]   10:     0x55fad70973c3 - std::panicking::default_hook::h6038f2eba384e475
[INFO] [stdout]                                at /rustc/82e1608dfa6e0b5569232559e3d385fea5a93112/library/std/src/panicking.rs:289:9
[INFO] [stdout]   11:     0x55fad700ffd7 - <alloc::boxed::Box<F,A> as core::ops::function::Fn<Args>>::call::h0ad024c9bdc6d768
[INFO] [stdout]                                at /rustc/82e1608dfa6e0b5569232559e3d385fea5a93112/library/alloc/src/boxed.rs:2021:9
[INFO] [stdout]   12:     0x55fad700ffd7 - test::test_main::{{closure}}::h7500b54257359db6
[INFO] [stdout]                                at /rustc/82e1608dfa6e0b5569232559e3d385fea5a93112/library/test/src/lib.rs:138:21
[INFO] [stdout]   13:     0x55fad7097ce8 - <alloc::boxed::Box<F,A> as core::ops::function::Fn<Args>>::call::h1f8f335eaa9cfaee
[INFO] [stdout]                                at /rustc/82e1608dfa6e0b5569232559e3d385fea5a93112/library/alloc/src/boxed.rs:2021:9
[INFO] [stdout]   14:     0x55fad7097ce8 - std::panicking::rust_panic_with_hook::h2b5517d590cab22e
[INFO] [stdout]                                at /rustc/82e1608dfa6e0b5569232559e3d385fea5a93112/library/std/src/panicking.rs:783:13
[INFO] [stdout]   15:     0x55fad7097a3e - std::panicking::begin_panic_handler::{{closure}}::h233112c06e0ef43e
[INFO] [stdout]                                at /rustc/82e1608dfa6e0b5569232559e3d385fea5a93112/library/std/src/panicking.rs:657:13
[INFO] [stdout]   16:     0x55fad70960f6 - std::sys_common::backtrace::__rust_end_short_backtrace::h6e893f24d7ebbff8
[INFO] [stdout]                                at /rustc/82e1608dfa6e0b5569232559e3d385fea5a93112/library/std/src/sys_common/backtrace.rs:170:18
[INFO] [stdout]   17:     0x55fad70977a2 - rust_begin_unwind
[INFO] [stdout]                                at /rustc/82e1608dfa6e0b5569232559e3d385fea5a93112/library/std/src/panicking.rs:645:5
[INFO] [stdout]   18:     0x55fad6f38cf5 - core::panicking::panic_fmt::hbf0e066aabfa482c
[INFO] [stdout]                                at /rustc/82e1608dfa6e0b5569232559e3d385fea5a93112/library/core/src/panicking.rs:72:14
[INFO] [stdout]   19:     0x55fad6f392c3 - core::result::unwrap_failed::hddb4fea594200c52
[INFO] [stdout]                                at /rustc/82e1608dfa6e0b5569232559e3d385fea5a93112/library/core/src/result.rs:1653:5
[INFO] [stdout]   20:     0x55fad705ca8c - core::result::Result<T,E>::unwrap::h3a69320e19263f3a
[INFO] [stdout]                                at /rustc/82e1608dfa6e0b5569232559e3d385fea5a93112/library/core/src/result.rs:1077:23
[INFO] [stdout]   21:     0x55fad6f738ad - mls_rs_core::crypto::test_suite::verify_tests::h63c91075380d6d5c
[INFO] [stdout]                                at /opt/rustwide/cargo-home/registry/src/index.crates.io-6f17d22bba15001f/mls-rs-core-0.15.0/src/crypto/test_suite.rs:91:33
[INFO] [stdout]   22:     0x55fad6fc20a5 - mls_rs_crypto_openssl::mls_core_tests::h4850fcdc23828291
[INFO] [stdout]                                at /opt/rustwide/workdir/src/lib.rs:370:5
[INFO] [stdout]   23:     0x55fad6fc2067 - mls_rs_crypto_openssl::mls_core_tests::{{closure}}::h360dc36acb3c91e8
[INFO] [stdout]                                at /opt/rustwide/workdir/src/lib.rs:365:20
[INFO] [stdout]   24:     0x55fad6fc9886 - core::ops::function::FnOnce::call_once::h13c692346050c0e0
[INFO] [stdout]                                at /rustc/82e1608dfa6e0b5569232559e3d385fea5a93112/library/core/src/ops/function.rs:250:5
[INFO] [stdout]   25:     0x55fad701562f - core::ops::function::FnOnce::call_once::h2b5d431d5046312d
[INFO] [stdout]                                at /rustc/82e1608dfa6e0b5569232559e3d385fea5a93112/library/core/src/ops/function.rs:250:5
[INFO] [stdout]   26:     0x55fad701562f - test::__rust_begin_short_backtrace::h7714669af176e207
[INFO] [stdout]                                at /rustc/82e1608dfa6e0b5569232559e3d385fea5a93112/library/test/src/lib.rs:628:18
[INFO] [stdout]   27:     0x55fad7014645 - test::run_test_in_process::{{closure}}::h85218797dcbcec12
[INFO] [stdout]                                at /rustc/82e1608dfa6e0b5569232559e3d385fea5a93112/library/test/src/lib.rs:651:60
[INFO] [stdout]   28:     0x55fad7014645 - <core::panic::unwind_safe::AssertUnwindSafe<F> as core::ops::function::FnOnce<()>>::call_once::h76c106ea31c14d7b
[INFO] [stdout]                                at /rustc/82e1608dfa6e0b5569232559e3d385fea5a93112/library/core/src/panic/unwind_safe.rs:272:9
[INFO] [stdout]   29:     0x55fad7014645 - std::panicking::try::do_call::h3bd5d0f6620ee946
[INFO] [stdout]                                at /rustc/82e1608dfa6e0b5569232559e3d385fea5a93112/library/std/src/panicking.rs:552:40
[INFO] [stdout]   30:     0x55fad7014645 - std::panicking::try::h232e535e4744fe31
[INFO] [stdout]                                at /rustc/82e1608dfa6e0b5569232559e3d385fea5a93112/library/std/src/panicking.rs:516:19
[INFO] [stdout]   31:     0x55fad7014645 - std::panic::catch_unwind::h3ce3bd6ca8dbac68
[INFO] [stdout]                                at /rustc/82e1608dfa6e0b5569232559e3d385fea5a93112/library/std/src/panic.rs:142:14
[INFO] [stdout]   32:     0x55fad7014645 - test::run_test_in_process::hc97b257c9621286a
[INFO] [stdout]                                at /rustc/82e1608dfa6e0b5569232559e3d385fea5a93112/library/test/src/lib.rs:651:27
[INFO] [stdout]   33:     0x55fad7014645 - test::run_test::{{closure}}::h2aa798823a438d38
[INFO] [stdout]                                at /rustc/82e1608dfa6e0b5569232559e3d385fea5a93112/library/test/src/lib.rs:574:43
[INFO] [stdout]   34:     0x55fad6fdc906 - test::run_test::{{closure}}::h87d231c78fb59832
[INFO] [stdout]                                at /rustc/82e1608dfa6e0b5569232559e3d385fea5a93112/library/test/src/lib.rs:602:41
[INFO] [stdout]   35:     0x55fad6fdc906 - std::sys_common::backtrace::__rust_begin_short_backtrace::he6df152596625789
[INFO] [stdout]                                at /rustc/82e1608dfa6e0b5569232559e3d385fea5a93112/library/std/src/sys_common/backtrace.rs:154:18
[INFO] [stdout]   36:     0x55fad6fe19b7 - std::thread::Builder::spawn_unchecked_::{{closure}}::{{closure}}::ha94be15d1e0acf36
[INFO] [stdout]                                at /rustc/82e1608dfa6e0b5569232559e3d385fea5a93112/library/std/src/thread/mod.rs:529:17
[INFO] [stdout]   37:     0x55fad6fe19b7 - <core::panic::unwind_safe::AssertUnwindSafe<F> as core::ops::function::FnOnce<()>>::call_once::h9dc6bd6372f16606
[INFO] [stdout]                                at /rustc/82e1608dfa6e0b5569232559e3d385fea5a93112/library/core/src/panic/unwind_safe.rs:272:9
[INFO] [stdout]   38:     0x55fad6fe19b7 - std::panicking::try::do_call::h9057517f80303cd4
[INFO] [stdout]                                at /rustc/82e1608dfa6e0b5569232559e3d385fea5a93112/library/std/src/panicking.rs:552:40
[INFO] [stdout]   39:     0x55fad6fe19b7 - std::panicking::try::he3a30b11ee45340c
[INFO] [stdout]                                at /rustc/82e1608dfa6e0b5569232559e3d385fea5a93112/library/std/src/panicking.rs:516:19
[INFO] [stdout]   40:     0x55fad6fe19b7 - std::panic::catch_unwind::h410458cfd3528b8b
[INFO] [stdout]                                at /rustc/82e1608dfa6e0b5569232559e3d385fea5a93112/library/std/src/panic.rs:142:14
[INFO] [stdout]   41:     0x55fad6fe19b7 - std::thread::Builder::spawn_unchecked_::{{closure}}::h72ac3bdb567b737b
[INFO] [stdout]                                at /rustc/82e1608dfa6e0b5569232559e3d385fea5a93112/library/std/src/thread/mod.rs:528:30
[INFO] [stdout]   42:     0x55fad6fe19b7 - core::ops::function::FnOnce::call_once{{vtable.shim}}::h38f34da3654a8344
[INFO] [stdout]                                at /rustc/82e1608dfa6e0b5569232559e3d385fea5a93112/library/core/src/ops/function.rs:250:5
[INFO] [stdout]   43:     0x55fad709c775 - <alloc::boxed::Box<F,A> as core::ops::function::FnOnce<Args>>::call_once::hc7eafaff61e32df9
[INFO] [stdout]                                at /rustc/82e1608dfa6e0b5569232559e3d385fea5a93112/library/alloc/src/boxed.rs:2007:9
[INFO] [stdout]   44:     0x55fad709c775 - <alloc::boxed::Box<F,A> as core::ops::function::FnOnce<Args>>::call_once::h6ba4a5de48dd2304
[INFO] [stdout]                                at /rustc/82e1608dfa6e0b5569232559e3d385fea5a93112/library/alloc/src/boxed.rs:2007:9
[INFO] [stdout]   45:     0x55fad709c775 - std::sys::unix::thread::Thread::new::thread_start::he469335aef763e45
[INFO] [stdout]                                at /rustc/82e1608dfa6e0b5569232559e3d385fea5a93112/library/std/src/sys/unix/thread.rs:108:17
[INFO] [stdout]   46:     0x7ffbbb8e6ac3 - <unknown>
[INFO] [stdout]   47:     0x7ffbbb977bf4 - __clone
[INFO] [stdout]   48:                0x0 - <unknown>
[INFO] [stdout] 
[INFO] [stdout] 
[INFO] [stdout] failures:
[INFO] [stdout]     mls_core_tests
[INFO] [stdout] 
[INFO] [stdout] test result: FAILED. 33 passed; 1 failed; 0 ignored; 0 measured; 0 filtered out; finished in 0.27s
[INFO] [stdout] 
[INFO] [stderr] error: test failed, to rerun pass `--lib`
[INFO] running `Command { std: "docker" "inspect" "add8ef81d449f2316c0f0415fb4bb1e3fe9c6bf5d004c3c568f88ee8ad8ce913", kill_on_drop: false }`
[INFO] running `Command { std: "docker" "rm" "-f" "add8ef81d449f2316c0f0415fb4bb1e3fe9c6bf5d004c3c568f88ee8ad8ce913", kill_on_drop: false }`
[INFO] [stdout] add8ef81d449f2316c0f0415fb4bb1e3fe9c6bf5d004c3c568f88ee8ad8ce913
