[INFO] fetching crate mls-rs-crypto-awslc 0.7.0...
[INFO] testing mls-rs-crypto-awslc-0.7.0 against 1.75.0 for beta-1.76-1
[INFO] extracting crate mls-rs-crypto-awslc 0.7.0 into /workspace/builds/worker-7-tc1/source
[INFO] validating manifest of crates.io crate mls-rs-crypto-awslc 0.7.0 on toolchain 1.75.0
[INFO] running `Command { std: CARGO_HOME="/workspace/cargo-home" RUSTUP_HOME="/workspace/rustup-home" "/workspace/cargo-home/bin/cargo" "+1.75.0" "metadata" "--manifest-path" "Cargo.toml" "--no-deps", kill_on_drop: false }`
[INFO] started tweaking crates.io crate mls-rs-crypto-awslc 0.7.0
[INFO] finished tweaking crates.io crate mls-rs-crypto-awslc 0.7.0
[INFO] tweaked toml for crates.io crate mls-rs-crypto-awslc 0.7.0 written to /workspace/builds/worker-7-tc1/source/Cargo.toml
[INFO] running `Command { std: CARGO_HOME="/workspace/cargo-home" RUSTUP_HOME="/workspace/rustup-home" "/workspace/cargo-home/bin/cargo" "+1.75.0" "generate-lockfile" "--manifest-path" "Cargo.toml", kill_on_drop: false }`
[INFO] [stderr]     Updating crates.io index
[INFO] running `Command { std: CARGO_HOME="/workspace/cargo-home" RUSTUP_HOME="/workspace/rustup-home" "/workspace/cargo-home/bin/cargo" "+1.75.0" "fetch" "--manifest-path" "Cargo.toml", kill_on_drop: false }`
[INFO] [stderr]  Downloading crates ...
[INFO] [stderr]   Downloaded extension-traits v1.0.1
[INFO] [stderr]   Downloaded macro_rules_attribute v0.1.3
[INFO] [stderr]   Downloaded macro_rules_attribute-proc_macro v0.1.3
[INFO] [stderr]   Downloaded mls-rs-codec-derive v0.1.0
[INFO] [stderr]   Downloaded safer_ffi-proc_macros v0.1.4
[INFO] [stderr]   Downloaded mls-rs-crypto-hpke v0.6.0
[INFO] [stderr]   Downloaded ext-trait-proc_macros v1.0.1
[INFO] [stderr]   Downloaded with_builtin_macros v0.0.3
[INFO] [stderr]   Downloaded mls-rs-core v0.15.0
[INFO] [stderr]   Downloaded safer-ffi v0.1.4
[INFO] [stderr]   Downloaded uninit v0.5.1
[INFO] [stderr]   Downloaded with_builtin_macros-proc_macros v0.0.3
[INFO] [stderr]   Downloaded safer-ffi-gen v0.9.2
[INFO] [stderr]   Downloaded futures-test v0.3.30
[INFO] [stderr]   Downloaded ext-trait v1.0.1
[INFO] [stderr]   Downloaded unwind_safe v0.1.0
[INFO] [stderr]   Downloaded mls-rs-crypto-traits v0.7.0
[INFO] [stderr]   Downloaded safer-ffi-gen-macro v0.9.2
[INFO] [stderr]   Downloaded mls-rs-codec v0.4.0
[INFO] [stderr]   Downloaded mls-rs-identity-x509 v0.8.0
[INFO] running `Command { std: "docker" "create" "-v" "/var/lib/crater-agent-workspace/builds/worker-7-tc1/target:/opt/rustwide/target:rw,Z" "-v" "/var/lib/crater-agent-workspace/builds/worker-7-tc1/source:/opt/rustwide/workdir:ro,Z" "-v" "/var/lib/crater-agent-workspace/cargo-home:/opt/rustwide/cargo-home:ro,Z" "-v" "/var/lib/crater-agent-workspace/rustup-home:/opt/rustwide/rustup-home:ro,Z" "-e" "SOURCE_DIR=/opt/rustwide/workdir" "-e" "CARGO_TARGET_DIR=/opt/rustwide/target" "-e" "CARGO_HOME=/opt/rustwide/cargo-home" "-e" "RUSTUP_HOME=/opt/rustwide/rustup-home" "-w" "/opt/rustwide/workdir" "-m" "1610612736" "--user" "0:0" "--network" "none" "ghcr.io/rust-lang/crates-build-env/linux@sha256:2788e3201cd34a07e3172128adcd8b3090168a8e3bcc40d7c032b9dda1df7d1c" "/opt/rustwide/cargo-home/bin/cargo" "+1.75.0" "metadata" "--no-deps" "--format-version=1", kill_on_drop: false }`
[INFO] [stdout] 02b3af375a0db0240ed59e0a3a17ae4bcc438f5f71833ff3abe1b210c06b3fff
[INFO] running `Command { std: "docker" "start" "-a" "02b3af375a0db0240ed59e0a3a17ae4bcc438f5f71833ff3abe1b210c06b3fff", kill_on_drop: false }`
[INFO] running `Command { std: "docker" "inspect" "02b3af375a0db0240ed59e0a3a17ae4bcc438f5f71833ff3abe1b210c06b3fff", kill_on_drop: false }`
[INFO] running `Command { std: "docker" "rm" "-f" "02b3af375a0db0240ed59e0a3a17ae4bcc438f5f71833ff3abe1b210c06b3fff", kill_on_drop: false }`
[INFO] [stdout] 02b3af375a0db0240ed59e0a3a17ae4bcc438f5f71833ff3abe1b210c06b3fff
[INFO] running `Command { std: "docker" "create" "-v" "/var/lib/crater-agent-workspace/builds/worker-7-tc1/target:/opt/rustwide/target:rw,Z" "-v" "/var/lib/crater-agent-workspace/builds/worker-7-tc1/source:/opt/rustwide/workdir:ro,Z" "-v" "/var/lib/crater-agent-workspace/cargo-home:/opt/rustwide/cargo-home:ro,Z" "-v" "/var/lib/crater-agent-workspace/rustup-home:/opt/rustwide/rustup-home:ro,Z" "-e" "SOURCE_DIR=/opt/rustwide/workdir" "-e" "CARGO_TARGET_DIR=/opt/rustwide/target" "-e" "CARGO_INCREMENTAL=0" "-e" "RUST_BACKTRACE=full" "-e" "RUSTFLAGS=--cap-lints=warn" "-e" "RUSTDOCFLAGS=--cap-lints=warn" "-e" "CARGO_HOME=/opt/rustwide/cargo-home" "-e" "RUSTUP_HOME=/opt/rustwide/rustup-home" "-w" "/opt/rustwide/workdir" "-m" "1610612736" "--user" "0:0" "--network" "none" "ghcr.io/rust-lang/crates-build-env/linux@sha256:2788e3201cd34a07e3172128adcd8b3090168a8e3bcc40d7c032b9dda1df7d1c" "/opt/rustwide/cargo-home/bin/cargo" "+1.75.0" "build" "--frozen" "--message-format=json", kill_on_drop: false }`
[INFO] [stdout] fd43a34d8a5d9219c8ab116a7b346ea8438d9bcc879468785cab23f29796855f
[INFO] running `Command { std: "docker" "start" "-a" "fd43a34d8a5d9219c8ab116a7b346ea8438d9bcc879468785cab23f29796855f", kill_on_drop: false }`
[INFO] [stderr]    Compiling hashbrown v0.14.3
[INFO] [stderr]    Compiling strsim v0.10.0
[INFO] [stderr]    Compiling fnv v1.0.7
[INFO] [stderr]    Compiling equivalent v1.0.1
[INFO] [stderr]    Compiling winnow v0.5.32
[INFO] [stderr]    Compiling toml_datetime v0.6.3
[INFO] [stderr]    Compiling thiserror v1.0.56
[INFO] [stderr]    Compiling syn v1.0.109
[INFO] [stderr]    Compiling async-trait v0.1.77
[INFO] [stderr]    Compiling dunce v1.0.4
[INFO] [stderr]    Compiling fs_extra v1.3.0
[INFO] [stderr]    Compiling paste v1.0.14
[INFO] [stderr]    Compiling libc v0.2.151
[INFO] [stderr]    Compiling base64 v0.21.5
[INFO] [stderr]    Compiling syn v2.0.48
[INFO] [stderr]    Compiling aws-lc-rs v1.5.2
[INFO] [stderr]    Compiling mirai-annotations v1.12.0
[INFO] [stderr]    Compiling indexmap v2.1.0
[INFO] [stderr]    Compiling cc v1.0.83
[INFO] [stderr]    Compiling cmake v0.1.50
[INFO] [stderr]    Compiling aws-lc-sys v0.12.1
[INFO] [stderr]    Compiling toml_edit v0.20.2
[INFO] [stderr]    Compiling proc-macro-crate v2.0.1
[INFO] [stderr]    Compiling darling_core v0.20.3
[INFO] [stderr]    Compiling maybe-async v0.2.7
[INFO] [stderr]    Compiling zeroize_derive v1.4.2
[INFO] [stderr]    Compiling thiserror-impl v1.0.56
[INFO] [stderr]    Compiling num_enum_derive v0.7.1
[INFO] [stderr]    Compiling enum-iterator-derive v1.2.1
[INFO] [stderr]    Compiling zeroize v1.7.0
[INFO] [stderr]    Compiling darling_macro v0.20.3
[INFO] [stderr]    Compiling enum-iterator v1.4.1
[INFO] [stderr]    Compiling num_enum v0.7.1
[INFO] [stderr]    Compiling darling v0.20.3
[INFO] [stderr]    Compiling mls-rs-codec-derive v0.1.0
[INFO] [stderr]    Compiling mls-rs-codec v0.4.0
[INFO] [stderr]    Compiling mls-rs-core v0.15.0
[INFO] [stderr]    Compiling mls-rs-crypto-traits v0.7.0
[INFO] [stderr]    Compiling mls-rs-identity-x509 v0.8.0
[INFO] [stderr]    Compiling mls-rs-crypto-hpke v0.6.0
[INFO] [stderr]    Compiling mls-rs-crypto-awslc v0.7.0 (/opt/rustwide/workdir)
[INFO] [stderr]     Finished dev [unoptimized + debuginfo] target(s) in 10.97s
[INFO] running `Command { std: "docker" "inspect" "fd43a34d8a5d9219c8ab116a7b346ea8438d9bcc879468785cab23f29796855f", kill_on_drop: false }`
[INFO] running `Command { std: "docker" "rm" "-f" "fd43a34d8a5d9219c8ab116a7b346ea8438d9bcc879468785cab23f29796855f", kill_on_drop: false }`
[INFO] [stdout] fd43a34d8a5d9219c8ab116a7b346ea8438d9bcc879468785cab23f29796855f
[INFO] running `Command { std: "docker" "create" "-v" "/var/lib/crater-agent-workspace/builds/worker-7-tc1/target:/opt/rustwide/target:rw,Z" "-v" "/var/lib/crater-agent-workspace/builds/worker-7-tc1/source:/opt/rustwide/workdir:ro,Z" "-v" "/var/lib/crater-agent-workspace/cargo-home:/opt/rustwide/cargo-home:ro,Z" "-v" "/var/lib/crater-agent-workspace/rustup-home:/opt/rustwide/rustup-home:ro,Z" "-e" "SOURCE_DIR=/opt/rustwide/workdir" "-e" "CARGO_TARGET_DIR=/opt/rustwide/target" "-e" "CARGO_INCREMENTAL=0" "-e" "RUST_BACKTRACE=full" "-e" "RUSTFLAGS=--cap-lints=warn" "-e" "RUSTDOCFLAGS=--cap-lints=warn" "-e" "CARGO_HOME=/opt/rustwide/cargo-home" "-e" "RUSTUP_HOME=/opt/rustwide/rustup-home" "-w" "/opt/rustwide/workdir" "-m" "1610612736" "--user" "0:0" "--network" "none" "ghcr.io/rust-lang/crates-build-env/linux@sha256:2788e3201cd34a07e3172128adcd8b3090168a8e3bcc40d7c032b9dda1df7d1c" "/opt/rustwide/cargo-home/bin/cargo" "+1.75.0" "test" "--frozen" "--no-run" "--message-format=json", kill_on_drop: false }`
[INFO] [stdout] ae87182ebb0325ac2abe5208c426a2d54c05f8248b67a22b24526254d754be96
[INFO] running `Command { std: "docker" "start" "-a" "ae87182ebb0325ac2abe5208c426a2d54c05f8248b67a22b24526254d754be96", kill_on_drop: false }`
[INFO] [stderr]    Compiling serde v1.0.194
[INFO] [stderr]    Compiling serde_json v1.0.111
[INFO] [stderr]    Compiling itoa v1.0.10
[INFO] [stderr]    Compiling ryu v1.0.16
[INFO] [stderr]    Compiling slab v0.4.9
[INFO] [stderr]    Compiling pin-project-lite v0.2.13
[INFO] [stderr]    Compiling futures-core v0.3.30
[INFO] [stderr]    Compiling memchr v2.7.1
[INFO] [stderr]    Compiling serde_derive v1.0.194
[INFO] [stderr]    Compiling futures-task v0.3.30
[INFO] [stderr]    Compiling futures-io v0.3.30
[INFO] [stderr]    Compiling pin-project-internal v1.1.3
[INFO] [stderr]    Compiling futures-macro v0.3.30
[INFO] [stderr]    Compiling futures-sink v0.3.30
[INFO] [stderr]    Compiling assert_matches v1.5.0
[INFO] [stderr]    Compiling futures-util v0.3.30
[INFO] [stderr]    Compiling pin-project v1.1.3
[INFO] [stderr]    Compiling futures-executor v0.3.30
[INFO] [stderr]    Compiling futures-test v0.3.30
[INFO] [stderr]    Compiling hex v0.4.3
[INFO] [stderr]    Compiling mls-rs-core v0.15.0
[INFO] [stderr]    Compiling mls-rs-crypto-traits v0.7.0
[INFO] [stderr]    Compiling mls-rs-identity-x509 v0.8.0
[INFO] [stderr]    Compiling mls-rs-crypto-hpke v0.6.0
[INFO] [stderr]    Compiling mls-rs-crypto-awslc v0.7.0 (/opt/rustwide/workdir)
[INFO] [stderr]     Finished test [unoptimized + debuginfo] target(s) in 7.23s
[INFO] running `Command { std: "docker" "inspect" "ae87182ebb0325ac2abe5208c426a2d54c05f8248b67a22b24526254d754be96", kill_on_drop: false }`
[INFO] running `Command { std: "docker" "rm" "-f" "ae87182ebb0325ac2abe5208c426a2d54c05f8248b67a22b24526254d754be96", kill_on_drop: false }`
[INFO] [stdout] ae87182ebb0325ac2abe5208c426a2d54c05f8248b67a22b24526254d754be96
[INFO] running `Command { std: "docker" "create" "-v" "/var/lib/crater-agent-workspace/builds/worker-7-tc1/target:/opt/rustwide/target:rw,Z" "-v" "/var/lib/crater-agent-workspace/builds/worker-7-tc1/source:/opt/rustwide/workdir:ro,Z" "-v" "/var/lib/crater-agent-workspace/cargo-home:/opt/rustwide/cargo-home:ro,Z" "-v" "/var/lib/crater-agent-workspace/rustup-home:/opt/rustwide/rustup-home:ro,Z" "-e" "SOURCE_DIR=/opt/rustwide/workdir" "-e" "CARGO_TARGET_DIR=/opt/rustwide/target" "-e" "CARGO_INCREMENTAL=0" "-e" "RUST_BACKTRACE=full" "-e" "RUSTFLAGS=--cap-lints=warn" "-e" "RUSTDOCFLAGS=--cap-lints=warn" "-e" "CARGO_HOME=/opt/rustwide/cargo-home" "-e" "RUSTUP_HOME=/opt/rustwide/rustup-home" "-w" "/opt/rustwide/workdir" "-m" "1610612736" "--user" "0:0" "--network" "none" "ghcr.io/rust-lang/crates-build-env/linux@sha256:2788e3201cd34a07e3172128adcd8b3090168a8e3bcc40d7c032b9dda1df7d1c" "/opt/rustwide/cargo-home/bin/cargo" "+1.75.0" "test" "--frozen", kill_on_drop: false }`
[INFO] [stdout] a0f438b74f38fd2da1740c9d949bf9e4a2f206176b86f6faa0c79c0785875657
[INFO] running `Command { std: "docker" "start" "-a" "a0f438b74f38fd2da1740c9d949bf9e4a2f206176b86f6faa0c79c0785875657", kill_on_drop: false }`
[INFO] [stderr]     Finished test [unoptimized + debuginfo] target(s) in 0.06s
[INFO] [stderr]      Running unittests src/lib.rs (/opt/rustwide/target/debug/deps/mls_rs_crypto_awslc-bd4863f560e49553)
[INFO] [stdout] 
[INFO] [stdout] running 15 tests
[INFO] [stdout] test x509::parser::tests::subject_parser_bytes ... ok
[INFO] [stdout] test x509::parser::tests::subject_alt_names ... ok
[INFO] [stdout] test x509::parser::tests::subject_alt_names_ip ... ok
[INFO] [stdout] test x509::parser::tests::subject_parser_components ... ok
[INFO] [stdout] test x509::validator::tests::will_fail_on_empty_chain ... ok
[INFO] [stdout] test x509::parser::tests::will_return_public_key_of_leaf ... ok
[INFO] [stdout] test x509::validator::tests::can_detect_expired_certs ... ok
[INFO] [stdout] test x509::validator::tests::will_fail_on_invalid_ca ... ok
[INFO] [stdout] test x509::validator::tests::will_fail_on_invalid_chain ... ok
[INFO] [stdout] test x509::validator::tests::can_validate_cert_chain ... ok
[INFO] [stdout] test x509::writer::tests::test_csr_nist ... ok
[INFO] [stdout] test x509::certificate::tests::build_certificate ... ok
[INFO] [stdout] test x509::writer::tests::writing_ca_csr ... ok
[INFO] [stdout] test x509::writer::tests::writing_csr ... ok
[INFO] [stdout] test mls_core_tests ... FAILED
[INFO] [stdout] 
[INFO] [stdout] failures:
[INFO] [stdout] 
[INFO] [stdout] ---- mls_core_tests stdout ----
[INFO] [stdout] thread 'mls_core_tests' panicked at /opt/rustwide/cargo-home/registry/src/index.crates.io-6f17d22bba15001f/mls-rs-core-0.15.0/src/crypto/test_suite.rs:91:53:
[INFO] [stdout] called `Result::unwrap()` on an `Err` value: Os { code: 2, kind: NotFound, message: "No such file or directory" }
[INFO] [stdout] stack backtrace:
[INFO] [stdout]    0:     0x557c17a73b3c - std::backtrace_rs::backtrace::libunwind::trace::ha637c64ce894333a
[INFO] [stdout]                                at /rustc/82e1608dfa6e0b5569232559e3d385fea5a93112/library/std/src/../../backtrace/src/backtrace/libunwind.rs:104:5
[INFO] [stdout]    1:     0x557c17a73b3c - std::backtrace_rs::backtrace::trace_unsynchronized::h47f62dea28e0c88d
[INFO] [stdout]                                at /rustc/82e1608dfa6e0b5569232559e3d385fea5a93112/library/std/src/../../backtrace/src/backtrace/mod.rs:66:5
[INFO] [stdout]    2:     0x557c17a73b3c - std::sys_common::backtrace::_print_fmt::h9eef0abe20ede486
[INFO] [stdout]                                at /rustc/82e1608dfa6e0b5569232559e3d385fea5a93112/library/std/src/sys_common/backtrace.rs:67:5
[INFO] [stdout]    3:     0x557c17a73b3c - <std::sys_common::backtrace::_print::DisplayBacktrace as core::fmt::Display>::fmt::hed7f999df88cc644
[INFO] [stdout]                                at /rustc/82e1608dfa6e0b5569232559e3d385fea5a93112/library/std/src/sys_common/backtrace.rs:44:22
[INFO] [stdout]    4:     0x557c17a9f350 - core::fmt::rt::Argument::fmt::h1539a9308b8d058d
[INFO] [stdout]                                at /rustc/82e1608dfa6e0b5569232559e3d385fea5a93112/library/core/src/fmt/rt.rs:142:9
[INFO] [stdout]    5:     0x557c17a9f350 - core::fmt::write::h3a39390d8560d9c9
[INFO] [stdout]                                at /rustc/82e1608dfa6e0b5569232559e3d385fea5a93112/library/core/src/fmt/mod.rs:1120:17
[INFO] [stdout]    6:     0x557c17a714ef - std::io::Write::write_fmt::h040b369f3a0f9cbc
[INFO] [stdout]                                at /rustc/82e1608dfa6e0b5569232559e3d385fea5a93112/library/std/src/io/mod.rs:1762:15
[INFO] [stdout]    7:     0x557c17a73924 - std::sys_common::backtrace::_print::h894006fb5c6f3d45
[INFO] [stdout]                                at /rustc/82e1608dfa6e0b5569232559e3d385fea5a93112/library/std/src/sys_common/backtrace.rs:47:5
[INFO] [stdout]    8:     0x557c17a73924 - std::sys_common::backtrace::print::h23a2d212c6fff936
[INFO] [stdout]                                at /rustc/82e1608dfa6e0b5569232559e3d385fea5a93112/library/std/src/sys_common/backtrace.rs:34:9
[INFO] [stdout]    9:     0x557c17a755e7 - std::panicking::default_hook::{{closure}}::h8a1d2ee00185001a
[INFO] [stdout]   10:     0x557c17a752d3 - std::panicking::default_hook::h6038f2eba384e475
[INFO] [stdout]                                at /rustc/82e1608dfa6e0b5569232559e3d385fea5a93112/library/std/src/panicking.rs:289:9
[INFO] [stdout]   11:     0x557c178609b7 - <alloc::boxed::Box<F,A> as core::ops::function::Fn<Args>>::call::h0ad024c9bdc6d768
[INFO] [stdout]                                at /rustc/82e1608dfa6e0b5569232559e3d385fea5a93112/library/alloc/src/boxed.rs:2021:9
[INFO] [stdout]   12:     0x557c178609b7 - test::test_main::{{closure}}::h7500b54257359db6
[INFO] [stdout]                                at /rustc/82e1608dfa6e0b5569232559e3d385fea5a93112/library/test/src/lib.rs:138:21
[INFO] [stdout]   13:     0x557c17a75bf8 - <alloc::boxed::Box<F,A> as core::ops::function::Fn<Args>>::call::h1f8f335eaa9cfaee
[INFO] [stdout]                                at /rustc/82e1608dfa6e0b5569232559e3d385fea5a93112/library/alloc/src/boxed.rs:2021:9
[INFO] [stdout]   14:     0x557c17a75bf8 - std::panicking::rust_panic_with_hook::h2b5517d590cab22e
[INFO] [stdout]                                at /rustc/82e1608dfa6e0b5569232559e3d385fea5a93112/library/std/src/panicking.rs:783:13
[INFO] [stdout]   15:     0x557c17a7594e - std::panicking::begin_panic_handler::{{closure}}::h233112c06e0ef43e
[INFO] [stdout]                                at /rustc/82e1608dfa6e0b5569232559e3d385fea5a93112/library/std/src/panicking.rs:657:13
[INFO] [stdout]   16:     0x557c17a74006 - std::sys_common::backtrace::__rust_end_short_backtrace::h6e893f24d7ebbff8
[INFO] [stdout]                                at /rustc/82e1608dfa6e0b5569232559e3d385fea5a93112/library/std/src/sys_common/backtrace.rs:170:18
[INFO] [stdout]   17:     0x557c17a756b2 - rust_begin_unwind
[INFO] [stdout]                                at /rustc/82e1608dfa6e0b5569232559e3d385fea5a93112/library/std/src/panicking.rs:645:5
[INFO] [stdout]   18:     0x557c177a4f45 - core::panicking::panic_fmt::hbf0e066aabfa482c
[INFO] [stdout]                                at /rustc/82e1608dfa6e0b5569232559e3d385fea5a93112/library/core/src/panicking.rs:72:14
[INFO] [stdout]   19:     0x557c177a54d3 - core::result::unwrap_failed::hddb4fea594200c52
[INFO] [stdout]                                at /rustc/82e1608dfa6e0b5569232559e3d385fea5a93112/library/core/src/result.rs:1653:5
[INFO] [stdout]   20:     0x557c1789158c - core::result::Result<T,E>::unwrap::hf32aabbb5fe5cde1
[INFO] [stdout]                                at /rustc/82e1608dfa6e0b5569232559e3d385fea5a93112/library/core/src/result.rs:1077:23
[INFO] [stdout]   21:     0x557c177c0c5d - mls_rs_core::crypto::test_suite::verify_tests::h15900a8e84d9f75f
[INFO] [stdout]                                at /opt/rustwide/cargo-home/registry/src/index.crates.io-6f17d22bba15001f/mls-rs-core-0.15.0/src/crypto/test_suite.rs:91:33
[INFO] [stdout]   22:     0x557c178023b8 - mls_rs_crypto_awslc::mls_core_tests::hda73d9cc9e6e783a
[INFO] [stdout]                                at /opt/rustwide/workdir/src/lib.rs:363:5
[INFO] [stdout]   23:     0x557c17802387 - mls_rs_crypto_awslc::mls_core_tests::{{closure}}::h4b72202da1d9fd78
[INFO] [stdout]                                at /opt/rustwide/workdir/src/lib.rs:362:20
[INFO] [stdout]   24:     0x557c177f5006 - core::ops::function::FnOnce::call_once::hfad19c7250a6cfcb
[INFO] [stdout]                                at /rustc/82e1608dfa6e0b5569232559e3d385fea5a93112/library/core/src/ops/function.rs:250:5
[INFO] [stdout]   25:     0x557c1786600f - core::ops::function::FnOnce::call_once::h2b5d431d5046312d
[INFO] [stdout]                                at /rustc/82e1608dfa6e0b5569232559e3d385fea5a93112/library/core/src/ops/function.rs:250:5
[INFO] [stdout]   26:     0x557c1786600f - test::__rust_begin_short_backtrace::h7714669af176e207
[INFO] [stdout]                                at /rustc/82e1608dfa6e0b5569232559e3d385fea5a93112/library/test/src/lib.rs:628:18
[INFO] [stdout]   27:     0x557c17865025 - test::run_test_in_process::{{closure}}::h85218797dcbcec12
[INFO] [stdout]                                at /rustc/82e1608dfa6e0b5569232559e3d385fea5a93112/library/test/src/lib.rs:651:60
[INFO] [stdout]   28:     0x557c17865025 - <core::panic::unwind_safe::AssertUnwindSafe<F> as core::ops::function::FnOnce<()>>::call_once::h76c106ea31c14d7b
[INFO] [stdout]                                at /rustc/82e1608dfa6e0b5569232559e3d385fea5a93112/library/core/src/panic/unwind_safe.rs:272:9
[INFO] [stdout]   29:     0x557c17865025 - std::panicking::try::do_call::h3bd5d0f6620ee946
[INFO] [stdout]                                at /rustc/82e1608dfa6e0b5569232559e3d385fea5a93112/library/std/src/panicking.rs:552:40
[INFO] [stdout]   30:     0x557c17865025 - std::panicking::try::h232e535e4744fe31
[INFO] [stdout]                                at /rustc/82e1608dfa6e0b5569232559e3d385fea5a93112/library/std/src/panicking.rs:516:19
[INFO] [stdout]   31:     0x557c17865025 - std::panic::catch_unwind::h3ce3bd6ca8dbac68
[INFO] [stdout]                                at /rustc/82e1608dfa6e0b5569232559e3d385fea5a93112/library/std/src/panic.rs:142:14
[INFO] [stdout]   32:     0x557c17865025 - test::run_test_in_process::hc97b257c9621286a
[INFO] [stdout]                                at /rustc/82e1608dfa6e0b5569232559e3d385fea5a93112/library/test/src/lib.rs:651:27
[INFO] [stdout]   33:     0x557c17865025 - test::run_test::{{closure}}::h2aa798823a438d38
[INFO] [stdout]                                at /rustc/82e1608dfa6e0b5569232559e3d385fea5a93112/library/test/src/lib.rs:574:43
[INFO] [stdout]   34:     0x557c1782d2e6 - test::run_test::{{closure}}::h87d231c78fb59832
[INFO] [stdout]                                at /rustc/82e1608dfa6e0b5569232559e3d385fea5a93112/library/test/src/lib.rs:602:41
[INFO] [stdout]   35:     0x557c1782d2e6 - std::sys_common::backtrace::__rust_begin_short_backtrace::he6df152596625789
[INFO] [stdout]                                at /rustc/82e1608dfa6e0b5569232559e3d385fea5a93112/library/std/src/sys_common/backtrace.rs:154:18
[INFO] [stdout]   36:     0x557c17832397 - std::thread::Builder::spawn_unchecked_::{{closure}}::{{closure}}::ha94be15d1e0acf36
[INFO] [stdout]                                at /rustc/82e1608dfa6e0b5569232559e3d385fea5a93112/library/std/src/thread/mod.rs:529:17
[INFO] [stdout]   37:     0x557c17832397 - <core::panic::unwind_safe::AssertUnwindSafe<F> as core::ops::function::FnOnce<()>>::call_once::h9dc6bd6372f16606
[INFO] [stdout]                                at /rustc/82e1608dfa6e0b5569232559e3d385fea5a93112/library/core/src/panic/unwind_safe.rs:272:9
[INFO] [stdout]   38:     0x557c17832397 - std::panicking::try::do_call::h9057517f80303cd4
[INFO] [stdout]                                at /rustc/82e1608dfa6e0b5569232559e3d385fea5a93112/library/std/src/panicking.rs:552:40
[INFO] [stdout]   39:     0x557c17832397 - std::panicking::try::he3a30b11ee45340c
[INFO] [stdout]                                at /rustc/82e1608dfa6e0b5569232559e3d385fea5a93112/library/std/src/panicking.rs:516:19
[INFO] [stdout]   40:     0x557c17832397 - std::panic::catch_unwind::h410458cfd3528b8b
[INFO] [stdout]                                at /rustc/82e1608dfa6e0b5569232559e3d385fea5a93112/library/std/src/panic.rs:142:14
[INFO] [stdout]   41:     0x557c17832397 - std::thread::Builder::spawn_unchecked_::{{closure}}::h72ac3bdb567b737b
[INFO] [stdout]                                at /rustc/82e1608dfa6e0b5569232559e3d385fea5a93112/library/std/src/thread/mod.rs:528:30
[INFO] [stdout]   42:     0x557c17832397 - core::ops::function::FnOnce::call_once{{vtable.shim}}::h38f34da3654a8344
[INFO] [stdout]                                at /rustc/82e1608dfa6e0b5569232559e3d385fea5a93112/library/core/src/ops/function.rs:250:5
[INFO] [stdout]   43:     0x557c17a7a685 - <alloc::boxed::Box<F,A> as core::ops::function::FnOnce<Args>>::call_once::hc7eafaff61e32df9
[INFO] [stdout]                                at /rustc/82e1608dfa6e0b5569232559e3d385fea5a93112/library/alloc/src/boxed.rs:2007:9
[INFO] [stdout]   44:     0x557c17a7a685 - <alloc::boxed::Box<F,A> as core::ops::function::FnOnce<Args>>::call_once::h6ba4a5de48dd2304
[INFO] [stdout]                                at /rustc/82e1608dfa6e0b5569232559e3d385fea5a93112/library/alloc/src/boxed.rs:2007:9
[INFO] [stdout]   45:     0x557c17a7a685 - std::sys::unix::thread::Thread::new::thread_start::he469335aef763e45
[INFO] [stdout]                                at /rustc/82e1608dfa6e0b5569232559e3d385fea5a93112/library/std/src/sys/unix/thread.rs:108:17
[INFO] [stdout]   46:     0x7f8245472ac3 - <unknown>
[INFO] [stdout]   47:     0x7f8245503bf4 - __clone
[INFO] [stdout]   48:                0x0 - <unknown>
[INFO] [stdout] 
[INFO] [stdout] 
[INFO] [stdout] failures:
[INFO] [stdout]     mls_core_tests
[INFO] [stdout] 
[INFO] [stdout] test result: FAILED. 14 passed; 1 failed; 0 ignored; 0 measured; 0 filtered out; finished in 0.02s
[INFO] [stdout] 
[INFO] [stderr] error: test failed, to rerun pass `--lib`
[INFO] running `Command { std: "docker" "inspect" "a0f438b74f38fd2da1740c9d949bf9e4a2f206176b86f6faa0c79c0785875657", kill_on_drop: false }`
[INFO] running `Command { std: "docker" "rm" "-f" "a0f438b74f38fd2da1740c9d949bf9e4a2f206176b86f6faa0c79c0785875657", kill_on_drop: false }`
[INFO] [stdout] a0f438b74f38fd2da1740c9d949bf9e4a2f206176b86f6faa0c79c0785875657
