[INFO] fetching crate mit 0.1.8...
[INFO] testing mit-0.1.8 against 1.75.0 for beta-1.76-1
[INFO] extracting crate mit 0.1.8 into /workspace/builds/worker-1-tc1/source
[INFO] validating manifest of crates.io crate mit 0.1.8 on toolchain 1.75.0
[INFO] running `Command { std: CARGO_HOME="/workspace/cargo-home" RUSTUP_HOME="/workspace/rustup-home" "/workspace/cargo-home/bin/cargo" "+1.75.0" "metadata" "--manifest-path" "Cargo.toml" "--no-deps", kill_on_drop: false }`
[INFO] started tweaking crates.io crate mit 0.1.8
[INFO] finished tweaking crates.io crate mit 0.1.8
[INFO] tweaked toml for crates.io crate mit 0.1.8 written to /workspace/builds/worker-1-tc1/source/Cargo.toml
[INFO] crate crates.io crate mit 0.1.8 already has a lockfile, it will not be regenerated
[INFO] running `Command { std: CARGO_HOME="/workspace/cargo-home" RUSTUP_HOME="/workspace/rustup-home" "/workspace/cargo-home/bin/cargo" "+1.75.0" "fetch" "--manifest-path" "Cargo.toml", kill_on_drop: false }`
[INFO] [stderr]  Downloading crates ...
[INFO] [stderr]   Downloaded pest v2.7.0
[INFO] [stderr]   Downloaded pest_meta v2.7.0
[INFO] [stderr]   Downloaded pest_generator v2.7.0
[INFO] [stderr]   Downloaded pest_derive v2.7.0
[INFO] [stderr]   Downloaded cpufeatures v0.2.8
[INFO] [stderr]   Downloaded handlebars v4.3.7
[INFO] running `Command { std: "docker" "create" "-v" "/var/lib/crater-agent-workspace/builds/worker-1-tc1/target:/opt/rustwide/target:rw,Z" "-v" "/var/lib/crater-agent-workspace/builds/worker-1-tc1/source:/opt/rustwide/workdir:ro,Z" "-v" "/var/lib/crater-agent-workspace/cargo-home:/opt/rustwide/cargo-home:ro,Z" "-v" "/var/lib/crater-agent-workspace/rustup-home:/opt/rustwide/rustup-home:ro,Z" "-e" "SOURCE_DIR=/opt/rustwide/workdir" "-e" "CARGO_TARGET_DIR=/opt/rustwide/target" "-e" "CARGO_HOME=/opt/rustwide/cargo-home" "-e" "RUSTUP_HOME=/opt/rustwide/rustup-home" "-w" "/opt/rustwide/workdir" "-m" "1610612736" "--user" "0:0" "--network" "none" "ghcr.io/rust-lang/crates-build-env/linux@sha256:2788e3201cd34a07e3172128adcd8b3090168a8e3bcc40d7c032b9dda1df7d1c" "/opt/rustwide/cargo-home/bin/cargo" "+1.75.0" "metadata" "--no-deps" "--format-version=1", kill_on_drop: false }`
[INFO] [stdout] 52581b10cb3d4488d2c4cfe83cf1da794e0a8814d20290be4036efcead742f30
[INFO] running `Command { std: "docker" "start" "-a" "52581b10cb3d4488d2c4cfe83cf1da794e0a8814d20290be4036efcead742f30", kill_on_drop: false }`
[INFO] running `Command { std: "docker" "inspect" "52581b10cb3d4488d2c4cfe83cf1da794e0a8814d20290be4036efcead742f30", kill_on_drop: false }`
[INFO] running `Command { std: "docker" "rm" "-f" "52581b10cb3d4488d2c4cfe83cf1da794e0a8814d20290be4036efcead742f30", kill_on_drop: false }`
[INFO] [stdout] 52581b10cb3d4488d2c4cfe83cf1da794e0a8814d20290be4036efcead742f30
[INFO] running `Command { std: "docker" "create" "-v" "/var/lib/crater-agent-workspace/builds/worker-1-tc1/target:/opt/rustwide/target:rw,Z" "-v" "/var/lib/crater-agent-workspace/builds/worker-1-tc1/source:/opt/rustwide/workdir:ro,Z" "-v" "/var/lib/crater-agent-workspace/cargo-home:/opt/rustwide/cargo-home:ro,Z" "-v" "/var/lib/crater-agent-workspace/rustup-home:/opt/rustwide/rustup-home:ro,Z" "-e" "SOURCE_DIR=/opt/rustwide/workdir" "-e" "CARGO_TARGET_DIR=/opt/rustwide/target" "-e" "CARGO_INCREMENTAL=0" "-e" "RUST_BACKTRACE=full" "-e" "RUSTFLAGS=--cap-lints=warn" "-e" "RUSTDOCFLAGS=--cap-lints=warn" "-e" "CARGO_HOME=/opt/rustwide/cargo-home" "-e" "RUSTUP_HOME=/opt/rustwide/rustup-home" "-w" "/opt/rustwide/workdir" "-m" "1610612736" "--user" "0:0" "--network" "none" "ghcr.io/rust-lang/crates-build-env/linux@sha256:2788e3201cd34a07e3172128adcd8b3090168a8e3bcc40d7c032b9dda1df7d1c" "/opt/rustwide/cargo-home/bin/cargo" "+1.75.0" "build" "--frozen" "--message-format=json", kill_on_drop: false }`
[INFO] [stdout] d82da57c085c8fff2c63dab32b1d2790ba10dbe86e3b27b2b7f53b0684834aa4
[INFO] running `Command { std: "docker" "start" "-a" "d82da57c085c8fff2c63dab32b1d2790ba10dbe86e3b27b2b7f53b0684834aa4", kill_on_drop: false }`
[INFO] [stderr]    Compiling proc-macro2 v1.0.63
[INFO] [stderr]    Compiling unicode-ident v1.0.9
[INFO] [stderr]    Compiling quote v1.0.28
[INFO] [stderr]    Compiling libc v0.2.147
[INFO] [stderr]    Compiling thiserror v1.0.40
[INFO] [stderr]    Compiling io-lifetimes v1.0.11
[INFO] [stderr]    Compiling rustix v0.37.20
[INFO] [stderr]    Compiling linux-raw-sys v0.3.8
[INFO] [stderr]    Compiling once_cell v1.18.0
[INFO] [stderr]    Compiling ucd-trie v0.1.5
[INFO] [stderr]    Compiling utf8parse v0.2.1
[INFO] [stderr]    Compiling serde v1.0.164
[INFO] [stderr]    Compiling anstyle-parse v0.2.1
[INFO] [stderr]    Compiling colorchoice v1.0.0
[INFO] [stderr]    Compiling serde_json v1.0.99
[INFO] [stderr]    Compiling anstyle v1.0.1
[INFO] [stderr]    Compiling anstyle-query v1.0.0
[INFO] [stderr]    Compiling heck v0.4.1
[INFO] [stderr]    Compiling itoa v1.0.6
[INFO] [stderr]    Compiling ryu v1.0.13
[INFO] [stderr]    Compiling clap_lex v0.5.0
[INFO] [stderr]    Compiling log v0.4.19
[INFO] [stderr]    Compiling syn v2.0.22
[INFO] [stderr]    Compiling is-terminal v0.4.7
[INFO] [stderr]    Compiling anstream v0.3.2
[INFO] [stderr]    Compiling clap_builder v4.3.9
[INFO] [stderr]    Compiling thiserror-impl v1.0.40
[INFO] [stderr]    Compiling clap_derive v4.3.2
[INFO] [stderr]    Compiling pest v2.7.0
[INFO] [stderr]    Compiling clap v4.3.9
[INFO] [stderr]    Compiling pest_meta v2.7.0
[INFO] [stderr]    Compiling pest_generator v2.7.0
[INFO] [stderr]    Compiling pest_derive v2.7.0
[INFO] [stderr]    Compiling handlebars v4.3.7
[INFO] [stderr]    Compiling mit v0.1.8 (/opt/rustwide/workdir)
[INFO] [stderr]     Finished dev [unoptimized + debuginfo] target(s) in 19.97s
[INFO] running `Command { std: "docker" "inspect" "d82da57c085c8fff2c63dab32b1d2790ba10dbe86e3b27b2b7f53b0684834aa4", kill_on_drop: false }`
[INFO] running `Command { std: "docker" "rm" "-f" "d82da57c085c8fff2c63dab32b1d2790ba10dbe86e3b27b2b7f53b0684834aa4", kill_on_drop: false }`
[INFO] [stdout] d82da57c085c8fff2c63dab32b1d2790ba10dbe86e3b27b2b7f53b0684834aa4
[INFO] running `Command { std: "docker" "create" "-v" "/var/lib/crater-agent-workspace/builds/worker-1-tc1/target:/opt/rustwide/target:rw,Z" "-v" "/var/lib/crater-agent-workspace/builds/worker-1-tc1/source:/opt/rustwide/workdir:ro,Z" "-v" "/var/lib/crater-agent-workspace/cargo-home:/opt/rustwide/cargo-home:ro,Z" "-v" "/var/lib/crater-agent-workspace/rustup-home:/opt/rustwide/rustup-home:ro,Z" "-e" "SOURCE_DIR=/opt/rustwide/workdir" "-e" "CARGO_TARGET_DIR=/opt/rustwide/target" "-e" "CARGO_INCREMENTAL=0" "-e" "RUST_BACKTRACE=full" "-e" "RUSTFLAGS=--cap-lints=warn" "-e" "RUSTDOCFLAGS=--cap-lints=warn" "-e" "CARGO_HOME=/opt/rustwide/cargo-home" "-e" "RUSTUP_HOME=/opt/rustwide/rustup-home" "-w" "/opt/rustwide/workdir" "-m" "1610612736" "--user" "0:0" "--network" "none" "ghcr.io/rust-lang/crates-build-env/linux@sha256:2788e3201cd34a07e3172128adcd8b3090168a8e3bcc40d7c032b9dda1df7d1c" "/opt/rustwide/cargo-home/bin/cargo" "+1.75.0" "test" "--frozen" "--no-run" "--message-format=json", kill_on_drop: false }`
[INFO] [stdout] 518fee69e8a24a64360535fdab15c24aef7db84da73936682001a47a0b1bbe91
[INFO] running `Command { std: "docker" "start" "-a" "518fee69e8a24a64360535fdab15c24aef7db84da73936682001a47a0b1bbe91", kill_on_drop: false }`
[INFO] [stderr]    Compiling mit v0.1.8 (/opt/rustwide/workdir)
[INFO] [stderr]     Finished test [unoptimized + debuginfo] target(s) in 0.43s
[INFO] running `Command { std: "docker" "inspect" "518fee69e8a24a64360535fdab15c24aef7db84da73936682001a47a0b1bbe91", kill_on_drop: false }`
[INFO] running `Command { std: "docker" "rm" "-f" "518fee69e8a24a64360535fdab15c24aef7db84da73936682001a47a0b1bbe91", kill_on_drop: false }`
[INFO] [stdout] 518fee69e8a24a64360535fdab15c24aef7db84da73936682001a47a0b1bbe91
[INFO] running `Command { std: "docker" "create" "-v" "/var/lib/crater-agent-workspace/builds/worker-1-tc1/target:/opt/rustwide/target:rw,Z" "-v" "/var/lib/crater-agent-workspace/builds/worker-1-tc1/source:/opt/rustwide/workdir:ro,Z" "-v" "/var/lib/crater-agent-workspace/cargo-home:/opt/rustwide/cargo-home:ro,Z" "-v" "/var/lib/crater-agent-workspace/rustup-home:/opt/rustwide/rustup-home:ro,Z" "-e" "SOURCE_DIR=/opt/rustwide/workdir" "-e" "CARGO_TARGET_DIR=/opt/rustwide/target" "-e" "CARGO_INCREMENTAL=0" "-e" "RUST_BACKTRACE=full" "-e" "RUSTFLAGS=--cap-lints=warn" "-e" "RUSTDOCFLAGS=--cap-lints=warn" "-e" "CARGO_HOME=/opt/rustwide/cargo-home" "-e" "RUSTUP_HOME=/opt/rustwide/rustup-home" "-w" "/opt/rustwide/workdir" "-m" "1610612736" "--user" "0:0" "--network" "none" "ghcr.io/rust-lang/crates-build-env/linux@sha256:2788e3201cd34a07e3172128adcd8b3090168a8e3bcc40d7c032b9dda1df7d1c" "/opt/rustwide/cargo-home/bin/cargo" "+1.75.0" "test" "--frozen", kill_on_drop: false }`
[INFO] [stdout] 6f948460079096b9b5ecf086d01205b43ec9caa6f4127b41f9f4a977b4107ffe
[INFO] running `Command { std: "docker" "start" "-a" "6f948460079096b9b5ecf086d01205b43ec9caa6f4127b41f9f4a977b4107ffe", kill_on_drop: false }`
[INFO] [stderr]     Finished test [unoptimized + debuginfo] target(s) in 0.05s
[INFO] [stderr]      Running unittests lib.rs (/opt/rustwide/target/debug/deps/mit-b41c12eb3115cadb)
[INFO] [stdout] 
[INFO] [stdout] running 0 tests
[INFO] [stdout] 
[INFO] [stdout] test result: ok. 0 passed; 0 failed; 0 ignored; 0 measured; 0 filtered out; finished in 0.00s
[INFO] [stdout] 
[INFO] [stderr]      Running unittests main.rs (/opt/rustwide/target/debug/deps/mit-b976179ee20ae7e2)
[INFO] [stdout] 
[INFO] [stdout] running 0 tests
[INFO] [stdout] 
[INFO] [stdout] test result: ok. 0 passed; 0 failed; 0 ignored; 0 measured; 0 filtered out; finished in 0.00s
[INFO] [stdout] 
[INFO] [stderr]    Doc-tests mit
[INFO] [stdout] 
[INFO] [stdout] running 5 tests
[INFO] [stdout] test lib.rs - (line 34) ... FAILED
[INFO] [stdout] test lib.rs - (line 61) ... FAILED
[INFO] [stdout] test lib.rs - (line 26) ... FAILED
[INFO] [stdout] test lib.rs - (line 83) ... FAILED
[INFO] [stdout] test lib.rs - (line 10) ... FAILED
[INFO] [stdout] 
[INFO] [stdout] failures:
[INFO] [stdout] 
[INFO] [stdout] ---- lib.rs - (line 34) stdout ----
[INFO] [stdout] error: expected expression, found `$`
[INFO] [stdout]  --> lib.rs:36:1
[INFO] [stdout]   |
[INFO] [stdout] 5 | $ mit --author btwiuse
[INFO] [stdout]   | ^ expected expression
[INFO] [stdout] 
[INFO] [stdout] error: aborting due to previous error
[INFO] [stdout] 
[INFO] [stdout] Couldn't compile the test.
[INFO] [stdout] ---- lib.rs - (line 61) stdout ----
[INFO] [stdout] error: expected expression, found `$`
[INFO] [stdout]  --> lib.rs:63:1
[INFO] [stdout]   |
[INFO] [stdout] 5 | $ mit -0 --author btwiuse
[INFO] [stdout]   | ^ expected expression
[INFO] [stdout] 
[INFO] [stdout] error: aborting due to previous error
[INFO] [stdout] 
[INFO] [stdout] Couldn't compile the test.
[INFO] [stdout] ---- lib.rs - (line 26) stdout ----
[INFO] [stdout] error: expected expression, found `$`
[INFO] [stdout]  --> lib.rs:28:1
[INFO] [stdout]   |
[INFO] [stdout] 5 | $ cargo install mit
[INFO] [stdout]   | ^ expected expression
[INFO] [stdout] 
[INFO] [stdout] error: aborting due to previous error
[INFO] [stdout] 
[INFO] [stdout] Couldn't compile the test.
[INFO] [stdout] ---- lib.rs - (line 83) stdout ----
[INFO] [stdout] error: expected expression, found `$`
[INFO] [stdout]  --> lib.rs:85:1
[INFO] [stdout]   |
[INFO] [stdout] 5 | $ mit --author btwiuse > LICENSE
[INFO] [stdout]   | ^ expected expression
[INFO] [stdout] 
[INFO] [stdout] error: aborting due to previous error
[INFO] [stdout] 
[INFO] [stdout] Couldn't compile the test.
[INFO] [stdout] ---- lib.rs - (line 10) stdout ----
[INFO] [stdout] error: expected expression, found `$`
[INFO] [stdout]  --> lib.rs:12:1
[INFO] [stdout]   |
[INFO] [stdout] 5 | $ mit --help
[INFO] [stdout]   | ^ expected expression
[INFO] [stdout] 
[INFO] [stdout] error: aborting due to previous error
[INFO] [stdout] 
[INFO] [stdout] Couldn't compile the test.
[INFO] [stdout] 
[INFO] [stdout] failures:
[INFO] [stdout]     lib.rs - (line 10)
[INFO] [stdout]     lib.rs - (line 26)
[INFO] [stdout]     lib.rs - (line 34)
[INFO] [stdout]     lib.rs - (line 61)
[INFO] [stdout]     lib.rs - (line 83)
[INFO] [stdout] 
[INFO] [stdout] test result: FAILED. 0 passed; 5 failed; 0 ignored; 0 measured; 0 filtered out; finished in 0.12s
[INFO] [stdout] 
[INFO] [stderr] error: doctest failed, to rerun pass `--doc`
[INFO] running `Command { std: "docker" "inspect" "6f948460079096b9b5ecf086d01205b43ec9caa6f4127b41f9f4a977b4107ffe", kill_on_drop: false }`
[INFO] running `Command { std: "docker" "rm" "-f" "6f948460079096b9b5ecf086d01205b43ec9caa6f4127b41f9f4a977b4107ffe", kill_on_drop: false }`
[INFO] [stdout] 6f948460079096b9b5ecf086d01205b43ec9caa6f4127b41f9f4a977b4107ffe
