[INFO] fetching crate mit-commit 3.1.8...
[INFO] testing mit-commit-3.1.8 against 1.75.0 for beta-1.76-1
[INFO] extracting crate mit-commit 3.1.8 into /workspace/builds/worker-6-tc1/source
[INFO] validating manifest of crates.io crate mit-commit 3.1.8 on toolchain 1.75.0
[INFO] running `Command { std: CARGO_HOME="/workspace/cargo-home" RUSTUP_HOME="/workspace/rustup-home" "/workspace/cargo-home/bin/cargo" "+1.75.0" "metadata" "--manifest-path" "Cargo.toml" "--no-deps", kill_on_drop: false }`
[INFO] started tweaking crates.io crate mit-commit 3.1.8
[INFO] finished tweaking crates.io crate mit-commit 3.1.8
[INFO] tweaked toml for crates.io crate mit-commit 3.1.8 written to /workspace/builds/worker-6-tc1/source/Cargo.toml
[INFO] running `Command { std: CARGO_HOME="/workspace/cargo-home" RUSTUP_HOME="/workspace/rustup-home" "/workspace/cargo-home/bin/cargo" "+1.75.0" "generate-lockfile" "--manifest-path" "Cargo.toml", kill_on_drop: false }`
[INFO] [stderr]     Updating crates.io index
[INFO] running `Command { std: CARGO_HOME="/workspace/cargo-home" RUSTUP_HOME="/workspace/rustup-home" "/workspace/cargo-home/bin/cargo" "+1.75.0" "fetch" "--manifest-path" "Cargo.toml", kill_on_drop: false }`
[INFO] running `Command { std: "docker" "create" "-v" "/var/lib/crater-agent-workspace/builds/worker-6-tc1/target:/opt/rustwide/target:rw,Z" "-v" "/var/lib/crater-agent-workspace/builds/worker-6-tc1/source:/opt/rustwide/workdir:ro,Z" "-v" "/var/lib/crater-agent-workspace/cargo-home:/opt/rustwide/cargo-home:ro,Z" "-v" "/var/lib/crater-agent-workspace/rustup-home:/opt/rustwide/rustup-home:ro,Z" "-e" "SOURCE_DIR=/opt/rustwide/workdir" "-e" "CARGO_TARGET_DIR=/opt/rustwide/target" "-e" "CARGO_HOME=/opt/rustwide/cargo-home" "-e" "RUSTUP_HOME=/opt/rustwide/rustup-home" "-w" "/opt/rustwide/workdir" "-m" "1610612736" "--user" "0:0" "--network" "none" "ghcr.io/rust-lang/crates-build-env/linux@sha256:2788e3201cd34a07e3172128adcd8b3090168a8e3bcc40d7c032b9dda1df7d1c" "/opt/rustwide/cargo-home/bin/cargo" "+1.75.0" "metadata" "--no-deps" "--format-version=1", kill_on_drop: false }`
[INFO] [stdout] 58eb59a2d638fc9df3fae42ca530c8bf27b78e3496e2a1f818c794535a5859bc
[INFO] running `Command { std: "docker" "start" "-a" "58eb59a2d638fc9df3fae42ca530c8bf27b78e3496e2a1f818c794535a5859bc", kill_on_drop: false }`
[INFO] running `Command { std: "docker" "inspect" "58eb59a2d638fc9df3fae42ca530c8bf27b78e3496e2a1f818c794535a5859bc", kill_on_drop: false }`
[INFO] running `Command { std: "docker" "rm" "-f" "58eb59a2d638fc9df3fae42ca530c8bf27b78e3496e2a1f818c794535a5859bc", kill_on_drop: false }`
[INFO] [stdout] 58eb59a2d638fc9df3fae42ca530c8bf27b78e3496e2a1f818c794535a5859bc
[INFO] running `Command { std: "docker" "create" "-v" "/var/lib/crater-agent-workspace/builds/worker-6-tc1/target:/opt/rustwide/target:rw,Z" "-v" "/var/lib/crater-agent-workspace/builds/worker-6-tc1/source:/opt/rustwide/workdir:ro,Z" "-v" "/var/lib/crater-agent-workspace/cargo-home:/opt/rustwide/cargo-home:ro,Z" "-v" "/var/lib/crater-agent-workspace/rustup-home:/opt/rustwide/rustup-home:ro,Z" "-e" "SOURCE_DIR=/opt/rustwide/workdir" "-e" "CARGO_TARGET_DIR=/opt/rustwide/target" "-e" "CARGO_INCREMENTAL=0" "-e" "RUST_BACKTRACE=full" "-e" "RUSTFLAGS=--cap-lints=warn" "-e" "RUSTDOCFLAGS=--cap-lints=warn" "-e" "CARGO_HOME=/opt/rustwide/cargo-home" "-e" "RUSTUP_HOME=/opt/rustwide/rustup-home" "-w" "/opt/rustwide/workdir" "-m" "1610612736" "--user" "0:0" "--network" "none" "ghcr.io/rust-lang/crates-build-env/linux@sha256:2788e3201cd34a07e3172128adcd8b3090168a8e3bcc40d7c032b9dda1df7d1c" "/opt/rustwide/cargo-home/bin/cargo" "+1.75.0" "build" "--frozen" "--message-format=json", kill_on_drop: false }`
[INFO] [stdout] 1fe4d70af16c3fa33d1f4ef73652cbbae9f42f6982c7dd10636142586545210a
[INFO] running `Command { std: "docker" "start" "-a" "1fe4d70af16c3fa33d1f4ef73652cbbae9f42f6982c7dd10636142586545210a", kill_on_drop: false }`
[INFO] [stderr]    Compiling regex-syntax v0.8.2
[INFO] [stderr]    Compiling minimal-lexical v0.2.1
[INFO] [stderr]    Compiling once_cell v1.19.0
[INFO] [stderr]    Compiling unicode-width v0.1.11
[INFO] [stderr]    Compiling indoc v2.0.4
[INFO] [stderr]    Compiling syn v2.0.48
[INFO] [stderr]    Compiling nom v7.1.3
[INFO] [stderr]    Compiling regex-automata v0.4.3
[INFO] [stderr]    Compiling thiserror-impl v1.0.56
[INFO] [stderr]    Compiling miette-derive v5.10.0
[INFO] [stderr]    Compiling regex v1.10.2
[INFO] [stderr]    Compiling thiserror v1.0.56
[INFO] [stderr]    Compiling miette v5.10.0
[INFO] [stderr]    Compiling mit-commit v3.1.8 (/opt/rustwide/workdir)
[INFO] [stderr]     Finished dev [unoptimized + debuginfo] target(s) in 8.43s
[INFO] running `Command { std: "docker" "inspect" "1fe4d70af16c3fa33d1f4ef73652cbbae9f42f6982c7dd10636142586545210a", kill_on_drop: false }`
[INFO] running `Command { std: "docker" "rm" "-f" "1fe4d70af16c3fa33d1f4ef73652cbbae9f42f6982c7dd10636142586545210a", kill_on_drop: false }`
[INFO] [stdout] 1fe4d70af16c3fa33d1f4ef73652cbbae9f42f6982c7dd10636142586545210a
[INFO] running `Command { std: "docker" "create" "-v" "/var/lib/crater-agent-workspace/builds/worker-6-tc1/target:/opt/rustwide/target:rw,Z" "-v" "/var/lib/crater-agent-workspace/builds/worker-6-tc1/source:/opt/rustwide/workdir:ro,Z" "-v" "/var/lib/crater-agent-workspace/cargo-home:/opt/rustwide/cargo-home:ro,Z" "-v" "/var/lib/crater-agent-workspace/rustup-home:/opt/rustwide/rustup-home:ro,Z" "-e" "SOURCE_DIR=/opt/rustwide/workdir" "-e" "CARGO_TARGET_DIR=/opt/rustwide/target" "-e" "CARGO_INCREMENTAL=0" "-e" "RUST_BACKTRACE=full" "-e" "RUSTFLAGS=--cap-lints=warn" "-e" "RUSTDOCFLAGS=--cap-lints=warn" "-e" "CARGO_HOME=/opt/rustwide/cargo-home" "-e" "RUSTUP_HOME=/opt/rustwide/rustup-home" "-w" "/opt/rustwide/workdir" "-m" "1610612736" "--user" "0:0" "--network" "none" "ghcr.io/rust-lang/crates-build-env/linux@sha256:2788e3201cd34a07e3172128adcd8b3090168a8e3bcc40d7c032b9dda1df7d1c" "/opt/rustwide/cargo-home/bin/cargo" "+1.75.0" "test" "--frozen" "--no-run" "--message-format=json", kill_on_drop: false }`
[INFO] [stdout] b26e42b23c3cc090ec9cc712d4cb2615f86eaaec3ec997b2cd63c9b4f508f5b8
[INFO] running `Command { std: "docker" "start" "-a" "b26e42b23c3cc090ec9cc712d4cb2615f86eaaec3ec997b2cd63c9b4f508f5b8", kill_on_drop: false }`
[INFO] [stderr]    Compiling libc v0.2.151
[INFO] [stderr]    Compiling crossbeam-utils v0.8.18
[INFO] [stderr]    Compiling serde v1.0.194
[INFO] [stderr]    Compiling rustix v0.38.28
[INFO] [stderr]    Compiling parking_lot_core v0.9.9
[INFO] [stderr]    Compiling linux-raw-sys v0.4.12
[INFO] [stderr]    Compiling bitflags v2.4.1
[INFO] [stderr]    Compiling lock_api v0.4.11
[INFO] [stderr]    Compiling num-traits v0.2.17
[INFO] [stderr]    Compiling rayon-core v1.12.0
[INFO] [stderr]    Compiling ciborium-io v0.2.1
[INFO] [stderr]    Compiling clap_lex v0.6.0
[INFO] [stderr]    Compiling plotters-backend v0.3.5
[INFO] [stderr]    Compiling scopeguard v1.2.0
[INFO] [stderr]    Compiling serde_derive v1.0.194
[INFO] [stderr]    Compiling smallvec v1.11.2
[INFO] [stderr]    Compiling anstyle v1.0.4
[INFO] [stderr]    Compiling half v1.8.2
[INFO] [stderr]    Compiling syn v1.0.109
[INFO] [stderr]    Compiling itertools v0.10.5
[INFO] [stderr]    Compiling plotters-svg v0.3.5
[INFO] [stderr]    Compiling clap_builder v4.4.12
[INFO] [stderr]    Compiling same-file v1.0.6
[INFO] [stderr]    Compiling cast v0.3.0
[INFO] [stderr]    Compiling ciborium-ll v0.2.1
[INFO] [stderr]    Compiling env_logger v0.8.4
[INFO] [stderr]    Compiling walkdir v2.4.0
[INFO] [stderr]    Compiling tokio-macros v2.2.0
[INFO] [stderr]    Compiling anes v0.1.6
[INFO] [stderr]    Compiling bytes v1.5.0
[INFO] [stderr]    Compiling fastrand v2.0.1
[INFO] [stderr]    Compiling oorandom v11.1.3
[INFO] [stderr]    Compiling crossbeam-epoch v0.9.17
[INFO] [stderr]    Compiling crossbeam-deque v0.8.4
[INFO] [stderr]    Compiling rayon v1.8.0
[INFO] [stderr]    Compiling criterion-plot v0.5.0
[INFO] [stderr]    Compiling plotters v0.3.5
[INFO] [stderr]    Compiling clap v4.4.13
[INFO] [stderr]    Compiling getrandom v0.2.11
[INFO] [stderr]    Compiling signal-hook-registry v1.4.1
[INFO] [stderr]    Compiling socket2 v0.5.5
[INFO] [stderr]    Compiling num_cpus v1.16.0
[INFO] [stderr]    Compiling mio v0.8.10
[INFO] [stderr]    Compiling rand_core v0.6.4
[INFO] [stderr]    Compiling parking_lot v0.12.1
[INFO] [stderr]    Compiling rand v0.8.5
[INFO] [stderr]    Compiling tokio v1.35.1
[INFO] [stderr]    Compiling is-terminal v0.4.10
[INFO] [stderr]    Compiling tempfile v3.9.0
[INFO] [stderr]    Compiling quickcheck v1.0.3
[INFO] [stderr]    Compiling quickcheck_macros v1.0.0
[INFO] [stderr]    Compiling serde_json v1.0.111
[INFO] [stderr]    Compiling ciborium v0.2.1
[INFO] [stderr]    Compiling tinytemplate v1.2.1
[INFO] [stderr]    Compiling criterion v0.5.1
[INFO] [stderr]    Compiling mit-commit v3.1.8 (/opt/rustwide/workdir)
[INFO] [stderr]     Finished test [unoptimized + debuginfo] target(s) in 18.19s
[INFO] running `Command { std: "docker" "inspect" "b26e42b23c3cc090ec9cc712d4cb2615f86eaaec3ec997b2cd63c9b4f508f5b8", kill_on_drop: false }`
[INFO] running `Command { std: "docker" "rm" "-f" "b26e42b23c3cc090ec9cc712d4cb2615f86eaaec3ec997b2cd63c9b4f508f5b8", kill_on_drop: false }`
[INFO] [stdout] b26e42b23c3cc090ec9cc712d4cb2615f86eaaec3ec997b2cd63c9b4f508f5b8
[INFO] running `Command { std: "docker" "create" "-v" "/var/lib/crater-agent-workspace/builds/worker-6-tc1/target:/opt/rustwide/target:rw,Z" "-v" "/var/lib/crater-agent-workspace/builds/worker-6-tc1/source:/opt/rustwide/workdir:ro,Z" "-v" "/var/lib/crater-agent-workspace/cargo-home:/opt/rustwide/cargo-home:ro,Z" "-v" "/var/lib/crater-agent-workspace/rustup-home:/opt/rustwide/rustup-home:ro,Z" "-e" "SOURCE_DIR=/opt/rustwide/workdir" "-e" "CARGO_TARGET_DIR=/opt/rustwide/target" "-e" "CARGO_INCREMENTAL=0" "-e" "RUST_BACKTRACE=full" "-e" "RUSTFLAGS=--cap-lints=warn" "-e" "RUSTDOCFLAGS=--cap-lints=warn" "-e" "CARGO_HOME=/opt/rustwide/cargo-home" "-e" "RUSTUP_HOME=/opt/rustwide/rustup-home" "-w" "/opt/rustwide/workdir" "-m" "1610612736" "--user" "0:0" "--network" "none" "ghcr.io/rust-lang/crates-build-env/linux@sha256:2788e3201cd34a07e3172128adcd8b3090168a8e3bcc40d7c032b9dda1df7d1c" "/opt/rustwide/cargo-home/bin/cargo" "+1.75.0" "test" "--frozen", kill_on_drop: false }`
[INFO] [stdout] 5394076b89fe9fefe7aeefb2dcdb523cf8f3a77aa480d2be97aac89664d8dc55
[INFO] running `Command { std: "docker" "start" "-a" "5394076b89fe9fefe7aeefb2dcdb523cf8f3a77aa480d2be97aac89664d8dc55", kill_on_drop: false }`
[INFO] [stderr]     Finished test [unoptimized + debuginfo] target(s) in 0.15s
[INFO] [stderr]      Running unittests src/lib.rs (/opt/rustwide/target/debug/deps/mit_commit-ca450f6b0c467e3a)
[INFO] [stdout] 
[INFO] [stdout] running 66 tests
[INFO] [stdout] test bodies_test::it_can_give_me_it_as_a_string ... ok
[INFO] [stdout] test body_test::it_can_append_another_body_fragment ... ok
[INFO] [stdout] test bodies_test::it_can_be_formatted ... ok
[INFO] [stdout] test body_test::it_can_give_me_it_as_a_string_from_a_str ... ok
[INFO] [stdout] test comments_test::it_can_create_itself_from_an_ast ... ok
[INFO] [stdout] test comments_test::implements_iterator ... ok
[INFO] [stdout] test comment_test::it_can_append_another_comment_fragment ... ok
[INFO] [stdout] test body_test::it_can_tell_me_if_it_is_empty ... ok
[INFO] [stdout] test body_test::it_implements_display ... ok
[INFO] [stdout] test comment_test::it_can_tell_me_if_a_char_is_a_legal_comment_char ... ok
[INFO] [stdout] test body_test::it_can_tell_me_if_it_is_full ... ok
[INFO] [stdout] test comments_test::it_can_give_me_it_as_a_string ... ok
[INFO] [stdout] test comment_test::it_can_tell_me_if_a_char_is_not_legal_comment_char ... ok
[INFO] [stdout] test body_test::it_can_give_me_it_as_a_string_from_a_string ... ok
[INFO] [stdout] test bodies_test::get_first ... ok
[INFO] [stdout] test bodies_test::implements_iterator ... ok
[INFO] [stdout] test comment_test::it_can_be_created_from_a_string ... ok
[INFO] [stdout] test commit_message_test::can_generate_a_commit_from_an_ast ... ok
[INFO] [stdout] test comment_test::it_can_be_created_from_a_str ... ok
[INFO] [stdout] test commit_message_test::can_add_trailers_to_a_commit_without_existing_trailers ... ok
[INFO] [stdout] test commit_message_test::can_add_trailers_to_a_conventional_commit ... ok
[INFO] [stdout] test commit_message_test::can_check_if_it_matches_pattern ... ok
[INFO] [stdout] test commit_message_test::can_get_comment_character_when_there_is_no_comments ... ok
[INFO] [stdout] test commit_message_test::can_add_trailers_to_an_empty_commit_with_single_trailer ... ok
[INFO] [stdout] test commit_message_test::can_parse_when_there_is_no_gutter ... ok
[INFO] [stdout] test bodies_test::it_can_parse_itself_from_an_ast ... ok
[INFO] [stdout] test commit_message_test::can_add_trailers_to_a_normal_commit ... ok
[INFO] [stdout] test commit_message_test::insert_after_last_body ... ok
[INFO] [stdout] test fragment_test::can_convert_comment_into_a_fragment ... ok
[INFO] [stdout] test commit_message_test::can_read_from_path_buf ... ok
[INFO] [stdout] test commit_message_test::can_read_from_path ... ok
[INFO] [stdout] test commit_message_test::can_add_trailers_to_an_empty_commit ... ok
[INFO] [stdout] test commit_message_test::with_subject_on_default_commit ... ok
[INFO] [stdout] test commit_message_test::with_subject ... ok
[INFO] [stdout] test commit_message_test::implements_default ... ok
[INFO] [stdout] test fragment_test::can_convert_body_into_a_fragment ... ok
[INFO] [stdout] test subject_test::chars ... ok
[INFO] [stdout] test scissors_test::it_can_extract_itself_from_commit ... ok
[INFO] [stdout] test scissors_test::it_can_be_created_from_a_string ... ok
[INFO] [stdout] test scissors_test::it_can_extract_itself_from_commit_with_a_standard_commit ... ok
[INFO] [stdout] test subject_test::is_empty ... ok
[INFO] [stdout] test commit_message_test::with_body_with_no_gutter ... ok
[INFO] [stdout] test commit_message_test::insert_after_last_body_with_no_body ... ok
[INFO] [stdout] test scissors_test::can_give_me_it_as_string ... ok
[INFO] [stdout] test commit_message_test::with_body ... ok
[INFO] [stdout] test subject_test::it_can_be_created_from_a_string ... ok
[INFO] [stdout] test subject_test::len ... ok
[INFO] [stdout] test trailer_test::it_can_give_me_itself_as_a_string ... ok
[INFO] [stdout] test trailer_test::it_can_tell_me_its_key ... ok
[INFO] [stdout] test trailer_test::it_does_not_take_trailing_whitespace_into_account_in_hashing ... ok
[INFO] [stdout] test trailer_test::it_can_tell_me_its_value ... ok
[INFO] [stdout] test trailer_test::can_generate_from_body ... ok
[INFO] [stdout] test trailer_test::can_generate_itself_from_body ... ok
[INFO] [stdout] test subject_test::it_can_be_created_from_fragments ... ok
[INFO] [stdout] test subject_test::it_can_be_formatted ... ok
[INFO] [stdout] test subject_test::it_can_be_created_from_a_str ... ok
[INFO] [stdout] test subject_test::it_can_be_created_from_a_body ... ok
[INFO] [stdout] test subject_test::it_can_be_created_from_fragments_commit_first_is_skipped ... ok
[INFO] [stdout] test trailer_test::it_preserves_preceding_whitespace ... ok
[INFO] [stdout] test trailer_test::it_does_not_take_trailing_whitespace_into_account_in_equality_checks ... ok
[INFO] [stdout] test trailers_test::it_can_be_constructed_from_ast_with_conventional_commits ... ok
[INFO] [stdout] test trailers_test::it_can_give_me_it_as_a_string ... ok
[INFO] [stdout] test trailers_test::implements_iterator ... ok
[INFO] [stdout] test trailers_test::it_can_give_me_the_length ... ok
[INFO] [stdout] test trailers_test::it_can_tell_me_if_it_is_empty ... ok
[INFO] [stdout] test trailers_test::it_can_be_constructed_from_ast ... ok
[INFO] [stdout] 
[INFO] [stdout] test result: ok. 66 passed; 0 failed; 0 ignored; 0 measured; 0 filtered out; finished in 0.13s
[INFO] [stdout] 
[INFO] [stdout] 
[INFO] [stderr]      Running tests/comment_char_is_not_in_legal_list.rs (/opt/rustwide/target/debug/deps/comment_char_is_not_in_legal_list-6368cd570c18c34b)
[INFO] [stdout] running 7 tests
[INFO] [stdout] test can_get_ast_from_comment_char_that_is_not_in_legal_list ... ok
[INFO] [stdout] test can_get_subject_from_comment_char_that_is_not_in_legal_list ... ok
[INFO] [stdout] test can_get_comments_from_comment_char_that_is_not_in_legal_list ... ok
[INFO] [stdout] test can_get_body_from_comment_char_that_is_not_in_legal_list ... ok
[INFO] [stdout] test can_reliably_parse_from_comment_char_that_is_not_in_legal_list ... ok
[INFO] [stdout] test can_get_scissors_section_from_comment_char_that_is_not_in_legal_list ... ok
[INFO] [stderr]      Running tests/commit_message_with_comment_right_next_to_subject.rs (/opt/rustwide/target/debug/deps/commit_message_with_comment_right_next_to_subject-7b62c62b38fc44e9)
[INFO] [stdout] test can_get_trailers_from_comment_char_that_is_not_in_legal_list ... ok
[INFO] [stdout] 
[INFO] [stdout] test result: ok. 7 passed; 0 failed; 0 ignored; 0 measured; 0 filtered out; finished in 0.02s
[INFO] [stdout] 
[INFO] [stdout] 
[INFO] [stdout] running 7 tests
[INFO] [stdout] test can_get_body_from_a_commit_message_with_comment_right_next_to_subject ... ok
[INFO] [stdout] test can_get_ast_from_a_commit_message_with_comment_right_next_to_subject ... ok
[INFO] [stdout] test can_get_scissors_section_from_a_commit_message_with_comment_right_next_to_subject ... ok
[INFO] [stdout] test can_get_comments_from_a_commit_message_with_comment_right_next_to_subject ... ok
[INFO] [stdout] test can_reliably_parse_from_a_commit_message_with_comment_right_next_to_subject ... ok
[INFO] [stdout] test can_get_trailers_from_a_commit_message_with_comment_right_next_to_subject ... ok
[INFO] [stdout] test can_get_subject_from_a_commit_message_with_comment_right_next_to_subject ... ok
[INFO] [stdout] 
[INFO] [stdout] test result: ok. 7 passed; 0 failed; 0 ignored; 0 measured; 0 filtered out; finished in 0.01s
[INFO] [stdout] 
[INFO] [stderr]      Running tests/commit_message_with_no_comments.rs (/opt/rustwide/target/debug/deps/commit_message_with_no_comments-44dd1c9ed1507de5)
[INFO] [stdout] 
[INFO] [stdout] running 7 tests
[INFO] [stdout] test can_get_trailers_from_a_commit_message_without_commits ... ok
[INFO] [stdout] test can_reliably_parse_from_a_commit_message_without_commits ... ok
[INFO] [stdout] test can_get_comments_from_a_commit_message_without_commits ... ok
[INFO] [stdout] test can_get_ast_from_a_commit_message_without_commits ... ok
[INFO] [stdout] test can_get_body_from_a_commit_message_without_commits ... ok
[INFO] [stdout] test can_get_scissors_section_from_a_commit_message_without_commits ... ok
[INFO] [stdout] test can_get_subject_from_a_commit_message_without_commits ... ok
[INFO] [stdout] 
[INFO] [stdout] test result: ok. 7 passed; 0 failed; 0 ignored; 0 measured; 0 filtered out; finished in 0.01s
[INFO] [stdout] 
[INFO] [stderr]      Running tests/commit_message_with_whitespace_starting_last_line.rs (/opt/rustwide/target/debug/deps/commit_message_with_whitespace_starting_last_line-abb65cb5c6b45cfb)
[INFO] [stdout] 
[INFO] [stdout] running 7 tests
[INFO] [stdout] test can_get_body_from_a_commit_message_with_trailing_whitespace ... ok
[INFO] [stdout] test can_get_comments_from_a_commit_message_with_trailing_whitespace ... ok
[INFO] [stdout] test can_get_ast_from_a_commit_message_with_trailing_whitespace ... ok
[INFO] [stdout] test can_get_scissors_section_from_a_commit_message_with_trailing_whitespace ... ok
[INFO] [stdout] test can_reliably_parse_from_a_commit_message_with_trailing_whitespace ... ok
[INFO] [stderr]      Running tests/commit_with_all_features.rs (/opt/rustwide/target/debug/deps/commit_with_all_features-d8b93f0507b9a301)
[INFO] [stdout] test can_get_subject_from_a_commit_message_with_trailing_whitespace ... ok
[INFO] [stdout] test can_get_trailers_from_a_commit_message_with_trailing_whitespace ... ok
[INFO] [stdout] 
[INFO] [stdout] test result: ok. 7 passed; 0 failed; 0 ignored; 0 measured; 0 filtered out; finished in 0.02s
[INFO] [stdout] 
[INFO] [stdout] 
[INFO] [stdout] running 8 tests
[INFO] [stdout] test can_get_body_from_commit_with_all_features ... ok
[INFO] [stdout] test can_get_ast_from_commit_with_all_features ... ok
[INFO] [stdout] test can_get_comment_character_with_all_features ... ok
[INFO] [stdout] test can_get_comments_from_commit_with_all_features ... ok
[INFO] [stdout] test can_get_subject_from_commit_with_all_features ... ok
[INFO] [stdout] test can_reliably_parse_from_commit_with_all_features ... ok
[INFO] [stdout] test can_get_trailers_from_commit_with_all_features ... ok
[INFO] [stderr]      Running tests/long_subject_only_commit.rs (/opt/rustwide/target/debug/deps/long_subject_only_commit-08b852e707cff2db)
[INFO] [stdout] test can_get_scissors_section_from_commit_with_all_features ... ok
[INFO] [stdout] 
[INFO] [stdout] test result: ok. 8 passed; 0 failed; 0 ignored; 0 measured; 0 filtered out; finished in 0.01s
[INFO] [stdout] 
[INFO] [stdout] 
[INFO] [stdout] running 8 tests
[INFO] [stdout] test can_get_subject_from_subject_only_commit ... ok
[INFO] [stdout] test can_get_body_from_subject_only_commit ... ok
[INFO] [stdout] test can_get_comment_character_only_commit ... ok
[INFO] [stdout] test can_get_comments_from_subject_only_commit ... ok
[INFO] [stdout] test can_reliably_parse_from_subject_only_commit ... ok
[INFO] [stderr]      Running tests/multiple_trailers.rs (/opt/rustwide/target/debug/deps/multiple_trailers-0792769bc5457e0c)
[INFO] [stdout] test can_get_trailers_from_subject_only_commit ... ok
[INFO] [stdout] test can_get_scissors_section_from_subject_only_commit ... ok
[INFO] [stdout] test can_get_ast_from_subject_only_commit ... ok
[INFO] [stdout] 
[INFO] [stdout] test result: ok. 8 passed; 0 failed; 0 ignored; 0 measured; 0 filtered out; finished in 0.03s
[INFO] [stdout] 
[INFO] [stdout] 
[INFO] [stdout] running 7 tests
[INFO] [stdout] test can_reliably_parse_from_multiple_trailers ... ok
[INFO] [stdout] test can_get_body_from_multiple_trailers ... ok
[INFO] [stdout] test can_get_scissors_section_from_multiple_trailers ... ok
[INFO] [stdout] test can_get_comments_from_multiple_trailers ... ok
[INFO] [stdout] test can_get_ast_from_multiple_trailers ... ok
[INFO] [stdout] test can_get_subject_from_multiple_trailers ... ok
[INFO] [stdout] test can_get_trailers_from_multiple_trailers ... ok
[INFO] [stdout] 
[INFO] [stdout] test result: ok. 7 passed; 0 failed; 0 ignored; 0 measured; 0 filtered out; finished in 0.01s
[INFO] [stdout] 
[INFO] [stderr]      Running tests/never_panic.rs (/opt/rustwide/target/debug/deps/never_panic-0a1b9fbfbbe872ce)
[INFO] [stdout] 
[INFO] [stdout] running 1 test
[INFO] [stdout] test never_panic ... ok
[INFO] [stdout] 
[INFO] [stdout] test result: ok. 1 passed; 0 failed; 0 ignored; 0 measured; 0 filtered out; finished in 0.00s
[INFO] [stdout] 
[INFO] [stdout] 
[INFO] [stdout] running 8 tests
[INFO] [stderr]      Running tests/non_standard_comment_character.rs (/opt/rustwide/target/debug/deps/non_standard_comment_character-79ae18baf51b921f)
[INFO] [stdout] test can_get_scissors_section_from_non_standard_comment_char_commit ... ok
[INFO] [stdout] test can_get_comment_character_non_standard_comment_char_commit ... ok
[INFO] [stdout] test can_get_subject_from_non_standard_comment_char_commit ... ok
[INFO] [stdout] test can_get_trailers_from_non_standard_comment_char_commit ... ok
[INFO] [stdout] test can_get_comments_from_non_standard_comment_char_commit ... ok
[INFO] [stdout] test can_get_ast_from_non_standard_comment_char_commit ... ok
[INFO] [stdout] test can_get_body_from_non_standard_comment_char_commit ... ok
[INFO] [stdout] test can_reliably_parse_from_non_standard_comment_char_commit ... ok
[INFO] [stderr]      Running tests/not_verbose_commit.rs (/opt/rustwide/target/debug/deps/not_verbose_commit-8dc4132414290e4a)
[INFO] [stdout] 
[INFO] [stdout] test result: ok. 8 passed; 0 failed; 0 ignored; 0 measured; 0 filtered out; finished in 0.01s
[INFO] [stdout] 
[INFO] [stdout] 
[INFO] [stdout] running 8 tests
[INFO] [stdout] test can_reliably_parse_from_not_verbose_commit ... ok
[INFO] [stdout] test can_get_scissors_section_from_not_verbose_commit ... ok
[INFO] [stdout] test can_get_comments_from_not_verbose_commit ... ok
[INFO] [stdout] test can_get_subject_from_not_verbose_commit ... ok
[INFO] [stderr]      Running tests/trailing_empty_newlines.rs (/opt/rustwide/target/debug/deps/trailing_empty_newlines-6ce9104e98735aa3)
[INFO] [stdout] test can_get_comment_character_not_verbose_commit ... ok
[INFO] [stdout] test can_get_ast_from_not_verbose_commit ... ok
[INFO] [stdout] test can_get_trailers_from_not_verbose_commit ... ok
[INFO] [stdout] test can_get_body_from_not_verbose_commit ... ok
[INFO] [stdout] 
[INFO] [stdout] test result: ok. 8 passed; 0 failed; 0 ignored; 0 measured; 0 filtered out; finished in 0.01s
[INFO] [stdout] 
[INFO] [stdout] 
[INFO] [stdout] running 7 tests
[INFO] [stdout] test can_get_scissors_section_from_trailing_empty_newlines ... ok
[INFO] [stdout] test can_get_subject_from_trailing_empty_newlines ... ok
[INFO] [stdout] test can_get_body_from_trailing_empty_newlines ... ok
[INFO] [stdout] test can_get_comments_from_trailing_empty_newlines ... ok
[INFO] [stdout] test can_get_ast_from_trailing_empty_newlines ... ok
[INFO] [stderr]    Doc-tests mit-commit
[INFO] [stdout] test can_get_trailers_from_trailing_empty_newlines ... ok
[INFO] [stdout] test can_reliably_parse_from_trailing_empty_newlines ... ok
[INFO] [stdout] 
[INFO] [stdout] test result: ok. 7 passed; 0 failed; 0 ignored; 0 measured; 0 filtered out; finished in 0.01s
[INFO] [stdout] 
[INFO] [stdout] 
[INFO] [stdout] running 40 tests
[INFO] [stdout] test src/commit_message.rs - commit_message::CommitMessage<'a>::get_ast (line 338) ... FAILED
[INFO] [stdout] test src/commit_message.rs - commit_message::CommitMessage<'a>::from_fragments (line 44) ... FAILED
[INFO] [stdout] test src/bodies.rs - bodies::Bodies<'a>::iter (line 60) ... FAILED
[INFO] [stdout] test src/bodies.rs - bodies::Bodies<'a>::from (line 131) ... FAILED
[INFO] [stdout] test src/comment.rs - comment::Comment<'a>::append (line 18) ... ok
[INFO] [stdout] test src/comment.rs - comment::Comment<'a>::is_legal_comment_char (line 40) ... ok
[INFO] [stdout] test src/bodies.rs - bodies::Bodies<'a>::first (line 38) ... ok
[INFO] [stdout] test src/bodies.rs - bodies::Bodies<'a>::into_iter (line 87) ... ok
[INFO] [stdout] test src/body.rs - body::Body<'a>::append (line 20) ... ok
[INFO] [stdout] test src/comments.rs - comments::Comments<'a>::iter (line 16) ... ok
[INFO] [stdout] test src/body.rs - body::Body<'a>::is_empty (line 45) ... ok
[INFO] [stdout] test src/bodies.rs - bodies::Bodies<'a>::fmt (line 111) ... ok
[INFO] [stdout] test src/comments.rs - comments::Comments<'a>::into_iter (line 44) ... ok
[INFO] [stdout] test src/commit_message.rs - commit_message::CommitMessage<'a>::get_comment_char (line 847) ... ok
[INFO] [stdout] test src/commit_message.rs - commit_message::CommitMessage<'a>::add_trailer (line 96) ... ok
[INFO] [stdout] test src/bodies.rs - bodies::Bodies (line 15) ... ok
[INFO] [stdout] test src/commit_message.rs - commit_message::CommitMessage<'a>::from (line 900) ... ok
[INFO] [stdout] test src/commit_message.rs - commit_message::CommitMessage<'a>::get_body (line 423) ... ok
[INFO] [stdout] test src/commit_message.rs - commit_message::CommitMessage<'a>::get_comment_char (line 856) ... ok
[INFO] [stdout] test src/commit_message.rs - commit_message::CommitMessage<'a>::get_comments (line 483) ... ok
[INFO] [stdout] test src/commit_message.rs - commit_message::CommitMessage<'a>::get_scissors (line 544) ... ok
[INFO] [stdout] test src/commit_message.rs - commit_message::CommitMessage<'a>::get_subject (line 293) ... ok
[INFO] [stdout] test src/commit_message.rs - commit_message::CommitMessage<'a>::get_trailers (line 621) ... ok
[INFO] [stdout] test src/commit_message.rs - commit_message::CommitMessage<'a>::insert_after_last_full_body (line 172) ... ok
[INFO] [stdout] test src/commit_message.rs - commit_message::CommitMessage<'a>::matches_pattern (line 692) ... FAILED
[INFO] [stdout] test src/lib.rs - test_readme (line 110) ... ok
[INFO] [stdout] test src/lib.rs - (line 7) ... ok
[INFO] [stdout] test src/subject.rs - subject::Subject<'a>::is_empty (line 36) ... ok
[INFO] [stdout] test src/commit_message.rs - commit_message::CommitMessage<'a>::with_body_contents (line 815) ... ok
[INFO] [stdout] test src/trailers.rs - trailers::Trailers<'a>::len (line 60) ... ok
[INFO] [stdout] test src/trailers.rs - trailers::Trailers<'a>::is_empty (line 84) ... ok
[INFO] [stdout] test src/trailer.rs - trailer::Trailer<'a>::get_value (line 67) ... ok
[INFO] [stdout] test src/trailer.rs - trailer::Trailer<'a>::get_key (line 49) ... ok
[INFO] [stdout] test src/subject.rs - subject::Subject<'a>::len (line 21) ... ok
[INFO] [stdout] test src/commit_message.rs - commit_message::CommitMessage<'a>::with_body_contents (line 790) ... ok
[INFO] [stdout] test src/trailers.rs - trailers::Trailers<'a>::iter (line 17) ... ok
[INFO] [stdout] test src/trailers.rs - trailers::Trailers<'a>::into_iter (line 118) ... ok
[INFO] [stdout] test src/trailer.rs - trailer::Trailer<'a>::new (line 30) ... ok
[INFO] [stdout] test src/commit_message.rs - commit_message::CommitMessage<'a>::with_subject (line 749) ... ok
[INFO] [stderr] error: doctest failed, to rerun pass `--doc`
[INFO] [stdout] test src/subject.rs - subject::Subject<'a>::chars (line 51) ... ok
[INFO] [stdout] 
[INFO] [stdout] failures:
[INFO] [stdout] 
[INFO] [stdout] ---- src/commit_message.rs - commit_message::CommitMessage<'a>::get_ast (line 338) stdout ----
[INFO] [stdout] error: linking with `cc` failed: exit status: 1
[INFO] [stdout]   |
[INFO] [stdout]   = note: LC_ALL="C" PATH="/opt/rustwide/rustup-home/toolchains/1.75.0-x86_64-unknown-linux-gnu/lib/rustlib/x86_64-unknown-linux-gnu/bin:/opt/rustwide/cargo-home/bin:/usr/local/sbin:/usr/local/bin:/usr/sbin:/usr/bin:/sbin:/bin" VSLANG="1033" "cc" "-m64" "/tmp/rustcx5pnUT/symbols.o" "/tmp/rustdoctestH1bPAE/rust_out.rust_out.263fb70ac1c95110-cgu.0.rcgu.o" "/tmp/rustdoctestH1bPAE/rust_out.2uel00cfmdh5ufit.rcgu.o" "-Wl,--as-needed" "-L" "/opt/rustwide/target/debug/deps" "-L" "/opt/rustwide/target/debug/deps" "-L" "/opt/rustwide/rustup-home/toolchains/1.75.0-x86_64-unknown-linux-gnu/lib/rustlib/x86_64-unknown-linux-gnu/lib" "-Wl,-Bstatic" "/opt/rustwide/target/debug/deps/libmit_commit-5ecb2c5369a3ca77.rlib" "/opt/rustwide/target/debug/deps/libregex-3fdc9a8f6eaf81cf.rlib" "/opt/rustwide/target/debug/deps/libregex_automata-7e239e4b359aa58c.rlib" "/opt/rustwide/target/debug/deps/libaho_corasick-c461b2416345444e.rlib" "/opt/rustwide/target/debug/deps/libmemchr-94009dd89ebb9d8d.rlib" "/opt/rustwide/target/debug/deps/libregex_syntax-e4dd3c3a3cb10e1d.rlib" "/opt/rustwide/target/debug/deps/libmiette-116e768959ecdd2a.rlib" "/opt/rustwide/target/debug/deps/libunicode_width-a645f17db2f885de.rlib" "/opt/rustwide/target/debug/deps/libonce_cell-63be820ac0ed0954.rlib" "/opt/rustwide/target/debug/deps/libthiserror-34dd89657e4f9f4b.rlib" "/opt/rustwide/rustup-home/toolchains/1.75.0-x86_64-unknown-linux-gnu/lib/rustlib/x86_64-unknown-linux-gnu/lib/libstd-90f6ddbf82de36ec.rlib" "/opt/rustwide/rustup-home/toolchains/1.75.0-x86_64-unknown-linux-gnu/lib/rustlib/x86_64-unknown-linux-gnu/lib/libpanic_unwind-480c41e9d4e1f677.rlib" "/opt/rustwide/rustup-home/toolchains/1.75.0-x86_64-unknown-linux-gnu/lib/rustlib/x86_64-unknown-linux-gnu/lib/libobject-db744c0ca03eed1d.rlib" "/opt/rustwide/rustup-home/toolchains/1.75.0-x86_64-unknown-linux-gnu/lib/rustlib/x86_64-unknown-linux-gnu/lib/libmemchr-8ba652dc7d4b285a.rlib" "/opt/rustwide/rustup-home/toolchains/1.75.0-x86_64-unknown-linux-gnu/lib/rustlib/x86_64-unknown-linux-gnu/lib/libaddr2line-d5f4520a9ebc0d58.rlib" "/opt/rustwide/rustup-home/toolchains/1.75.0-x86_64-unknown-linux-gnu/lib/rustlib/x86_64-unknown-linux-gnu/lib/libgimli-4ad84de58f0cb463.rlib" "/opt/rustwide/rustup-home/toolchains/1.75.0-x86_64-unknown-linux-gnu/lib/rustlib/x86_64-unknown-linux-gnu/lib/librustc_demangle-0d10aae2e0f38735.rlib" "/opt/rustwide/rustup-home/toolchains/1.75.0-x86_64-unknown-linux-gnu/lib/rustlib/x86_64-unknown-linux-gnu/lib/libstd_detect-0c17cff739e6745b.rlib" "/opt/rustwide/rustup-home/toolchains/1.75.0-x86_64-unknown-linux-gnu/lib/rustlib/x86_64-unknown-linux-gnu/lib/libhashbrown-b29e17139dde1aa8.rlib" "/opt/rustwide/rustup-home/toolchains/1.75.0-x86_64-unknown-linux-gnu/lib/rustlib/x86_64-unknown-linux-gnu/lib/librustc_std_workspace_alloc-1f975299829cc7bd.rlib" "/opt/rustwide/rustup-home/toolchains/1.75.0-x86_64-unknown-linux-gnu/lib/rustlib/x86_64-unknown-linux-gnu/lib/libminiz_oxide-86bae3bc3079f89b.rlib" "/opt/rustwide/rustup-home/toolchains/1.75.0-x86_64-unknown-linux-gnu/lib/rustlib/x86_64-unknown-linux-gnu/lib/libadler-321b82c30dffdf5f.rlib" "/opt/rustwide/rustup-home/toolchains/1.75.0-x86_64-unknown-linux-gnu/lib/rustlib/x86_64-unknown-linux-gnu/lib/libunwind-3dd8a6810a0bdfef.rlib" "/opt/rustwide/rustup-home/toolchains/1.75.0-x86_64-unknown-linux-gnu/lib/rustlib/x86_64-unknown-linux-gnu/lib/libcfg_if-eb39a61c0c879984.rlib" "/opt/rustwide/rustup-home/toolchains/1.75.0-x86_64-unknown-linux-gnu/lib/rustlib/x86_64-unknown-linux-gnu/lib/liblibc-aa769569f91c3548.rlib" "/opt/rustwide/rustup-home/toolchains/1.75.0-x86_64-unknown-linux-gnu/lib/rustlib/x86_64-unknown-linux-gnu/lib/liballoc-510a192a50a983ed.rlib" "/opt/rustwide/rustup-home/toolchains/1.75.0-x86_64-unknown-linux-gnu/lib/rustlib/x86_64-unknown-linux-gnu/lib/librustc_std_workspace_core-0577018320f99037.rlib" "/opt/rustwide/rustup-home/toolchains/1.75.0-x86_64-unknown-linux-gnu/lib/rustlib/x86_64-unknown-linux-gnu/lib/libcore-193cf992125ccd4c.rlib" "/opt/rustwide/rustup-home/toolchains/1.75.0-x86_64-unknown-linux-gnu/lib/rustlib/x86_64-unknown-linux-gnu/lib/libcompiler_builtins-8e138eaf26ebb4a8.rlib" "-Wl,-Bdynamic" "-lgcc_s" "-lutil" "-lrt" "-lpthread" "-lm" "-ldl" "-lc" "-Wl,--eh-frame-hdr" "-Wl,-z,noexecstack" "-L" "/opt/rustwide/rustup-home/toolchains/1.75.0-x86_64-unknown-linux-gnu/lib/rustlib/x86_64-unknown-linux-gnu/lib" "-o" "/tmp/rustdoctestH1bPAE/rust_out" "-Wl,--gc-sections" "-pie" "-Wl,-z,relro,-z,now" "-nodefaultlibs"
[INFO] [stdout]   = note: collect2: fatal error: ld terminated with signal 9 [Killed]
[INFO] [stdout]           compilation terminated.
[INFO] [stdout]           
[INFO] [stdout] 
[INFO] [stdout] error: aborting due to previous error
[INFO] [stdout] 
[INFO] [stdout] Couldn't compile the test.
[INFO] [stdout] ---- src/commit_message.rs - commit_message::CommitMessage<'a>::from_fragments (line 44) stdout ----
[INFO] [stdout] error: linking with `cc` failed: exit status: 1
[INFO] [stdout]   |
[INFO] [stdout]   = note: LC_ALL="C" PATH="/opt/rustwide/rustup-home/toolchains/1.75.0-x86_64-unknown-linux-gnu/lib/rustlib/x86_64-unknown-linux-gnu/bin:/opt/rustwide/cargo-home/bin:/usr/local/sbin:/usr/local/bin:/usr/sbin:/usr/bin:/sbin:/bin" VSLANG="1033" "cc" "-m64" "/tmp/rustcyfbPgS/symbols.o" "/tmp/rustdoctestNvxbKf/rust_out.rust_out.263fb70ac1c95110-cgu.0.rcgu.o" "/tmp/rustdoctestNvxbKf/rust_out.2uel00cfmdh5ufit.rcgu.o" "-Wl,--as-needed" "-L" "/opt/rustwide/target/debug/deps" "-L" "/opt/rustwide/target/debug/deps" "-L" "/opt/rustwide/rustup-home/toolchains/1.75.0-x86_64-unknown-linux-gnu/lib/rustlib/x86_64-unknown-linux-gnu/lib" "-Wl,-Bstatic" "/opt/rustwide/target/debug/deps/libmit_commit-5ecb2c5369a3ca77.rlib" "/opt/rustwide/target/debug/deps/libregex-3fdc9a8f6eaf81cf.rlib" "/opt/rustwide/target/debug/deps/libregex_automata-7e239e4b359aa58c.rlib" "/opt/rustwide/target/debug/deps/libaho_corasick-c461b2416345444e.rlib" "/opt/rustwide/target/debug/deps/libmemchr-94009dd89ebb9d8d.rlib" "/opt/rustwide/target/debug/deps/libregex_syntax-e4dd3c3a3cb10e1d.rlib" "/opt/rustwide/target/debug/deps/libmiette-116e768959ecdd2a.rlib" "/opt/rustwide/target/debug/deps/libunicode_width-a645f17db2f885de.rlib" "/opt/rustwide/target/debug/deps/libonce_cell-63be820ac0ed0954.rlib" "/opt/rustwide/target/debug/deps/libthiserror-34dd89657e4f9f4b.rlib" "/opt/rustwide/rustup-home/toolchains/1.75.0-x86_64-unknown-linux-gnu/lib/rustlib/x86_64-unknown-linux-gnu/lib/libstd-90f6ddbf82de36ec.rlib" "/opt/rustwide/rustup-home/toolchains/1.75.0-x86_64-unknown-linux-gnu/lib/rustlib/x86_64-unknown-linux-gnu/lib/libpanic_unwind-480c41e9d4e1f677.rlib" "/opt/rustwide/rustup-home/toolchains/1.75.0-x86_64-unknown-linux-gnu/lib/rustlib/x86_64-unknown-linux-gnu/lib/libobject-db744c0ca03eed1d.rlib" "/opt/rustwide/rustup-home/toolchains/1.75.0-x86_64-unknown-linux-gnu/lib/rustlib/x86_64-unknown-linux-gnu/lib/libmemchr-8ba652dc7d4b285a.rlib" "/opt/rustwide/rustup-home/toolchains/1.75.0-x86_64-unknown-linux-gnu/lib/rustlib/x86_64-unknown-linux-gnu/lib/libaddr2line-d5f4520a9ebc0d58.rlib" "/opt/rustwide/rustup-home/toolchains/1.75.0-x86_64-unknown-linux-gnu/lib/rustlib/x86_64-unknown-linux-gnu/lib/libgimli-4ad84de58f0cb463.rlib" "/opt/rustwide/rustup-home/toolchains/1.75.0-x86_64-unknown-linux-gnu/lib/rustlib/x86_64-unknown-linux-gnu/lib/librustc_demangle-0d10aae2e0f38735.rlib" "/opt/rustwide/rustup-home/toolchains/1.75.0-x86_64-unknown-linux-gnu/lib/rustlib/x86_64-unknown-linux-gnu/lib/libstd_detect-0c17cff739e6745b.rlib" "/opt/rustwide/rustup-home/toolchains/1.75.0-x86_64-unknown-linux-gnu/lib/rustlib/x86_64-unknown-linux-gnu/lib/libhashbrown-b29e17139dde1aa8.rlib" "/opt/rustwide/rustup-home/toolchains/1.75.0-x86_64-unknown-linux-gnu/lib/rustlib/x86_64-unknown-linux-gnu/lib/librustc_std_workspace_alloc-1f975299829cc7bd.rlib" "/opt/rustwide/rustup-home/toolchains/1.75.0-x86_64-unknown-linux-gnu/lib/rustlib/x86_64-unknown-linux-gnu/lib/libminiz_oxide-86bae3bc3079f89b.rlib" "/opt/rustwide/rustup-home/toolchains/1.75.0-x86_64-unknown-linux-gnu/lib/rustlib/x86_64-unknown-linux-gnu/lib/libadler-321b82c30dffdf5f.rlib" "/opt/rustwide/rustup-home/toolchains/1.75.0-x86_64-unknown-linux-gnu/lib/rustlib/x86_64-unknown-linux-gnu/lib/libunwind-3dd8a6810a0bdfef.rlib" "/opt/rustwide/rustup-home/toolchains/1.75.0-x86_64-unknown-linux-gnu/lib/rustlib/x86_64-unknown-linux-gnu/lib/libcfg_if-eb39a61c0c879984.rlib" "/opt/rustwide/rustup-home/toolchains/1.75.0-x86_64-unknown-linux-gnu/lib/rustlib/x86_64-unknown-linux-gnu/lib/liblibc-aa769569f91c3548.rlib" "/opt/rustwide/rustup-home/toolchains/1.75.0-x86_64-unknown-linux-gnu/lib/rustlib/x86_64-unknown-linux-gnu/lib/liballoc-510a192a50a983ed.rlib" "/opt/rustwide/rustup-home/toolchains/1.75.0-x86_64-unknown-linux-gnu/lib/rustlib/x86_64-unknown-linux-gnu/lib/librustc_std_workspace_core-0577018320f99037.rlib" "/opt/rustwide/rustup-home/toolchains/1.75.0-x86_64-unknown-linux-gnu/lib/rustlib/x86_64-unknown-linux-gnu/lib/libcore-193cf992125ccd4c.rlib" "/opt/rustwide/rustup-home/toolchains/1.75.0-x86_64-unknown-linux-gnu/lib/rustlib/x86_64-unknown-linux-gnu/lib/libcompiler_builtins-8e138eaf26ebb4a8.rlib" "-Wl,-Bdynamic" "-lgcc_s" "-lutil" "-lrt" "-lpthread" "-lm" "-ldl" "-lc" "-Wl,--eh-frame-hdr" "-Wl,-z,noexecstack" "-L" "/opt/rustwide/rustup-home/toolchains/1.75.0-x86_64-unknown-linux-gnu/lib/rustlib/x86_64-unknown-linux-gnu/lib" "-o" "/tmp/rustdoctestNvxbKf/rust_out" "-Wl,--gc-sections" "-pie" "-Wl,-z,relro,-z,now" "-nodefaultlibs"
[INFO] [stdout]   = note: collect2: fatal error: ld terminated with signal 9 [Killed]
[INFO] [stdout]           compilation terminated.
[INFO] [stdout]           
[INFO] [stdout] 
[INFO] [stdout] error: aborting due to previous error
[INFO] [stdout] 
[INFO] [stdout] Couldn't compile the test.
[INFO] [stdout] ---- src/bodies.rs - bodies::Bodies<'a>::iter (line 60) stdout ----
[INFO] [stdout] error: linking with `cc` failed: exit status: 1
[INFO] [stdout]   |
[INFO] [stdout]   = note: LC_ALL="C" PATH="/opt/rustwide/rustup-home/toolchains/1.75.0-x86_64-unknown-linux-gnu/lib/rustlib/x86_64-unknown-linux-gnu/bin:/opt/rustwide/cargo-home/bin:/usr/local/sbin:/usr/local/bin:/usr/sbin:/usr/bin:/sbin:/bin" VSLANG="1033" "cc" "-m64" "/tmp/rustc6lZ2Hz/symbols.o" "/tmp/rustdoctest6JAoAk/rust_out.rust_out.263fb70ac1c95110-cgu.0.rcgu.o" "/tmp/rustdoctest6JAoAk/rust_out.2uel00cfmdh5ufit.rcgu.o" "-Wl,--as-needed" "-L" "/opt/rustwide/target/debug/deps" "-L" "/opt/rustwide/target/debug/deps" "-L" "/opt/rustwide/rustup-home/toolchains/1.75.0-x86_64-unknown-linux-gnu/lib/rustlib/x86_64-unknown-linux-gnu/lib" "-Wl,-Bstatic" "/opt/rustwide/target/debug/deps/libmit_commit-5ecb2c5369a3ca77.rlib" "/opt/rustwide/target/debug/deps/libregex-3fdc9a8f6eaf81cf.rlib" "/opt/rustwide/target/debug/deps/libregex_automata-7e239e4b359aa58c.rlib" "/opt/rustwide/target/debug/deps/libaho_corasick-c461b2416345444e.rlib" "/opt/rustwide/target/debug/deps/libmemchr-94009dd89ebb9d8d.rlib" "/opt/rustwide/target/debug/deps/libregex_syntax-e4dd3c3a3cb10e1d.rlib" "/opt/rustwide/target/debug/deps/libmiette-116e768959ecdd2a.rlib" "/opt/rustwide/target/debug/deps/libunicode_width-a645f17db2f885de.rlib" "/opt/rustwide/target/debug/deps/libonce_cell-63be820ac0ed0954.rlib" "/opt/rustwide/target/debug/deps/libthiserror-34dd89657e4f9f4b.rlib" "/opt/rustwide/rustup-home/toolchains/1.75.0-x86_64-unknown-linux-gnu/lib/rustlib/x86_64-unknown-linux-gnu/lib/libstd-90f6ddbf82de36ec.rlib" "/opt/rustwide/rustup-home/toolchains/1.75.0-x86_64-unknown-linux-gnu/lib/rustlib/x86_64-unknown-linux-gnu/lib/libpanic_unwind-480c41e9d4e1f677.rlib" "/opt/rustwide/rustup-home/toolchains/1.75.0-x86_64-unknown-linux-gnu/lib/rustlib/x86_64-unknown-linux-gnu/lib/libobject-db744c0ca03eed1d.rlib" "/opt/rustwide/rustup-home/toolchains/1.75.0-x86_64-unknown-linux-gnu/lib/rustlib/x86_64-unknown-linux-gnu/lib/libmemchr-8ba652dc7d4b285a.rlib" "/opt/rustwide/rustup-home/toolchains/1.75.0-x86_64-unknown-linux-gnu/lib/rustlib/x86_64-unknown-linux-gnu/lib/libaddr2line-d5f4520a9ebc0d58.rlib" "/opt/rustwide/rustup-home/toolchains/1.75.0-x86_64-unknown-linux-gnu/lib/rustlib/x86_64-unknown-linux-gnu/lib/libgimli-4ad84de58f0cb463.rlib" "/opt/rustwide/rustup-home/toolchains/1.75.0-x86_64-unknown-linux-gnu/lib/rustlib/x86_64-unknown-linux-gnu/lib/librustc_demangle-0d10aae2e0f38735.rlib" "/opt/rustwide/rustup-home/toolchains/1.75.0-x86_64-unknown-linux-gnu/lib/rustlib/x86_64-unknown-linux-gnu/lib/libstd_detect-0c17cff739e6745b.rlib" "/opt/rustwide/rustup-home/toolchains/1.75.0-x86_64-unknown-linux-gnu/lib/rustlib/x86_64-unknown-linux-gnu/lib/libhashbrown-b29e17139dde1aa8.rlib" "/opt/rustwide/rustup-home/toolchains/1.75.0-x86_64-unknown-linux-gnu/lib/rustlib/x86_64-unknown-linux-gnu/lib/librustc_std_workspace_alloc-1f975299829cc7bd.rlib" "/opt/rustwide/rustup-home/toolchains/1.75.0-x86_64-unknown-linux-gnu/lib/rustlib/x86_64-unknown-linux-gnu/lib/libminiz_oxide-86bae3bc3079f89b.rlib" "/opt/rustwide/rustup-home/toolchains/1.75.0-x86_64-unknown-linux-gnu/lib/rustlib/x86_64-unknown-linux-gnu/lib/libadler-321b82c30dffdf5f.rlib" "/opt/rustwide/rustup-home/toolchains/1.75.0-x86_64-unknown-linux-gnu/lib/rustlib/x86_64-unknown-linux-gnu/lib/libunwind-3dd8a6810a0bdfef.rlib" "/opt/rustwide/rustup-home/toolchains/1.75.0-x86_64-unknown-linux-gnu/lib/rustlib/x86_64-unknown-linux-gnu/lib/libcfg_if-eb39a61c0c879984.rlib" "/opt/rustwide/rustup-home/toolchains/1.75.0-x86_64-unknown-linux-gnu/lib/rustlib/x86_64-unknown-linux-gnu/lib/liblibc-aa769569f91c3548.rlib" "/opt/rustwide/rustup-home/toolchains/1.75.0-x86_64-unknown-linux-gnu/lib/rustlib/x86_64-unknown-linux-gnu/lib/liballoc-510a192a50a983ed.rlib" "/opt/rustwide/rustup-home/toolchains/1.75.0-x86_64-unknown-linux-gnu/lib/rustlib/x86_64-unknown-linux-gnu/lib/librustc_std_workspace_core-0577018320f99037.rlib" "/opt/rustwide/rustup-home/toolchains/1.75.0-x86_64-unknown-linux-gnu/lib/rustlib/x86_64-unknown-linux-gnu/lib/libcore-193cf992125ccd4c.rlib" "/opt/rustwide/rustup-home/toolchains/1.75.0-x86_64-unknown-linux-gnu/lib/rustlib/x86_64-unknown-linux-gnu/lib/libcompiler_builtins-8e138eaf26ebb4a8.rlib" "-Wl,-Bdynamic" "-lgcc_s" "-lutil" "-lrt" "-lpthread" "-lm" "-ldl" "-lc" "-Wl,--eh-frame-hdr" "-Wl,-z,noexecstack" "-L" "/opt/rustwide/rustup-home/toolchains/1.75.0-x86_64-unknown-linux-gnu/lib/rustlib/x86_64-unknown-linux-gnu/lib" "-o" "/tmp/rustdoctest6JAoAk/rust_out" "-Wl,--gc-sections" "-pie" "-Wl,-z,relro,-z,now" "-nodefaultlibs"
[INFO] [stdout]   = note: collect2: fatal error: ld terminated with signal 9 [Killed]
[INFO] [stdout]           compilation terminated.
[INFO] [stdout]           
[INFO] [stdout] 
[INFO] [stdout] error: aborting due to previous error
[INFO] [stdout] 
[INFO] [stdout] Couldn't compile the test.
[INFO] [stdout] ---- src/bodies.rs - bodies::Bodies<'a>::from (line 131) stdout ----
[INFO] [stdout] error: linking with `cc` failed: exit status: 1
[INFO] [stdout]   |
[INFO] [stdout]   = note: LC_ALL="C" PATH="/opt/rustwide/rustup-home/toolchains/1.75.0-x86_64-unknown-linux-gnu/lib/rustlib/x86_64-unknown-linux-gnu/bin:/opt/rustwide/cargo-home/bin:/usr/local/sbin:/usr/local/bin:/usr/sbin:/usr/bin:/sbin:/bin" VSLANG="1033" "cc" "-m64" "/tmp/rustcnus8ii/symbols.o" "/tmp/rustdoctestUCIXdX/rust_out.rust_out.263fb70ac1c95110-cgu.0.rcgu.o" "/tmp/rustdoctestUCIXdX/rust_out.2uel00cfmdh5ufit.rcgu.o" "-Wl,--as-needed" "-L" "/opt/rustwide/target/debug/deps" "-L" "/opt/rustwide/target/debug/deps" "-L" "/opt/rustwide/rustup-home/toolchains/1.75.0-x86_64-unknown-linux-gnu/lib/rustlib/x86_64-unknown-linux-gnu/lib" "-Wl,-Bstatic" "/opt/rustwide/target/debug/deps/libmit_commit-5ecb2c5369a3ca77.rlib" "/opt/rustwide/target/debug/deps/libregex-3fdc9a8f6eaf81cf.rlib" "/opt/rustwide/target/debug/deps/libregex_automata-7e239e4b359aa58c.rlib" "/opt/rustwide/target/debug/deps/libaho_corasick-c461b2416345444e.rlib" "/opt/rustwide/target/debug/deps/libmemchr-94009dd89ebb9d8d.rlib" "/opt/rustwide/target/debug/deps/libregex_syntax-e4dd3c3a3cb10e1d.rlib" "/opt/rustwide/target/debug/deps/libmiette-116e768959ecdd2a.rlib" "/opt/rustwide/target/debug/deps/libunicode_width-a645f17db2f885de.rlib" "/opt/rustwide/target/debug/deps/libonce_cell-63be820ac0ed0954.rlib" "/opt/rustwide/target/debug/deps/libthiserror-34dd89657e4f9f4b.rlib" "/opt/rustwide/rustup-home/toolchains/1.75.0-x86_64-unknown-linux-gnu/lib/rustlib/x86_64-unknown-linux-gnu/lib/libstd-90f6ddbf82de36ec.rlib" "/opt/rustwide/rustup-home/toolchains/1.75.0-x86_64-unknown-linux-gnu/lib/rustlib/x86_64-unknown-linux-gnu/lib/libpanic_unwind-480c41e9d4e1f677.rlib" "/opt/rustwide/rustup-home/toolchains/1.75.0-x86_64-unknown-linux-gnu/lib/rustlib/x86_64-unknown-linux-gnu/lib/libobject-db744c0ca03eed1d.rlib" "/opt/rustwide/rustup-home/toolchains/1.75.0-x86_64-unknown-linux-gnu/lib/rustlib/x86_64-unknown-linux-gnu/lib/libmemchr-8ba652dc7d4b285a.rlib" "/opt/rustwide/rustup-home/toolchains/1.75.0-x86_64-unknown-linux-gnu/lib/rustlib/x86_64-unknown-linux-gnu/lib/libaddr2line-d5f4520a9ebc0d58.rlib" "/opt/rustwide/rustup-home/toolchains/1.75.0-x86_64-unknown-linux-gnu/lib/rustlib/x86_64-unknown-linux-gnu/lib/libgimli-4ad84de58f0cb463.rlib" "/opt/rustwide/rustup-home/toolchains/1.75.0-x86_64-unknown-linux-gnu/lib/rustlib/x86_64-unknown-linux-gnu/lib/librustc_demangle-0d10aae2e0f38735.rlib" "/opt/rustwide/rustup-home/toolchains/1.75.0-x86_64-unknown-linux-gnu/lib/rustlib/x86_64-unknown-linux-gnu/lib/libstd_detect-0c17cff739e6745b.rlib" "/opt/rustwide/rustup-home/toolchains/1.75.0-x86_64-unknown-linux-gnu/lib/rustlib/x86_64-unknown-linux-gnu/lib/libhashbrown-b29e17139dde1aa8.rlib" "/opt/rustwide/rustup-home/toolchains/1.75.0-x86_64-unknown-linux-gnu/lib/rustlib/x86_64-unknown-linux-gnu/lib/librustc_std_workspace_alloc-1f975299829cc7bd.rlib" "/opt/rustwide/rustup-home/toolchains/1.75.0-x86_64-unknown-linux-gnu/lib/rustlib/x86_64-unknown-linux-gnu/lib/libminiz_oxide-86bae3bc3079f89b.rlib" "/opt/rustwide/rustup-home/toolchains/1.75.0-x86_64-unknown-linux-gnu/lib/rustlib/x86_64-unknown-linux-gnu/lib/libadler-321b82c30dffdf5f.rlib" "/opt/rustwide/rustup-home/toolchains/1.75.0-x86_64-unknown-linux-gnu/lib/rustlib/x86_64-unknown-linux-gnu/lib/libunwind-3dd8a6810a0bdfef.rlib" "/opt/rustwide/rustup-home/toolchains/1.75.0-x86_64-unknown-linux-gnu/lib/rustlib/x86_64-unknown-linux-gnu/lib/libcfg_if-eb39a61c0c879984.rlib" "/opt/rustwide/rustup-home/toolchains/1.75.0-x86_64-unknown-linux-gnu/lib/rustlib/x86_64-unknown-linux-gnu/lib/liblibc-aa769569f91c3548.rlib" "/opt/rustwide/rustup-home/toolchains/1.75.0-x86_64-unknown-linux-gnu/lib/rustlib/x86_64-unknown-linux-gnu/lib/liballoc-510a192a50a983ed.rlib" "/opt/rustwide/rustup-home/toolchains/1.75.0-x86_64-unknown-linux-gnu/lib/rustlib/x86_64-unknown-linux-gnu/lib/librustc_std_workspace_core-0577018320f99037.rlib" "/opt/rustwide/rustup-home/toolchains/1.75.0-x86_64-unknown-linux-gnu/lib/rustlib/x86_64-unknown-linux-gnu/lib/libcore-193cf992125ccd4c.rlib" "/opt/rustwide/rustup-home/toolchains/1.75.0-x86_64-unknown-linux-gnu/lib/rustlib/x86_64-unknown-linux-gnu/lib/libcompiler_builtins-8e138eaf26ebb4a8.rlib" "-Wl,-Bdynamic" "-lgcc_s" "-lutil" "-lrt" "-lpthread" "-lm" "-ldl" "-lc" "-Wl,--eh-frame-hdr" "-Wl,-z,noexecstack" "-L" "/opt/rustwide/rustup-home/toolchains/1.75.0-x86_64-unknown-linux-gnu/lib/rustlib/x86_64-unknown-linux-gnu/lib" "-o" "/tmp/rustdoctestUCIXdX/rust_out" "-Wl,--gc-sections" "-pie" "-Wl,-z,relro,-z,now" "-nodefaultlibs"
[INFO] [stdout]   = note: collect2: fatal error: ld terminated with signal 9 [Killed]
[INFO] [stdout]           compilation terminated.
[INFO] [stdout]           
[INFO] [stdout] 
[INFO] [stdout] error: aborting due to previous error
[INFO] [stdout] 
[INFO] [stdout] Couldn't compile the test.
[INFO] [stdout] ---- src/commit_message.rs - commit_message::CommitMessage<'a>::matches_pattern (line 692) stdout ----
[INFO] [stdout] error: linking with `cc` failed: exit status: 1
[INFO] [stdout]   |
[INFO] [stdout]   = note: LC_ALL="C" PATH="/opt/rustwide/rustup-home/toolchains/1.75.0-x86_64-unknown-linux-gnu/lib/rustlib/x86_64-unknown-linux-gnu/bin:/opt/rustwide/cargo-home/bin:/usr/local/sbin:/usr/local/bin:/usr/sbin:/usr/bin:/sbin:/bin" VSLANG="1033" "cc" "-m64" "/tmp/rustcDf020x/symbols.o" "/tmp/rustdoctestweUGKM/rust_out.rust_out.263fb70ac1c95110-cgu.0.rcgu.o" "/tmp/rustdoctestweUGKM/rust_out.2uel00cfmdh5ufit.rcgu.o" "-Wl,--as-needed" "-L" "/opt/rustwide/target/debug/deps" "-L" "/opt/rustwide/target/debug/deps" "-L" "/opt/rustwide/rustup-home/toolchains/1.75.0-x86_64-unknown-linux-gnu/lib/rustlib/x86_64-unknown-linux-gnu/lib" "-Wl,-Bstatic" "/opt/rustwide/target/debug/deps/libmit_commit-5ecb2c5369a3ca77.rlib" "/opt/rustwide/target/debug/deps/libregex-3fdc9a8f6eaf81cf.rlib" "/opt/rustwide/target/debug/deps/libregex_automata-7e239e4b359aa58c.rlib" "/opt/rustwide/target/debug/deps/libaho_corasick-c461b2416345444e.rlib" "/opt/rustwide/target/debug/deps/libmemchr-94009dd89ebb9d8d.rlib" "/opt/rustwide/target/debug/deps/libregex_syntax-e4dd3c3a3cb10e1d.rlib" "/opt/rustwide/target/debug/deps/libmiette-116e768959ecdd2a.rlib" "/opt/rustwide/target/debug/deps/libunicode_width-a645f17db2f885de.rlib" "/opt/rustwide/target/debug/deps/libonce_cell-63be820ac0ed0954.rlib" "/opt/rustwide/target/debug/deps/libthiserror-34dd89657e4f9f4b.rlib" "/opt/rustwide/rustup-home/toolchains/1.75.0-x86_64-unknown-linux-gnu/lib/rustlib/x86_64-unknown-linux-gnu/lib/libstd-90f6ddbf82de36ec.rlib" "/opt/rustwide/rustup-home/toolchains/1.75.0-x86_64-unknown-linux-gnu/lib/rustlib/x86_64-unknown-linux-gnu/lib/libpanic_unwind-480c41e9d4e1f677.rlib" "/opt/rustwide/rustup-home/toolchains/1.75.0-x86_64-unknown-linux-gnu/lib/rustlib/x86_64-unknown-linux-gnu/lib/libobject-db744c0ca03eed1d.rlib" "/opt/rustwide/rustup-home/toolchains/1.75.0-x86_64-unknown-linux-gnu/lib/rustlib/x86_64-unknown-linux-gnu/lib/libmemchr-8ba652dc7d4b285a.rlib" "/opt/rustwide/rustup-home/toolchains/1.75.0-x86_64-unknown-linux-gnu/lib/rustlib/x86_64-unknown-linux-gnu/lib/libaddr2line-d5f4520a9ebc0d58.rlib" "/opt/rustwide/rustup-home/toolchains/1.75.0-x86_64-unknown-linux-gnu/lib/rustlib/x86_64-unknown-linux-gnu/lib/libgimli-4ad84de58f0cb463.rlib" "/opt/rustwide/rustup-home/toolchains/1.75.0-x86_64-unknown-linux-gnu/lib/rustlib/x86_64-unknown-linux-gnu/lib/librustc_demangle-0d10aae2e0f38735.rlib" "/opt/rustwide/rustup-home/toolchains/1.75.0-x86_64-unknown-linux-gnu/lib/rustlib/x86_64-unknown-linux-gnu/lib/libstd_detect-0c17cff739e6745b.rlib" "/opt/rustwide/rustup-home/toolchains/1.75.0-x86_64-unknown-linux-gnu/lib/rustlib/x86_64-unknown-linux-gnu/lib/libhashbrown-b29e17139dde1aa8.rlib" "/opt/rustwide/rustup-home/toolchains/1.75.0-x86_64-unknown-linux-gnu/lib/rustlib/x86_64-unknown-linux-gnu/lib/librustc_std_workspace_alloc-1f975299829cc7bd.rlib" "/opt/rustwide/rustup-home/toolchains/1.75.0-x86_64-unknown-linux-gnu/lib/rustlib/x86_64-unknown-linux-gnu/lib/libminiz_oxide-86bae3bc3079f89b.rlib" "/opt/rustwide/rustup-home/toolchains/1.75.0-x86_64-unknown-linux-gnu/lib/rustlib/x86_64-unknown-linux-gnu/lib/libadler-321b82c30dffdf5f.rlib" "/opt/rustwide/rustup-home/toolchains/1.75.0-x86_64-unknown-linux-gnu/lib/rustlib/x86_64-unknown-linux-gnu/lib/libunwind-3dd8a6810a0bdfef.rlib" "/opt/rustwide/rustup-home/toolchains/1.75.0-x86_64-unknown-linux-gnu/lib/rustlib/x86_64-unknown-linux-gnu/lib/libcfg_if-eb39a61c0c879984.rlib" "/opt/rustwide/rustup-home/toolchains/1.75.0-x86_64-unknown-linux-gnu/lib/rustlib/x86_64-unknown-linux-gnu/lib/liblibc-aa769569f91c3548.rlib" "/opt/rustwide/rustup-home/toolchains/1.75.0-x86_64-unknown-linux-gnu/lib/rustlib/x86_64-unknown-linux-gnu/lib/liballoc-510a192a50a983ed.rlib" "/opt/rustwide/rustup-home/toolchains/1.75.0-x86_64-unknown-linux-gnu/lib/rustlib/x86_64-unknown-linux-gnu/lib/librustc_std_workspace_core-0577018320f99037.rlib" "/opt/rustwide/rustup-home/toolchains/1.75.0-x86_64-unknown-linux-gnu/lib/rustlib/x86_64-unknown-linux-gnu/lib/libcore-193cf992125ccd4c.rlib" "/opt/rustwide/rustup-home/toolchains/1.75.0-x86_64-unknown-linux-gnu/lib/rustlib/x86_64-unknown-linux-gnu/lib/libcompiler_builtins-8e138eaf26ebb4a8.rlib" "-Wl,-Bdynamic" "-lgcc_s" "-lutil" "-lrt" "-lpthread" "-lm" "-ldl" "-lc" "-Wl,--eh-frame-hdr" "-Wl,-z,noexecstack" "-L" "/opt/rustwide/rustup-home/toolchains/1.75.0-x86_64-unknown-linux-gnu/lib/rustlib/x86_64-unknown-linux-gnu/lib" "-o" "/tmp/rustdoctestweUGKM/rust_out" "-Wl,--gc-sections" "-pie" "-Wl,-z,relro,-z,now" "-nodefaultlibs"
[INFO] [stdout]   = note: collect2: fatal error: ld terminated with signal 9 [Killed]
[INFO] [stdout]           compilation terminated.
[INFO] [stdout]           
[INFO] [stdout] 
[INFO] [stdout] error: aborting due to previous error
[INFO] [stdout] 
[INFO] [stdout] Couldn't compile the test.
[INFO] [stdout] 
[INFO] [stdout] failures:
[INFO] [stdout]     src/bodies.rs - bodies::Bodies<'a>::from (line 131)
[INFO] [stdout]     src/bodies.rs - bodies::Bodies<'a>::iter (line 60)
[INFO] [stdout]     src/commit_message.rs - commit_message::CommitMessage<'a>::from_fragments (line 44)
[INFO] [stdout]     src/commit_message.rs - commit_message::CommitMessage<'a>::get_ast (line 338)
[INFO] [stdout]     src/commit_message.rs - commit_message::CommitMessage<'a>::matches_pattern (line 692)
[INFO] [stdout] 
[INFO] [stdout] test result: FAILED. 35 passed; 5 failed; 0 ignored; 0 measured; 0 filtered out; finished in 12.72s
[INFO] [stdout] 
[INFO] running `Command { std: "docker" "inspect" "5394076b89fe9fefe7aeefb2dcdb523cf8f3a77aa480d2be97aac89664d8dc55", kill_on_drop: false }`
[INFO] running `Command { std: "docker" "rm" "-f" "5394076b89fe9fefe7aeefb2dcdb523cf8f3a77aa480d2be97aac89664d8dc55", kill_on_drop: false }`
[INFO] [stdout] 5394076b89fe9fefe7aeefb2dcdb523cf8f3a77aa480d2be97aac89664d8dc55
[INFO] testing mit-commit-3.1.8 against beta-2023-12-22 for beta-1.76-1
[INFO] extracting crate mit-commit 3.1.8 into /workspace/builds/worker-6-tc2/source
[INFO] validating manifest of crates.io crate mit-commit 3.1.8 on toolchain beta-2023-12-22
[INFO] running `Command { std: CARGO_HOME="/workspace/cargo-home" RUSTUP_HOME="/workspace/rustup-home" "/workspace/cargo-home/bin/cargo" "+beta-2023-12-22" "metadata" "--manifest-path" "Cargo.toml" "--no-deps", kill_on_drop: false }`
[INFO] started tweaking crates.io crate mit-commit 3.1.8
[INFO] finished tweaking crates.io crate mit-commit 3.1.8
[INFO] tweaked toml for crates.io crate mit-commit 3.1.8 written to /workspace/builds/worker-6-tc2/source/Cargo.toml
[INFO] running `Command { std: CARGO_HOME="/workspace/cargo-home" RUSTUP_HOME="/workspace/rustup-home" "/workspace/cargo-home/bin/cargo" "+beta-2023-12-22" "generate-lockfile" "--manifest-path" "Cargo.toml", kill_on_drop: false }`
[INFO] [stderr]     Updating crates.io index
[INFO] running `Command { std: CARGO_HOME="/workspace/cargo-home" RUSTUP_HOME="/workspace/rustup-home" "/workspace/cargo-home/bin/cargo" "+beta-2023-12-22" "fetch" "--manifest-path" "Cargo.toml", kill_on_drop: false }`
[INFO] running `Command { std: "docker" "create" "-v" "/var/lib/crater-agent-workspace/builds/worker-6-tc2/target:/opt/rustwide/target:rw,Z" "-v" "/var/lib/crater-agent-workspace/builds/worker-6-tc2/source:/opt/rustwide/workdir:ro,Z" "-v" "/var/lib/crater-agent-workspace/cargo-home:/opt/rustwide/cargo-home:ro,Z" "-v" "/var/lib/crater-agent-workspace/rustup-home:/opt/rustwide/rustup-home:ro,Z" "-e" "SOURCE_DIR=/opt/rustwide/workdir" "-e" "CARGO_TARGET_DIR=/opt/rustwide/target" "-e" "CARGO_HOME=/opt/rustwide/cargo-home" "-e" "RUSTUP_HOME=/opt/rustwide/rustup-home" "-w" "/opt/rustwide/workdir" "-m" "1610612736" "--user" "0:0" "--network" "none" "ghcr.io/rust-lang/crates-build-env/linux@sha256:2788e3201cd34a07e3172128adcd8b3090168a8e3bcc40d7c032b9dda1df7d1c" "/opt/rustwide/cargo-home/bin/cargo" "+beta-2023-12-22" "metadata" "--no-deps" "--format-version=1", kill_on_drop: false }`
[INFO] [stdout] 4fe38da5417bcbf85ab2753ddcee03927b16ab9f2fc37925b729540d7d80a0f1
[INFO] running `Command { std: "docker" "start" "-a" "4fe38da5417bcbf85ab2753ddcee03927b16ab9f2fc37925b729540d7d80a0f1", kill_on_drop: false }`
[INFO] running `Command { std: "docker" "inspect" "4fe38da5417bcbf85ab2753ddcee03927b16ab9f2fc37925b729540d7d80a0f1", kill_on_drop: false }`
[INFO] running `Command { std: "docker" "rm" "-f" "4fe38da5417bcbf85ab2753ddcee03927b16ab9f2fc37925b729540d7d80a0f1", kill_on_drop: false }`
[INFO] [stdout] 4fe38da5417bcbf85ab2753ddcee03927b16ab9f2fc37925b729540d7d80a0f1
[INFO] running `Command { std: "docker" "create" "-v" "/var/lib/crater-agent-workspace/builds/worker-6-tc2/target:/opt/rustwide/target:rw,Z" "-v" "/var/lib/crater-agent-workspace/builds/worker-6-tc2/source:/opt/rustwide/workdir:ro,Z" "-v" "/var/lib/crater-agent-workspace/cargo-home:/opt/rustwide/cargo-home:ro,Z" "-v" "/var/lib/crater-agent-workspace/rustup-home:/opt/rustwide/rustup-home:ro,Z" "-e" "SOURCE_DIR=/opt/rustwide/workdir" "-e" "CARGO_TARGET_DIR=/opt/rustwide/target" "-e" "CARGO_INCREMENTAL=0" "-e" "RUST_BACKTRACE=full" "-e" "RUSTFLAGS=--cap-lints=warn" "-e" "RUSTDOCFLAGS=--cap-lints=warn" "-e" "CARGO_HOME=/opt/rustwide/cargo-home" "-e" "RUSTUP_HOME=/opt/rustwide/rustup-home" "-w" "/opt/rustwide/workdir" "-m" "1610612736" "--user" "0:0" "--network" "none" "ghcr.io/rust-lang/crates-build-env/linux@sha256:2788e3201cd34a07e3172128adcd8b3090168a8e3bcc40d7c032b9dda1df7d1c" "/opt/rustwide/cargo-home/bin/cargo" "+beta-2023-12-22" "build" "--frozen" "--message-format=json", kill_on_drop: false }`
[INFO] [stdout] 52d53ce3c3d6fe111b3638343bbf031dcc357779a9042fb1f1aea68da80ebe34
[INFO] running `Command { std: "docker" "start" "-a" "52d53ce3c3d6fe111b3638343bbf031dcc357779a9042fb1f1aea68da80ebe34", kill_on_drop: false }`
[INFO] [stderr]    Compiling regex-syntax v0.8.2
[INFO] [stderr]    Compiling minimal-lexical v0.2.1
[INFO] [stderr]    Compiling unicode-width v0.1.11
[INFO] [stderr]    Compiling once_cell v1.19.0
[INFO] [stderr]    Compiling indoc v2.0.4
[INFO] [stderr]    Compiling syn v2.0.48
[INFO] [stderr]    Compiling nom v7.1.3
[INFO] [stderr]    Compiling regex-automata v0.4.3
[INFO] [stderr]    Compiling thiserror-impl v1.0.56
[INFO] [stderr]    Compiling miette-derive v5.10.0
[INFO] [stderr]    Compiling regex v1.10.2
[INFO] [stderr]    Compiling thiserror v1.0.56
[INFO] [stderr]    Compiling miette v5.10.0
[INFO] [stderr]    Compiling mit-commit v3.1.8 (/opt/rustwide/workdir)
[INFO] [stderr]     Finished dev [unoptimized + debuginfo] target(s) in 10.06s
[INFO] running `Command { std: "docker" "inspect" "52d53ce3c3d6fe111b3638343bbf031dcc357779a9042fb1f1aea68da80ebe34", kill_on_drop: false }`
[INFO] running `Command { std: "docker" "rm" "-f" "52d53ce3c3d6fe111b3638343bbf031dcc357779a9042fb1f1aea68da80ebe34", kill_on_drop: false }`
[INFO] [stdout] 52d53ce3c3d6fe111b3638343bbf031dcc357779a9042fb1f1aea68da80ebe34
[INFO] running `Command { std: "docker" "create" "-v" "/var/lib/crater-agent-workspace/builds/worker-6-tc2/target:/opt/rustwide/target:rw,Z" "-v" "/var/lib/crater-agent-workspace/builds/worker-6-tc2/source:/opt/rustwide/workdir:ro,Z" "-v" "/var/lib/crater-agent-workspace/cargo-home:/opt/rustwide/cargo-home:ro,Z" "-v" "/var/lib/crater-agent-workspace/rustup-home:/opt/rustwide/rustup-home:ro,Z" "-e" "SOURCE_DIR=/opt/rustwide/workdir" "-e" "CARGO_TARGET_DIR=/opt/rustwide/target" "-e" "CARGO_INCREMENTAL=0" "-e" "RUST_BACKTRACE=full" "-e" "RUSTFLAGS=--cap-lints=warn" "-e" "RUSTDOCFLAGS=--cap-lints=warn" "-e" "CARGO_HOME=/opt/rustwide/cargo-home" "-e" "RUSTUP_HOME=/opt/rustwide/rustup-home" "-w" "/opt/rustwide/workdir" "-m" "1610612736" "--user" "0:0" "--network" "none" "ghcr.io/rust-lang/crates-build-env/linux@sha256:2788e3201cd34a07e3172128adcd8b3090168a8e3bcc40d7c032b9dda1df7d1c" "/opt/rustwide/cargo-home/bin/cargo" "+beta-2023-12-22" "test" "--frozen" "--no-run" "--message-format=json", kill_on_drop: false }`
[INFO] [stdout] 9e0b8ff3c3487fa5fcc72b8e2afa79028b22595ff1c1f21ff6b7f65ccbbbde5e
[INFO] running `Command { std: "docker" "start" "-a" "9e0b8ff3c3487fa5fcc72b8e2afa79028b22595ff1c1f21ff6b7f65ccbbbde5e", kill_on_drop: false }`
[INFO] [stderr]    Compiling libc v0.2.151
[INFO] [stderr]    Compiling crossbeam-utils v0.8.18
[INFO] [stderr]    Compiling serde v1.0.194
[INFO] [stderr]    Compiling rustix v0.38.28
[INFO] [stderr]    Compiling rayon-core v1.12.0
[INFO] [stderr]    Compiling linux-raw-sys v0.4.12
[INFO] [stderr]    Compiling parking_lot_core v0.9.9
[INFO] [stderr]    Compiling bitflags v2.4.1
[INFO] [stderr]    Compiling num-traits v0.2.17
[INFO] [stderr]    Compiling lock_api v0.4.11
[INFO] [stderr]    Compiling half v1.8.2
[INFO] [stderr]    Compiling smallvec v1.11.2
[INFO] [stderr]    Compiling ciborium-io v0.2.1
[INFO] [stderr]    Compiling clap_lex v0.6.0
[INFO] [stderr]    Compiling serde_derive v1.0.194
[INFO] [stderr]    Compiling syn v1.0.109
[INFO] [stderr]    Compiling anstyle v1.0.4
[INFO] [stderr]    Compiling plotters-backend v0.3.5
[INFO] [stderr]    Compiling scopeguard v1.2.0
[INFO] [stderr]    Compiling clap_builder v4.4.12
[INFO] [stderr]    Compiling ciborium-ll v0.2.1
[INFO] [stderr]    Compiling itertools v0.10.5
[INFO] [stderr]    Compiling cast v0.3.0
[INFO] [stderr]    Compiling same-file v1.0.6
[INFO] [stderr]    Compiling env_logger v0.8.4
[INFO] [stderr]    Compiling tokio-macros v2.2.0
[INFO] [stderr]    Compiling walkdir v2.4.0
[INFO] [stderr]    Compiling fastrand v2.0.1
[INFO] [stderr]    Compiling plotters-svg v0.3.5
[INFO] [stderr]    Compiling anes v0.1.6
[INFO] [stderr]    Compiling bytes v1.5.0
[INFO] [stderr]    Compiling oorandom v11.1.3
[INFO] [stderr]    Compiling crossbeam-epoch v0.9.17
[INFO] [stderr]    Compiling crossbeam-deque v0.8.4
[INFO] [stderr]    Compiling rayon v1.8.0
[INFO] [stderr]    Compiling criterion-plot v0.5.0
[INFO] [stderr]    Compiling plotters v0.3.5
[INFO] [stderr]    Compiling getrandom v0.2.11
[INFO] [stderr]    Compiling signal-hook-registry v1.4.1
[INFO] [stderr]    Compiling mio v0.8.10
[INFO] [stderr]    Compiling socket2 v0.5.5
[INFO] [stderr]    Compiling num_cpus v1.16.0
[INFO] [stderr]    Compiling rand_core v0.6.4
[INFO] [stderr]    Compiling parking_lot v0.12.1
[INFO] [stderr]    Compiling rand v0.8.5
[INFO] [stderr]    Compiling clap v4.4.13
[INFO] [stderr]    Compiling tokio v1.35.1
[INFO] [stderr]    Compiling is-terminal v0.4.10
[INFO] [stderr]    Compiling tempfile v3.9.0
[INFO] [stderr]    Compiling quickcheck v1.0.3
[INFO] [stderr]    Compiling quickcheck_macros v1.0.0
[INFO] [stderr]    Compiling serde_json v1.0.111
[INFO] [stderr]    Compiling ciborium v0.2.1
[INFO] [stderr]    Compiling tinytemplate v1.2.1
[INFO] [stderr]    Compiling criterion v0.5.1
[INFO] [stderr]    Compiling mit-commit v3.1.8 (/opt/rustwide/workdir)
[INFO] [stderr]     Finished test [unoptimized + debuginfo] target(s) in 16.21s
[INFO] running `Command { std: "docker" "inspect" "9e0b8ff3c3487fa5fcc72b8e2afa79028b22595ff1c1f21ff6b7f65ccbbbde5e", kill_on_drop: false }`
[INFO] running `Command { std: "docker" "rm" "-f" "9e0b8ff3c3487fa5fcc72b8e2afa79028b22595ff1c1f21ff6b7f65ccbbbde5e", kill_on_drop: false }`
[INFO] [stdout] 9e0b8ff3c3487fa5fcc72b8e2afa79028b22595ff1c1f21ff6b7f65ccbbbde5e
[INFO] running `Command { std: "docker" "create" "-v" "/var/lib/crater-agent-workspace/builds/worker-6-tc2/target:/opt/rustwide/target:rw,Z" "-v" "/var/lib/crater-agent-workspace/builds/worker-6-tc2/source:/opt/rustwide/workdir:ro,Z" "-v" "/var/lib/crater-agent-workspace/cargo-home:/opt/rustwide/cargo-home:ro,Z" "-v" "/var/lib/crater-agent-workspace/rustup-home:/opt/rustwide/rustup-home:ro,Z" "-e" "SOURCE_DIR=/opt/rustwide/workdir" "-e" "CARGO_TARGET_DIR=/opt/rustwide/target" "-e" "CARGO_INCREMENTAL=0" "-e" "RUST_BACKTRACE=full" "-e" "RUSTFLAGS=--cap-lints=warn" "-e" "RUSTDOCFLAGS=--cap-lints=warn" "-e" "CARGO_HOME=/opt/rustwide/cargo-home" "-e" "RUSTUP_HOME=/opt/rustwide/rustup-home" "-w" "/opt/rustwide/workdir" "-m" "1610612736" "--user" "0:0" "--network" "none" "ghcr.io/rust-lang/crates-build-env/linux@sha256:2788e3201cd34a07e3172128adcd8b3090168a8e3bcc40d7c032b9dda1df7d1c" "/opt/rustwide/cargo-home/bin/cargo" "+beta-2023-12-22" "test" "--frozen", kill_on_drop: false }`
[INFO] [stdout] a46385f7695f6476ea3da03787d1873a303bcb47a05ac54076fb799055bb8ef4
[INFO] running `Command { std: "docker" "start" "-a" "a46385f7695f6476ea3da03787d1873a303bcb47a05ac54076fb799055bb8ef4", kill_on_drop: false }`
[INFO] [stderr]     Finished test [unoptimized + debuginfo] target(s) in 0.12s
[INFO] [stderr]      Running unittests src/lib.rs (/opt/rustwide/target/debug/deps/mit_commit-37d2e343b613fd70)
[INFO] [stdout] 
[INFO] [stdout] running 66 tests
[INFO] [stdout] test bodies_test::get_first ... ok
[INFO] [stdout] test bodies_test::implements_iterator ... ok
[INFO] [stdout] test bodies_test::it_can_be_formatted ... ok
[INFO] [stdout] test bodies_test::it_can_give_me_it_as_a_string ... ok
[INFO] [stdout] test body_test::it_can_give_me_it_as_a_string_from_a_str ... ok
[INFO] [stdout] test bodies_test::it_can_parse_itself_from_an_ast ... ok
[INFO] [stdout] test body_test::it_can_give_me_it_as_a_string_from_a_string ... ok
[INFO] [stdout] test body_test::it_can_tell_me_if_it_is_empty ... ok
[INFO] [stdout] test body_test::it_can_tell_me_if_it_is_full ... ok
[INFO] [stdout] test body_test::it_can_append_another_body_fragment ... ok
[INFO] [stdout] test body_test::it_implements_display ... ok
[INFO] [stdout] test comment_test::it_can_append_another_comment_fragment ... ok
[INFO] [stdout] test comment_test::it_can_be_created_from_a_str ... ok
[INFO] [stdout] test comment_test::it_can_be_created_from_a_string ... ok
[INFO] [stdout] test comment_test::it_can_tell_me_if_a_char_is_a_legal_comment_char ... ok
[INFO] [stdout] test comment_test::it_can_tell_me_if_a_char_is_not_legal_comment_char ... ok
[INFO] [stdout] test comments_test::implements_iterator ... ok
[INFO] [stdout] test comments_test::it_can_create_itself_from_an_ast ... ok
[INFO] [stdout] test comments_test::it_can_give_me_it_as_a_string ... ok
[INFO] [stdout] test commit_message_test::can_get_comment_character_when_there_is_no_comments ... ok
[INFO] [stdout] test commit_message_test::can_add_trailers_to_a_commit_without_existing_trailers ... ok
[INFO] [stdout] test commit_message_test::can_add_trailers_to_a_conventional_commit ... ok
[INFO] [stdout] test commit_message_test::can_generate_a_commit_from_an_ast ... ok
[INFO] [stdout] test commit_message_test::implements_default ... ok
[INFO] [stdout] test commit_message_test::can_read_from_path ... ok
[INFO] [stdout] test commit_message_test::can_parse_when_there_is_no_gutter ... ok
[INFO] [stdout] test commit_message_test::can_add_trailers_to_a_normal_commit ... ok
[INFO] [stdout] test commit_message_test::with_subject_on_default_commit ... ok
[INFO] [stdout] test commit_message_test::can_add_trailers_to_an_empty_commit ... ok
[INFO] [stdout] test commit_message_test::can_add_trailers_to_an_empty_commit_with_single_trailer ... ok
[INFO] [stdout] test scissors_test::it_can_be_created_from_a_string ... ok
[INFO] [stdout] test scissors_test::it_can_extract_itself_from_commit ... ok
[INFO] [stdout] test fragment_test::can_convert_comment_into_a_fragment ... ok
[INFO] [stdout] test scissors_test::can_give_me_it_as_string ... ok
[INFO] [stdout] test scissors_test::it_can_extract_itself_from_commit_with_a_standard_commit ... ok
[INFO] [stdout] test subject_test::chars ... ok
[INFO] [stdout] test subject_test::is_empty ... ok
[INFO] [stdout] test subject_test::it_can_be_created_from_a_body ... ok
[INFO] [stdout] test commit_message_test::insert_after_last_body_with_no_body ... ok
[INFO] [stdout] test fragment_test::can_convert_body_into_a_fragment ... ok
[INFO] [stdout] test commit_message_test::can_read_from_path_buf ... ok
[INFO] [stdout] test subject_test::it_can_be_created_from_a_string ... ok
[INFO] [stdout] test subject_test::it_can_be_created_from_a_str ... ok
[INFO] [stdout] test subject_test::it_can_be_created_from_fragments ... ok
[INFO] [stdout] test subject_test::it_can_be_created_from_fragments_commit_first_is_skipped ... ok
[INFO] [stdout] test subject_test::len ... ok
[INFO] [stdout] test subject_test::it_can_be_formatted ... ok
[INFO] [stdout] test trailer_test::can_generate_itself_from_body ... ok
[INFO] [stdout] test trailer_test::it_can_tell_me_its_value ... ok
[INFO] [stdout] test trailer_test::it_can_tell_me_its_key ... ok
[INFO] [stdout] test trailer_test::it_does_not_take_trailing_whitespace_into_account_in_hashing ... ok
[INFO] [stdout] test trailer_test::can_generate_from_body ... ok
[INFO] [stdout] test trailer_test::it_does_not_take_trailing_whitespace_into_account_in_equality_checks ... ok
[INFO] [stdout] test commit_message_test::insert_after_last_body ... ok
[INFO] [stdout] test trailers_test::it_can_give_me_it_as_a_string ... ok
[INFO] [stdout] test trailers_test::it_can_be_constructed_from_ast_with_conventional_commits ... ok
[INFO] [stdout] test trailer_test::it_can_give_me_itself_as_a_string ... ok
[INFO] [stdout] test trailers_test::implements_iterator ... ok
[INFO] [stdout] test trailer_test::it_preserves_preceding_whitespace ... ok
[INFO] [stdout] test trailers_test::it_can_be_constructed_from_ast ... ok
[INFO] [stdout] test trailers_test::it_can_give_me_the_length ... ok
[INFO] [stdout] test trailers_test::it_can_tell_me_if_it_is_empty ... ok
[INFO] [stdout] test commit_message_test::with_subject ... ok
[INFO] [stdout] test commit_message_test::can_check_if_it_matches_pattern ... ok
[INFO] [stdout] test commit_message_test::with_body ... ok
[INFO] [stdout] test commit_message_test::with_body_with_no_gutter ... ok
[INFO] [stdout] 
[INFO] [stdout] test result: ok. 66 passed; 0 failed; 0 ignored; 0 measured; 0 filtered out; finished in 0.01s
[INFO] [stdout] 
[INFO] [stderr]      Running tests/comment_char_is_not_in_legal_list.rs (/opt/rustwide/target/debug/deps/comment_char_is_not_in_legal_list-4b2ff9ae53b587e3)
[INFO] [stdout] 
[INFO] [stdout] running 7 tests
[INFO] [stdout] test can_get_body_from_comment_char_that_is_not_in_legal_list ... ok
[INFO] [stdout] test can_get_ast_from_comment_char_that_is_not_in_legal_list ... ok
[INFO] [stdout] test can_get_comments_from_comment_char_that_is_not_in_legal_list ... ok
[INFO] [stdout] test can_get_subject_from_comment_char_that_is_not_in_legal_list ... ok
[INFO] [stdout] test can_get_scissors_section_from_comment_char_that_is_not_in_legal_list ... ok
[INFO] [stdout] test can_get_trailers_from_comment_char_that_is_not_in_legal_list ... ok
[INFO] [stdout] test can_reliably_parse_from_comment_char_that_is_not_in_legal_list ... ok
[INFO] [stdout] 
[INFO] [stdout] test result: ok. 7 passed; 0 failed; 0 ignored; 0 measured; 0 filtered out; finished in 0.00s
[INFO] [stdout] 
[INFO] [stderr]      Running tests/commit_message_with_comment_right_next_to_subject.rs (/opt/rustwide/target/debug/deps/commit_message_with_comment_right_next_to_subject-ed9720edcaca2b47)
[INFO] [stdout] 
[INFO] [stdout] running 7 tests
[INFO] [stdout] test can_get_ast_from_a_commit_message_with_comment_right_next_to_subject ... ok
[INFO] [stdout] test can_get_subject_from_a_commit_message_with_comment_right_next_to_subject ... ok
[INFO] [stdout] test can_get_scissors_section_from_a_commit_message_with_comment_right_next_to_subject ... ok
[INFO] [stdout] test can_get_comments_from_a_commit_message_with_comment_right_next_to_subject ... ok
[INFO] [stdout] test can_get_body_from_a_commit_message_with_comment_right_next_to_subject ... ok
[INFO] [stdout] test can_get_trailers_from_a_commit_message_with_comment_right_next_to_subject ... ok
[INFO] [stdout] test can_reliably_parse_from_a_commit_message_with_comment_right_next_to_subject ... ok
[INFO] [stdout] 
[INFO] [stdout] test result: ok. 7 passed; 0 failed; 0 ignored; 0 measured; 0 filtered out; finished in 0.00s
[INFO] [stdout] 
[INFO] [stderr]      Running tests/commit_message_with_no_comments.rs (/opt/rustwide/target/debug/deps/commit_message_with_no_comments-27d450ec57f7bd21)
[INFO] [stdout] 
[INFO] [stdout] running 7 tests
[INFO] [stdout] test can_get_ast_from_a_commit_message_without_commits ... ok
[INFO] [stdout] test can_get_comments_from_a_commit_message_without_commits ... ok
[INFO] [stdout] test can_get_scissors_section_from_a_commit_message_without_commits ... ok
[INFO] [stdout] test can_get_subject_from_a_commit_message_without_commits ... ok
[INFO] [stdout] test can_get_body_from_a_commit_message_without_commits ... ok
[INFO] [stdout] test can_get_trailers_from_a_commit_message_without_commits ... ok
[INFO] [stdout] test can_reliably_parse_from_a_commit_message_without_commits ... ok
[INFO] [stdout] 
[INFO] [stdout] test result: ok. 7 passed; 0 failed; 0 ignored; 0 measured; 0 filtered out; finished in 0.00s
[INFO] [stdout] 
[INFO] [stderr]      Running tests/commit_message_with_whitespace_starting_last_line.rs (/opt/rustwide/target/debug/deps/commit_message_with_whitespace_starting_last_line-7884928a3a76b65e)
[INFO] [stdout] 
[INFO] [stdout] running 7 tests
[INFO] [stdout] test can_get_ast_from_a_commit_message_with_trailing_whitespace ... ok
[INFO] [stdout] test can_get_scissors_section_from_a_commit_message_with_trailing_whitespace ... ok
[INFO] [stdout] test can_get_comments_from_a_commit_message_with_trailing_whitespace ... ok
[INFO] [stdout] test can_get_body_from_a_commit_message_with_trailing_whitespace ... ok
[INFO] [stdout] test can_get_subject_from_a_commit_message_with_trailing_whitespace ... ok
[INFO] [stdout] test can_get_trailers_from_a_commit_message_with_trailing_whitespace ... ok
[INFO] [stdout] test can_reliably_parse_from_a_commit_message_with_trailing_whitespace ... ok
[INFO] [stdout] 
[INFO] [stdout] test result: ok. 7 passed; 0 failed; 0 ignored; 0 measured; 0 filtered out; finished in 0.00s
[INFO] [stdout] 
[INFO] [stderr]      Running tests/commit_with_all_features.rs (/opt/rustwide/target/debug/deps/commit_with_all_features-883e6d71e6bd1609)
[INFO] [stdout] 
[INFO] [stdout] running 8 tests
[INFO] [stdout] test can_get_ast_from_commit_with_all_features ... ok
[INFO] [stdout] test can_get_body_from_commit_with_all_features ... ok
[INFO] [stdout] test can_get_comment_character_with_all_features ... ok
[INFO] [stdout] test can_get_scissors_section_from_commit_with_all_features ... ok
[INFO] [stdout] test can_get_comments_from_commit_with_all_features ... ok
[INFO] [stdout] test can_get_trailers_from_commit_with_all_features ... ok
[INFO] [stdout] test can_get_subject_from_commit_with_all_features ... ok
[INFO] [stdout] test can_reliably_parse_from_commit_with_all_features ... ok
[INFO] [stdout] 
[INFO] [stdout] test result: ok. 8 passed; 0 failed; 0 ignored; 0 measured; 0 filtered out; finished in 0.00s
[INFO] [stdout] 
[INFO] [stderr]      Running tests/long_subject_only_commit.rs (/opt/rustwide/target/debug/deps/long_subject_only_commit-5a7c6d2e4e7e9468)
[INFO] [stdout] 
[INFO] [stdout] running 8 tests
[INFO] [stdout] test can_get_ast_from_subject_only_commit ... ok
[INFO] [stdout] test can_get_comment_character_only_commit ... ok
[INFO] [stdout] test can_get_body_from_subject_only_commit ... ok
[INFO] [stdout] test can_get_scissors_section_from_subject_only_commit ... ok
[INFO] [stdout] test can_get_comments_from_subject_only_commit ... ok
[INFO] [stdout] test can_get_subject_from_subject_only_commit ... ok
[INFO] [stdout] test can_get_trailers_from_subject_only_commit ... ok
[INFO] [stdout] test can_reliably_parse_from_subject_only_commit ... ok
[INFO] [stdout] 
[INFO] [stdout] test result: ok. 8 passed; 0 failed; 0 ignored; 0 measured; 0 filtered out; finished in 0.00s
[INFO] [stdout] 
[INFO] [stderr]      Running tests/multiple_trailers.rs (/opt/rustwide/target/debug/deps/multiple_trailers-0181e18c21d6efb1)
[INFO] [stdout] 
[INFO] [stdout] running 7 tests
[INFO] [stdout] test can_get_ast_from_multiple_trailers ... ok
[INFO] [stdout] test can_get_comments_from_multiple_trailers ... ok
[INFO] [stdout] test can_get_body_from_multiple_trailers ... ok
[INFO] [stdout] test can_get_subject_from_multiple_trailers ... ok
[INFO] [stdout] test can_get_scissors_section_from_multiple_trailers ... ok
[INFO] [stdout] test can_get_trailers_from_multiple_trailers ... ok
[INFO] [stdout] test can_reliably_parse_from_multiple_trailers ... ok
[INFO] [stdout] 
[INFO] [stdout] test result: ok. 7 passed; 0 failed; 0 ignored; 0 measured; 0 filtered out; finished in 0.00s
[INFO] [stdout] 
[INFO] [stderr]      Running tests/never_panic.rs (/opt/rustwide/target/debug/deps/never_panic-4786821881bfef7d)
[INFO] [stdout] 
[INFO] [stdout] running 1 test
[INFO] [stdout] test never_panic ... ok
[INFO] [stdout] 
[INFO] [stdout] test result: ok. 1 passed; 0 failed; 0 ignored; 0 measured; 0 filtered out; finished in 0.00s
[INFO] [stdout] 
[INFO] [stderr]      Running tests/non_standard_comment_character.rs (/opt/rustwide/target/debug/deps/non_standard_comment_character-600c975253fd7963)
[INFO] [stdout] 
[INFO] [stdout] running 8 tests
[INFO] [stdout] test can_get_comment_character_non_standard_comment_char_commit ... ok
[INFO] [stdout] test can_get_ast_from_non_standard_comment_char_commit ... ok
[INFO] [stdout] test can_get_body_from_non_standard_comment_char_commit ... ok
[INFO] [stdout] test can_get_comments_from_non_standard_comment_char_commit ... ok
[INFO] [stdout] test can_get_scissors_section_from_non_standard_comment_char_commit ... ok
[INFO] [stdout] test can_get_trailers_from_non_standard_comment_char_commit ... ok
[INFO] [stdout] test can_get_subject_from_non_standard_comment_char_commit ... ok
[INFO] [stdout] test can_reliably_parse_from_non_standard_comment_char_commit ... ok
[INFO] [stdout] 
[INFO] [stdout] test result: ok. 8 passed; 0 failed; 0 ignored; 0 measured; 0 filtered out; finished in 0.00s
[INFO] [stdout] 
[INFO] [stderr]      Running tests/not_verbose_commit.rs (/opt/rustwide/target/debug/deps/not_verbose_commit-0b64d51d1273f90e)
[INFO] [stdout] 
[INFO] [stdout] running 8 tests
[INFO] [stdout] test can_get_body_from_not_verbose_commit ... ok
[INFO] [stdout] test can_get_ast_from_not_verbose_commit ... ok
[INFO] [stdout] test can_get_comment_character_not_verbose_commit ... ok
[INFO] [stdout] test can_get_comments_from_not_verbose_commit ... ok
[INFO] [stdout] test can_get_scissors_section_from_not_verbose_commit ... ok
[INFO] [stdout] test can_get_subject_from_not_verbose_commit ... ok
[INFO] [stdout] test can_get_trailers_from_not_verbose_commit ... ok
[INFO] [stdout] test can_reliably_parse_from_not_verbose_commit ... ok
[INFO] [stdout] 
[INFO] [stdout] test result: ok. 8 passed; 0 failed; 0 ignored; 0 measured; 0 filtered out; finished in 0.00s
[INFO] [stdout] 
[INFO] [stderr]      Running tests/trailing_empty_newlines.rs (/opt/rustwide/target/debug/deps/trailing_empty_newlines-f13b87948a1dd909)
[INFO] [stdout] 
[INFO] [stdout] running 7 tests
[INFO] [stdout] test can_get_body_from_trailing_empty_newlines ... ok
[INFO] [stdout] test can_get_comments_from_trailing_empty_newlines ... ok
[INFO] [stdout] test can_get_ast_from_trailing_empty_newlines ... ok
[INFO] [stdout] test can_get_scissors_section_from_trailing_empty_newlines ... ok
[INFO] [stdout] test can_get_subject_from_trailing_empty_newlines ... ok
[INFO] [stdout] test can_get_trailers_from_trailing_empty_newlines ... ok
[INFO] [stdout] test can_reliably_parse_from_trailing_empty_newlines ... ok
[INFO] [stdout] 
[INFO] [stdout] test result: ok. 7 passed; 0 failed; 0 ignored; 0 measured; 0 filtered out; finished in 0.00s
[INFO] [stdout] 
[INFO] [stderr]    Doc-tests mit-commit
[INFO] [stdout] 
[INFO] [stdout] running 40 tests
[INFO] [stdout] test src/commit_message.rs - commit_message::CommitMessage<'a>::add_trailer (line 96) ... FAILED
[INFO] [stdout] test src/comments.rs - comments::Comments<'a>::into_iter (line 44) ... ok
[INFO] [stdout] test src/bodies.rs - bodies::Bodies<'a>::first (line 38) ... FAILED
[INFO] [stdout] test src/comment.rs - comment::Comment<'a>::is_legal_comment_char (line 40) ... ok
[INFO] [stdout] test src/body.rs - body::Body<'a>::is_empty (line 45) ... ok
[INFO] [stdout] test src/comments.rs - comments::Comments<'a>::iter (line 16) ... ok
[INFO] [stdout] test src/comment.rs - comment::Comment<'a>::append (line 18) ... FAILED
[INFO] [stdout] test src/bodies.rs - bodies::Bodies<'a>::fmt (line 111) ... ok
[INFO] [stdout] test src/bodies.rs - bodies::Bodies<'a>::into_iter (line 87) ... ok
[INFO] [stdout] test src/commit_message.rs - commit_message::CommitMessage<'a>::get_comments (line 483) ... ok
[INFO] [stdout] test src/bodies.rs - bodies::Bodies<'a>::from (line 131) ... ok
[INFO] [stdout] test src/commit_message.rs - commit_message::CommitMessage<'a>::from (line 900) ... ok
[INFO] [stdout] test src/bodies.rs - bodies::Bodies (line 15) ... ok
[INFO] [stdout] test src/body.rs - body::Body<'a>::append (line 20) ... ok
[INFO] [stdout] test src/commit_message.rs - commit_message::CommitMessage<'a>::get_scissors (line 544) ... ok
[INFO] [stdout] test src/commit_message.rs - commit_message::CommitMessage<'a>::get_subject (line 293) ... ok
[INFO] [stdout] test src/commit_message.rs - commit_message::CommitMessage<'a>::get_comment_char (line 856) ... ok
[INFO] [stdout] test src/commit_message.rs - commit_message::CommitMessage<'a>::get_ast (line 338) ... ok
[INFO] [stdout] test src/bodies.rs - bodies::Bodies<'a>::iter (line 60) ... ok
[INFO] [stdout] test src/commit_message.rs - commit_message::CommitMessage<'a>::from_fragments (line 44) ... ok
[INFO] [stdout] test src/commit_message.rs - commit_message::CommitMessage<'a>::get_body (line 423) ... ok
[INFO] [stdout] test src/commit_message.rs - commit_message::CommitMessage<'a>::get_trailers (line 621) ... ok
[INFO] [stdout] test src/commit_message.rs - commit_message::CommitMessage<'a>::get_comment_char (line 847) ... ok
[INFO] [stdout] test src/commit_message.rs - commit_message::CommitMessage<'a>::insert_after_last_full_body (line 172) ... ok
[INFO] [stdout] test src/commit_message.rs - commit_message::CommitMessage<'a>::with_body_contents (line 790) ... ok
[INFO] [stdout] test src/commit_message.rs - commit_message::CommitMessage<'a>::with_body_contents (line 815) ... ok
[INFO] [stdout] test src/commit_message.rs - commit_message::CommitMessage<'a>::matches_pattern (line 692) ... ok
[INFO] [stdout] test src/lib.rs - test_readme (line 110) ... ok
[INFO] [stdout] test src/lib.rs - (line 7) ... ok
[INFO] [stdout] test src/commit_message.rs - commit_message::CommitMessage<'a>::with_subject (line 749) ... ok
[INFO] [stdout] test src/subject.rs - subject::Subject<'a>::chars (line 51) ... ok
[INFO] [stdout] test src/subject.rs - subject::Subject<'a>::is_empty (line 36) ... ok
[INFO] [stdout] test src/trailer.rs - trailer::Trailer<'a>::get_value (line 67) ... ok
[INFO] [stdout] test src/subject.rs - subject::Subject<'a>::len (line 21) ... ok
[INFO] [stdout] test src/trailer.rs - trailer::Trailer<'a>::new (line 30) ... ok
[INFO] [stdout] test src/trailer.rs - trailer::Trailer<'a>::get_key (line 49) ... ok
[INFO] [stdout] test src/trailers.rs - trailers::Trailers<'a>::iter (line 17) ... ok
[INFO] [stdout] test src/trailers.rs - trailers::Trailers<'a>::is_empty (line 84) ... ok
[INFO] [stdout] test src/trailers.rs - trailers::Trailers<'a>::into_iter (line 118) ... ok
[INFO] [stdout] test src/trailers.rs - trailers::Trailers<'a>::len (line 60) ... ok
[INFO] [stdout] 
[INFO] [stdout] failures:
[INFO] [stdout] 
[INFO] [stdout] ---- src/commit_message.rs - commit_message::CommitMessage<'a>::add_trailer (line 96) stdout ----
[INFO] [stdout] error: linking with `cc` failed: exit status: 1
[INFO] [stdout]   |
[INFO] [stdout]   = note: LC_ALL="C" PATH="/opt/rustwide/rustup-home/toolchains/beta-2023-12-22-x86_64-unknown-linux-gnu/lib/rustlib/x86_64-unknown-linux-gnu/bin:/opt/rustwide/cargo-home/bin:/usr/local/sbin:/usr/local/bin:/usr/sbin:/usr/bin:/sbin:/bin" VSLANG="1033" "cc" "-m64" "/tmp/rustcP8X7j4/symbols.o" "/tmp/rustdoctestFUubgp/rust_out.rust_out.1380c8ea7c88b8e2-cgu.0.rcgu.o" "/tmp/rustdoctestFUubgp/rust_out.3lr6z6385pynyhem.rcgu.o" "-Wl,--as-needed" "-L" "/opt/rustwide/target/debug/deps" "-L" "/opt/rustwide/target/debug/deps" "-L" "/opt/rustwide/rustup-home/toolchains/beta-2023-12-22-x86_64-unknown-linux-gnu/lib/rustlib/x86_64-unknown-linux-gnu/lib" "-Wl,-Bstatic" "/opt/rustwide/target/debug/deps/libmit_commit-65b771a91f39e337.rlib" "/opt/rustwide/target/debug/deps/libregex-6b2e15812834269a.rlib" "/opt/rustwide/target/debug/deps/libregex_automata-18e9b4bafe25d656.rlib" "/opt/rustwide/target/debug/deps/libaho_corasick-0efee17d6ff570a3.rlib" "/opt/rustwide/target/debug/deps/libmemchr-14a47255884553ca.rlib" "/opt/rustwide/target/debug/deps/libregex_syntax-2fba322c2516c6a3.rlib" "/opt/rustwide/target/debug/deps/libmiette-70accf828fdef250.rlib" "/opt/rustwide/target/debug/deps/libunicode_width-0ea374cdbf7c3a56.rlib" "/opt/rustwide/target/debug/deps/libonce_cell-334d739f4e3a4961.rlib" "/opt/rustwide/target/debug/deps/libthiserror-e38fe1cc70b261d4.rlib" "/opt/rustwide/rustup-home/toolchains/beta-2023-12-22-x86_64-unknown-linux-gnu/lib/rustlib/x86_64-unknown-linux-gnu/lib/libstd-0672489a78b613de.rlib" "/opt/rustwide/rustup-home/toolchains/beta-2023-12-22-x86_64-unknown-linux-gnu/lib/rustlib/x86_64-unknown-linux-gnu/lib/libpanic_unwind-7eb3ffc34a49f675.rlib" "/opt/rustwide/rustup-home/toolchains/beta-2023-12-22-x86_64-unknown-linux-gnu/lib/rustlib/x86_64-unknown-linux-gnu/lib/libobject-6478a9daa4bee8e2.rlib" "/opt/rustwide/rustup-home/toolchains/beta-2023-12-22-x86_64-unknown-linux-gnu/lib/rustlib/x86_64-unknown-linux-gnu/lib/libmemchr-0c75d871a5c3923d.rlib" "/opt/rustwide/rustup-home/toolchains/beta-2023-12-22-x86_64-unknown-linux-gnu/lib/rustlib/x86_64-unknown-linux-gnu/lib/libaddr2line-d163ef63ad37bb71.rlib" "/opt/rustwide/rustup-home/toolchains/beta-2023-12-22-x86_64-unknown-linux-gnu/lib/rustlib/x86_64-unknown-linux-gnu/lib/libgimli-8a3fd810a85b9f4c.rlib" "/opt/rustwide/rustup-home/toolchains/beta-2023-12-22-x86_64-unknown-linux-gnu/lib/rustlib/x86_64-unknown-linux-gnu/lib/librustc_demangle-462a2cde8c5dfc10.rlib" "/opt/rustwide/rustup-home/toolchains/beta-2023-12-22-x86_64-unknown-linux-gnu/lib/rustlib/x86_64-unknown-linux-gnu/lib/libstd_detect-cb06ac9f54713f71.rlib" "/opt/rustwide/rustup-home/toolchains/beta-2023-12-22-x86_64-unknown-linux-gnu/lib/rustlib/x86_64-unknown-linux-gnu/lib/libhashbrown-f20bfd1f8e59b393.rlib" "/opt/rustwide/rustup-home/toolchains/beta-2023-12-22-x86_64-unknown-linux-gnu/lib/rustlib/x86_64-unknown-linux-gnu/lib/librustc_std_workspace_alloc-1ef460949b49da4b.rlib" "/opt/rustwide/rustup-home/toolchains/beta-2023-12-22-x86_64-unknown-linux-gnu/lib/rustlib/x86_64-unknown-linux-gnu/lib/libminiz_oxide-2cb0c0ffe4f87514.rlib" "/opt/rustwide/rustup-home/toolchains/beta-2023-12-22-x86_64-unknown-linux-gnu/lib/rustlib/x86_64-unknown-linux-gnu/lib/libadler-58d841eb322a11a2.rlib" "/opt/rustwide/rustup-home/toolchains/beta-2023-12-22-x86_64-unknown-linux-gnu/lib/rustlib/x86_64-unknown-linux-gnu/lib/libunwind-aa2ae0b0a9d11533.rlib" "/opt/rustwide/rustup-home/toolchains/beta-2023-12-22-x86_64-unknown-linux-gnu/lib/rustlib/x86_64-unknown-linux-gnu/lib/libcfg_if-23874e15830ed336.rlib" "/opt/rustwide/rustup-home/toolchains/beta-2023-12-22-x86_64-unknown-linux-gnu/lib/rustlib/x86_64-unknown-linux-gnu/lib/liblibc-e47cddc003bce885.rlib" "/opt/rustwide/rustup-home/toolchains/beta-2023-12-22-x86_64-unknown-linux-gnu/lib/rustlib/x86_64-unknown-linux-gnu/lib/liballoc-c22b13b48a8f128e.rlib" "/opt/rustwide/rustup-home/toolchains/beta-2023-12-22-x86_64-unknown-linux-gnu/lib/rustlib/x86_64-unknown-linux-gnu/lib/librustc_std_workspace_core-e46bc3da6d7c462f.rlib" "/opt/rustwide/rustup-home/toolchains/beta-2023-12-22-x86_64-unknown-linux-gnu/lib/rustlib/x86_64-unknown-linux-gnu/lib/libcore-8d1ac131d3cb2645.rlib" "/opt/rustwide/rustup-home/toolchains/beta-2023-12-22-x86_64-unknown-linux-gnu/lib/rustlib/x86_64-unknown-linux-gnu/lib/libcompiler_builtins-a1b43df8c6899c1f.rlib" "-Wl,-Bdynamic" "-lgcc_s" "-lutil" "-lrt" "-lpthread" "-lm" "-ldl" "-lc" "-Wl,--eh-frame-hdr" "-Wl,-z,noexecstack" "-L" "/opt/rustwide/rustup-home/toolchains/beta-2023-12-22-x86_64-unknown-linux-gnu/lib/rustlib/x86_64-unknown-linux-gnu/lib" "-o" "/tmp/rustdoctestFUubgp/rust_out" "-Wl,--gc-sections" "-pie" "-Wl,-z,relro,-z,now" "-nodefaultlibs"
[INFO] [stdout]   = note: collect2: fatal error: ld terminated with signal 9 [Killed]
[INFO] [stdout]           compilation terminated.
[INFO] [stdout]           
[INFO] [stdout] 
[INFO] [stdout] error: aborting due to 1 previous error
[INFO] [stdout] 
[INFO] [stdout] Couldn't compile the test.
[INFO] [stdout] ---- src/bodies.rs - bodies::Bodies<'a>::first (line 38) stdout ----
[INFO] [stdout] error: linking with `cc` failed: exit status: 1
[INFO] [stdout]   |
[INFO] [stdout]   = note: LC_ALL="C" PATH="/opt/rustwide/rustup-home/toolchains/beta-2023-12-22-x86_64-unknown-linux-gnu/lib/rustlib/x86_64-unknown-linux-gnu/bin:/opt/rustwide/cargo-home/bin:/usr/local/sbin:/usr/local/bin:/usr/sbin:/usr/bin:/sbin:/bin" VSLANG="1033" "cc" "-m64" "/tmp/rustcbp6Upz/symbols.o" "/tmp/rustdoctestPC8Tc1/rust_out.rust_out.1380c8ea7c88b8e2-cgu.0.rcgu.o" "/tmp/rustdoctestPC8Tc1/rust_out.3lr6z6385pynyhem.rcgu.o" "-Wl,--as-needed" "-L" "/opt/rustwide/target/debug/deps" "-L" "/opt/rustwide/target/debug/deps" "-L" "/opt/rustwide/rustup-home/toolchains/beta-2023-12-22-x86_64-unknown-linux-gnu/lib/rustlib/x86_64-unknown-linux-gnu/lib" "-Wl,-Bstatic" "/opt/rustwide/target/debug/deps/libmit_commit-65b771a91f39e337.rlib" "/opt/rustwide/target/debug/deps/libregex-6b2e15812834269a.rlib" "/opt/rustwide/target/debug/deps/libregex_automata-18e9b4bafe25d656.rlib" "/opt/rustwide/target/debug/deps/libaho_corasick-0efee17d6ff570a3.rlib" "/opt/rustwide/target/debug/deps/libmemchr-14a47255884553ca.rlib" "/opt/rustwide/target/debug/deps/libregex_syntax-2fba322c2516c6a3.rlib" "/opt/rustwide/target/debug/deps/libmiette-70accf828fdef250.rlib" "/opt/rustwide/target/debug/deps/libunicode_width-0ea374cdbf7c3a56.rlib" "/opt/rustwide/target/debug/deps/libonce_cell-334d739f4e3a4961.rlib" "/opt/rustwide/target/debug/deps/libthiserror-e38fe1cc70b261d4.rlib" "/opt/rustwide/rustup-home/toolchains/beta-2023-12-22-x86_64-unknown-linux-gnu/lib/rustlib/x86_64-unknown-linux-gnu/lib/libstd-0672489a78b613de.rlib" "/opt/rustwide/rustup-home/toolchains/beta-2023-12-22-x86_64-unknown-linux-gnu/lib/rustlib/x86_64-unknown-linux-gnu/lib/libpanic_unwind-7eb3ffc34a49f675.rlib" "/opt/rustwide/rustup-home/toolchains/beta-2023-12-22-x86_64-unknown-linux-gnu/lib/rustlib/x86_64-unknown-linux-gnu/lib/libobject-6478a9daa4bee8e2.rlib" "/opt/rustwide/rustup-home/toolchains/beta-2023-12-22-x86_64-unknown-linux-gnu/lib/rustlib/x86_64-unknown-linux-gnu/lib/libmemchr-0c75d871a5c3923d.rlib" "/opt/rustwide/rustup-home/toolchains/beta-2023-12-22-x86_64-unknown-linux-gnu/lib/rustlib/x86_64-unknown-linux-gnu/lib/libaddr2line-d163ef63ad37bb71.rlib" "/opt/rustwide/rustup-home/toolchains/beta-2023-12-22-x86_64-unknown-linux-gnu/lib/rustlib/x86_64-unknown-linux-gnu/lib/libgimli-8a3fd810a85b9f4c.rlib" "/opt/rustwide/rustup-home/toolchains/beta-2023-12-22-x86_64-unknown-linux-gnu/lib/rustlib/x86_64-unknown-linux-gnu/lib/librustc_demangle-462a2cde8c5dfc10.rlib" "/opt/rustwide/rustup-home/toolchains/beta-2023-12-22-x86_64-unknown-linux-gnu/lib/rustlib/x86_64-unknown-linux-gnu/lib/libstd_detect-cb06ac9f54713f71.rlib" "/opt/rustwide/rustup-home/toolchains/beta-2023-12-22-x86_64-unknown-linux-gnu/lib/rustlib/x86_64-unknown-linux-gnu/lib/libhashbrown-f20bfd1f8e59b393.rlib" "/opt/rustwide/rustup-home/toolchains/beta-2023-12-22-x86_64-unknown-linux-gnu/lib/rustlib/x86_64-unknown-linux-gnu/lib/librustc_std_workspace_alloc-1ef460949b49da4b.rlib" "/opt/rustwide/rustup-home/toolchains/beta-2023-12-22-x86_64-unknown-linux-gnu/lib/rustlib/x86_64-unknown-linux-gnu/lib/libminiz_oxide-2cb0c0ffe4f87514.rlib" "/opt/rustwide/rustup-home/toolchains/beta-2023-12-22-x86_64-unknown-linux-gnu/lib/rustlib/x86_64-unknown-linux-gnu/lib/libadler-58d841eb322a11a2.rlib" "/opt/rustwide/rustup-home/toolchains/beta-2023-12-22-x86_64-unknown-linux-gnu/lib/rustlib/x86_64-unknown-linux-gnu/lib/libunwind-aa2ae0b0a9d11533.rlib" "/opt/rustwide/rustup-home/toolchains/beta-2023-12-22-x86_64-unknown-linux-gnu/lib/rustlib/x86_64-unknown-linux-gnu/lib/libcfg_if-23874e15830ed336.rlib" "/opt/rustwide/rustup-home/toolchains/beta-2023-12-22-x86_64-unknown-linux-gnu/lib/rustlib/x86_64-unknown-linux-gnu/lib/liblibc-e47cddc003bce885.rlib" "/opt/rustwide/rustup-home/toolchains/beta-2023-12-22-x86_64-unknown-linux-gnu/lib/rustlib/x86_64-unknown-linux-gnu/lib/liballoc-c22b13b48a8f128e.rlib" "/opt/rustwide/rustup-home/toolchains/beta-2023-12-22-x86_64-unknown-linux-gnu/lib/rustlib/x86_64-unknown-linux-gnu/lib/librustc_std_workspace_core-e46bc3da6d7c462f.rlib" "/opt/rustwide/rustup-home/toolchains/beta-2023-12-22-x86_64-unknown-linux-gnu/lib/rustlib/x86_64-unknown-linux-gnu/lib/libcore-8d1ac131d3cb2645.rlib" "/opt/rustwide/rustup-home/toolchains/beta-2023-12-22-x86_64-unknown-linux-gnu/lib/rustlib/x86_64-unknown-linux-gnu/lib/libcompiler_builtins-a1b43df8c6899c1f.rlib" "-Wl,-Bdynamic" "-lgcc_s" "-lutil" "-lrt" "-lpthread" "-lm" "-ldl" "-lc" "-Wl,--eh-frame-hdr" "-Wl,-z,noexecstack" "-L" "/opt/rustwide/rustup-home/toolchains/beta-2023-12-22-x86_64-unknown-linux-gnu/lib/rustlib/x86_64-unknown-linux-gnu/lib" "-o" "/tmp/rustdoctestPC8Tc1/rust_out" "-Wl,--gc-sections" "-pie" "-Wl,-z,relro,-z,now" "-nodefaultlibs"
[INFO] [stdout]   = note: collect2: fatal error: ld terminated with signal 9 [Killed]
[INFO] [stdout]           compilation terminated.
[INFO] [stdout]           
[INFO] [stdout] 
[INFO] [stdout] error: aborting due to 1 previous error
[INFO] [stdout] 
[INFO] [stdout] Couldn't compile the test.
[INFO] [stdout] ---- src/comment.rs - comment::Comment<'a>::append (line 18) stdout ----
[INFO] [stdout] error: linking with `cc` failed: exit status: 1
[INFO] [stdout]   |
[INFO] [stdout]   = note: LC_ALL="C" PATH="/opt/rustwide/rustup-home/toolchains/beta-2023-12-22-x86_64-unknown-linux-gnu/lib/rustlib/x86_64-unknown-linux-gnu/bin:/opt/rustwide/cargo-home/bin:/usr/local/sbin:/usr/local/bin:/usr/sbin:/usr/bin:/sbin:/bin" VSLANG="1033" "cc" "-m64" "/tmp/rustcXtpUlO/symbols.o" "/tmp/rustdoctestkpV4nL/rust_out.rust_out.1380c8ea7c88b8e2-cgu.0.rcgu.o" "/tmp/rustdoctestkpV4nL/rust_out.3lr6z6385pynyhem.rcgu.o" "-Wl,--as-needed" "-L" "/opt/rustwide/target/debug/deps" "-L" "/opt/rustwide/target/debug/deps" "-L" "/opt/rustwide/rustup-home/toolchains/beta-2023-12-22-x86_64-unknown-linux-gnu/lib/rustlib/x86_64-unknown-linux-gnu/lib" "-Wl,-Bstatic" "/opt/rustwide/target/debug/deps/libmit_commit-65b771a91f39e337.rlib" "/opt/rustwide/target/debug/deps/libregex-6b2e15812834269a.rlib" "/opt/rustwide/target/debug/deps/libregex_automata-18e9b4bafe25d656.rlib" "/opt/rustwide/target/debug/deps/libaho_corasick-0efee17d6ff570a3.rlib" "/opt/rustwide/target/debug/deps/libmemchr-14a47255884553ca.rlib" "/opt/rustwide/target/debug/deps/libregex_syntax-2fba322c2516c6a3.rlib" "/opt/rustwide/target/debug/deps/libmiette-70accf828fdef250.rlib" "/opt/rustwide/target/debug/deps/libunicode_width-0ea374cdbf7c3a56.rlib" "/opt/rustwide/target/debug/deps/libonce_cell-334d739f4e3a4961.rlib" "/opt/rustwide/target/debug/deps/libthiserror-e38fe1cc70b261d4.rlib" "/opt/rustwide/rustup-home/toolchains/beta-2023-12-22-x86_64-unknown-linux-gnu/lib/rustlib/x86_64-unknown-linux-gnu/lib/libstd-0672489a78b613de.rlib" "/opt/rustwide/rustup-home/toolchains/beta-2023-12-22-x86_64-unknown-linux-gnu/lib/rustlib/x86_64-unknown-linux-gnu/lib/libpanic_unwind-7eb3ffc34a49f675.rlib" "/opt/rustwide/rustup-home/toolchains/beta-2023-12-22-x86_64-unknown-linux-gnu/lib/rustlib/x86_64-unknown-linux-gnu/lib/libobject-6478a9daa4bee8e2.rlib" "/opt/rustwide/rustup-home/toolchains/beta-2023-12-22-x86_64-unknown-linux-gnu/lib/rustlib/x86_64-unknown-linux-gnu/lib/libmemchr-0c75d871a5c3923d.rlib" "/opt/rustwide/rustup-home/toolchains/beta-2023-12-22-x86_64-unknown-linux-gnu/lib/rustlib/x86_64-unknown-linux-gnu/lib/libaddr2line-d163ef63ad37bb71.rlib" "/opt/rustwide/rustup-home/toolchains/beta-2023-12-22-x86_64-unknown-linux-gnu/lib/rustlib/x86_64-unknown-linux-gnu/lib/libgimli-8a3fd810a85b9f4c.rlib" "/opt/rustwide/rustup-home/toolchains/beta-2023-12-22-x86_64-unknown-linux-gnu/lib/rustlib/x86_64-unknown-linux-gnu/lib/librustc_demangle-462a2cde8c5dfc10.rlib" "/opt/rustwide/rustup-home/toolchains/beta-2023-12-22-x86_64-unknown-linux-gnu/lib/rustlib/x86_64-unknown-linux-gnu/lib/libstd_detect-cb06ac9f54713f71.rlib" "/opt/rustwide/rustup-home/toolchains/beta-2023-12-22-x86_64-unknown-linux-gnu/lib/rustlib/x86_64-unknown-linux-gnu/lib/libhashbrown-f20bfd1f8e59b393.rlib" "/opt/rustwide/rustup-home/toolchains/beta-2023-12-22-x86_64-unknown-linux-gnu/lib/rustlib/x86_64-unknown-linux-gnu/lib/librustc_std_workspace_alloc-1ef460949b49da4b.rlib" "/opt/rustwide/rustup-home/toolchains/beta-2023-12-22-x86_64-unknown-linux-gnu/lib/rustlib/x86_64-unknown-linux-gnu/lib/libminiz_oxide-2cb0c0ffe4f87514.rlib" "/opt/rustwide/rustup-home/toolchains/beta-2023-12-22-x86_64-unknown-linux-gnu/lib/rustlib/x86_64-unknown-linux-gnu/lib/libadler-58d841eb322a11a2.rlib" "/opt/rustwide/rustup-home/toolchains/beta-2023-12-22-x86_64-unknown-linux-gnu/lib/rustlib/x86_64-unknown-linux-gnu/lib/libunwind-aa2ae0b0a9d11533.rlib" "/opt/rustwide/rustup-home/toolchains/beta-2023-12-22-x86_64-unknown-linux-gnu/lib/rustlib/x86_64-unknown-linux-gnu/lib/libcfg_if-23874e15830ed336.rlib" "/opt/rustwide/rustup-home/toolchains/beta-2023-12-22-x86_64-unknown-linux-gnu/lib/rustlib/x86_64-unknown-linux-gnu/lib/liblibc-e47cddc003bce885.rlib" "/opt/rustwide/rustup-home/toolchains/beta-2023-12-22-x86_64-unknown-linux-gnu/lib/rustlib/x86_64-unknown-linux-gnu/lib/liballoc-c22b13b48a8f128e.rlib" "/opt/rustwide/rustup-home/toolchains/beta-2023-12-22-x86_64-unknown-linux-gnu/lib/rustlib/x86_64-unknown-linux-gnu/lib/librustc_std_workspace_core-e46bc3da6d7c462f.rlib" "/opt/rustwide/rustup-home/toolchains/beta-2023-12-22-x86_64-unknown-linux-gnu/lib/rustlib/x86_64-unknown-linux-gnu/lib/libcore-8d1ac131d3cb2645.rlib" "/opt/rustwide/rustup-home/toolchains/beta-2023-12-22-x86_64-unknown-linux-gnu/lib/rustlib/x86_64-unknown-linux-gnu/lib/libcompiler_builtins-a1b43df8c6899c1f.rlib" "-Wl,-Bdynamic" "-lgcc_s" "-lutil" "-lrt" "-lpthread" "-lm" "-ldl" "-lc" "-Wl,--eh-frame-hdr" "-Wl,-z,noexecstack" "-L" "/opt/rustwide/rustup-home/toolchains/beta-2023-12-22-x86_64-unknown-linux-gnu/lib/rustlib/x86_64-unknown-linux-gnu/lib" "-o" "/tmp/rustdoctestkpV4nL/rust_out" "-Wl,--gc-sections" "-pie" "-Wl,-z,relro,-z,now" "-nodefaultlibs"
[INFO] [stdout]   = note: collect2: fatal error: ld terminated with signal 9 [Killed]
[INFO] [stdout]           compilation terminated.
[INFO] [stdout]           
[INFO] [stdout] 
[INFO] [stdout] error: aborting due to 1 previous error
[INFO] [stdout] 
[INFO] [stdout] Couldn't compile the test.
[INFO] [stdout] 
[INFO] [stdout] failures:
[INFO] [stdout]     src/bodies.rs - bodies::Bodies<'a>::first (line 38)
[INFO] [stdout]     src/comment.rs - comment::Comment<'a>::append (line 18)
[INFO] [stdout]     src/commit_message.rs - commit_message::CommitMessage<'a>::add_trailer (line 96)
[INFO] [stdout] 
[INFO] [stdout] test result: FAILED. 37 passed; 3 failed; 0 ignored; 0 measured; 0 filtered out; finished in 4.42s
[INFO] [stdout] 
[INFO] [stderr] error: doctest failed, to rerun pass `--doc`
[INFO] running `Command { std: "docker" "inspect" "a46385f7695f6476ea3da03787d1873a303bcb47a05ac54076fb799055bb8ef4", kill_on_drop: false }`
[INFO] running `Command { std: "docker" "rm" "-f" "a46385f7695f6476ea3da03787d1873a303bcb47a05ac54076fb799055bb8ef4", kill_on_drop: false }`
[INFO] [stdout] a46385f7695f6476ea3da03787d1873a303bcb47a05ac54076fb799055bb8ef4
