[INFO] fetching crate minus 5.5.0...
[INFO] testing minus-5.5.0 against 1.75.0 for beta-1.76-1
[INFO] extracting crate minus 5.5.0 into /workspace/builds/worker-0-tc1/source
[INFO] validating manifest of crates.io crate minus 5.5.0 on toolchain 1.75.0
[INFO] running `Command { std: CARGO_HOME="/workspace/cargo-home" RUSTUP_HOME="/workspace/rustup-home" "/workspace/cargo-home/bin/cargo" "+1.75.0" "metadata" "--manifest-path" "Cargo.toml" "--no-deps", kill_on_drop: false }`
[INFO] started tweaking crates.io crate minus 5.5.0
[INFO] removed 0 missing examples
[INFO] finished tweaking crates.io crate minus 5.5.0
[INFO] tweaked toml for crates.io crate minus 5.5.0 written to /workspace/builds/worker-0-tc1/source/Cargo.toml
[INFO] crate crates.io crate minus 5.5.0 already has a lockfile, it will not be regenerated
[INFO] running `Command { std: CARGO_HOME="/workspace/cargo-home" RUSTUP_HOME="/workspace/rustup-home" "/workspace/cargo-home/bin/cargo" "+1.75.0" "fetch" "--manifest-path" "Cargo.toml", kill_on_drop: false }`
[INFO] [stderr]  Downloading crates ...
[INFO] [stderr]   Downloaded cc v1.0.84
[INFO] running `Command { std: "docker" "create" "-v" "/var/lib/crater-agent-workspace/builds/worker-0-tc1/target:/opt/rustwide/target:rw,Z" "-v" "/var/lib/crater-agent-workspace/builds/worker-0-tc1/source:/opt/rustwide/workdir:ro,Z" "-v" "/var/lib/crater-agent-workspace/cargo-home:/opt/rustwide/cargo-home:ro,Z" "-v" "/var/lib/crater-agent-workspace/rustup-home:/opt/rustwide/rustup-home:ro,Z" "-e" "SOURCE_DIR=/opt/rustwide/workdir" "-e" "CARGO_TARGET_DIR=/opt/rustwide/target" "-e" "CARGO_HOME=/opt/rustwide/cargo-home" "-e" "RUSTUP_HOME=/opt/rustwide/rustup-home" "-w" "/opt/rustwide/workdir" "-m" "1610612736" "--user" "0:0" "--network" "none" "ghcr.io/rust-lang/crates-build-env/linux@sha256:2788e3201cd34a07e3172128adcd8b3090168a8e3bcc40d7c032b9dda1df7d1c" "/opt/rustwide/cargo-home/bin/cargo" "+1.75.0" "metadata" "--no-deps" "--format-version=1", kill_on_drop: false }`
[INFO] [stdout] 6b11cc88c753d94b1d0fe87ea70a4d3ac54ca5dac01cf2694fd9f2b8a897b18d
[INFO] running `Command { std: "docker" "start" "-a" "6b11cc88c753d94b1d0fe87ea70a4d3ac54ca5dac01cf2694fd9f2b8a897b18d", kill_on_drop: false }`
[INFO] running `Command { std: "docker" "inspect" "6b11cc88c753d94b1d0fe87ea70a4d3ac54ca5dac01cf2694fd9f2b8a897b18d", kill_on_drop: false }`
[INFO] running `Command { std: "docker" "rm" "-f" "6b11cc88c753d94b1d0fe87ea70a4d3ac54ca5dac01cf2694fd9f2b8a897b18d", kill_on_drop: false }`
[INFO] [stdout] 6b11cc88c753d94b1d0fe87ea70a4d3ac54ca5dac01cf2694fd9f2b8a897b18d
[INFO] running `Command { std: "docker" "create" "-v" "/var/lib/crater-agent-workspace/builds/worker-0-tc1/target:/opt/rustwide/target:rw,Z" "-v" "/var/lib/crater-agent-workspace/builds/worker-0-tc1/source:/opt/rustwide/workdir:ro,Z" "-v" "/var/lib/crater-agent-workspace/cargo-home:/opt/rustwide/cargo-home:ro,Z" "-v" "/var/lib/crater-agent-workspace/rustup-home:/opt/rustwide/rustup-home:ro,Z" "-e" "SOURCE_DIR=/opt/rustwide/workdir" "-e" "CARGO_TARGET_DIR=/opt/rustwide/target" "-e" "CARGO_INCREMENTAL=0" "-e" "RUST_BACKTRACE=full" "-e" "RUSTFLAGS=--cap-lints=warn" "-e" "RUSTDOCFLAGS=--cap-lints=warn" "-e" "CARGO_HOME=/opt/rustwide/cargo-home" "-e" "RUSTUP_HOME=/opt/rustwide/rustup-home" "-w" "/opt/rustwide/workdir" "-m" "1610612736" "--user" "0:0" "--network" "none" "ghcr.io/rust-lang/crates-build-env/linux@sha256:2788e3201cd34a07e3172128adcd8b3090168a8e3bcc40d7c032b9dda1df7d1c" "/opt/rustwide/cargo-home/bin/cargo" "+1.75.0" "build" "--frozen" "--message-format=json", kill_on_drop: false }`
[INFO] [stdout] 4b319180ef444af8e6acccffa0c9487791d2dd7e1e3fb2eab86c2938914867fb
[INFO] running `Command { std: "docker" "start" "-a" "4b319180ef444af8e6acccffa0c9487791d2dd7e1e3fb2eab86c2938914867fb", kill_on_drop: false }`
[INFO] [stderr]    Compiling libc v0.2.150
[INFO] [stderr]    Compiling proc-macro2 v1.0.69
[INFO] [stderr]    Compiling parking_lot_core v0.9.9
[INFO] [stderr]    Compiling smallvec v1.11.2
[INFO] [stderr]    Compiling signal-hook v0.3.17
[INFO] [stderr]    Compiling lock_api v0.4.11
[INFO] [stderr]    Compiling log v0.4.20
[INFO] [stderr]    Compiling crossbeam-utils v0.8.16
[INFO] [stderr]    Compiling scopeguard v1.2.0
[INFO] [stderr]    Compiling thiserror v1.0.50
[INFO] [stderr]    Compiling unicode-width v0.1.11
[INFO] [stderr]    Compiling bitflags v2.4.1
[INFO] [stderr]    Compiling textwrap v0.16.0
[INFO] [stderr]    Compiling crossbeam-channel v0.5.8
[INFO] [stderr]    Compiling quote v1.0.33
[INFO] [stderr]    Compiling syn v2.0.39
[INFO] [stderr]    Compiling signal-hook-registry v1.4.1
[INFO] [stderr]    Compiling mio v0.8.9
[INFO] [stderr]    Compiling parking_lot v0.12.1
[INFO] [stderr]    Compiling once_cell v1.18.0
[INFO] [stderr]    Compiling signal-hook-mio v0.2.3
[INFO] [stderr]    Compiling crossterm v0.27.0
[INFO] [stderr]    Compiling thiserror-impl v1.0.50
[INFO] [stderr]    Compiling minus v5.5.0 (/opt/rustwide/workdir)
[INFO] [stderr]     Finished dev [unoptimized + debuginfo] target(s) in 10.72s
[INFO] running `Command { std: "docker" "inspect" "4b319180ef444af8e6acccffa0c9487791d2dd7e1e3fb2eab86c2938914867fb", kill_on_drop: false }`
[INFO] running `Command { std: "docker" "rm" "-f" "4b319180ef444af8e6acccffa0c9487791d2dd7e1e3fb2eab86c2938914867fb", kill_on_drop: false }`
[INFO] [stdout] 4b319180ef444af8e6acccffa0c9487791d2dd7e1e3fb2eab86c2938914867fb
[INFO] running `Command { std: "docker" "create" "-v" "/var/lib/crater-agent-workspace/builds/worker-0-tc1/target:/opt/rustwide/target:rw,Z" "-v" "/var/lib/crater-agent-workspace/builds/worker-0-tc1/source:/opt/rustwide/workdir:ro,Z" "-v" "/var/lib/crater-agent-workspace/cargo-home:/opt/rustwide/cargo-home:ro,Z" "-v" "/var/lib/crater-agent-workspace/rustup-home:/opt/rustwide/rustup-home:ro,Z" "-e" "SOURCE_DIR=/opt/rustwide/workdir" "-e" "CARGO_TARGET_DIR=/opt/rustwide/target" "-e" "CARGO_INCREMENTAL=0" "-e" "RUST_BACKTRACE=full" "-e" "RUSTFLAGS=--cap-lints=warn" "-e" "RUSTDOCFLAGS=--cap-lints=warn" "-e" "CARGO_HOME=/opt/rustwide/cargo-home" "-e" "RUSTUP_HOME=/opt/rustwide/rustup-home" "-w" "/opt/rustwide/workdir" "-m" "1610612736" "--user" "0:0" "--network" "none" "ghcr.io/rust-lang/crates-build-env/linux@sha256:2788e3201cd34a07e3172128adcd8b3090168a8e3bcc40d7c032b9dda1df7d1c" "/opt/rustwide/cargo-home/bin/cargo" "+1.75.0" "test" "--frozen" "--no-run" "--message-format=json", kill_on_drop: false }`
[INFO] [stdout] b673a91042fb3f6003866c6090caaa767ca6003aa7a7206eeff0810add4aa5e3
[INFO] running `Command { std: "docker" "start" "-a" "b673a91042fb3f6003866c6090caaa767ca6003aa7a7206eeff0810add4aa5e3", kill_on_drop: false }`
[INFO] [stderr]    Compiling num_cpus v1.16.0
[INFO] [stderr]    Compiling pin-project-lite v0.2.13
[INFO] [stderr]    Compiling tokio-macros v2.2.0
[INFO] [stderr]    Compiling tokio v1.34.0
[INFO] [stderr]    Compiling minus v5.5.0 (/opt/rustwide/workdir)
[INFO] [stderr]     Finished test [unoptimized + debuginfo] target(s) in 5.72s
[INFO] running `Command { std: "docker" "inspect" "b673a91042fb3f6003866c6090caaa767ca6003aa7a7206eeff0810add4aa5e3", kill_on_drop: false }`
[INFO] running `Command { std: "docker" "rm" "-f" "b673a91042fb3f6003866c6090caaa767ca6003aa7a7206eeff0810add4aa5e3", kill_on_drop: false }`
[INFO] [stdout] b673a91042fb3f6003866c6090caaa767ca6003aa7a7206eeff0810add4aa5e3
[INFO] running `Command { std: "docker" "create" "-v" "/var/lib/crater-agent-workspace/builds/worker-0-tc1/target:/opt/rustwide/target:rw,Z" "-v" "/var/lib/crater-agent-workspace/builds/worker-0-tc1/source:/opt/rustwide/workdir:ro,Z" "-v" "/var/lib/crater-agent-workspace/cargo-home:/opt/rustwide/cargo-home:ro,Z" "-v" "/var/lib/crater-agent-workspace/rustup-home:/opt/rustwide/rustup-home:ro,Z" "-e" "SOURCE_DIR=/opt/rustwide/workdir" "-e" "CARGO_TARGET_DIR=/opt/rustwide/target" "-e" "CARGO_INCREMENTAL=0" "-e" "RUST_BACKTRACE=full" "-e" "RUSTFLAGS=--cap-lints=warn" "-e" "RUSTDOCFLAGS=--cap-lints=warn" "-e" "CARGO_HOME=/opt/rustwide/cargo-home" "-e" "RUSTUP_HOME=/opt/rustwide/rustup-home" "-w" "/opt/rustwide/workdir" "-m" "1610612736" "--user" "0:0" "--network" "none" "ghcr.io/rust-lang/crates-build-env/linux@sha256:2788e3201cd34a07e3172128adcd8b3090168a8e3bcc40d7c032b9dda1df7d1c" "/opt/rustwide/cargo-home/bin/cargo" "+1.75.0" "test" "--frozen", kill_on_drop: false }`
[INFO] [stdout] 2a6c8352efc9d12c2e4adb4cdf58f48e73c5577515278e59d7c5a276db70dab9
[INFO] running `Command { std: "docker" "start" "-a" "2a6c8352efc9d12c2e4adb4cdf58f48e73c5577515278e59d7c5a276db70dab9", kill_on_drop: false }`
[INFO] [stderr]     Finished test [unoptimized + debuginfo] target(s) in 0.04s
[INFO] [stderr]      Running unittests src/lib.rs (/opt/rustwide/target/debug/deps/minus-0b10ce8d3752e1be)
[INFO] [stdout] 
[INFO] [stdout] running 66 tests
[INFO] [stdout] test input::definitions::mousedefs::tests::test_with_modifiers ... ok
[INFO] [stdout] test input::definitions::mousedefs::tests::test_without_modifiers ... ok
[INFO] [stdout] test input::tests::test_saturation ... ok
[INFO] [stdout] test minus_core::ev_handler::tests::send_message ... ok
[INFO] [stdout] test minus_core::ev_handler::tests::set_data ... ok
[INFO] [stdout] test minus_core::ev_handler::tests::set_exit_strategy ... ok
[INFO] [stdout] test minus_core::ev_handler::tests::set_prompt ... ok
[INFO] [stdout] test minus_core::utils::display::tests::big_line_numbers_are_padded ... ok
[INFO] [stdout] test input::tests::test_misc_events ... ok
[INFO] [stdout] test input::tests::test_restore_prompt ... ok
[INFO] [stdout] test input::tests::test_mouse_nav ... ok
[INFO] [stdout] test minus_core::ev_handler::tests::add_exit_callback ... ok
[INFO] [stdout] test minus_core::utils::display::tests::draw_big_line_numbers_are_padded ... ok
[INFO] [stdout] test input::definitions::keydefs::test_parse_key_event ... ok
[INFO] [stdout] test minus_core::utils::display::tests::draw_for_change_tests::large_scrolldown ... ok
[INFO] [stdout] test minus_core::utils::display::tests::draw_for_change_tests::large_scrollup ... ok
[INFO] [stdout] test minus_core::ev_handler::tests::append_str ... ok
[INFO] [stdout] test input::tests::test_kb_nav ... ok
[INFO] [stdout] test minus_core::utils::display::tests::draw_long_no_line_numbers ... ok
[INFO] [stdout] test minus_core::utils::display::tests::draw_for_change_tests::no_overflow_change ... ok
[INFO] [stdout] test minus_core::utils::display::tests::draw_long_with_line_numbers ... ok
[INFO] [stdout] test minus_core::utils::display::tests::draw_wrapping_line_numbers ... ok
[INFO] [stdout] test minus_core::utils::display::tests::draw_for_change_tests::small_scrollup ... ok
[INFO] [stdout] test minus_core::utils::display::tests::draw_help_message ... ok
[INFO] [stdout] test minus_core::utils::display::tests::draw_short_with_line_numbers ... ok
[INFO] [stdout] test minus_core::utils::display::tests::draw_for_change_tests::small_scrolldown ... ok
[INFO] [stdout] test minus_core::utils::display::tests::draw_short_no_line_numbers ... ok
[INFO] [stdout] test minus_core::utils::text::unterminated::test_multi_endline ... ok
[INFO] [stdout] test minus_core::utils::display::tests::long_with_line_numbers ... ok
[INFO] [stdout] test minus_core::utils::text::unterminated::test_multi_multiple_newline ... ok
[INFO] [stdout] test minus_core::utils::text::unterminated::test_multi_no_endline ... ok
[INFO] [stdout] test minus_core::utils::display::tests::short_with_line_numbers ... ok
[INFO] [stdout] test minus_core::utils::display::tests::test_draw_no_overflow ... ok
[INFO] [stdout] test minus_core::utils::text::unterminated::test_multi_wrapping_additive ... ok
[INFO] [stdout] test minus_core::utils::display::tests::line_numbers_invertible ... ok
[INFO] [stdout] test minus_core::utils::display::tests::line_numbers_not ... ok
[INFO] [stdout] test minus_core::utils::text::unterminated::test_multi_wrapping ... ok
[INFO] [stdout] test minus_core::utils::text::unterminated::test_multi_wrapping_last_continued ... ok
[INFO] [stdout] test minus_core::utils::text::unterminated::test_single_endline_wrapping ... ok
[INFO] [stdout] test minus_core::utils::display::tests::long_no_line_numbers ... ok
[INFO] [stdout] test minus_core::utils::display::tests::short_no_line_numbers ... ok
[INFO] [stdout] test minus_core::utils::text::unterminated::test_single_line_wrapping ... ok
[INFO] [stdout] test minus_core::utils::text::unterminated::test_single_endline ... ok
[INFO] [stdout] test minus_core::utils::text::unterminated::test_single_mid_newline_wrapping ... ok
[INFO] [stdout] test tests::emit_events::add_exit_callback ... ok
[INFO] [stdout] test minus_core::utils::text::unterminated::test_multi_wrapping_continued ... ok
[INFO] [stdout] test minus_core::utils::text::unterminated::test_single_multi_newline ... ok
[INFO] [stdout] test minus_core::utils::text::unterminated::test_single_multi_endline ... ok
[INFO] [stdout] test tests::emit_events::set_exit_strategy ... ok
[INFO] [stdout] test tests::emit_events::set_prompt ... ok
[INFO] [stdout] test tests::emit_events::send_message ... ok
[INFO] [stdout] test tests::fmt_write::test_write ... ok
[INFO] [stdout] test tests::fmt_write::pager_writeln ... ok
[INFO] [stdout] test minus_core::utils::text::wrapping::test_wrap_str ... ok
[INFO] [stdout] test tests::emit_events::push_str ... ok
[INFO] [stdout] test tests::pager_append_str::append_floating_newline ... ok
[INFO] [stdout] test tests::pager_append_str::append_sequential_lines ... ok
[INFO] [stdout] test tests::pager_append_str::incremental_append ... ok
[INFO] [stdout] test tests::pager_append_str::appendstr_with_newlines ... ok
[INFO] [stdout] test tests::pager_append_str::multiple_newlines ... ok
[INFO] [stdout] test tests::pager_append_str::crlf_write ... ok
[INFO] [stdout] test tests::pager_append_str::sequential_append_str ... ok
[INFO] [stdout] test tests::emit_events::set_line_numbers ... ok
[INFO] [stdout] test tests::emit_events::set_text ... ok
[INFO] [stdout] test minus_core::utils::text::unterminated::test_single_no_endline ... ok
[INFO] [stdout] test tests::pager_append_str::unusual_whitespace ... ok
[INFO] [stdout] 
[INFO] [stdout] test result: ok. 66 passed; 0 failed; 0 ignored; 0 measured; 0 filtered out; finished in 0.04s
[INFO] [stdout] 
[INFO] [stderr]    Doc-tests minus
[INFO] [stdout] 
[INFO] [stdout] running 24 tests
[INFO] [stdout] test src/core/mod.rs - minus_core::RunMode::is_uninitialized (line 22) ... ok
[INFO] [stdout] test src/input/event_wrapper.rs - input::event_wrapper::HashedEventRegister<S>::remove_mouse_events (line 299) ... ok
[INFO] [stdout] test src/input/event_wrapper.rs - input::event_wrapper::HashedEventRegister<S>::add_resize_event (line 186) ... ok
[INFO] [stdout] test src/input/event_wrapper.rs - input::event_wrapper::HashedEventRegister<S>::add_key_events (line 226) ... ok
[INFO] [stdout] test src/input/event_wrapper.rs - input::event_wrapper::HashedEventRegister (line 21) ... ok
[INFO] [stdout] test src/input/event_wrapper.rs - input::event_wrapper::HashedEventRegister<S>::add_mouse_events (line 274) ... ok
[INFO] [stdout] test src/lib.rs - (line 111) - compile ... FAILED
[INFO] [stdout] test src/input/event_wrapper.rs - input::event_wrapper::HashedEventRegister<S>::remove_key_events (line 251) ... ok
[INFO] [stdout] test src/lib.rs - (line 429) - compile ... FAILED
[INFO] [stdout] test src/lib.rs - (line 171) - compile ... FAILED
[INFO] [stdout] test src/lib.rs - (line 370) - compile ... FAILED
[INFO] [stdout] test src/lib.rs - (line 396) - compile ... FAILED
[INFO] [stdout] test src/lib.rs - (line 137) - compile ... FAILED
[INFO] [stdout] test src/input/mod.rs - input (line 16) ... ok
[INFO] [stdout] test src/input/mod.rs - input (line 38) ... ok
[INFO] [stdout] test src/pager.rs - pager::Pager::send_message (line 138) ... ok
[INFO] [stdout] test src/pager.rs - pager::Pager::set_exit_strategy (line 159) ... ok
[INFO] [stdout] test src/pager.rs - pager::Pager::add_exit_callback (line 231) ... ok
[INFO] [stdout] test src/pager.rs - pager::Pager::push_str (line 71) ... ok
[INFO] [stdout] test src/pager.rs - pager::Pager::new (line 29) ... ok
[INFO] [stdout] test src/pager.rs - pager::Pager::set_prompt (line 114) ... ok
[INFO] [stdout] test src/pager.rs - pager::Pager::set_line_numbers (line 92) ... ok
[INFO] [stdout] test src/pager.rs - pager::Pager::set_text (line 49) ... ok
[INFO] [stdout] test src/pager.rs - pager::Pager::show_prompt (line 281) ... ok
[INFO] [stdout] 
[INFO] [stdout] failures:
[INFO] [stdout] 
[INFO] [stdout] ---- src/lib.rs - (line 111) stdout ----
[INFO] [stdout] error[E0432]: unresolved import `minus::dynamic_paging`
[INFO] [stdout]    --> src/lib.rs:113:13
[INFO] [stdout]     |
[INFO] [stdout] 4   | use minus::{dynamic_paging, MinusError, Pager};
[INFO] [stdout]     |             ^^^^^^^^^^^^^^ no `dynamic_paging` in the root
[INFO] [stdout]     |
[INFO] [stdout] note: found an item that was configured out
[INFO] [stdout]    --> /opt/rustwide/workdir/src/lib.rs:251:24
[INFO] [stdout]     |
[INFO] [stdout] 251 | pub use dynamic_pager::dynamic_paging;
[INFO] [stdout]     |                        ^^^^^^^^^^^^^^
[INFO] [stdout]     = note: the item is gated behind the `dynamic_output` feature
[INFO] [stdout] 
[INFO] [stdout] error: aborting due to previous error
[INFO] [stdout] 
[INFO] [stdout] For more information about this error, try `rustc --explain E0432`.
[INFO] [stdout] Couldn't compile the test.
[INFO] [stdout] ---- src/lib.rs - (line 429) stdout ----
[INFO] [stdout] error[E0432]: unresolved import `minus::page_all`
[INFO] [stdout]    --> src/lib.rs:432:32
[INFO] [stdout]     |
[INFO] [stdout] 5   | use minus::{MinusError, Pager, page_all};
[INFO] [stdout]     |                                ^^^^^^^^ no `page_all` in the root
[INFO] [stdout]     |
[INFO] [stdout] note: found an item that was configured out
[INFO] [stdout]    --> /opt/rustwide/workdir/src/lib.rs:253:23
[INFO] [stdout]     |
[INFO] [stdout] 253 | pub use static_pager::page_all;
[INFO] [stdout]     |                       ^^^^^^^^
[INFO] [stdout]     = note: the item is gated behind the `static_output` feature
[INFO] [stdout] 
[INFO] [stdout] error[E0425]: cannot find function `page_all` in crate `minus`
[INFO] [stdout]    --> src/lib.rs:442:12
[INFO] [stdout]     |
[INFO] [stdout] 15  |     minus::page_all(output)?;
[INFO] [stdout]     |            ^^^^^^^^ not found in `minus`
[INFO] [stdout]     |
[INFO] [stdout] note: found an item that was configured out
[INFO] [stdout]    --> /opt/rustwide/workdir/src/lib.rs:253:23
[INFO] [stdout]     |
[INFO] [stdout] 253 | pub use static_pager::page_all;
[INFO] [stdout]     |                       ^^^^^^^^
[INFO] [stdout]     = note: the item is gated behind the `static_output` feature
[INFO] [stdout] 
[INFO] [stdout] error: aborting due to 2 previous errors
[INFO] [stdout] 
[INFO] [stdout] Some errors have detailed explanations: E0425, E0432.
[INFO] [stdout] For more information about an error, try `rustc --explain E0425`.
[INFO] [stdout] Couldn't compile the test.
[INFO] [stdout] ---- src/lib.rs - (line 171) stdout ----
[INFO] [stdout] error[E0432]: unresolved import `minus::page_all`
[INFO] [stdout]    --> src/lib.rs:174:32
[INFO] [stdout]     |
[INFO] [stdout] 5   | use minus::{MinusError, Pager, page_all};
[INFO] [stdout]     |                                ^^^^^^^^ no `page_all` in the root
[INFO] [stdout]     |
[INFO] [stdout] note: found an item that was configured out
[INFO] [stdout]    --> /opt/rustwide/workdir/src/lib.rs:253:23
[INFO] [stdout]     |
[INFO] [stdout] 253 | pub use static_pager::page_all;
[INFO] [stdout]     |                       ^^^^^^^^
[INFO] [stdout]     = note: the item is gated behind the `static_output` feature
[INFO] [stdout] 
[INFO] [stdout] error[E0425]: cannot find function `page_all` in crate `minus`
[INFO] [stdout]    --> src/lib.rs:184:12
[INFO] [stdout]     |
[INFO] [stdout] 15  |     minus::page_all(output)?;
[INFO] [stdout]     |            ^^^^^^^^ not found in `minus`
[INFO] [stdout]     |
[INFO] [stdout] note: found an item that was configured out
[INFO] [stdout]    --> /opt/rustwide/workdir/src/lib.rs:253:23
[INFO] [stdout]     |
[INFO] [stdout] 253 | pub use static_pager::page_all;
[INFO] [stdout]     |                       ^^^^^^^^
[INFO] [stdout]     = note: the item is gated behind the `static_output` feature
[INFO] [stdout] 
[INFO] [stdout] error: aborting due to 2 previous errors
[INFO] [stdout] 
[INFO] [stdout] Some errors have detailed explanations: E0425, E0432.
[INFO] [stdout] For more information about an error, try `rustc --explain E0425`.
[INFO] [stdout] Couldn't compile the test.
[INFO] [stdout] ---- src/lib.rs - (line 370) stdout ----
[INFO] [stdout] error[E0432]: unresolved import `minus::dynamic_paging`
[INFO] [stdout]    --> src/lib.rs:372:13
[INFO] [stdout]     |
[INFO] [stdout] 4   | use minus::{dynamic_paging, MinusError, Pager};
[INFO] [stdout]     |             ^^^^^^^^^^^^^^ no `dynamic_paging` in the root
[INFO] [stdout]     |
[INFO] [stdout] note: found an item that was configured out
[INFO] [stdout]    --> /opt/rustwide/workdir/src/lib.rs:251:24
[INFO] [stdout]     |
[INFO] [stdout] 251 | pub use dynamic_pager::dynamic_paging;
[INFO] [stdout]     |                        ^^^^^^^^^^^^^^
[INFO] [stdout]     = note: the item is gated behind the `dynamic_output` feature
[INFO] [stdout] 
[INFO] [stdout] error: aborting due to previous error
[INFO] [stdout] 
[INFO] [stdout] For more information about this error, try `rustc --explain E0432`.
[INFO] [stdout] Couldn't compile the test.
[INFO] [stdout] ---- src/lib.rs - (line 396) stdout ----
[INFO] [stdout] error[E0432]: unresolved import `minus::dynamic_paging`
[INFO] [stdout]    --> src/lib.rs:398:13
[INFO] [stdout]     |
[INFO] [stdout] 4   | use minus::{dynamic_paging, MinusError, Pager};
[INFO] [stdout]     |             ^^^^^^^^^^^^^^ no `dynamic_paging` in the root
[INFO] [stdout]     |
[INFO] [stdout] note: found an item that was configured out
[INFO] [stdout]    --> /opt/rustwide/workdir/src/lib.rs:251:24
[INFO] [stdout]     |
[INFO] [stdout] 251 | pub use dynamic_pager::dynamic_paging;
[INFO] [stdout]     |                        ^^^^^^^^^^^^^^
[INFO] [stdout]     = note: the item is gated behind the `dynamic_output` feature
[INFO] [stdout] 
[INFO] [stdout] error[E0282]: type annotations needed
[INFO] [stdout]   --> src/lib.rs:419:24
[INFO] [stdout]    |
[INFO] [stdout] 25 |     let (res1, res2) = join!(spawn_blocking(move || dynamic_paging(pager)), increment);
[INFO] [stdout]    |                        ^^^^^^^^^^^^^^^^^^^^^^^^^^^^^^^^^^^^^^^^^^^^^^^^^^^^^^^^^^^^^^^ cannot infer type
[INFO] [stdout]    |
[INFO] [stdout]    = note: this error originates in the macro `$crate::join` which comes from the expansion of the macro `join` (in Nightly builds, run with -Z macro-backtrace for more info)
[INFO] [stdout] 
[INFO] [stdout] error[E0599]: no method named `poll` found for struct `Pin<_>` in the current scope
[INFO] [stdout]   --> src/lib.rs:419:24
[INFO] [stdout]    |
[INFO] [stdout] 25 |     let (res1, res2) = join!(spawn_blocking(move || dynamic_paging(pager)), increment);
[INFO] [stdout]    |                        ^^^^^^^^^^^^^^^^^^^^^^^^^^^^^^^^^^^^^^^^^^^^^^^^^^^^^^^^^^^^^^^ method not found in `Pin<_>`
[INFO] [stdout]    |
[INFO] [stdout] note: method is available for `Pin<&mut _>`
[INFO] [stdout]   --> /rustc/82e1608dfa6e0b5569232559e3d385fea5a93112/library/core/src/future/future.rs:105:5
[INFO] [stdout] note: method is available for `Pin<&_>`
[INFO] [stdout]   --> /rustc/82e1608dfa6e0b5569232559e3d385fea5a93112/library/core/src/future/future.rs:105:5
[INFO] [stdout]    = note: this error originates in the macro `$crate::join` which comes from the expansion of the macro `join` (in Nightly builds, run with -Z macro-backtrace for more info)
[INFO] [stdout] 
[INFO] [stdout] error[E0282]: type annotations needed
[INFO] [stdout]   --> src/lib.rs:419:24
[INFO] [stdout]    |
[INFO] [stdout] 25 |     let (res1, res2) = join!(spawn_blocking(move || dynamic_paging(pager)), increment);
[INFO] [stdout]    |                        ^^^^^^^^^^^^^^^^^^^^^^^^^^^^^^^^^^^^^^^^^^^^^^^^^^^^^^^^^^^^^^^ cannot infer type
[INFO] [stdout]    |
[INFO] [stdout]    = note: this error originates in the macro `$crate::join` which comes from the expansion of the macro `join` (in Nightly builds, run with -Z macro-backtrace for more info)
[INFO] [stdout] 
[INFO] [stdout] error[E0599]: no method named `take_output` found for struct `Pin<_>` in the current scope
[INFO] [stdout]   --> src/lib.rs:419:24
[INFO] [stdout]    |
[INFO] [stdout] 25 |     let (res1, res2) = join!(spawn_blocking(move || dynamic_paging(pager)), increment);
[INFO] [stdout]    |                        ^^^^^^^^^^^^^^^^^^^^^^^^^^^^^^^^^^^^^^^^^^^^^^^^^^^^^^^^^^^^^^^ method not found in `Pin<_>`
[INFO] [stdout]    |
[INFO] [stdout]    = note: this error originates in the macro `$crate::join` which comes from the expansion of the macro `join` (in Nightly builds, run with -Z macro-backtrace for more info)
[INFO] [stdout] 
[INFO] [stdout] error: aborting due to 5 previous errors
[INFO] [stdout] 
[INFO] [stdout] Some errors have detailed explanations: E0282, E0432, E0599.
[INFO] [stdout] For more information about an error, try `rustc --explain E0282`.
[INFO] [stdout] Couldn't compile the test.
[INFO] [stdout] ---- src/lib.rs - (line 137) stdout ----
[INFO] [stdout] error[E0432]: unresolved import `minus::dynamic_paging`
[INFO] [stdout]    --> src/lib.rs:139:13
[INFO] [stdout]     |
[INFO] [stdout] 4   | use minus::{dynamic_paging, MinusError, Pager};
[INFO] [stdout]     |             ^^^^^^^^^^^^^^ no `dynamic_paging` in the root
[INFO] [stdout]     |
[INFO] [stdout] note: found an item that was configured out
[INFO] [stdout]    --> /opt/rustwide/workdir/src/lib.rs:251:24
[INFO] [stdout]     |
[INFO] [stdout] 251 | pub use dynamic_pager::dynamic_paging;
[INFO] [stdout]     |                        ^^^^^^^^^^^^^^
[INFO] [stdout]     = note: the item is gated behind the `dynamic_output` feature
[INFO] [stdout] 
[INFO] [stdout] error[E0282]: type annotations needed
[INFO] [stdout]   --> src/lib.rs:160:24
[INFO] [stdout]    |
[INFO] [stdout] 25 |     let (res1, res2) = join!(spawn_blocking(move || dynamic_paging(pager)), increment);
[INFO] [stdout]    |                        ^^^^^^^^^^^^^^^^^^^^^^^^^^^^^^^^^^^^^^^^^^^^^^^^^^^^^^^^^^^^^^^ cannot infer type
[INFO] [stdout]    |
[INFO] [stdout]    = note: this error originates in the macro `$crate::join` which comes from the expansion of the macro `join` (in Nightly builds, run with -Z macro-backtrace for more info)
[INFO] [stdout] 
[INFO] [stdout] error[E0599]: no method named `poll` found for struct `Pin<_>` in the current scope
[INFO] [stdout]   --> src/lib.rs:160:24
[INFO] [stdout]    |
[INFO] [stdout] 25 |     let (res1, res2) = join!(spawn_blocking(move || dynamic_paging(pager)), increment);
[INFO] [stdout]    |                        ^^^^^^^^^^^^^^^^^^^^^^^^^^^^^^^^^^^^^^^^^^^^^^^^^^^^^^^^^^^^^^^ method not found in `Pin<_>`
[INFO] [stdout]    |
[INFO] [stdout] note: method is available for `Pin<&mut _>`
[INFO] [stdout]   --> /rustc/82e1608dfa6e0b5569232559e3d385fea5a93112/library/core/src/future/future.rs:105:5
[INFO] [stdout] note: method is available for `Pin<&_>`
[INFO] [stdout]   --> /rustc/82e1608dfa6e0b5569232559e3d385fea5a93112/library/core/src/future/future.rs:105:5
[INFO] [stdout]    = note: this error originates in the macro `$crate::join` which comes from the expansion of the macro `join` (in Nightly builds, run with -Z macro-backtrace for more info)
[INFO] [stdout] 
[INFO] [stdout] error[E0282]: type annotations needed
[INFO] [stdout]   --> src/lib.rs:160:24
[INFO] [stdout]    |
[INFO] [stdout] 25 |     let (res1, res2) = join!(spawn_blocking(move || dynamic_paging(pager)), increment);
[INFO] [stdout]    |                        ^^^^^^^^^^^^^^^^^^^^^^^^^^^^^^^^^^^^^^^^^^^^^^^^^^^^^^^^^^^^^^^ cannot infer type
[INFO] [stdout]    |
[INFO] [stdout]    = note: this error originates in the macro `$crate::join` which comes from the expansion of the macro `join` (in Nightly builds, run with -Z macro-backtrace for more info)
[INFO] [stdout] 
[INFO] [stdout] error[E0599]: no method named `take_output` found for struct `Pin<_>` in the current scope
[INFO] [stdout]   --> src/lib.rs:160:24
[INFO] [stdout]    |
[INFO] [stdout] 25 |     let (res1, res2) = join!(spawn_blocking(move || dynamic_paging(pager)), increment);
[INFO] [stdout]    |                        ^^^^^^^^^^^^^^^^^^^^^^^^^^^^^^^^^^^^^^^^^^^^^^^^^^^^^^^^^^^^^^^ method not found in `Pin<_>`
[INFO] [stdout]    |
[INFO] [stdout]    = note: this error originates in the macro `$crate::join` which comes from the expansion of the macro `join` (in Nightly builds, run with -Z macro-backtrace for more info)
[INFO] [stdout] 
[INFO] [stdout] error: aborting due to 5 previous errors
[INFO] [stdout] 
[INFO] [stdout] Some errors have detailed explanations: E0282, E0432, E0599.
[INFO] [stdout] For more information about an error, try `rustc --explain E0282`.
[INFO] [stdout] Couldn't compile the test.
[INFO] [stdout] 
[INFO] [stdout] failures:
[INFO] [stdout]     src/lib.rs - (line 111)
[INFO] [stdout]     src/lib.rs - (line 137)
[INFO] [stdout]     src/lib.rs - (line 171)
[INFO] [stdout]     src/lib.rs - (line 370)
[INFO] [stdout]     src/lib.rs - (line 396)
[INFO] [stdout]     src/lib.rs - (line 429)
[INFO] [stdout] 
[INFO] [stdout] test result: FAILED. 18 passed; 6 failed; 0 ignored; 0 measured; 0 filtered out; finished in 2.71s
[INFO] [stdout] 
[INFO] [stderr] error: doctest failed, to rerun pass `--doc`
[INFO] running `Command { std: "docker" "inspect" "2a6c8352efc9d12c2e4adb4cdf58f48e73c5577515278e59d7c5a276db70dab9", kill_on_drop: false }`
[INFO] running `Command { std: "docker" "rm" "-f" "2a6c8352efc9d12c2e4adb4cdf58f48e73c5577515278e59d7c5a276db70dab9", kill_on_drop: false }`
[INFO] [stdout] 2a6c8352efc9d12c2e4adb4cdf58f48e73c5577515278e59d7c5a276db70dab9
