[INFO] fetching crate mintdb 0.1.0-beta.3...
[INFO] testing mintdb-0.1.0-beta.3 against 1.75.0 for beta-1.76-1
[INFO] extracting crate mintdb 0.1.0-beta.3 into /workspace/builds/worker-3-tc1/source
[INFO] validating manifest of crates.io crate mintdb 0.1.0-beta.3 on toolchain 1.75.0
[INFO] running `Command { std: CARGO_HOME="/workspace/cargo-home" RUSTUP_HOME="/workspace/rustup-home" "/workspace/cargo-home/bin/cargo" "+1.75.0" "metadata" "--manifest-path" "Cargo.toml" "--no-deps", kill_on_drop: false }`
[INFO] started tweaking crates.io crate mintdb 0.1.0-beta.3
[INFO] finished tweaking crates.io crate mintdb 0.1.0-beta.3
[INFO] tweaked toml for crates.io crate mintdb 0.1.0-beta.3 written to /workspace/builds/worker-3-tc1/source/Cargo.toml
[INFO] running `Command { std: CARGO_HOME="/workspace/cargo-home" RUSTUP_HOME="/workspace/rustup-home" "/workspace/cargo-home/bin/cargo" "+1.75.0" "generate-lockfile" "--manifest-path" "Cargo.toml", kill_on_drop: false }`
[INFO] [stderr]     Updating crates.io index
[INFO] running `Command { std: CARGO_HOME="/workspace/cargo-home" RUSTUP_HOME="/workspace/rustup-home" "/workspace/cargo-home/bin/cargo" "+1.75.0" "fetch" "--manifest-path" "Cargo.toml", kill_on_drop: false }`
[INFO] running `Command { std: "docker" "create" "-v" "/var/lib/crater-agent-workspace/builds/worker-3-tc1/target:/opt/rustwide/target:rw,Z" "-v" "/var/lib/crater-agent-workspace/builds/worker-3-tc1/source:/opt/rustwide/workdir:ro,Z" "-v" "/var/lib/crater-agent-workspace/cargo-home:/opt/rustwide/cargo-home:ro,Z" "-v" "/var/lib/crater-agent-workspace/rustup-home:/opt/rustwide/rustup-home:ro,Z" "-e" "SOURCE_DIR=/opt/rustwide/workdir" "-e" "CARGO_TARGET_DIR=/opt/rustwide/target" "-e" "CARGO_HOME=/opt/rustwide/cargo-home" "-e" "RUSTUP_HOME=/opt/rustwide/rustup-home" "-w" "/opt/rustwide/workdir" "-m" "1610612736" "--user" "0:0" "--network" "none" "ghcr.io/rust-lang/crates-build-env/linux@sha256:2788e3201cd34a07e3172128adcd8b3090168a8e3bcc40d7c032b9dda1df7d1c" "/opt/rustwide/cargo-home/bin/cargo" "+1.75.0" "metadata" "--no-deps" "--format-version=1", kill_on_drop: false }`
[INFO] [stdout] e8de8b9bb4840e73961664fb76725f2eda35e382dab39bf909d360704e3f249e
[INFO] running `Command { std: "docker" "start" "-a" "e8de8b9bb4840e73961664fb76725f2eda35e382dab39bf909d360704e3f249e", kill_on_drop: false }`
[INFO] running `Command { std: "docker" "inspect" "e8de8b9bb4840e73961664fb76725f2eda35e382dab39bf909d360704e3f249e", kill_on_drop: false }`
[INFO] running `Command { std: "docker" "rm" "-f" "e8de8b9bb4840e73961664fb76725f2eda35e382dab39bf909d360704e3f249e", kill_on_drop: false }`
[INFO] [stdout] e8de8b9bb4840e73961664fb76725f2eda35e382dab39bf909d360704e3f249e
[INFO] running `Command { std: "docker" "create" "-v" "/var/lib/crater-agent-workspace/builds/worker-3-tc1/target:/opt/rustwide/target:rw,Z" "-v" "/var/lib/crater-agent-workspace/builds/worker-3-tc1/source:/opt/rustwide/workdir:ro,Z" "-v" "/var/lib/crater-agent-workspace/cargo-home:/opt/rustwide/cargo-home:ro,Z" "-v" "/var/lib/crater-agent-workspace/rustup-home:/opt/rustwide/rustup-home:ro,Z" "-e" "SOURCE_DIR=/opt/rustwide/workdir" "-e" "CARGO_TARGET_DIR=/opt/rustwide/target" "-e" "CARGO_INCREMENTAL=0" "-e" "RUST_BACKTRACE=full" "-e" "RUSTFLAGS=--cap-lints=warn" "-e" "RUSTDOCFLAGS=--cap-lints=warn" "-e" "CARGO_HOME=/opt/rustwide/cargo-home" "-e" "RUSTUP_HOME=/opt/rustwide/rustup-home" "-w" "/opt/rustwide/workdir" "-m" "1610612736" "--user" "0:0" "--network" "none" "ghcr.io/rust-lang/crates-build-env/linux@sha256:2788e3201cd34a07e3172128adcd8b3090168a8e3bcc40d7c032b9dda1df7d1c" "/opt/rustwide/cargo-home/bin/cargo" "+1.75.0" "build" "--frozen" "--message-format=json", kill_on_drop: false }`
[INFO] [stdout] fed93fb26ac328241b7d4fb38e3a6b442c5ac74a32baed4e9fec4287fd1d71e2
[INFO] running `Command { std: "docker" "start" "-a" "fed93fb26ac328241b7d4fb38e3a6b442c5ac74a32baed4e9fec4287fd1d71e2", kill_on_drop: false }`
[INFO] [stderr]    Compiling crossbeam-utils v0.7.2
[INFO] [stderr]    Compiling libc v0.2.151
[INFO] [stderr]    Compiling cfg-if v0.1.10
[INFO] [stderr]    Compiling maybe-uninit v2.0.0
[INFO] [stderr]    Compiling num-traits v0.2.17
[INFO] [stderr]    Compiling memoffset v0.5.6
[INFO] [stderr]    Compiling crossbeam-epoch v0.8.2
[INFO] [stderr]    Compiling num-bigint v0.4.4
[INFO] [stderr]    Compiling serde v1.0.194
[INFO] [stderr]    Compiling num-integer v0.1.45
[INFO] [stderr]    Compiling futures v0.1.31
[INFO] [stderr]    Compiling time-macros v0.2.16
[INFO] [stderr]    Compiling thiserror v1.0.56
[INFO] [stderr]    Compiling syn v2.0.48
[INFO] [stderr]    Compiling iovec v0.1.4
[INFO] [stderr]    Compiling log v0.4.20
[INFO] [stderr]    Compiling once_cell v1.19.0
[INFO] [stderr]    Compiling base64 v0.13.1
[INFO] [stderr]    Compiling spin v0.5.2
[INFO] [stderr]    Compiling untrusted v0.7.1
[INFO] [stderr]    Compiling bytes v0.4.12
[INFO] [stderr]    Compiling getrandom v0.2.11
[INFO] [stderr]    Compiling pem v1.1.1
[INFO] [stderr]    Compiling crossbeam-queue v0.2.3
[INFO] [stderr]    Compiling crossbeam-deque v0.7.4
[INFO] [stderr]    Compiling cc v1.0.83
[INFO] [stderr]    Compiling tokio-executor v0.1.10
[INFO] [stderr]    Compiling tokio-io v0.1.13
[INFO] [stderr]    Compiling time v0.3.31
[INFO] [stderr]    Compiling tokio-threadpool v0.1.18
[INFO] [stderr]    Compiling ring v0.16.20
[INFO] [stderr]    Compiling tokio-fs v0.1.7
[INFO] [stderr]    Compiling serde_derive v1.0.194
[INFO] [stderr]    Compiling thiserror-impl v1.0.56
[INFO] [stderr]    Compiling simple_asn1 v0.6.2
[INFO] [stderr]    Compiling serde_json v1.0.111
[INFO] [stderr]    Compiling uuid v1.6.1
[INFO] [stderr]    Compiling serde_cbor v0.11.2
[INFO] [stderr]    Compiling jsonwebtoken v8.3.0
[INFO] [stderr]    Compiling mintdb v0.1.0-beta.3 (/opt/rustwide/workdir)
[INFO] [stderr]     Finished dev [unoptimized + debuginfo] target(s) in 8.46s
[INFO] running `Command { std: "docker" "inspect" "fed93fb26ac328241b7d4fb38e3a6b442c5ac74a32baed4e9fec4287fd1d71e2", kill_on_drop: false }`
[INFO] running `Command { std: "docker" "rm" "-f" "fed93fb26ac328241b7d4fb38e3a6b442c5ac74a32baed4e9fec4287fd1d71e2", kill_on_drop: false }`
[INFO] [stdout] fed93fb26ac328241b7d4fb38e3a6b442c5ac74a32baed4e9fec4287fd1d71e2
[INFO] running `Command { std: "docker" "create" "-v" "/var/lib/crater-agent-workspace/builds/worker-3-tc1/target:/opt/rustwide/target:rw,Z" "-v" "/var/lib/crater-agent-workspace/builds/worker-3-tc1/source:/opt/rustwide/workdir:ro,Z" "-v" "/var/lib/crater-agent-workspace/cargo-home:/opt/rustwide/cargo-home:ro,Z" "-v" "/var/lib/crater-agent-workspace/rustup-home:/opt/rustwide/rustup-home:ro,Z" "-e" "SOURCE_DIR=/opt/rustwide/workdir" "-e" "CARGO_TARGET_DIR=/opt/rustwide/target" "-e" "CARGO_INCREMENTAL=0" "-e" "RUST_BACKTRACE=full" "-e" "RUSTFLAGS=--cap-lints=warn" "-e" "RUSTDOCFLAGS=--cap-lints=warn" "-e" "CARGO_HOME=/opt/rustwide/cargo-home" "-e" "RUSTUP_HOME=/opt/rustwide/rustup-home" "-w" "/opt/rustwide/workdir" "-m" "1610612736" "--user" "0:0" "--network" "none" "ghcr.io/rust-lang/crates-build-env/linux@sha256:2788e3201cd34a07e3172128adcd8b3090168a8e3bcc40d7c032b9dda1df7d1c" "/opt/rustwide/cargo-home/bin/cargo" "+1.75.0" "test" "--frozen" "--no-run" "--message-format=json", kill_on_drop: false }`
[INFO] [stdout] 6dc6493711cbaa50b7d29fd6ab52ce87533b6474647136788d1332e2393e2e94
[INFO] running `Command { std: "docker" "start" "-a" "6dc6493711cbaa50b7d29fd6ab52ce87533b6474647136788d1332e2393e2e94", kill_on_drop: false }`
[INFO] [stderr]    Compiling syn v2.0.48
[INFO] [stderr]    Compiling serde_derive v1.0.194
[INFO] [stderr]    Compiling thiserror-impl v1.0.56
[INFO] [stderr]    Compiling tokio-macros v2.2.0
[INFO] [stderr]    Compiling tokio v1.35.1
[INFO] [stderr]    Compiling thiserror v1.0.56
[INFO] [stderr]    Compiling simple_asn1 v0.6.2
[INFO] [stderr]    Compiling serde v1.0.194
[INFO] [stderr]    Compiling serde_json v1.0.111
[INFO] [stderr]    Compiling serde_cbor v0.11.2
[INFO] [stderr]    Compiling uuid v1.6.1
[INFO] [stderr]    Compiling jsonwebtoken v8.3.0
[INFO] [stderr]    Compiling mintdb v0.1.0-beta.3 (/opt/rustwide/workdir)
[INFO] [stderr]     Finished test [unoptimized + debuginfo] target(s) in 8.36s
[INFO] running `Command { std: "docker" "inspect" "6dc6493711cbaa50b7d29fd6ab52ce87533b6474647136788d1332e2393e2e94", kill_on_drop: false }`
[INFO] running `Command { std: "docker" "rm" "-f" "6dc6493711cbaa50b7d29fd6ab52ce87533b6474647136788d1332e2393e2e94", kill_on_drop: false }`
[INFO] [stdout] 6dc6493711cbaa50b7d29fd6ab52ce87533b6474647136788d1332e2393e2e94
[INFO] running `Command { std: "docker" "create" "-v" "/var/lib/crater-agent-workspace/builds/worker-3-tc1/target:/opt/rustwide/target:rw,Z" "-v" "/var/lib/crater-agent-workspace/builds/worker-3-tc1/source:/opt/rustwide/workdir:ro,Z" "-v" "/var/lib/crater-agent-workspace/cargo-home:/opt/rustwide/cargo-home:ro,Z" "-v" "/var/lib/crater-agent-workspace/rustup-home:/opt/rustwide/rustup-home:ro,Z" "-e" "SOURCE_DIR=/opt/rustwide/workdir" "-e" "CARGO_TARGET_DIR=/opt/rustwide/target" "-e" "CARGO_INCREMENTAL=0" "-e" "RUST_BACKTRACE=full" "-e" "RUSTFLAGS=--cap-lints=warn" "-e" "RUSTDOCFLAGS=--cap-lints=warn" "-e" "CARGO_HOME=/opt/rustwide/cargo-home" "-e" "RUSTUP_HOME=/opt/rustwide/rustup-home" "-w" "/opt/rustwide/workdir" "-m" "1610612736" "--user" "0:0" "--network" "none" "ghcr.io/rust-lang/crates-build-env/linux@sha256:2788e3201cd34a07e3172128adcd8b3090168a8e3bcc40d7c032b9dda1df7d1c" "/opt/rustwide/cargo-home/bin/cargo" "+1.75.0" "test" "--frozen", kill_on_drop: false }`
[INFO] [stdout] faa94e09fb62a4962e6b8297af420e909f83e2bff17f40ebb5280f67eedcc8d1
[INFO] running `Command { std: "docker" "start" "-a" "faa94e09fb62a4962e6b8297af420e909f83e2bff17f40ebb5280f67eedcc8d1", kill_on_drop: false }`
[INFO] [stderr]     Finished test [unoptimized + debuginfo] target(s) in 0.04s
[INFO] [stderr]      Running unittests src/lib.rs (/opt/rustwide/target/debug/deps/mintdb-383c6206e88d3c8f)
[INFO] [stdout] 
[INFO] [stdout] running 0 tests
[INFO] [stdout] 
[INFO] [stdout] test result: ok. 0 passed; 0 failed; 0 ignored; 0 measured; 0 filtered out; finished in 0.00s
[INFO] [stdout] 
[INFO] [stderr]    Doc-tests mintdb
[INFO] [stdout] 
[INFO] [stdout] running 22 tests
[INFO] [stdout] test src/db/write/mod.rs - db::write::Datastore::delete_key_from_table (line 294) ... FAILED
[INFO] [stdout] test src/db/write/mod.rs - db::write::Datastore::delete_table (line 323) ... FAILED
[INFO] [stdout] test src/db/exe/mod.rs - db::exe::Datastore::execute (line 20) ... FAILED
[INFO] [stdout] test src/db/read/mod.rs - db::read::Datastore::compare (line 151) ... FAILED
[INFO] [stdout] test src/db/write/mod.rs - db::write::Datastore::delete_document (line 261) ... FAILED
[INFO] [stdout] test src/db/write/mod.rs - db::write::Datastore::delete_key (line 227) ... FAILED
[INFO] [stdout] test src/db/read/mod.rs - db::read::Datastore::match_all (line 111) ... FAILED
[INFO] [stdout] test src/db/read/mod.rs - db::read::Datastore::find (line 72) ... FAILED
[INFO] [stdout] test src/db/write/mod.rs - db::write::Datastore::push (line 126) ... FAILED
[INFO] [stdout] test src/db/read/mod.rs - db::read::Datastore::get_many (line 41) ... FAILED
[INFO] [stdout] test src/db/read/mod.rs - db::read::Datastore::get_one (line 10) ... FAILED
[INFO] [stdout] test src/db/write/mod.rs - db::write::Datastore::put (line 160) ... FAILED
[INFO] [stdout] test src/db/write/mod.rs - db::write::Datastore::put_document (line 194) ... FAILED
[INFO] [stdout] test src/db/write/mod.rs - db::write::Datastore::create_document (line 10) ... FAILED
[INFO] [stdout] test src/db/write/mod.rs - db::write::Datastore::merge (line 83) ... FAILED
[INFO] [stdout] test src/auth/iam/user/signin.rs - auth::iam::user::signin::Datastore::sign_out (line 115) ... FAILED
[INFO] [stdout] test src/kvs/store.rs - kvs::store::Datastore::new (line 24) ... FAILED
[INFO] [stdout] test src/auth/iam/user/signin.rs - auth::iam::user::signin::Datastore::sign_up (line 71) ... FAILED
[INFO] [stdout] test src/db/write/mod.rs - db::write::Datastore::create_table (line 48) ... FAILED
[INFO] [stdout] test src/auth/iam/user/signin.rs - auth::iam::user::signin::Datastore::list_users (line 188) ... FAILED
[INFO] [stdout] test src/auth/iam/user/signin.rs - auth::iam::user::signin::Datastore::get_user (line 152) ... FAILED
[INFO] [stdout] test src/auth/iam/user/signin.rs - auth::iam::user::signin::Datastore::sign_in (line 21) ... FAILED
[INFO] [stdout] 
[INFO] [stdout] failures:
[INFO] [stdout] 
[INFO] [stdout] ---- src/db/write/mod.rs - db::write::Datastore::delete_key_from_table (line 294) stdout ----
[INFO] [stdout] error: expected `;`, found `db`
[INFO] [stdout]   --> src/db/write/mod.rs:303:22
[INFO] [stdout]    |
[INFO] [stdout] 11 |     let key = "email"
[INFO] [stdout]    |                      ^ help: add `;` here
[INFO] [stdout] 12 |     db.delete_key_from_table(tb, key).await?;
[INFO] [stdout]    |     -- unexpected token
[INFO] [stdout] 
[INFO] [stdout] error: aborting due to previous error
[INFO] [stdout] 
[INFO] [stdout] Couldn't compile the test.
[INFO] [stdout] ---- src/db/write/mod.rs - db::write::Datastore::delete_table (line 323) stdout ----
[INFO] [stdout] error: expected `;`, found `db`
[INFO] [stdout]   --> src/db/write/mod.rs:332:22
[INFO] [stdout]    |
[INFO] [stdout] 11 |     let key = "email"
[INFO] [stdout]    |                      ^ help: add `;` here
[INFO] [stdout] 12 |     db.delete_key_from_table(tb, key).await?;
[INFO] [stdout]    |     -- unexpected token
[INFO] [stdout] 
[INFO] [stdout] error: aborting due to previous error
[INFO] [stdout] 
[INFO] [stdout] Couldn't compile the test.
[INFO] [stdout] ---- src/db/exe/mod.rs - db::exe::Datastore::execute (line 20) stdout ----
[INFO] [stdout] Couldn't compile the test.
[INFO] [stdout] ---- src/db/read/mod.rs - db::read::Datastore::compare (line 151) stdout ----
[INFO] [stdout] Couldn't compile the test.
[INFO] [stdout] ---- src/db/write/mod.rs - db::write::Datastore::delete_document (line 261) stdout ----
[INFO] [stdout] Couldn't compile the test.
[INFO] [stdout] ---- src/db/write/mod.rs - db::write::Datastore::delete_key (line 227) stdout ----
[INFO] [stdout] Couldn't compile the test.
[INFO] [stdout] ---- src/db/read/mod.rs - db::read::Datastore::match_all (line 111) stdout ----
[INFO] [stdout] Couldn't compile the test.
[INFO] [stdout] ---- src/db/read/mod.rs - db::read::Datastore::find (line 72) stdout ----
[INFO] [stdout] Couldn't compile the test.
[INFO] [stdout] ---- src/db/write/mod.rs - db::write::Datastore::push (line 126) stdout ----
[INFO] [stdout] Couldn't compile the test.
[INFO] [stdout] ---- src/db/read/mod.rs - db::read::Datastore::get_many (line 41) stdout ----
[INFO] [stdout] Couldn't compile the test.
[INFO] [stdout] ---- src/db/read/mod.rs - db::read::Datastore::get_one (line 10) stdout ----
[INFO] [stdout] Couldn't compile the test.
[INFO] [stdout] ---- src/db/write/mod.rs - db::write::Datastore::put (line 160) stdout ----
[INFO] [stdout] Couldn't compile the test.
[INFO] [stdout] ---- src/db/write/mod.rs - db::write::Datastore::put_document (line 194) stdout ----
[INFO] [stdout] Couldn't compile the test.
[INFO] [stdout] ---- src/db/write/mod.rs - db::write::Datastore::create_document (line 10) stdout ----
[INFO] [stdout] Couldn't compile the test.
[INFO] [stdout] ---- src/db/write/mod.rs - db::write::Datastore::merge (line 83) stdout ----
[INFO] [stdout] Couldn't compile the test.
[INFO] [stdout] ---- src/auth/iam/user/signin.rs - auth::iam::user::signin::Datastore::sign_out (line 115) stdout ----
[INFO] [stdout] Couldn't compile the test.
[INFO] [stdout] ---- src/kvs/store.rs - kvs::store::Datastore::new (line 24) stdout ----
[INFO] [stdout] Couldn't compile the test.
[INFO] [stdout] ---- src/auth/iam/user/signin.rs - auth::iam::user::signin::Datastore::sign_up (line 71) stdout ----
[INFO] [stdout] Couldn't compile the test.
[INFO] [stdout] ---- src/db/write/mod.rs - db::write::Datastore::create_table (line 48) stdout ----
[INFO] [stdout] Couldn't compile the test.
[INFO] [stdout] ---- src/auth/iam/user/signin.rs - auth::iam::user::signin::Datastore::list_users (line 188) stdout ----
[INFO] [stdout] Couldn't compile the test.
[INFO] [stdout] ---- src/auth/iam/user/signin.rs - auth::iam::user::signin::Datastore::get_user (line 152) stdout ----
[INFO] [stdout] Couldn't compile the test.
[INFO] [stdout] ---- src/auth/iam/user/signin.rs - auth::iam::user::signin::Datastore::sign_in (line 21) stdout ----
[INFO] [stdout] Couldn't compile the test.
[INFO] [stdout] 
[INFO] [stdout] failures:
[INFO] [stdout]     src/auth/iam/user/signin.rs - auth::iam::user::signin::Datastore::get_user (line 152)
[INFO] [stdout]     src/auth/iam/user/signin.rs - auth::iam::user::signin::Datastore::list_users (line 188)
[INFO] [stdout]     src/auth/iam/user/signin.rs - auth::iam::user::signin::Datastore::sign_in (line 21)
[INFO] [stdout]     src/auth/iam/user/signin.rs - auth::iam::user::signin::Datastore::sign_out (line 115)
[INFO] [stdout]     src/auth/iam/user/signin.rs - auth::iam::user::signin::Datastore::sign_up (line 71)
[INFO] [stdout]     src/db/exe/mod.rs - db::exe::Datastore::execute (line 20)
[INFO] [stdout]     src/db/read/mod.rs - db::read::Datastore::compare (line 151)
[INFO] [stdout]     src/db/read/mod.rs - db::read::Datastore::find (line 72)
[INFO] [stdout]     src/db/read/mod.rs - db::read::Datastore::get_many (line 41)
[INFO] [stdout]     src/db/read/mod.rs - db::read::Datastore::get_one (line 10)
[INFO] [stdout]     src/db/read/mod.rs - db::read::Datastore::match_all (line 111)
[INFO] [stdout]     src/db/write/mod.rs - db::write::Datastore::create_document (line 10)
[INFO] [stdout]     src/db/write/mod.rs - db::write::Datastore::create_table (line 48)
[INFO] [stdout]     src/db/write/mod.rs - db::write::Datastore::delete_document (line 261)
[INFO] [stdout]     src/db/write/mod.rs - db::write::Datastore::delete_key (line 227)
[INFO] [stdout]     src/db/write/mod.rs - db::write::Datastore::delete_key_from_table (line 294)
[INFO] [stdout]     src/db/write/mod.rs - db::write::Datastore::delete_table (line 323)
[INFO] [stdout]     src/db/write/mod.rs - db::write::Datastore::merge (line 83)
[INFO] [stdout]     src/db/write/mod.rs - db::write::Datastore::push (line 126)
[INFO] [stdout]     src/db/write/mod.rs - db::write::Datastore::put (line 160)
[INFO] [stdout]     src/db/write/mod.rs - db::write::Datastore::put_document (line 194)
[INFO] [stdout]     src/kvs/store.rs - kvs::store::Datastore::new (line 24)
[INFO] [stdout] 
[INFO] [stdout] test result: FAILED. 0 passed; 22 failed; 0 ignored; 0 measured; 0 filtered out; finished in 2.11s
[INFO] [stdout] 
[INFO] [stderr] error: doctest failed, to rerun pass `--doc`
[INFO] running `Command { std: "docker" "inspect" "faa94e09fb62a4962e6b8297af420e909f83e2bff17f40ebb5280f67eedcc8d1", kill_on_drop: false }`
[INFO] running `Command { std: "docker" "rm" "-f" "faa94e09fb62a4962e6b8297af420e909f83e2bff17f40ebb5280f67eedcc8d1", kill_on_drop: false }`
[INFO] [stdout] faa94e09fb62a4962e6b8297af420e909f83e2bff17f40ebb5280f67eedcc8d1
