[INFO] fetching crate minio 0.1.0...
[INFO] testing minio-0.1.0 against 1.75.0 for beta-1.76-1
[INFO] extracting crate minio 0.1.0 into /workspace/builds/worker-0-tc1/source
[INFO] validating manifest of crates.io crate minio 0.1.0 on toolchain 1.75.0
[INFO] running `Command { std: CARGO_HOME="/workspace/cargo-home" RUSTUP_HOME="/workspace/rustup-home" "/workspace/cargo-home/bin/cargo" "+1.75.0" "metadata" "--manifest-path" "Cargo.toml" "--no-deps", kill_on_drop: false }`
[INFO] started tweaking crates.io crate minio 0.1.0
[INFO] removed 0 missing examples
[INFO] finished tweaking crates.io crate minio 0.1.0
[INFO] tweaked toml for crates.io crate minio 0.1.0 written to /workspace/builds/worker-0-tc1/source/Cargo.toml
[INFO] crate crates.io crate minio 0.1.0 already has a lockfile, it will not be regenerated
[INFO] running `Command { std: CARGO_HOME="/workspace/cargo-home" RUSTUP_HOME="/workspace/rustup-home" "/workspace/cargo-home/bin/cargo" "+1.75.0" "fetch" "--manifest-path" "Cargo.toml", kill_on_drop: false }`
[INFO] [stderr]  Downloading crates ...
[INFO] [stderr]   Downloaded multimap v0.9.0
[INFO] [stderr]   Downloaded chrono v0.4.27
[INFO] running `Command { std: "docker" "create" "-v" "/var/lib/crater-agent-workspace/builds/worker-0-tc1/target:/opt/rustwide/target:rw,Z" "-v" "/var/lib/crater-agent-workspace/builds/worker-0-tc1/source:/opt/rustwide/workdir:ro,Z" "-v" "/var/lib/crater-agent-workspace/cargo-home:/opt/rustwide/cargo-home:ro,Z" "-v" "/var/lib/crater-agent-workspace/rustup-home:/opt/rustwide/rustup-home:ro,Z" "-e" "SOURCE_DIR=/opt/rustwide/workdir" "-e" "CARGO_TARGET_DIR=/opt/rustwide/target" "-e" "CARGO_HOME=/opt/rustwide/cargo-home" "-e" "RUSTUP_HOME=/opt/rustwide/rustup-home" "-w" "/opt/rustwide/workdir" "-m" "1610612736" "--user" "0:0" "--network" "none" "ghcr.io/rust-lang/crates-build-env/linux@sha256:2788e3201cd34a07e3172128adcd8b3090168a8e3bcc40d7c032b9dda1df7d1c" "/opt/rustwide/cargo-home/bin/cargo" "+1.75.0" "metadata" "--no-deps" "--format-version=1", kill_on_drop: false }`
[INFO] [stdout] 5260d95a4e6d36154ebbb942f5d13bfc914bfc2173caafee6a553edd981cd42d
[INFO] running `Command { std: "docker" "start" "-a" "5260d95a4e6d36154ebbb942f5d13bfc914bfc2173caafee6a553edd981cd42d", kill_on_drop: false }`
[INFO] running `Command { std: "docker" "inspect" "5260d95a4e6d36154ebbb942f5d13bfc914bfc2173caafee6a553edd981cd42d", kill_on_drop: false }`
[INFO] running `Command { std: "docker" "rm" "-f" "5260d95a4e6d36154ebbb942f5d13bfc914bfc2173caafee6a553edd981cd42d", kill_on_drop: false }`
[INFO] [stdout] 5260d95a4e6d36154ebbb942f5d13bfc914bfc2173caafee6a553edd981cd42d
[INFO] running `Command { std: "docker" "create" "-v" "/var/lib/crater-agent-workspace/builds/worker-0-tc1/target:/opt/rustwide/target:rw,Z" "-v" "/var/lib/crater-agent-workspace/builds/worker-0-tc1/source:/opt/rustwide/workdir:ro,Z" "-v" "/var/lib/crater-agent-workspace/cargo-home:/opt/rustwide/cargo-home:ro,Z" "-v" "/var/lib/crater-agent-workspace/rustup-home:/opt/rustwide/rustup-home:ro,Z" "-e" "SOURCE_DIR=/opt/rustwide/workdir" "-e" "CARGO_TARGET_DIR=/opt/rustwide/target" "-e" "CARGO_INCREMENTAL=0" "-e" "RUST_BACKTRACE=full" "-e" "RUSTFLAGS=--cap-lints=warn" "-e" "RUSTDOCFLAGS=--cap-lints=warn" "-e" "CARGO_HOME=/opt/rustwide/cargo-home" "-e" "RUSTUP_HOME=/opt/rustwide/rustup-home" "-w" "/opt/rustwide/workdir" "-m" "1610612736" "--user" "0:0" "--network" "none" "ghcr.io/rust-lang/crates-build-env/linux@sha256:2788e3201cd34a07e3172128adcd8b3090168a8e3bcc40d7c032b9dda1df7d1c" "/opt/rustwide/cargo-home/bin/cargo" "+1.75.0" "build" "--frozen" "--message-format=json", kill_on_drop: false }`
[INFO] [stdout] b92e13d9de7bda0785d65fed5c05bb76e6f6a18ea9394f5b19cf5625b3d76219
[INFO] running `Command { std: "docker" "start" "-a" "b92e13d9de7bda0785d65fed5c05bb76e6f6a18ea9394f5b19cf5625b3d76219", kill_on_drop: false }`
[INFO] [stderr]    Compiling libc v0.2.147
[INFO] [stderr]    Compiling proc-macro2 v1.0.66
[INFO] [stderr]    Compiling unicode-ident v1.0.11
[INFO] [stderr]    Compiling once_cell v1.18.0
[INFO] [stderr]    Compiling futures-core v0.3.28
[INFO] [stderr]    Compiling value-bag v1.4.1
[INFO] [stderr]    Compiling memchr v2.6.1
[INFO] [stderr]    Compiling parking_lot_core v0.9.8
[INFO] [stderr]    Compiling smallvec v1.11.0
[INFO] [stderr]    Compiling bytes v1.4.0
[INFO] [stderr]    Compiling futures-io v0.3.28
[INFO] [stderr]    Compiling lock_api v0.4.10
[INFO] [stderr]    Compiling pkg-config v0.3.27
[INFO] [stderr]    Compiling vcpkg v0.2.15
[INFO] [stderr]    Compiling crossbeam-utils v0.8.16
[INFO] [stderr]    Compiling itoa v1.0.9
[INFO] [stderr]    Compiling typenum v1.16.0
[INFO] [stderr]    Compiling futures-task v0.3.28
[INFO] [stderr]    Compiling generic-array v0.14.7
[INFO] [stderr]    Compiling tracing-core v0.1.31
[INFO] [stderr]    Compiling log v0.4.20
[INFO] [stderr]    Compiling serde v1.0.188
[INFO] [stderr]    Compiling futures-util v0.3.28
[INFO] [stderr]    Compiling http v0.2.9
[INFO] [stderr]    Compiling parking v2.1.0
[INFO] [stderr]    Compiling futures-channel v0.3.28
[INFO] [stderr]    Compiling tracing v0.1.37
[INFO] [stderr]    Compiling foreign-types-shared v0.1.1
[INFO] [stderr]    Compiling waker-fn v1.1.0
[INFO] [stderr]    Compiling openssl v0.10.57
[INFO] [stderr]    Compiling concurrent-queue v2.2.0
[INFO] [stderr]    Compiling futures-sink v0.3.28
[INFO] [stderr]    Compiling foreign-types v0.3.2
[INFO] [stderr]    Compiling futures-lite v1.13.0
[INFO] [stderr]    Compiling syn v1.0.109
[INFO] [stderr]    Compiling bitflags v2.4.0
[INFO] [stderr]    Compiling rustix v0.37.23
[INFO] [stderr]    Compiling quote v1.0.33
[INFO] [stderr]    Compiling native-tls v0.2.11
[INFO] [stderr]    Compiling rustls v0.21.7
[INFO] [stderr]    Compiling want v0.3.1
[INFO] [stderr]    Compiling async-task v4.4.0
[INFO] [stderr]    Compiling httpdate v1.0.3
[INFO] [stderr]    Compiling syn v2.0.29
[INFO] [stderr]    Compiling cc v1.0.83
[INFO] [stderr]    Compiling num_cpus v1.16.0
[INFO] [stderr]    Compiling mio v0.8.8
[INFO] [stderr]    Compiling signal-hook-registry v1.4.1
[INFO] [stderr]    Compiling socket2 v0.5.3
[INFO] [stderr]    Compiling socket2 v0.4.9
[INFO] [stderr]    Compiling io-lifetimes v1.0.11
[INFO] [stderr]    Compiling percent-encoding v2.3.0
[INFO] [stderr]    Compiling polling v2.8.0
[INFO] [stderr]    Compiling parking_lot v0.12.1
[INFO] [stderr]    Compiling http-body v0.4.5
[INFO] [stderr]    Compiling form_urlencoded v1.2.0
[INFO] [stderr]    Compiling getrandom v0.2.10
[INFO] [stderr]    Compiling unicode-normalization v0.1.22
[INFO] [stderr]    Compiling async-channel v1.9.0
[INFO] [stderr]    Compiling num-traits v0.2.16
[INFO] [stderr]    Compiling atomic-waker v1.1.1
[INFO] [stderr]    Compiling unicode-bidi v0.3.13
[INFO] [stderr]    Compiling ryu v1.0.15
[INFO] [stderr]    Compiling subtle v2.5.0
[INFO] [stderr]    Compiling blocking v1.3.1
[INFO] [stderr]    Compiling rand_core v0.6.4
[INFO] [stderr]    Compiling async-executor v1.5.1
[INFO] [stderr]    Compiling aho-corasick v1.0.4
[INFO] [stderr]    Compiling serde_json v1.0.105
[INFO] [stderr]    Compiling regex-syntax v0.7.5
[INFO] [stderr]    Compiling base64 v0.21.3
[INFO] [stderr]    Compiling rand_chacha v0.3.1
[INFO] [stderr]    Compiling time v0.1.45
[INFO] [stderr]    Compiling idna v0.4.0
[INFO] [stderr]    Compiling crypto-common v0.1.6
[INFO] [stderr]    Compiling block-buffer v0.10.4
[INFO] [stderr]    Compiling rustls-pemfile v1.0.3
[INFO] [stderr]    Compiling digest v0.10.7
[INFO] [stderr]    Compiling kv-log-macro v1.0.7
[INFO] [stderr]    Compiling encoding_rs v0.8.33
[INFO] [stderr]    Compiling xml-rs v0.8.16
[INFO] [stderr]    Compiling webpki-roots v0.25.2
[INFO] [stderr]    Compiling iana-time-zone v0.1.57
[INFO] [stderr]    Compiling ring v0.16.20
[INFO] [stderr]    Compiling openssl-sys v0.9.92
[INFO] [stderr]    Compiling crc-catalog v2.2.0
[INFO] [stderr]    Compiling ipnet v2.8.0
[INFO] [stderr]    Compiling mime v0.3.17
[INFO] [stderr]    Compiling url v2.4.1
[INFO] [stderr]    Compiling hashbrown v0.14.0
[INFO] [stderr]    Compiling cpufeatures v0.2.9
[INFO] [stderr]    Compiling sha2 v0.10.7
[INFO] [stderr]    Compiling crc v3.0.1
[INFO] [stderr]    Compiling chrono v0.4.27
[INFO] [stderr]    Compiling xmltree v0.10.3
[INFO] [stderr]    Compiling async-io v1.13.0
[INFO] [stderr]    Compiling dashmap v5.5.3
[INFO] [stderr]    Compiling hmac v0.12.1
[INFO] [stderr]    Compiling rand v0.8.5
[INFO] [stderr]    Compiling md5 v0.7.0
[INFO] [stderr]    Compiling hex v0.4.3
[INFO] [stderr]    Compiling urlencoding v2.1.3
[INFO] [stderr]    Compiling regex-automata v0.3.7
[INFO] [stderr]    Compiling tokio-macros v2.1.0
[INFO] [stderr]    Compiling futures-macro v0.3.28
[INFO] [stderr]    Compiling serde_derive v1.0.188
[INFO] [stderr]    Compiling openssl-macros v0.1.1
[INFO] [stderr]    Compiling async-recursion v1.0.4
[INFO] [stderr]    Compiling tokio v1.32.0
[INFO] [stderr]    Compiling async-attributes v1.1.2
[INFO] [stderr]    Compiling derivative v2.2.0
[INFO] [stderr]    Compiling regex v1.9.4
[INFO] [stderr]    Compiling sct v0.7.0
[INFO] [stderr]    Compiling rustls-webpki v0.101.4
[INFO] [stderr]    Compiling tokio-util v0.7.8
[INFO] [stderr]    Compiling tokio-rustls v0.24.1
[INFO] [stderr]    Compiling tokio-native-tls v0.3.1
[INFO] [stderr]    Compiling async-global-executor v2.3.1
[INFO] [stderr]    Compiling async-std v1.12.0
[INFO] [stderr]    Compiling serde_urlencoded v0.7.1
[INFO] [stderr]    Compiling os_info v3.7.0
[INFO] [stderr]    Compiling multimap v0.9.0
[INFO] [stderr]    Compiling h2 v0.3.21
[INFO] [stderr]    Compiling hyper v0.14.27
[INFO] [stderr]    Compiling hyper-tls v0.5.0
[INFO] [stderr]    Compiling hyper-rustls v0.24.1
[INFO] [stderr]    Compiling reqwest v0.11.20
[INFO] [stderr]    Compiling minio v0.1.0 (/opt/rustwide/workdir)
[INFO] [stdout] warning: `&` without an explicit lifetime name cannot be used here
[INFO] [stdout]     --> src/s3/args.rs:2282:15
[INFO] [stdout]      |
[INFO] [stdout] 2282 |     const EQ: &str = "eq";
[INFO] [stdout]      |               ^
[INFO] [stdout]      |
[INFO] [stdout]      = warning: this was previously accepted by the compiler but is being phased out; it will become a hard error in a future release!
[INFO] [stdout]      = note: for more information, see issue #115010 <https://github.com/rust-lang/rust/issues/115010>
[INFO] [stdout]      = note: `#[warn(elided_lifetimes_in_associated_constant)]` on by default
[INFO] [stdout] help: use the `'static` lifetime
[INFO] [stdout]      |
[INFO] [stdout] 2282 |     const EQ: &'static str = "eq";
[INFO] [stdout]      |                +++++++
[INFO] [stdout] 
[INFO] [stdout] 
[INFO] [stdout] warning: `&` without an explicit lifetime name cannot be used here
[INFO] [stdout]     --> src/s3/args.rs:2283:24
[INFO] [stdout]      |
[INFO] [stdout] 2283 |     const STARTS_WITH: &str = "starts-with";
[INFO] [stdout]      |                        ^
[INFO] [stdout]      |
[INFO] [stdout]      = warning: this was previously accepted by the compiler but is being phased out; it will become a hard error in a future release!
[INFO] [stdout]      = note: for more information, see issue #115010 <https://github.com/rust-lang/rust/issues/115010>
[INFO] [stdout] help: use the `'static` lifetime
[INFO] [stdout]      |
[INFO] [stdout] 2283 |     const STARTS_WITH: &'static str = "starts-with";
[INFO] [stdout]      |                         +++++++
[INFO] [stdout] 
[INFO] [stdout] 
[INFO] [stdout] warning: `&` without an explicit lifetime name cannot be used here
[INFO] [stdout]     --> src/s3/args.rs:2284:22
[INFO] [stdout]      |
[INFO] [stdout] 2284 |     const ALGORITHM: &str = "AWS4-HMAC-SHA256";
[INFO] [stdout]      |                      ^
[INFO] [stdout]      |
[INFO] [stdout]      = warning: this was previously accepted by the compiler but is being phased out; it will become a hard error in a future release!
[INFO] [stdout]      = note: for more information, see issue #115010 <https://github.com/rust-lang/rust/issues/115010>
[INFO] [stdout] help: use the `'static` lifetime
[INFO] [stdout]      |
[INFO] [stdout] 2284 |     const ALGORITHM: &'static str = "AWS4-HMAC-SHA256";
[INFO] [stdout]      |                       +++++++
[INFO] [stdout] 
[INFO] [stdout] 
[INFO] [stdout] warning: `&` without an explicit lifetime name cannot be used here
[INFO] [stdout]     --> src/s3/types.rs:1201:21
[INFO] [stdout]      |
[INFO] [stdout] 1201 |     pub const NAME: &str = "prefix";
[INFO] [stdout]      |                     ^
[INFO] [stdout]      |
[INFO] [stdout]      = warning: this was previously accepted by the compiler but is being phased out; it will become a hard error in a future release!
[INFO] [stdout]      = note: for more information, see issue #115010 <https://github.com/rust-lang/rust/issues/115010>
[INFO] [stdout] help: use the `'static` lifetime
[INFO] [stdout]      |
[INFO] [stdout] 1201 |     pub const NAME: &'static str = "prefix";
[INFO] [stdout]      |                      +++++++
[INFO] [stdout] 
[INFO] [stdout] 
[INFO] [stdout] warning: `&` without an explicit lifetime name cannot be used here
[INFO] [stdout]     --> src/s3/types.rs:1211:21
[INFO] [stdout]      |
[INFO] [stdout] 1211 |     pub const NAME: &str = "suffix";
[INFO] [stdout]      |                     ^
[INFO] [stdout]      |
[INFO] [stdout]      = warning: this was previously accepted by the compiler but is being phased out; it will become a hard error in a future release!
[INFO] [stdout]      = note: for more information, see issue #115010 <https://github.com/rust-lang/rust/issues/115010>
[INFO] [stdout] help: use the `'static` lifetime
[INFO] [stdout]      |
[INFO] [stdout] 1211 |     pub const NAME: &'static str = "suffix";
[INFO] [stdout]      |                      +++++++
[INFO] [stdout] 
[INFO] [stdout] 
[INFO] [stdout] warning: 5 warnings emitted
[INFO] [stdout] 
[INFO] [stdout] 
[INFO] [stderr]     Finished dev [unoptimized + debuginfo] target(s) in 22.61s
[INFO] running `Command { std: "docker" "inspect" "b92e13d9de7bda0785d65fed5c05bb76e6f6a18ea9394f5b19cf5625b3d76219", kill_on_drop: false }`
[INFO] running `Command { std: "docker" "rm" "-f" "b92e13d9de7bda0785d65fed5c05bb76e6f6a18ea9394f5b19cf5625b3d76219", kill_on_drop: false }`
[INFO] [stdout] b92e13d9de7bda0785d65fed5c05bb76e6f6a18ea9394f5b19cf5625b3d76219
[INFO] running `Command { std: "docker" "create" "-v" "/var/lib/crater-agent-workspace/builds/worker-0-tc1/target:/opt/rustwide/target:rw,Z" "-v" "/var/lib/crater-agent-workspace/builds/worker-0-tc1/source:/opt/rustwide/workdir:ro,Z" "-v" "/var/lib/crater-agent-workspace/cargo-home:/opt/rustwide/cargo-home:ro,Z" "-v" "/var/lib/crater-agent-workspace/rustup-home:/opt/rustwide/rustup-home:ro,Z" "-e" "SOURCE_DIR=/opt/rustwide/workdir" "-e" "CARGO_TARGET_DIR=/opt/rustwide/target" "-e" "CARGO_INCREMENTAL=0" "-e" "RUST_BACKTRACE=full" "-e" "RUSTFLAGS=--cap-lints=warn" "-e" "RUSTDOCFLAGS=--cap-lints=warn" "-e" "CARGO_HOME=/opt/rustwide/cargo-home" "-e" "RUSTUP_HOME=/opt/rustwide/rustup-home" "-w" "/opt/rustwide/workdir" "-m" "1610612736" "--user" "0:0" "--network" "none" "ghcr.io/rust-lang/crates-build-env/linux@sha256:2788e3201cd34a07e3172128adcd8b3090168a8e3bcc40d7c032b9dda1df7d1c" "/opt/rustwide/cargo-home/bin/cargo" "+1.75.0" "test" "--frozen" "--no-run" "--message-format=json", kill_on_drop: false }`
[INFO] [stdout] eaa355fa665494ce6edb24368b620b122647d174949ed29ec1ad1972ec4379f1
[INFO] running `Command { std: "docker" "start" "-a" "eaa355fa665494ce6edb24368b620b122647d174949ed29ec1ad1972ec4379f1", kill_on_drop: false }`
[INFO] [stdout] warning: `&` without an explicit lifetime name cannot be used here
[INFO] [stdout]     --> src/s3/args.rs:2282:15
[INFO] [stdout]      |
[INFO] [stdout] 2282 |     const EQ: &str = "eq";
[INFO] [stdout]      |               ^
[INFO] [stdout]      |
[INFO] [stdout]      = warning: this was previously accepted by the compiler but is being phased out; it will become a hard error in a future release!
[INFO] [stdout]      = note: for more information, see issue #115010 <https://github.com/rust-lang/rust/issues/115010>
[INFO] [stdout]      = note: `#[warn(elided_lifetimes_in_associated_constant)]` on by default
[INFO] [stdout] help: use the `'static` lifetime
[INFO] [stdout]      |
[INFO] [stdout] 2282 |     const EQ: &'static str = "eq";
[INFO] [stdout]      |                +++++++
[INFO] [stdout] 
[INFO] [stdout] 
[INFO] [stdout] warning: `&` without an explicit lifetime name cannot be used here
[INFO] [stdout]     --> src/s3/args.rs:2283:24
[INFO] [stdout]      |
[INFO] [stdout] 2283 |     const STARTS_WITH: &str = "starts-with";
[INFO] [stdout]      |                        ^
[INFO] [stdout]      |
[INFO] [stdout]      = warning: this was previously accepted by the compiler but is being phased out; it will become a hard error in a future release!
[INFO] [stdout]      = note: for more information, see issue #115010 <https://github.com/rust-lang/rust/issues/115010>
[INFO] [stdout] help: use the `'static` lifetime
[INFO] [stdout]      |
[INFO] [stdout] 2283 |     const STARTS_WITH: &'static str = "starts-with";
[INFO] [stdout]      |                         +++++++
[INFO] [stdout] 
[INFO] [stdout] 
[INFO] [stderr]    Compiling minio v0.1.0 (/opt/rustwide/workdir)
[INFO] [stdout] warning: `&` without an explicit lifetime name cannot be used here
[INFO] [stdout]     --> src/s3/args.rs:2284:22
[INFO] [stdout]      |
[INFO] [stdout] 2284 |     const ALGORITHM: &str = "AWS4-HMAC-SHA256";
[INFO] [stdout]      |                      ^
[INFO] [stdout]      |
[INFO] [stdout]      = warning: this was previously accepted by the compiler but is being phased out; it will become a hard error in a future release!
[INFO] [stdout]      = note: for more information, see issue #115010 <https://github.com/rust-lang/rust/issues/115010>
[INFO] [stdout] help: use the `'static` lifetime
[INFO] [stdout]      |
[INFO] [stdout] 2284 |     const ALGORITHM: &'static str = "AWS4-HMAC-SHA256";
[INFO] [stdout]      |                       +++++++
[INFO] [stdout] 
[INFO] [stdout] 
[INFO] [stdout] warning: `&` without an explicit lifetime name cannot be used here
[INFO] [stdout]     --> src/s3/types.rs:1201:21
[INFO] [stdout]      |
[INFO] [stdout] 1201 |     pub const NAME: &str = "prefix";
[INFO] [stdout]      |                     ^
[INFO] [stdout]      |
[INFO] [stdout]      = warning: this was previously accepted by the compiler but is being phased out; it will become a hard error in a future release!
[INFO] [stdout]      = note: for more information, see issue #115010 <https://github.com/rust-lang/rust/issues/115010>
[INFO] [stdout] help: use the `'static` lifetime
[INFO] [stdout]      |
[INFO] [stdout] 1201 |     pub const NAME: &'static str = "prefix";
[INFO] [stdout]      |                      +++++++
[INFO] [stdout] 
[INFO] [stdout] 
[INFO] [stdout] warning: `&` without an explicit lifetime name cannot be used here
[INFO] [stdout]     --> src/s3/types.rs:1211:21
[INFO] [stdout]      |
[INFO] [stdout] 1211 |     pub const NAME: &str = "suffix";
[INFO] [stdout]      |                     ^
[INFO] [stdout]      |
[INFO] [stdout]      = warning: this was previously accepted by the compiler but is being phased out; it will become a hard error in a future release!
[INFO] [stdout]      = note: for more information, see issue #115010 <https://github.com/rust-lang/rust/issues/115010>
[INFO] [stdout] help: use the `'static` lifetime
[INFO] [stdout]      |
[INFO] [stdout] 1211 |     pub const NAME: &'static str = "suffix";
[INFO] [stdout]      |                      +++++++
[INFO] [stdout] 
[INFO] [stdout] 
[INFO] [stdout] warning: 5 warnings emitted
[INFO] [stdout] 
[INFO] [stdout] 
[INFO] [stdout] warning: `&` without an explicit lifetime name cannot be used here
[INFO] [stdout]   --> tests/tests.rs:88:20
[INFO] [stdout]    |
[INFO] [stdout] 88 |     const SQS_ARN: &str = "arn:minio:sqs::miniojavatest:webhook";
[INFO] [stdout]    |                    ^
[INFO] [stdout]    |
[INFO] [stdout]    = warning: this was previously accepted by the compiler but is being phased out; it will become a hard error in a future release!
[INFO] [stdout]    = note: for more information, see issue #115010 <https://github.com/rust-lang/rust/issues/115010>
[INFO] [stdout]    = note: `#[warn(elided_lifetimes_in_associated_constant)]` on by default
[INFO] [stdout] help: use the `'static` lifetime
[INFO] [stdout]    |
[INFO] [stdout] 88 |     const SQS_ARN: &'static str = "arn:minio:sqs::miniojavatest:webhook";
[INFO] [stdout]    |                     +++++++
[INFO] [stdout] 
[INFO] [stdout] 
[INFO] [stdout] warning: `&` without an explicit lifetime name cannot be used here
[INFO] [stdout]     --> src/s3/args.rs:2282:15
[INFO] [stdout]      |
[INFO] [stdout] 2282 |     const EQ: &str = "eq";
[INFO] [stdout]      |               ^
[INFO] [stdout]      |
[INFO] [stdout]      = warning: this was previously accepted by the compiler but is being phased out; it will become a hard error in a future release!
[INFO] [stdout]      = note: for more information, see issue #115010 <https://github.com/rust-lang/rust/issues/115010>
[INFO] [stdout]      = note: `#[warn(elided_lifetimes_in_associated_constant)]` on by default
[INFO] [stdout] help: use the `'static` lifetime
[INFO] [stdout]      |
[INFO] [stdout] 2282 |     const EQ: &'static str = "eq";
[INFO] [stdout]      |                +++++++
[INFO] [stdout] 
[INFO] [stdout] 
[INFO] [stdout] warning: `&` without an explicit lifetime name cannot be used here
[INFO] [stdout]     --> src/s3/args.rs:2283:24
[INFO] [stdout]      |
[INFO] [stdout] 2283 |     const STARTS_WITH: &str = "starts-with";
[INFO] [stdout]      |                        ^
[INFO] [stdout]      |
[INFO] [stdout]      = warning: this was previously accepted by the compiler but is being phased out; it will become a hard error in a future release!
[INFO] [stdout]      = note: for more information, see issue #115010 <https://github.com/rust-lang/rust/issues/115010>
[INFO] [stdout] help: use the `'static` lifetime
[INFO] [stdout]      |
[INFO] [stdout] 2283 |     const STARTS_WITH: &'static str = "starts-with";
[INFO] [stdout]      |                         +++++++
[INFO] [stdout] 
[INFO] [stdout] 
[INFO] [stdout] warning: `&` without an explicit lifetime name cannot be used here
[INFO] [stdout]     --> src/s3/args.rs:2284:22
[INFO] [stdout]      |
[INFO] [stdout] 2284 |     const ALGORITHM: &str = "AWS4-HMAC-SHA256";
[INFO] [stdout]      |                      ^
[INFO] [stdout]      |
[INFO] [stdout]      = warning: this was previously accepted by the compiler but is being phased out; it will become a hard error in a future release!
[INFO] [stdout]      = note: for more information, see issue #115010 <https://github.com/rust-lang/rust/issues/115010>
[INFO] [stdout] help: use the `'static` lifetime
[INFO] [stdout]      |
[INFO] [stdout] 2284 |     const ALGORITHM: &'static str = "AWS4-HMAC-SHA256";
[INFO] [stdout]      |                       +++++++
[INFO] [stdout] 
[INFO] [stdout] 
[INFO] [stdout] warning: `&` without an explicit lifetime name cannot be used here
[INFO] [stdout]     --> src/s3/types.rs:1201:21
[INFO] [stdout]      |
[INFO] [stdout] 1201 |     pub const NAME: &str = "prefix";
[INFO] [stdout]      |                     ^
[INFO] [stdout]      |
[INFO] [stdout]      = warning: this was previously accepted by the compiler but is being phased out; it will become a hard error in a future release!
[INFO] [stdout]      = note: for more information, see issue #115010 <https://github.com/rust-lang/rust/issues/115010>
[INFO] [stdout] help: use the `'static` lifetime
[INFO] [stdout]      |
[INFO] [stdout] 1201 |     pub const NAME: &'static str = "prefix";
[INFO] [stdout]      |                      +++++++
[INFO] [stdout] 
[INFO] [stdout] 
[INFO] [stdout] warning: `&` without an explicit lifetime name cannot be used here
[INFO] [stdout]     --> src/s3/types.rs:1211:21
[INFO] [stdout]      |
[INFO] [stdout] 1211 |     pub const NAME: &str = "suffix";
[INFO] [stdout]      |                     ^
[INFO] [stdout]      |
[INFO] [stdout]      = warning: this was previously accepted by the compiler but is being phased out; it will become a hard error in a future release!
[INFO] [stdout]      = note: for more information, see issue #115010 <https://github.com/rust-lang/rust/issues/115010>
[INFO] [stdout] help: use the `'static` lifetime
[INFO] [stdout]      |
[INFO] [stdout] 1211 |     pub const NAME: &'static str = "suffix";
[INFO] [stdout]      |                      +++++++
[INFO] [stdout] 
[INFO] [stdout] 
[INFO] [stdout] warning: 5 warnings emitted
[INFO] [stdout] 
[INFO] [stdout] 
[INFO] [stdout] warning: 1 warning emitted
[INFO] [stdout] 
[INFO] [stdout] 
[INFO] [stderr]     Finished test [unoptimized + debuginfo] target(s) in 9.37s
[INFO] running `Command { std: "docker" "inspect" "eaa355fa665494ce6edb24368b620b122647d174949ed29ec1ad1972ec4379f1", kill_on_drop: false }`
[INFO] running `Command { std: "docker" "rm" "-f" "eaa355fa665494ce6edb24368b620b122647d174949ed29ec1ad1972ec4379f1", kill_on_drop: false }`
[INFO] [stdout] eaa355fa665494ce6edb24368b620b122647d174949ed29ec1ad1972ec4379f1
[INFO] running `Command { std: "docker" "create" "-v" "/var/lib/crater-agent-workspace/builds/worker-0-tc1/target:/opt/rustwide/target:rw,Z" "-v" "/var/lib/crater-agent-workspace/builds/worker-0-tc1/source:/opt/rustwide/workdir:ro,Z" "-v" "/var/lib/crater-agent-workspace/cargo-home:/opt/rustwide/cargo-home:ro,Z" "-v" "/var/lib/crater-agent-workspace/rustup-home:/opt/rustwide/rustup-home:ro,Z" "-e" "SOURCE_DIR=/opt/rustwide/workdir" "-e" "CARGO_TARGET_DIR=/opt/rustwide/target" "-e" "CARGO_INCREMENTAL=0" "-e" "RUST_BACKTRACE=full" "-e" "RUSTFLAGS=--cap-lints=warn" "-e" "RUSTDOCFLAGS=--cap-lints=warn" "-e" "CARGO_HOME=/opt/rustwide/cargo-home" "-e" "RUSTUP_HOME=/opt/rustwide/rustup-home" "-w" "/opt/rustwide/workdir" "-m" "1610612736" "--user" "0:0" "--network" "none" "ghcr.io/rust-lang/crates-build-env/linux@sha256:2788e3201cd34a07e3172128adcd8b3090168a8e3bcc40d7c032b9dda1df7d1c" "/opt/rustwide/cargo-home/bin/cargo" "+1.75.0" "test" "--frozen", kill_on_drop: false }`
[INFO] [stdout] 96daf2d74ca2e16a933f3503ca57f9b00bb0a7976896dc24ebac645d46fafdf5
[INFO] running `Command { std: "docker" "start" "-a" "96daf2d74ca2e16a933f3503ca57f9b00bb0a7976896dc24ebac645d46fafdf5", kill_on_drop: false }`
[INFO] [stderr] warning: `&` without an explicit lifetime name cannot be used here
[INFO] [stderr]     --> src/s3/args.rs:2282:15
[INFO] [stderr]      |
[INFO] [stderr] 2282 |     const EQ: &str = "eq";
[INFO] [stderr]      |               ^
[INFO] [stderr]      |
[INFO] [stderr]      = warning: this was previously accepted by the compiler but is being phased out; it will become a hard error in a future release!
[INFO] [stderr]      = note: for more information, see issue #115010 <https://github.com/rust-lang/rust/issues/115010>
[INFO] [stderr]      = note: `#[warn(elided_lifetimes_in_associated_constant)]` on by default
[INFO] [stderr] help: use the `'static` lifetime
[INFO] [stderr]      |
[INFO] [stderr] 2282 |     const EQ: &'static str = "eq";
[INFO] [stderr]      |                +++++++
[INFO] [stderr] 
[INFO] [stderr] warning: `&` without an explicit lifetime name cannot be used here
[INFO] [stderr]     --> src/s3/args.rs:2283:24
[INFO] [stderr]      |
[INFO] [stderr] 2283 |     const STARTS_WITH: &str = "starts-with";
[INFO] [stderr]      |                        ^
[INFO] [stderr]      |
[INFO] [stderr]      = warning: this was previously accepted by the compiler but is being phased out; it will become a hard error in a future release!
[INFO] [stderr]      = note: for more information, see issue #115010 <https://github.com/rust-lang/rust/issues/115010>
[INFO] [stderr] help: use the `'static` lifetime
[INFO] [stderr]      |
[INFO] [stderr] 2283 |     const STARTS_WITH: &'static str = "starts-with";
[INFO] [stderr]      |                         +++++++
[INFO] [stderr] 
[INFO] [stderr] warning: `&` without an explicit lifetime name cannot be used here
[INFO] [stderr]     --> src/s3/args.rs:2284:22
[INFO] [stderr]      |
[INFO] [stderr] 2284 |     const ALGORITHM: &str = "AWS4-HMAC-SHA256";
[INFO] [stderr]      |                      ^
[INFO] [stderr]      |
[INFO] [stderr]      = warning: this was previously accepted by the compiler but is being phased out; it will become a hard error in a future release!
[INFO] [stderr]      = note: for more information, see issue #115010 <https://github.com/rust-lang/rust/issues/115010>
[INFO] [stderr] help: use the `'static` lifetime
[INFO] [stderr]      |
[INFO] [stderr] 2284 |     const ALGORITHM: &'static str = "AWS4-HMAC-SHA256";
[INFO] [stderr]      |                       +++++++
[INFO] [stderr] 
[INFO] [stderr] warning: `&` without an explicit lifetime name cannot be used here
[INFO] [stderr]     --> src/s3/types.rs:1201:21
[INFO] [stderr]      |
[INFO] [stderr] 1201 |     pub const NAME: &str = "prefix";
[INFO] [stderr]      |                     ^
[INFO] [stderr]      |
[INFO] [stderr]      = warning: this was previously accepted by the compiler but is being phased out; it will become a hard error in a future release!
[INFO] [stderr]      = note: for more information, see issue #115010 <https://github.com/rust-lang/rust/issues/115010>
[INFO] [stderr] help: use the `'static` lifetime
[INFO] [stderr]      |
[INFO] [stderr] 1201 |     pub const NAME: &'static str = "prefix";
[INFO] [stderr]      |                      +++++++
[INFO] [stderr] 
[INFO] [stderr] warning: `&` without an explicit lifetime name cannot be used here
[INFO] [stderr]     --> src/s3/types.rs:1211:21
[INFO] [stderr]      |
[INFO] [stderr] 1211 |     pub const NAME: &str = "suffix";
[INFO] [stderr]      |                     ^
[INFO] [stderr]      |
[INFO] [stderr]      = warning: this was previously accepted by the compiler but is being phased out; it will become a hard error in a future release!
[INFO] [stderr]      = note: for more information, see issue #115010 <https://github.com/rust-lang/rust/issues/115010>
[INFO] [stderr] help: use the `'static` lifetime
[INFO] [stderr]      |
[INFO] [stderr] 1211 |     pub const NAME: &'static str = "suffix";
[INFO] [stderr]      |                      +++++++
[INFO] [stderr] 
[INFO] [stderr] warning: `minio` (lib) generated 5 warnings (run `cargo fix --lib -p minio` to apply 5 suggestions)
[INFO] [stderr] warning: `minio` (lib test) generated 5 warnings (5 duplicates)
[INFO] [stderr] warning: `&` without an explicit lifetime name cannot be used here
[INFO] [stderr]   --> tests/tests.rs:88:20
[INFO] [stderr]    |
[INFO] [stderr] 88 |     const SQS_ARN: &str = "arn:minio:sqs::miniojavatest:webhook";
[INFO] [stderr]    |                    ^
[INFO] [stderr]    |
[INFO] [stderr]    = warning: this was previously accepted by the compiler but is being phased out; it will become a hard error in a future release!
[INFO] [stderr]    = note: for more information, see issue #115010 <https://github.com/rust-lang/rust/issues/115010>
[INFO] [stderr]    = note: `#[warn(elided_lifetimes_in_associated_constant)]` on by default
[INFO] [stderr] help: use the `'static` lifetime
[INFO] [stderr]    |
[INFO] [stderr] 88 |     const SQS_ARN: &'static str = "arn:minio:sqs::miniojavatest:webhook";
[INFO] [stderr]    |                     +++++++
[INFO] [stderr] 
[INFO] [stderr] warning: `minio` (test "tests") generated 1 warning (run `cargo fix --test "tests"` to apply 1 suggestion)
[INFO] [stderr]     Finished test [unoptimized + debuginfo] target(s) in 0.15s
[INFO] [stderr]      Running unittests src/lib.rs (/opt/rustwide/target/debug/deps/minio-f0a877212af4c615)
[INFO] [stdout] 
[INFO] [stdout] running 0 tests
[INFO] [stdout] 
[INFO] [stdout] test result: ok. 0 passed; 0 failed; 0 ignored; 0 measured; 0 filtered out; finished in 0.00s
[INFO] [stdout] 
[INFO] [stderr]      Running tests/tests.rs (/opt/rustwide/target/debug/deps/tests-c3e7246cf0b78bff)
[INFO] [stdout] 
[INFO] [stdout] running 1 test
[INFO] [stdout] test s3_tests ... FAILED
[INFO] [stdout] 
[INFO] [stdout] failures:
[INFO] [stdout] 
[INFO] [stdout] ---- s3_tests stdout ----
[INFO] [stdout] Error: NotPresent
[INFO] [stdout] 
[INFO] [stdout] 
[INFO] [stdout] failures:
[INFO] [stdout]     s3_tests
[INFO] [stdout] 
[INFO] [stdout] test result: FAILED. 0 passed; 1 failed; 0 ignored; 0 measured; 0 filtered out; finished in 0.00s
[INFO] [stdout] 
[INFO] [stderr] error: test failed, to rerun pass `--test tests`
[INFO] running `Command { std: "docker" "inspect" "96daf2d74ca2e16a933f3503ca57f9b00bb0a7976896dc24ebac645d46fafdf5", kill_on_drop: false }`
[INFO] running `Command { std: "docker" "rm" "-f" "96daf2d74ca2e16a933f3503ca57f9b00bb0a7976896dc24ebac645d46fafdf5", kill_on_drop: false }`
[INFO] [stdout] 96daf2d74ca2e16a933f3503ca57f9b00bb0a7976896dc24ebac645d46fafdf5
[INFO] testing minio-0.1.0 against beta-2023-12-22 for beta-1.76-1
[INFO] extracting crate minio 0.1.0 into /workspace/builds/worker-0-tc2/source
[INFO] validating manifest of crates.io crate minio 0.1.0 on toolchain beta-2023-12-22
[INFO] running `Command { std: CARGO_HOME="/workspace/cargo-home" RUSTUP_HOME="/workspace/rustup-home" "/workspace/cargo-home/bin/cargo" "+beta-2023-12-22" "metadata" "--manifest-path" "Cargo.toml" "--no-deps", kill_on_drop: false }`
[INFO] started tweaking crates.io crate minio 0.1.0
[INFO] removed 0 missing examples
[INFO] finished tweaking crates.io crate minio 0.1.0
[INFO] tweaked toml for crates.io crate minio 0.1.0 written to /workspace/builds/worker-0-tc2/source/Cargo.toml
[INFO] crate crates.io crate minio 0.1.0 already has a lockfile, it will not be regenerated
[INFO] running `Command { std: CARGO_HOME="/workspace/cargo-home" RUSTUP_HOME="/workspace/rustup-home" "/workspace/cargo-home/bin/cargo" "+beta-2023-12-22" "fetch" "--manifest-path" "Cargo.toml", kill_on_drop: false }`
[INFO] running `Command { std: "docker" "create" "-v" "/var/lib/crater-agent-workspace/builds/worker-0-tc2/target:/opt/rustwide/target:rw,Z" "-v" "/var/lib/crater-agent-workspace/builds/worker-0-tc2/source:/opt/rustwide/workdir:ro,Z" "-v" "/var/lib/crater-agent-workspace/cargo-home:/opt/rustwide/cargo-home:ro,Z" "-v" "/var/lib/crater-agent-workspace/rustup-home:/opt/rustwide/rustup-home:ro,Z" "-e" "SOURCE_DIR=/opt/rustwide/workdir" "-e" "CARGO_TARGET_DIR=/opt/rustwide/target" "-e" "CARGO_HOME=/opt/rustwide/cargo-home" "-e" "RUSTUP_HOME=/opt/rustwide/rustup-home" "-w" "/opt/rustwide/workdir" "-m" "1610612736" "--user" "0:0" "--network" "none" "ghcr.io/rust-lang/crates-build-env/linux@sha256:2788e3201cd34a07e3172128adcd8b3090168a8e3bcc40d7c032b9dda1df7d1c" "/opt/rustwide/cargo-home/bin/cargo" "+beta-2023-12-22" "metadata" "--no-deps" "--format-version=1", kill_on_drop: false }`
[INFO] [stdout] 55c3473c79353742857e865011c12be69d5679b40e3d264d30b6f4d265c717ec
[INFO] running `Command { std: "docker" "start" "-a" "55c3473c79353742857e865011c12be69d5679b40e3d264d30b6f4d265c717ec", kill_on_drop: false }`
[INFO] running `Command { std: "docker" "inspect" "55c3473c79353742857e865011c12be69d5679b40e3d264d30b6f4d265c717ec", kill_on_drop: false }`
[INFO] running `Command { std: "docker" "rm" "-f" "55c3473c79353742857e865011c12be69d5679b40e3d264d30b6f4d265c717ec", kill_on_drop: false }`
[INFO] [stdout] 55c3473c79353742857e865011c12be69d5679b40e3d264d30b6f4d265c717ec
[INFO] running `Command { std: "docker" "create" "-v" "/var/lib/crater-agent-workspace/builds/worker-0-tc2/target:/opt/rustwide/target:rw,Z" "-v" "/var/lib/crater-agent-workspace/builds/worker-0-tc2/source:/opt/rustwide/workdir:ro,Z" "-v" "/var/lib/crater-agent-workspace/cargo-home:/opt/rustwide/cargo-home:ro,Z" "-v" "/var/lib/crater-agent-workspace/rustup-home:/opt/rustwide/rustup-home:ro,Z" "-e" "SOURCE_DIR=/opt/rustwide/workdir" "-e" "CARGO_TARGET_DIR=/opt/rustwide/target" "-e" "CARGO_INCREMENTAL=0" "-e" "RUST_BACKTRACE=full" "-e" "RUSTFLAGS=--cap-lints=warn" "-e" "RUSTDOCFLAGS=--cap-lints=warn" "-e" "CARGO_HOME=/opt/rustwide/cargo-home" "-e" "RUSTUP_HOME=/opt/rustwide/rustup-home" "-w" "/opt/rustwide/workdir" "-m" "1610612736" "--user" "0:0" "--network" "none" "ghcr.io/rust-lang/crates-build-env/linux@sha256:2788e3201cd34a07e3172128adcd8b3090168a8e3bcc40d7c032b9dda1df7d1c" "/opt/rustwide/cargo-home/bin/cargo" "+beta-2023-12-22" "build" "--frozen" "--message-format=json", kill_on_drop: false }`
[INFO] [stdout] 7f86d66b43e1576dedfae248f712d635abf610ae4abf76f1707055d701a54da0
[INFO] running `Command { std: "docker" "start" "-a" "7f86d66b43e1576dedfae248f712d635abf610ae4abf76f1707055d701a54da0", kill_on_drop: false }`
[INFO] [stderr]    Compiling libc v0.2.147
[INFO] [stderr]    Compiling proc-macro2 v1.0.66
[INFO] [stderr]    Compiling unicode-ident v1.0.11
[INFO] [stderr]    Compiling once_cell v1.18.0
[INFO] [stderr]    Compiling futures-core v0.3.28
[INFO] [stderr]    Compiling value-bag v1.4.1
[INFO] [stderr]    Compiling memchr v2.6.1
[INFO] [stderr]    Compiling parking_lot_core v0.9.8
[INFO] [stderr]    Compiling smallvec v1.11.0
[INFO] [stderr]    Compiling bytes v1.4.0
[INFO] [stderr]    Compiling futures-io v0.3.28
[INFO] [stderr]    Compiling lock_api v0.4.10
[INFO] [stderr]    Compiling pkg-config v0.3.27
[INFO] [stderr]    Compiling vcpkg v0.2.15
[INFO] [stderr]    Compiling crossbeam-utils v0.8.16
[INFO] [stderr]    Compiling itoa v1.0.9
[INFO] [stderr]    Compiling futures-task v0.3.28
[INFO] [stderr]    Compiling log v0.4.20
[INFO] [stderr]    Compiling typenum v1.16.0
[INFO] [stderr]    Compiling generic-array v0.14.7
[INFO] [stderr]    Compiling tracing-core v0.1.31
[INFO] [stderr]    Compiling futures-util v0.3.28
[INFO] [stderr]    Compiling serde v1.0.188
[INFO] [stderr]    Compiling http v0.2.9
[INFO] [stderr]    Compiling foreign-types-shared v0.1.1
[INFO] [stderr]    Compiling futures-channel v0.3.28
[INFO] [stderr]    Compiling openssl v0.10.57
[INFO] [stderr]    Compiling futures-sink v0.3.28
[INFO] [stderr]    Compiling concurrent-queue v2.2.0
[INFO] [stderr]    Compiling parking v2.1.0
[INFO] [stderr]    Compiling waker-fn v1.1.0
[INFO] [stderr]    Compiling foreign-types v0.3.2
[INFO] [stderr]    Compiling bitflags v2.4.0
[INFO] [stderr]    Compiling futures-lite v1.13.0
[INFO] [stderr]    Compiling rustls v0.21.7
[INFO] [stderr]    Compiling tracing v0.1.37
[INFO] [stderr]    Compiling quote v1.0.33
[INFO] [stderr]    Compiling rustix v0.37.23
[INFO] [stderr]    Compiling native-tls v0.2.11
[INFO] [stderr]    Compiling syn v1.0.109
[INFO] [stderr]    Compiling want v0.3.1
[INFO] [stderr]    Compiling percent-encoding v2.3.0
[INFO] [stderr]    Compiling async-task v4.4.0
[INFO] [stderr]    Compiling syn v2.0.29
[INFO] [stderr]    Compiling httpdate v1.0.3
[INFO] [stderr]    Compiling cc v1.0.83
[INFO] [stderr]    Compiling socket2 v0.5.3
[INFO] [stderr]    Compiling num_cpus v1.16.0
[INFO] [stderr]    Compiling signal-hook-registry v1.4.1
[INFO] [stderr]    Compiling mio v0.8.8
[INFO] [stderr]    Compiling socket2 v0.4.9
[INFO] [stderr]    Compiling io-lifetimes v1.0.11
[INFO] [stderr]    Compiling parking_lot v0.12.1
[INFO] [stderr]    Compiling http-body v0.4.5
[INFO] [stderr]    Compiling getrandom v0.2.10
[INFO] [stderr]    Compiling polling v2.8.0
[INFO] [stderr]    Compiling form_urlencoded v1.2.0
[INFO] [stderr]    Compiling unicode-normalization v0.1.22
[INFO] [stderr]    Compiling async-channel v1.9.0
[INFO] [stderr]    Compiling num-traits v0.2.16
[INFO] [stderr]    Compiling ryu v1.0.15
[INFO] [stderr]    Compiling subtle v2.5.0
[INFO] [stderr]    Compiling atomic-waker v1.1.1
[INFO] [stderr]    Compiling unicode-bidi v0.3.13
[INFO] [stderr]    Compiling async-executor v1.5.1
[INFO] [stderr]    Compiling rand_core v0.6.4
[INFO] [stderr]    Compiling blocking v1.3.1
[INFO] [stderr]    Compiling aho-corasick v1.0.4
[INFO] [stderr]    Compiling serde_json v1.0.105
[INFO] [stderr]    Compiling base64 v0.21.3
[INFO] [stderr]    Compiling regex-syntax v0.7.5
[INFO] [stderr]    Compiling rand_chacha v0.3.1
[INFO] [stderr]    Compiling time v0.1.45
[INFO] [stderr]    Compiling idna v0.4.0
[INFO] [stderr]    Compiling rustls-pemfile v1.0.3
[INFO] [stderr]    Compiling kv-log-macro v1.0.7
[INFO] [stderr]    Compiling encoding_rs v0.8.33
[INFO] [stderr]    Compiling webpki-roots v0.25.2
[INFO] [stderr]    Compiling xml-rs v0.8.16
[INFO] [stderr]    Compiling crc-catalog v2.2.0
[INFO] [stderr]    Compiling mime v0.3.17
[INFO] [stderr]    Compiling iana-time-zone v0.1.57
[INFO] [stderr]    Compiling hashbrown v0.14.0
[INFO] [stderr]    Compiling ring v0.16.20
[INFO] [stderr]    Compiling openssl-sys v0.9.92
[INFO] [stderr]    Compiling crypto-common v0.1.6
[INFO] [stderr]    Compiling block-buffer v0.10.4
[INFO] [stderr]    Compiling url v2.4.1
[INFO] [stderr]    Compiling cpufeatures v0.2.9
[INFO] [stderr]    Compiling digest v0.10.7
[INFO] [stderr]    Compiling ipnet v2.8.0
[INFO] [stderr]    Compiling xmltree v0.10.3
[INFO] [stderr]    Compiling dashmap v5.5.3
[INFO] [stderr]    Compiling sha2 v0.10.7
[INFO] [stderr]    Compiling hmac v0.12.1
[INFO] [stderr]    Compiling crc v3.0.1
[INFO] [stderr]    Compiling rand v0.8.5
[INFO] [stderr]    Compiling async-io v1.13.0
[INFO] [stderr]    Compiling chrono v0.4.27
[INFO] [stderr]    Compiling hex v0.4.3
[INFO] [stderr]    Compiling md5 v0.7.0
[INFO] [stderr]    Compiling urlencoding v2.1.3
[INFO] [stderr]    Compiling regex-automata v0.3.7
[INFO] [stderr]    Compiling tokio-macros v2.1.0
[INFO] [stderr]    Compiling serde_derive v1.0.188
[INFO] [stderr]    Compiling futures-macro v0.3.28
[INFO] [stderr]    Compiling openssl-macros v0.1.1
[INFO] [stderr]    Compiling async-recursion v1.0.4
[INFO] [stderr]    Compiling tokio v1.32.0
[INFO] [stderr]    Compiling sct v0.7.0
[INFO] [stderr]    Compiling rustls-webpki v0.101.4
[INFO] [stderr]    Compiling async-attributes v1.1.2
[INFO] [stderr]    Compiling derivative v2.2.0
[INFO] [stderr]    Compiling regex v1.9.4
[INFO] [stderr]    Compiling tokio-util v0.7.8
[INFO] [stderr]    Compiling tokio-rustls v0.24.1
[INFO] [stderr]    Compiling tokio-native-tls v0.3.1
[INFO] [stderr]    Compiling async-global-executor v2.3.1
[INFO] [stderr]    Compiling async-std v1.12.0
[INFO] [stderr]    Compiling h2 v0.3.21
[INFO] [stderr]    Compiling serde_urlencoded v0.7.1
[INFO] [stderr]    Compiling os_info v3.7.0
[INFO] [stderr]    Compiling multimap v0.9.0
[INFO] [stderr]    Compiling hyper v0.14.27
[INFO] [stderr]    Compiling hyper-rustls v0.24.1
[INFO] [stderr]    Compiling hyper-tls v0.5.0
[INFO] [stderr]    Compiling reqwest v0.11.20
[INFO] [stderr]    Compiling minio v0.1.0 (/opt/rustwide/workdir)
[INFO] [stdout] warning: `&` without an explicit lifetime name cannot be used here
[INFO] [stdout]     --> src/s3/args.rs:2282:15
[INFO] [stdout]      |
[INFO] [stdout] 2282 |     const EQ: &str = "eq";
[INFO] [stdout]      |               ^
[INFO] [stdout]      |
[INFO] [stdout]      = warning: this was previously accepted by the compiler but is being phased out; it will become a hard error in a future release!
[INFO] [stdout]      = note: for more information, see issue #115010 <https://github.com/rust-lang/rust/issues/115010>
[INFO] [stdout]      = note: `#[warn(elided_lifetimes_in_associated_constant)]` on by default
[INFO] [stdout] help: use the `'static` lifetime
[INFO] [stdout]      |
[INFO] [stdout] 2282 |     const EQ: &'static str = "eq";
[INFO] [stdout]      |                +++++++
[INFO] [stdout] 
[INFO] [stdout] 
[INFO] [stdout] warning: `&` without an explicit lifetime name cannot be used here
[INFO] [stdout]     --> src/s3/args.rs:2283:24
[INFO] [stdout]      |
[INFO] [stdout] 2283 |     const STARTS_WITH: &str = "starts-with";
[INFO] [stdout]      |                        ^
[INFO] [stdout]      |
[INFO] [stdout]      = warning: this was previously accepted by the compiler but is being phased out; it will become a hard error in a future release!
[INFO] [stdout]      = note: for more information, see issue #115010 <https://github.com/rust-lang/rust/issues/115010>
[INFO] [stdout] help: use the `'static` lifetime
[INFO] [stdout]      |
[INFO] [stdout] 2283 |     const STARTS_WITH: &'static str = "starts-with";
[INFO] [stdout]      |                         +++++++
[INFO] [stdout] 
[INFO] [stdout] 
[INFO] [stdout] warning: `&` without an explicit lifetime name cannot be used here
[INFO] [stdout]     --> src/s3/args.rs:2284:22
[INFO] [stdout]      |
[INFO] [stdout] 2284 |     const ALGORITHM: &str = "AWS4-HMAC-SHA256";
[INFO] [stdout]      |                      ^
[INFO] [stdout]      |
[INFO] [stdout]      = warning: this was previously accepted by the compiler but is being phased out; it will become a hard error in a future release!
[INFO] [stdout]      = note: for more information, see issue #115010 <https://github.com/rust-lang/rust/issues/115010>
[INFO] [stdout] help: use the `'static` lifetime
[INFO] [stdout]      |
[INFO] [stdout] 2284 |     const ALGORITHM: &'static str = "AWS4-HMAC-SHA256";
[INFO] [stdout]      |                       +++++++
[INFO] [stdout] 
[INFO] [stdout] 
[INFO] [stdout] warning: `&` without an explicit lifetime name cannot be used here
[INFO] [stdout]     --> src/s3/types.rs:1201:21
[INFO] [stdout]      |
[INFO] [stdout] 1201 |     pub const NAME: &str = "prefix";
[INFO] [stdout]      |                     ^
[INFO] [stdout]      |
[INFO] [stdout]      = warning: this was previously accepted by the compiler but is being phased out; it will become a hard error in a future release!
[INFO] [stdout]      = note: for more information, see issue #115010 <https://github.com/rust-lang/rust/issues/115010>
[INFO] [stdout] help: use the `'static` lifetime
[INFO] [stdout]      |
[INFO] [stdout] 1201 |     pub const NAME: &'static str = "prefix";
[INFO] [stdout]      |                      +++++++
[INFO] [stdout] 
[INFO] [stdout] 
[INFO] [stdout] warning: `&` without an explicit lifetime name cannot be used here
[INFO] [stdout]     --> src/s3/types.rs:1211:21
[INFO] [stdout]      |
[INFO] [stdout] 1211 |     pub const NAME: &str = "suffix";
[INFO] [stdout]      |                     ^
[INFO] [stdout]      |
[INFO] [stdout]      = warning: this was previously accepted by the compiler but is being phased out; it will become a hard error in a future release!
[INFO] [stdout]      = note: for more information, see issue #115010 <https://github.com/rust-lang/rust/issues/115010>
[INFO] [stdout] help: use the `'static` lifetime
[INFO] [stdout]      |
[INFO] [stdout] 1211 |     pub const NAME: &'static str = "suffix";
[INFO] [stdout]      |                      +++++++
[INFO] [stdout] 
[INFO] [stdout] 
[INFO] [stdout] warning: 5 warnings emitted
[INFO] [stdout] 
[INFO] [stdout] 
[INFO] [stderr]     Finished dev [unoptimized + debuginfo] target(s) in 36.01s
[INFO] running `Command { std: "docker" "inspect" "7f86d66b43e1576dedfae248f712d635abf610ae4abf76f1707055d701a54da0", kill_on_drop: false }`
[INFO] running `Command { std: "docker" "rm" "-f" "7f86d66b43e1576dedfae248f712d635abf610ae4abf76f1707055d701a54da0", kill_on_drop: false }`
[INFO] [stdout] 7f86d66b43e1576dedfae248f712d635abf610ae4abf76f1707055d701a54da0
[INFO] running `Command { std: "docker" "create" "-v" "/var/lib/crater-agent-workspace/builds/worker-0-tc2/target:/opt/rustwide/target:rw,Z" "-v" "/var/lib/crater-agent-workspace/builds/worker-0-tc2/source:/opt/rustwide/workdir:ro,Z" "-v" "/var/lib/crater-agent-workspace/cargo-home:/opt/rustwide/cargo-home:ro,Z" "-v" "/var/lib/crater-agent-workspace/rustup-home:/opt/rustwide/rustup-home:ro,Z" "-e" "SOURCE_DIR=/opt/rustwide/workdir" "-e" "CARGO_TARGET_DIR=/opt/rustwide/target" "-e" "CARGO_INCREMENTAL=0" "-e" "RUST_BACKTRACE=full" "-e" "RUSTFLAGS=--cap-lints=warn" "-e" "RUSTDOCFLAGS=--cap-lints=warn" "-e" "CARGO_HOME=/opt/rustwide/cargo-home" "-e" "RUSTUP_HOME=/opt/rustwide/rustup-home" "-w" "/opt/rustwide/workdir" "-m" "1610612736" "--user" "0:0" "--network" "none" "ghcr.io/rust-lang/crates-build-env/linux@sha256:2788e3201cd34a07e3172128adcd8b3090168a8e3bcc40d7c032b9dda1df7d1c" "/opt/rustwide/cargo-home/bin/cargo" "+beta-2023-12-22" "test" "--frozen" "--no-run" "--message-format=json", kill_on_drop: false }`
[INFO] [stdout] 0fb687e9f1629b9c83e7cc5b8b492e2f07f96b586ebf80cb551acffceb49df6f
[INFO] running `Command { std: "docker" "start" "-a" "0fb687e9f1629b9c83e7cc5b8b492e2f07f96b586ebf80cb551acffceb49df6f", kill_on_drop: false }`
[INFO] [stdout] warning: `&` without an explicit lifetime name cannot be used here
[INFO] [stdout]     --> src/s3/args.rs:2282:15
[INFO] [stdout]      |
[INFO] [stdout] 2282 |     const EQ: &str = "eq";
[INFO] [stdout]      |               ^
[INFO] [stdout]      |
[INFO] [stdout]      = warning: this was previously accepted by the compiler but is being phased out; it will become a hard error in a future release!
[INFO] [stdout]      = note: for more information, see issue #115010 <https://github.com/rust-lang/rust/issues/115010>
[INFO] [stdout]      = note: `#[warn(elided_lifetimes_in_associated_constant)]` on by default
[INFO] [stdout] help: use the `'static` lifetime
[INFO] [stdout]      |
[INFO] [stdout] 2282 |     const EQ: &'static str = "eq";
[INFO] [stdout]      |                +++++++
[INFO] [stdout] 
[INFO] [stdout] 
[INFO] [stdout] warning: `&` without an explicit lifetime name cannot be used here
[INFO] [stdout]     --> src/s3/args.rs:2283:24
[INFO] [stdout]      |
[INFO] [stdout] 2283 |     const STARTS_WITH: &str = "starts-with";
[INFO] [stdout]      |                        ^
[INFO] [stdout]      |
[INFO] [stdout]      = warning: this was previously accepted by the compiler but is being phased out; it will become a hard error in a future release!
[INFO] [stdout]      = note: for more information, see issue #115010 <https://github.com/rust-lang/rust/issues/115010>
[INFO] [stdout] help: use the `'static` lifetime
[INFO] [stdout]      |
[INFO] [stdout] 2283 |     const STARTS_WITH: &'static str = "starts-with";
[INFO] [stdout]      |                         +++++++
[INFO] [stdout] 
[INFO] [stdout] 
[INFO] [stdout] warning: `&` without an explicit lifetime name cannot be used here
[INFO] [stdout]     --> src/s3/args.rs:2284:22
[INFO] [stdout]      |
[INFO] [stdout] 2284 |     const ALGORITHM: &str = "AWS4-HMAC-SHA256";
[INFO] [stdout]      |                      ^
[INFO] [stdout]      |
[INFO] [stdout]      = warning: this was previously accepted by the compiler but is being phased out; it will become a hard error in a future release!
[INFO] [stdout]      = note: for more information, see issue #115010 <https://github.com/rust-lang/rust/issues/115010>
[INFO] [stdout] help: use the `'static` lifetime
[INFO] [stdout]      |
[INFO] [stdout] 2284 |     const ALGORITHM: &'static str = "AWS4-HMAC-SHA256";
[INFO] [stdout]      |                       +++++++
[INFO] [stdout] 
[INFO] [stdout] 
[INFO] [stderr]    Compiling minio v0.1.0 (/opt/rustwide/workdir)
[INFO] [stdout] warning: `&` without an explicit lifetime name cannot be used here
[INFO] [stdout]     --> src/s3/types.rs:1201:21
[INFO] [stdout]      |
[INFO] [stdout] 1201 |     pub const NAME: &str = "prefix";
[INFO] [stdout]      |                     ^
[INFO] [stdout]      |
[INFO] [stdout]      = warning: this was previously accepted by the compiler but is being phased out; it will become a hard error in a future release!
[INFO] [stdout]      = note: for more information, see issue #115010 <https://github.com/rust-lang/rust/issues/115010>
[INFO] [stdout] help: use the `'static` lifetime
[INFO] [stdout]      |
[INFO] [stdout] 1201 |     pub const NAME: &'static str = "prefix";
[INFO] [stdout]      |                      +++++++
[INFO] [stdout] 
[INFO] [stdout] 
[INFO] [stdout] warning: `&` without an explicit lifetime name cannot be used here
[INFO] [stdout]     --> src/s3/types.rs:1211:21
[INFO] [stdout]      |
[INFO] [stdout] 1211 |     pub const NAME: &str = "suffix";
[INFO] [stdout]      |                     ^
[INFO] [stdout]      |
[INFO] [stdout]      = warning: this was previously accepted by the compiler but is being phased out; it will become a hard error in a future release!
[INFO] [stdout]      = note: for more information, see issue #115010 <https://github.com/rust-lang/rust/issues/115010>
[INFO] [stdout] help: use the `'static` lifetime
[INFO] [stdout]      |
[INFO] [stdout] 1211 |     pub const NAME: &'static str = "suffix";
[INFO] [stdout]      |                      +++++++
[INFO] [stdout] 
[INFO] [stdout] 
[INFO] [stdout] warning: 5 warnings emitted
[INFO] [stdout] 
[INFO] [stdout] 
[INFO] [stdout] warning: `&` without an explicit lifetime name cannot be used here
[INFO] [stdout]   --> tests/tests.rs:88:20
[INFO] [stdout]    |
[INFO] [stdout] 88 |     const SQS_ARN: &str = "arn:minio:sqs::miniojavatest:webhook";
[INFO] [stdout]    |                    ^
[INFO] [stdout]    |
[INFO] [stdout]    = warning: this was previously accepted by the compiler but is being phased out; it will become a hard error in a future release!
[INFO] [stdout]    = note: for more information, see issue #115010 <https://github.com/rust-lang/rust/issues/115010>
[INFO] [stdout]    = note: `#[warn(elided_lifetimes_in_associated_constant)]` on by default
[INFO] [stdout] help: use the `'static` lifetime
[INFO] [stdout]    |
[INFO] [stdout] 88 |     const SQS_ARN: &'static str = "arn:minio:sqs::miniojavatest:webhook";
[INFO] [stdout]    |                     +++++++
[INFO] [stdout] 
[INFO] [stdout] 
[INFO] [stdout] warning: `&` without an explicit lifetime name cannot be used here
[INFO] [stdout]     --> src/s3/args.rs:2282:15
[INFO] [stdout]      |
[INFO] [stdout] 2282 |     const EQ: &str = "eq";
[INFO] [stdout]      |               ^
[INFO] [stdout]      |
[INFO] [stdout]      = warning: this was previously accepted by the compiler but is being phased out; it will become a hard error in a future release!
[INFO] [stdout]      = note: for more information, see issue #115010 <https://github.com/rust-lang/rust/issues/115010>
[INFO] [stdout]      = note: `#[warn(elided_lifetimes_in_associated_constant)]` on by default
[INFO] [stdout] help: use the `'static` lifetime
[INFO] [stdout]      |
[INFO] [stdout] 2282 |     const EQ: &'static str = "eq";
[INFO] [stdout]      |                +++++++
[INFO] [stdout] 
[INFO] [stdout] 
[INFO] [stdout] warning: `&` without an explicit lifetime name cannot be used here
[INFO] [stdout]     --> src/s3/args.rs:2283:24
[INFO] [stdout]      |
[INFO] [stdout] 2283 |     const STARTS_WITH: &str = "starts-with";
[INFO] [stdout]      |                        ^
[INFO] [stdout]      |
[INFO] [stdout]      = warning: this was previously accepted by the compiler but is being phased out; it will become a hard error in a future release!
[INFO] [stdout]      = note: for more information, see issue #115010 <https://github.com/rust-lang/rust/issues/115010>
[INFO] [stdout] help: use the `'static` lifetime
[INFO] [stdout]      |
[INFO] [stdout] 2283 |     const STARTS_WITH: &'static str = "starts-with";
[INFO] [stdout]      |                         +++++++
[INFO] [stdout] 
[INFO] [stdout] 
[INFO] [stdout] warning: `&` without an explicit lifetime name cannot be used here
[INFO] [stdout]     --> src/s3/args.rs:2284:22
[INFO] [stdout]      |
[INFO] [stdout] 2284 |     const ALGORITHM: &str = "AWS4-HMAC-SHA256";
[INFO] [stdout]      |                      ^
[INFO] [stdout]      |
[INFO] [stdout]      = warning: this was previously accepted by the compiler but is being phased out; it will become a hard error in a future release!
[INFO] [stdout]      = note: for more information, see issue #115010 <https://github.com/rust-lang/rust/issues/115010>
[INFO] [stdout] help: use the `'static` lifetime
[INFO] [stdout]      |
[INFO] [stdout] 2284 |     const ALGORITHM: &'static str = "AWS4-HMAC-SHA256";
[INFO] [stdout]      |                       +++++++
[INFO] [stdout] 
[INFO] [stdout] 
[INFO] [stdout] warning: `&` without an explicit lifetime name cannot be used here
[INFO] [stdout]     --> src/s3/types.rs:1201:21
[INFO] [stdout]      |
[INFO] [stdout] 1201 |     pub const NAME: &str = "prefix";
[INFO] [stdout]      |                     ^
[INFO] [stdout]      |
[INFO] [stdout]      = warning: this was previously accepted by the compiler but is being phased out; it will become a hard error in a future release!
[INFO] [stdout]      = note: for more information, see issue #115010 <https://github.com/rust-lang/rust/issues/115010>
[INFO] [stdout] help: use the `'static` lifetime
[INFO] [stdout]      |
[INFO] [stdout] 1201 |     pub const NAME: &'static str = "prefix";
[INFO] [stdout]      |                      +++++++
[INFO] [stdout] 
[INFO] [stdout] 
[INFO] [stdout] warning: `&` without an explicit lifetime name cannot be used here
[INFO] [stdout]     --> src/s3/types.rs:1211:21
[INFO] [stdout]      |
[INFO] [stdout] 1211 |     pub const NAME: &str = "suffix";
[INFO] [stdout]      |                     ^
[INFO] [stdout]      |
[INFO] [stdout]      = warning: this was previously accepted by the compiler but is being phased out; it will become a hard error in a future release!
[INFO] [stdout]      = note: for more information, see issue #115010 <https://github.com/rust-lang/rust/issues/115010>
[INFO] [stdout] help: use the `'static` lifetime
[INFO] [stdout]      |
[INFO] [stdout] 1211 |     pub const NAME: &'static str = "suffix";
[INFO] [stdout]      |                      +++++++
[INFO] [stdout] 
[INFO] [stdout] 
[INFO] [stdout] warning: 5 warnings emitted
[INFO] [stdout] 
[INFO] [stdout] 
[INFO] [stdout] warning: 1 warning emitted
[INFO] [stdout] 
[INFO] [stdout] 
[INFO] [stderr]     Finished test [unoptimized + debuginfo] target(s) in 6.63s
[INFO] running `Command { std: "docker" "inspect" "0fb687e9f1629b9c83e7cc5b8b492e2f07f96b586ebf80cb551acffceb49df6f", kill_on_drop: false }`
[INFO] running `Command { std: "docker" "rm" "-f" "0fb687e9f1629b9c83e7cc5b8b492e2f07f96b586ebf80cb551acffceb49df6f", kill_on_drop: false }`
[INFO] [stdout] 0fb687e9f1629b9c83e7cc5b8b492e2f07f96b586ebf80cb551acffceb49df6f
[INFO] running `Command { std: "docker" "create" "-v" "/var/lib/crater-agent-workspace/builds/worker-0-tc2/target:/opt/rustwide/target:rw,Z" "-v" "/var/lib/crater-agent-workspace/builds/worker-0-tc2/source:/opt/rustwide/workdir:ro,Z" "-v" "/var/lib/crater-agent-workspace/cargo-home:/opt/rustwide/cargo-home:ro,Z" "-v" "/var/lib/crater-agent-workspace/rustup-home:/opt/rustwide/rustup-home:ro,Z" "-e" "SOURCE_DIR=/opt/rustwide/workdir" "-e" "CARGO_TARGET_DIR=/opt/rustwide/target" "-e" "CARGO_INCREMENTAL=0" "-e" "RUST_BACKTRACE=full" "-e" "RUSTFLAGS=--cap-lints=warn" "-e" "RUSTDOCFLAGS=--cap-lints=warn" "-e" "CARGO_HOME=/opt/rustwide/cargo-home" "-e" "RUSTUP_HOME=/opt/rustwide/rustup-home" "-w" "/opt/rustwide/workdir" "-m" "1610612736" "--user" "0:0" "--network" "none" "ghcr.io/rust-lang/crates-build-env/linux@sha256:2788e3201cd34a07e3172128adcd8b3090168a8e3bcc40d7c032b9dda1df7d1c" "/opt/rustwide/cargo-home/bin/cargo" "+beta-2023-12-22" "test" "--frozen", kill_on_drop: false }`
[INFO] [stdout] b26c92ac184c2bb54c4431176a02891476c2014db1e230108723f6d29e9bcd2a
[INFO] running `Command { std: "docker" "start" "-a" "b26c92ac184c2bb54c4431176a02891476c2014db1e230108723f6d29e9bcd2a", kill_on_drop: false }`
[INFO] [stderr] warning: `&` without an explicit lifetime name cannot be used here
[INFO] [stderr]     --> src/s3/args.rs:2282:15
[INFO] [stderr]      |
[INFO] [stderr] 2282 |     const EQ: &str = "eq";
[INFO] [stderr]      |               ^
[INFO] [stderr]      |
[INFO] [stderr]      = warning: this was previously accepted by the compiler but is being phased out; it will become a hard error in a future release!
[INFO] [stderr]      = note: for more information, see issue #115010 <https://github.com/rust-lang/rust/issues/115010>
[INFO] [stderr]      = note: `#[warn(elided_lifetimes_in_associated_constant)]` on by default
[INFO] [stderr] help: use the `'static` lifetime
[INFO] [stderr]      |
[INFO] [stderr] 2282 |     const EQ: &'static str = "eq";
[INFO] [stderr]      |                +++++++
[INFO] [stderr] 
[INFO] [stderr] warning: `&` without an explicit lifetime name cannot be used here
[INFO] [stderr]     --> src/s3/args.rs:2283:24
[INFO] [stderr]      |
[INFO] [stderr] 2283 |     const STARTS_WITH: &str = "starts-with";
[INFO] [stderr]      |                        ^
[INFO] [stderr]      |
[INFO] [stderr]      = warning: this was previously accepted by the compiler but is being phased out; it will become a hard error in a future release!
[INFO] [stderr]      = note: for more information, see issue #115010 <https://github.com/rust-lang/rust/issues/115010>
[INFO] [stderr] help: use the `'static` lifetime
[INFO] [stderr]      |
[INFO] [stderr] 2283 |     const STARTS_WITH: &'static str = "starts-with";
[INFO] [stderr]      |                         +++++++
[INFO] [stderr] 
[INFO] [stderr] warning: `&` without an explicit lifetime name cannot be used here
[INFO] [stderr]     --> src/s3/args.rs:2284:22
[INFO] [stderr]      |
[INFO] [stderr] 2284 |     const ALGORITHM: &str = "AWS4-HMAC-SHA256";
[INFO] [stderr]      |                      ^
[INFO] [stderr]      |
[INFO] [stderr]      = warning: this was previously accepted by the compiler but is being phased out; it will become a hard error in a future release!
[INFO] [stderr]      = note: for more information, see issue #115010 <https://github.com/rust-lang/rust/issues/115010>
[INFO] [stderr] help: use the `'static` lifetime
[INFO] [stderr]      |
[INFO] [stderr] 2284 |     const ALGORITHM: &'static str = "AWS4-HMAC-SHA256";
[INFO] [stderr]      |                       +++++++
[INFO] [stderr] 
[INFO] [stderr] warning: `&` without an explicit lifetime name cannot be used here
[INFO] [stderr]     --> src/s3/types.rs:1201:21
[INFO] [stderr]      |
[INFO] [stderr] 1201 |     pub const NAME: &str = "prefix";
[INFO] [stderr]      |                     ^
[INFO] [stderr]      |
[INFO] [stderr]      = warning: this was previously accepted by the compiler but is being phased out; it will become a hard error in a future release!
[INFO] [stderr]      = note: for more information, see issue #115010 <https://github.com/rust-lang/rust/issues/115010>
[INFO] [stderr] help: use the `'static` lifetime
[INFO] [stderr]      |
[INFO] [stderr] 1201 |     pub const NAME: &'static str = "prefix";
[INFO] [stderr]      |                      +++++++
[INFO] [stderr] 
[INFO] [stderr] warning: `&` without an explicit lifetime name cannot be used here
[INFO] [stderr]     --> src/s3/types.rs:1211:21
[INFO] [stderr]      |
[INFO] [stderr] 1211 |     pub const NAME: &str = "suffix";
[INFO] [stderr]      |                     ^
[INFO] [stderr]      |
[INFO] [stderr]      = warning: this was previously accepted by the compiler but is being phased out; it will become a hard error in a future release!
[INFO] [stderr]      = note: for more information, see issue #115010 <https://github.com/rust-lang/rust/issues/115010>
[INFO] [stderr] help: use the `'static` lifetime
[INFO] [stderr]      |
[INFO] [stderr] 1211 |     pub const NAME: &'static str = "suffix";
[INFO] [stderr]      |                      +++++++
[INFO] [stderr] 
[INFO] [stderr] warning: `minio` (lib) generated 5 warnings (run `cargo fix --lib -p minio` to apply 5 suggestions)
[INFO] [stderr] warning: `minio` (lib test) generated 5 warnings (5 duplicates)
[INFO] [stderr] warning: `&` without an explicit lifetime name cannot be used here
[INFO] [stderr]   --> tests/tests.rs:88:20
[INFO] [stderr]    |
[INFO] [stderr] 88 |     const SQS_ARN: &str = "arn:minio:sqs::miniojavatest:webhook";
[INFO] [stderr]    |                    ^
[INFO] [stderr]    |
[INFO] [stderr]    = warning: this was previously accepted by the compiler but is being phased out; it will become a hard error in a future release!
[INFO] [stderr]    = note: for more information, see issue #115010 <https://github.com/rust-lang/rust/issues/115010>
[INFO] [stderr]    = note: `#[warn(elided_lifetimes_in_associated_constant)]` on by default
[INFO] [stderr] help: use the `'static` lifetime
[INFO] [stderr]    |
[INFO] [stderr] 88 |     const SQS_ARN: &'static str = "arn:minio:sqs::miniojavatest:webhook";
[INFO] [stderr]    |                     +++++++
[INFO] [stderr] 
[INFO] [stderr] warning: `minio` (test "tests") generated 1 warning (run `cargo fix --test "tests"` to apply 1 suggestion)
[INFO] [stderr]     Finished test [unoptimized + debuginfo] target(s) in 0.25s
[INFO] [stderr]      Running unittests src/lib.rs (/opt/rustwide/target/debug/deps/minio-38912688388fedba)
[INFO] [stdout] 
[INFO] [stdout] running 0 tests
[INFO] [stdout] 
[INFO] [stdout] test result: ok. 0 passed; 0 failed; 0 ignored; 0 measured; 0 filtered out; finished in 0.00s
[INFO] [stdout] 
[INFO] [stderr]      Running tests/tests.rs (/opt/rustwide/target/debug/deps/tests-99d04bd93efc1079)
[INFO] [stdout] 
[INFO] [stdout] running 1 test
[INFO] [stdout] test s3_tests ... FAILED
[INFO] [stdout] 
[INFO] [stdout] failures:
[INFO] [stdout] 
[INFO] [stdout] ---- s3_tests stdout ----
[INFO] [stdout] Error: NotPresent
[INFO] [stdout] 
[INFO] [stdout] 
[INFO] [stdout] failures:
[INFO] [stdout]     s3_tests
[INFO] [stdout] 
[INFO] [stdout] test result: FAILED. 0 passed; 1 failed; 0 ignored; 0 measured; 0 filtered out; finished in 0.08s
[INFO] [stdout] 
[INFO] [stderr] error: test failed, to rerun pass `--test tests`
[INFO] running `Command { std: "docker" "inspect" "b26c92ac184c2bb54c4431176a02891476c2014db1e230108723f6d29e9bcd2a", kill_on_drop: false }`
[INFO] running `Command { std: "docker" "rm" "-f" "b26c92ac184c2bb54c4431176a02891476c2014db1e230108723f6d29e9bcd2a", kill_on_drop: false }`
[INFO] [stdout] b26c92ac184c2bb54c4431176a02891476c2014db1e230108723f6d29e9bcd2a
