[INFO] fetching crate minigw 0.0.6...
[INFO] testing minigw-0.0.6 against 1.75.0 for beta-1.76-1
[INFO] extracting crate minigw 0.0.6 into /workspace/builds/worker-3-tc1/source
[INFO] validating manifest of crates.io crate minigw 0.0.6 on toolchain 1.75.0
[INFO] running `Command { std: CARGO_HOME="/workspace/cargo-home" RUSTUP_HOME="/workspace/rustup-home" "/workspace/cargo-home/bin/cargo" "+1.75.0" "metadata" "--manifest-path" "Cargo.toml" "--no-deps", kill_on_drop: false }`
[INFO] started tweaking crates.io crate minigw 0.0.6
[INFO] finished tweaking crates.io crate minigw 0.0.6
[INFO] tweaked toml for crates.io crate minigw 0.0.6 written to /workspace/builds/worker-3-tc1/source/Cargo.toml
[INFO] running `Command { std: CARGO_HOME="/workspace/cargo-home" RUSTUP_HOME="/workspace/rustup-home" "/workspace/cargo-home/bin/cargo" "+1.75.0" "generate-lockfile" "--manifest-path" "Cargo.toml", kill_on_drop: false }`
[INFO] [stderr]     Updating crates.io index
[INFO] running `Command { std: CARGO_HOME="/workspace/cargo-home" RUSTUP_HOME="/workspace/rustup-home" "/workspace/cargo-home/bin/cargo" "+1.75.0" "fetch" "--manifest-path" "Cargo.toml", kill_on_drop: false }`
[INFO] [stderr]  Downloading crates ...
[INFO] [stderr]   Downloaded imgui v0.10.0
[INFO] [stderr]   Downloaded imgui-sys v0.10.0
[INFO] running `Command { std: "docker" "create" "-v" "/var/lib/crater-agent-workspace/builds/worker-3-tc1/target:/opt/rustwide/target:rw,Z" "-v" "/var/lib/crater-agent-workspace/builds/worker-3-tc1/source:/opt/rustwide/workdir:ro,Z" "-v" "/var/lib/crater-agent-workspace/cargo-home:/opt/rustwide/cargo-home:ro,Z" "-v" "/var/lib/crater-agent-workspace/rustup-home:/opt/rustwide/rustup-home:ro,Z" "-e" "SOURCE_DIR=/opt/rustwide/workdir" "-e" "CARGO_TARGET_DIR=/opt/rustwide/target" "-e" "CARGO_HOME=/opt/rustwide/cargo-home" "-e" "RUSTUP_HOME=/opt/rustwide/rustup-home" "-w" "/opt/rustwide/workdir" "-m" "1610612736" "--user" "0:0" "--network" "none" "ghcr.io/rust-lang/crates-build-env/linux@sha256:2788e3201cd34a07e3172128adcd8b3090168a8e3bcc40d7c032b9dda1df7d1c" "/opt/rustwide/cargo-home/bin/cargo" "+1.75.0" "metadata" "--no-deps" "--format-version=1", kill_on_drop: false }`
[INFO] [stdout] 2e40ccb2faf522b2a23766e94dc78c68e8b10c1bb53126dd664ebbb44ac00c91
[INFO] running `Command { std: "docker" "start" "-a" "2e40ccb2faf522b2a23766e94dc78c68e8b10c1bb53126dd664ebbb44ac00c91", kill_on_drop: false }`
[INFO] running `Command { std: "docker" "inspect" "2e40ccb2faf522b2a23766e94dc78c68e8b10c1bb53126dd664ebbb44ac00c91", kill_on_drop: false }`
[INFO] running `Command { std: "docker" "rm" "-f" "2e40ccb2faf522b2a23766e94dc78c68e8b10c1bb53126dd664ebbb44ac00c91", kill_on_drop: false }`
[INFO] [stdout] 2e40ccb2faf522b2a23766e94dc78c68e8b10c1bb53126dd664ebbb44ac00c91
[INFO] running `Command { std: "docker" "create" "-v" "/var/lib/crater-agent-workspace/builds/worker-3-tc1/target:/opt/rustwide/target:rw,Z" "-v" "/var/lib/crater-agent-workspace/builds/worker-3-tc1/source:/opt/rustwide/workdir:ro,Z" "-v" "/var/lib/crater-agent-workspace/cargo-home:/opt/rustwide/cargo-home:ro,Z" "-v" "/var/lib/crater-agent-workspace/rustup-home:/opt/rustwide/rustup-home:ro,Z" "-e" "SOURCE_DIR=/opt/rustwide/workdir" "-e" "CARGO_TARGET_DIR=/opt/rustwide/target" "-e" "CARGO_INCREMENTAL=0" "-e" "RUST_BACKTRACE=full" "-e" "RUSTFLAGS=--cap-lints=warn" "-e" "RUSTDOCFLAGS=--cap-lints=warn" "-e" "CARGO_HOME=/opt/rustwide/cargo-home" "-e" "RUSTUP_HOME=/opt/rustwide/rustup-home" "-w" "/opt/rustwide/workdir" "-m" "1610612736" "--user" "0:0" "--network" "none" "ghcr.io/rust-lang/crates-build-env/linux@sha256:2788e3201cd34a07e3172128adcd8b3090168a8e3bcc40d7c032b9dda1df7d1c" "/opt/rustwide/cargo-home/bin/cargo" "+1.75.0" "build" "--frozen" "--message-format=json", kill_on_drop: false }`
[INFO] [stdout] 8dad00930cdec1de006d2cbeec29f0d92626a5a2be92bf2ae4ab8c0faa843638
[INFO] running `Command { std: "docker" "start" "-a" "8dad00930cdec1de006d2cbeec29f0d92626a5a2be92bf2ae4ab8c0faa843638", kill_on_drop: false }`
[INFO] [stderr]    Compiling pkg-config v0.3.28
[INFO] [stderr]    Compiling libc v0.2.151
[INFO] [stderr]    Compiling cfg-if v1.0.0
[INFO] [stderr]    Compiling proc-macro2 v1.0.75
[INFO] [stderr]    Compiling xml-rs v0.8.19
[INFO] [stderr]    Compiling unicode-ident v1.0.12
[INFO] [stderr]    Compiling bitflags v1.3.2
[INFO] [stderr]    Compiling khronos_api v3.1.0
[INFO] [stderr]    Compiling smallvec v1.11.2
[INFO] [stderr]    Compiling lazy_static v1.4.0
[INFO] [stderr]    Compiling log v0.4.20
[INFO] [stderr]    Compiling once_cell v1.19.0
[INFO] [stderr]    Compiling autocfg v0.1.8
[INFO] [stderr]    Compiling rand_core v0.4.2
[INFO] [stderr]    Compiling memoffset v0.6.5
[INFO] [stderr]    Compiling libloading v0.8.1
[INFO] [stderr]    Compiling simd-adler32 v0.3.7
[INFO] [stderr]    Compiling crc32fast v1.3.2
[INFO] [stderr]    Compiling downcast-rs v1.2.0
[INFO] [stderr]    Compiling scoped-tls v1.0.1
[INFO] [stderr]    Compiling slotmap v1.0.7
[INFO] [stderr]    Compiling adler v1.0.2
[INFO] [stderr]    Compiling dlib v0.5.2
[INFO] [stderr]    Compiling thiserror v1.0.56
[INFO] [stderr]    Compiling miniz_oxide v0.7.1
[INFO] [stderr]    Compiling rand_core v0.3.1
[INFO] [stderr]    Compiling lock_api v0.4.11
[INFO] [stderr]    Compiling parking_lot_core v0.9.9
[INFO] [stderr]    Compiling bytemuck v1.14.0
[INFO] [stderr]    Compiling fdeflate v0.3.3
[INFO] [stderr]    Compiling foreign-types-shared v0.3.1
[INFO] [stderr]    Compiling arrayref v0.3.7
[INFO] [stderr]    Compiling xcursor v0.3.5
[INFO] [stderr]    Compiling vec_map v0.8.2
[INFO] [stderr]    Compiling scopeguard v1.2.0
[INFO] [stderr]    Compiling safe_arch v0.5.2
[INFO] [stderr]    Compiling tiny-skia-path v0.7.0
[INFO] [stderr]    Compiling rand_pcg v0.1.2
[INFO] [stderr]    Compiling rand_chacha v0.1.1
[INFO] [stderr]    Compiling num-traits v0.2.17
[INFO] [stderr]    Compiling arrayvec v0.5.2
[INFO] [stderr]    Compiling wayland-sys v0.29.5
[INFO] [stderr]    Compiling quote v1.0.35
[INFO] [stderr]    Compiling gl_generator v0.14.0
[INFO] [stderr]    Compiling servo-fontconfig-sys v5.1.0
[INFO] [stderr]    Compiling flate2 v1.0.28
[INFO] [stderr]    Compiling crossfont v0.5.2
[INFO] [stderr]    Compiling smithay-client-toolkit v0.16.1
[INFO] [stderr]    Compiling wayland-scanner v0.29.5
[INFO] [stderr]    Compiling syn v2.0.48
[INFO] [stderr]    Compiling x11-dl v2.21.0
[INFO] [stderr]    Compiling cc v1.0.83
[INFO] [stderr]    Compiling rand v0.6.5
[INFO] [stderr]    Compiling cty v0.2.2
[INFO] [stderr]    Compiling png v0.17.10
[INFO] [stderr]    Compiling raw-window-handle v0.4.3
[INFO] [stderr]    Compiling rand_xorshift v0.1.1
[INFO] [stderr]    Compiling rand_isaac v0.1.1
[INFO] [stderr]    Compiling rand_hc v0.1.0
[INFO] [stderr]    Compiling rand_jitter v0.1.4
[INFO] [stderr]    Compiling instant v0.1.12
[INFO] [stderr]    Compiling percent-encoding v2.3.1
[INFO] [stderr]    Compiling raw-window-handle v0.5.2
[INFO] [stderr]    Compiling mint v0.5.9
[INFO] [stderr]    Compiling cgmath v0.17.0
[INFO] [stderr]    Compiling chlorine v1.0.10
[INFO] [stderr]    Compiling glutin_egl_sys v0.1.6
[INFO] [stderr]    Compiling glutin_glx_sys v0.1.8
[INFO] [stderr]    Compiling gl v0.14.0
[INFO] [stderr]    Compiling libloading v0.7.4
[INFO] [stderr]    Compiling cmake v0.1.50
[INFO] [stderr]    Compiling nix v0.24.3
[INFO] [stderr]    Compiling nix v0.25.1
[INFO] [stderr]    Compiling memmap2 v0.5.10
[INFO] [stderr]    Compiling freetype-sys v0.13.1
[INFO] [stderr]    Compiling expat-sys v2.1.6
[INFO] [stderr]    Compiling imgui-sys v0.10.0
[INFO] [stderr]    Compiling wayland-client v0.29.5
[INFO] [stderr]    Compiling wayland-protocols v0.29.5
[INFO] [stderr]    Compiling parking_lot v0.12.1
[INFO] [stderr]    Compiling tiny-skia v0.7.0
[INFO] [stderr]    Compiling rand_os v0.1.3
[INFO] [stderr]    Compiling shared_library v0.1.9
[INFO] [stderr]    Compiling mio v0.8.10
[INFO] [stderr]    Compiling osmesa-sys v0.1.2
[INFO] [stderr]    Compiling freetype-rs v0.26.0
[INFO] [stderr]    Compiling approx v0.3.2
[INFO] [stderr]    Compiling servo-fontconfig v0.5.1
[INFO] [stderr]    Compiling wayland-commons v0.29.5
[INFO] [stderr]    Compiling thiserror-impl v1.0.56
[INFO] [stderr]    Compiling foreign-types-macros v0.2.3
[INFO] [stderr]    Compiling foreign-types v0.5.0
[INFO] [stderr]    Compiling calloop v0.10.6
[INFO] [stderr]    Compiling wayland-cursor v0.29.5
[INFO] [stderr]    Compiling wayland-egl v0.29.5
[INFO] [stderr]    Compiling imgui v0.10.0
[INFO] [stderr]    Compiling sctk-adwaita v0.4.3
[INFO] [stderr]    Compiling winit v0.27.5
[INFO] [stderr]    Compiling glutin v0.29.1
[INFO] [stderr]    Compiling minigw v0.0.6 (/opt/rustwide/workdir)
[INFO] [stdout] warning: variable does not need to be mutable
[INFO] [stdout]    --> src/gl_helpers/imgui_impl.rs:137:21
[INFO] [stdout]     |
[INFO] [stdout] 137 |                 let mut atlas = imgui.fonts();
[INFO] [stdout]     |                     ----^^^^^
[INFO] [stdout]     |                     |
[INFO] [stdout]     |                     help: remove this `mut`
[INFO] [stdout]     |
[INFO] [stdout]     = note: `#[warn(unused_mut)]` on by default
[INFO] [stdout] 
[INFO] [stdout] 
[INFO] [stdout] warning: 1 warning emitted
[INFO] [stdout] 
[INFO] [stdout] 
[INFO] [stderr]     Finished dev [unoptimized + debuginfo] target(s) in 41.04s
[INFO] running `Command { std: "docker" "inspect" "8dad00930cdec1de006d2cbeec29f0d92626a5a2be92bf2ae4ab8c0faa843638", kill_on_drop: false }`
[INFO] running `Command { std: "docker" "rm" "-f" "8dad00930cdec1de006d2cbeec29f0d92626a5a2be92bf2ae4ab8c0faa843638", kill_on_drop: false }`
[INFO] [stdout] 8dad00930cdec1de006d2cbeec29f0d92626a5a2be92bf2ae4ab8c0faa843638
[INFO] running `Command { std: "docker" "create" "-v" "/var/lib/crater-agent-workspace/builds/worker-3-tc1/target:/opt/rustwide/target:rw,Z" "-v" "/var/lib/crater-agent-workspace/builds/worker-3-tc1/source:/opt/rustwide/workdir:ro,Z" "-v" "/var/lib/crater-agent-workspace/cargo-home:/opt/rustwide/cargo-home:ro,Z" "-v" "/var/lib/crater-agent-workspace/rustup-home:/opt/rustwide/rustup-home:ro,Z" "-e" "SOURCE_DIR=/opt/rustwide/workdir" "-e" "CARGO_TARGET_DIR=/opt/rustwide/target" "-e" "CARGO_INCREMENTAL=0" "-e" "RUST_BACKTRACE=full" "-e" "RUSTFLAGS=--cap-lints=warn" "-e" "RUSTDOCFLAGS=--cap-lints=warn" "-e" "CARGO_HOME=/opt/rustwide/cargo-home" "-e" "RUSTUP_HOME=/opt/rustwide/rustup-home" "-w" "/opt/rustwide/workdir" "-m" "1610612736" "--user" "0:0" "--network" "none" "ghcr.io/rust-lang/crates-build-env/linux@sha256:2788e3201cd34a07e3172128adcd8b3090168a8e3bcc40d7c032b9dda1df7d1c" "/opt/rustwide/cargo-home/bin/cargo" "+1.75.0" "test" "--frozen" "--no-run" "--message-format=json", kill_on_drop: false }`
[INFO] [stdout] c1683f2b9363a863685aefb976b7bf6a093fa30104da3bbf44e2d65a30256ff3
[INFO] running `Command { std: "docker" "start" "-a" "c1683f2b9363a863685aefb976b7bf6a093fa30104da3bbf44e2d65a30256ff3", kill_on_drop: false }`
[INFO] [stderr]    Compiling minigw v0.0.6 (/opt/rustwide/workdir)
[INFO] [stdout] warning: variable does not need to be mutable
[INFO] [stdout]    --> src/gl_helpers/imgui_impl.rs:137:21
[INFO] [stdout]     |
[INFO] [stdout] 137 |                 let mut atlas = imgui.fonts();
[INFO] [stdout]     |                     ----^^^^^
[INFO] [stdout]     |                     |
[INFO] [stdout]     |                     help: remove this `mut`
[INFO] [stdout]     |
[INFO] [stdout]     = note: `#[warn(unused_mut)]` on by default
[INFO] [stdout] 
[INFO] [stdout] 
[INFO] [stdout] warning: 1 warning emitted
[INFO] [stdout] 
[INFO] [stdout] 
[INFO] [stdout] warning: variable does not need to be mutable
[INFO] [stdout]    --> src/gl_helpers/imgui_impl.rs:137:21
[INFO] [stdout]     |
[INFO] [stdout] 137 |                 let mut atlas = imgui.fonts();
[INFO] [stdout]     |                     ----^^^^^
[INFO] [stdout]     |                     |
[INFO] [stdout]     |                     help: remove this `mut`
[INFO] [stdout]     |
[INFO] [stdout]     = note: `#[warn(unused_mut)]` on by default
[INFO] [stdout] 
[INFO] [stdout] 
[INFO] [stdout] warning: 1 warning emitted
[INFO] [stdout] 
[INFO] [stdout] 
[INFO] [stderr]     Finished test [unoptimized + debuginfo] target(s) in 0.50s
[INFO] running `Command { std: "docker" "inspect" "c1683f2b9363a863685aefb976b7bf6a093fa30104da3bbf44e2d65a30256ff3", kill_on_drop: false }`
[INFO] running `Command { std: "docker" "rm" "-f" "c1683f2b9363a863685aefb976b7bf6a093fa30104da3bbf44e2d65a30256ff3", kill_on_drop: false }`
[INFO] [stdout] c1683f2b9363a863685aefb976b7bf6a093fa30104da3bbf44e2d65a30256ff3
[INFO] running `Command { std: "docker" "create" "-v" "/var/lib/crater-agent-workspace/builds/worker-3-tc1/target:/opt/rustwide/target:rw,Z" "-v" "/var/lib/crater-agent-workspace/builds/worker-3-tc1/source:/opt/rustwide/workdir:ro,Z" "-v" "/var/lib/crater-agent-workspace/cargo-home:/opt/rustwide/cargo-home:ro,Z" "-v" "/var/lib/crater-agent-workspace/rustup-home:/opt/rustwide/rustup-home:ro,Z" "-e" "SOURCE_DIR=/opt/rustwide/workdir" "-e" "CARGO_TARGET_DIR=/opt/rustwide/target" "-e" "CARGO_INCREMENTAL=0" "-e" "RUST_BACKTRACE=full" "-e" "RUSTFLAGS=--cap-lints=warn" "-e" "RUSTDOCFLAGS=--cap-lints=warn" "-e" "CARGO_HOME=/opt/rustwide/cargo-home" "-e" "RUSTUP_HOME=/opt/rustwide/rustup-home" "-w" "/opt/rustwide/workdir" "-m" "1610612736" "--user" "0:0" "--network" "none" "ghcr.io/rust-lang/crates-build-env/linux@sha256:2788e3201cd34a07e3172128adcd8b3090168a8e3bcc40d7c032b9dda1df7d1c" "/opt/rustwide/cargo-home/bin/cargo" "+1.75.0" "test" "--frozen", kill_on_drop: false }`
[INFO] [stdout] 40ce44a54f491e5c850295139000034ff045e50528ae1b663035128fc13609c9
[INFO] running `Command { std: "docker" "start" "-a" "40ce44a54f491e5c850295139000034ff045e50528ae1b663035128fc13609c9", kill_on_drop: false }`
[INFO] [stderr] warning: variable does not need to be mutable
[INFO] [stderr]    --> src/gl_helpers/imgui_impl.rs:137:21
[INFO] [stderr]     |
[INFO] [stderr] 137 |                 let mut atlas = imgui.fonts();
[INFO] [stderr]     |                     ----^^^^^
[INFO] [stderr]     |                     |
[INFO] [stderr]     |                     help: remove this `mut`
[INFO] [stderr]     |
[INFO] [stderr]     = note: `#[warn(unused_mut)]` on by default
[INFO] [stderr] 
[INFO] [stderr] warning: `minigw` (lib) generated 1 warning (run `cargo fix --lib -p minigw` to apply 1 suggestion)
[INFO] [stderr] warning: `minigw` (lib test) generated 1 warning (1 duplicate)
[INFO] [stderr]     Finished test [unoptimized + debuginfo] target(s) in 0.07s
[INFO] [stderr]      Running unittests src/lib.rs (/opt/rustwide/target/debug/deps/minigw-579e1c963605d52b)
[INFO] [stdout] 
[INFO] [stdout] running 0 tests
[INFO] [stdout] 
[INFO] [stdout] test result: ok. 0 passed; 0 failed; 0 ignored; 0 measured; 0 filtered out; finished in 0.00s
[INFO] [stdout] 
[INFO] [stderr]    Doc-tests minigw
[INFO] [stdout] 
[INFO] [stdout] running 5 tests
[INFO] [stdout] test src/lib.rs - (line 19) ... FAILED
[INFO] [stdout] test src/lib.rs - (line 80) ... FAILED
[INFO] [stdout] test src/lib.rs - (line 53) ... FAILED
[INFO] [stdout] test src/lib.rs - (line 140) ... FAILED
[INFO] [stdout] test src/lib.rs - (line 95) ... FAILED
[INFO] [stdout] 
[INFO] [stdout] failures:
[INFO] [stdout] 
[INFO] [stdout] ---- src/lib.rs - (line 19) stdout ----
[INFO] [stdout] error[E0593]: closure is expected to take 4 arguments, but it takes 3 arguments
[INFO] [stdout]  --> src/lib.rs:23:5
[INFO] [stdout]   |
[INFO] [stdout] 5 |     minigw::new::<u8, _>("Example", 1280, 720,
[INFO] [stdout]   |     ^^^^^^^^^^^^^^^^^^^^ expected closure that takes 4 arguments
[INFO] [stdout] 6 |         move |input, render_texture, imgui| {  
[INFO] [stdout]   |         ----------------------------------- takes 3 arguments
[INFO] [stdout] 
[INFO] [stdout] error: aborting due to previous error
[INFO] [stdout] 
[INFO] [stdout] For more information about this error, try `rustc --explain E0593`.
[INFO] [stdout] Couldn't compile the test.
[INFO] [stdout] ---- src/lib.rs - (line 80) stdout ----
[INFO] [stdout] error[E0425]: cannot find value `x` in this scope
[INFO] [stdout]  --> src/lib.rs:88:46
[INFO] [stdout]   |
[INFO] [stdout] 9 |                     render_texture.set_pixel(x, y, &[uv.0, uv.1, 0]);
[INFO] [stdout]   |                                              ^ not found in this scope
[INFO] [stdout] 
[INFO] [stdout] error[E0425]: cannot find value `y` in this scope
[INFO] [stdout]  --> src/lib.rs:88:49
[INFO] [stdout]   |
[INFO] [stdout] 9 |                     render_texture.set_pixel(x, y, &[uv.0, uv.1, 0]);
[INFO] [stdout]   |                                                 ^ not found in this scope
[INFO] [stdout] 
[INFO] [stdout] error[E0425]: cannot find value `uv` in this scope
[INFO] [stdout]  --> src/lib.rs:88:54
[INFO] [stdout]   |
[INFO] [stdout] 9 |                     render_texture.set_pixel(x, y, &[uv.0, uv.1, 0]);
[INFO] [stdout]   |                                                      ^^ not found in this scope
[INFO] [stdout] 
[INFO] [stdout] error[E0425]: cannot find value `uv` in this scope
[INFO] [stdout]  --> src/lib.rs:88:60
[INFO] [stdout]   |
[INFO] [stdout] 9 |                     render_texture.set_pixel(x, y, &[uv.0, uv.1, 0]);
[INFO] [stdout]   |                                                            ^^ not found in this scope
[INFO] [stdout] 
[INFO] [stdout] error[E0593]: closure is expected to take 4 arguments, but it takes 3 arguments
[INFO] [stdout]  --> src/lib.rs:84:5
[INFO] [stdout]   |
[INFO] [stdout] 5 |     minigw::new::<f32, _>("Example", 1280, 720,
[INFO] [stdout]   |     ^^^^^^^^^^^^^^^^^^^^^ expected closure that takes 4 arguments
[INFO] [stdout] 6 |         move |input, render_texture, imgui| {  
[INFO] [stdout]   |         ----------------------------------- takes 3 arguments
[INFO] [stdout] 
[INFO] [stdout] error: aborting due to 5 previous errors
[INFO] [stdout] 
[INFO] [stdout] Some errors have detailed explanations: E0425, E0593.
[INFO] [stdout] For more information about an error, try `rustc --explain E0425`.
[INFO] [stdout] Couldn't compile the test.
[INFO] [stdout] ---- src/lib.rs - (line 53) stdout ----
[INFO] [stdout] error[E0593]: closure is expected to take 4 arguments, but it takes 3 arguments
[INFO] [stdout]  --> src/lib.rs:58:5
[INFO] [stdout]   |
[INFO] [stdout] 6 |     minigw::new::<u8, _>("Example", 1280, 720,
[INFO] [stdout]   |     ^^^^^^^^^^^^^^^^^^^^ expected closure that takes 4 arguments
[INFO] [stdout] 7 |         move |input, render_texture, imgui| {
[INFO] [stdout]   |         ----------------------------------- takes 3 arguments
[INFO] [stdout] 
[INFO] [stdout] error: aborting due to previous error
[INFO] [stdout] 
[INFO] [stdout] For more information about this error, try `rustc --explain E0593`.
[INFO] [stdout] Couldn't compile the test.
[INFO] [stdout] ---- src/lib.rs - (line 140) stdout ----
[INFO] [stdout] error[E0463]: can't find crate for `stb_image`
[INFO] [stdout]  --> src/lib.rs:142:1
[INFO] [stdout]   |
[INFO] [stdout] 3 | extern crate stb_image;
[INFO] [stdout]   | ^^^^^^^^^^^^^^^^^^^^^^^ can't find crate
[INFO] [stdout] 
[INFO] [stdout] error: aborting due to previous error
[INFO] [stdout] 
[INFO] [stdout] For more information about this error, try `rustc --explain E0463`.
[INFO] [stdout] Couldn't compile the test.
[INFO] [stdout] ---- src/lib.rs - (line 95) stdout ----
[INFO] [stdout] error[E0061]: this method takes 5 arguments but 3 arguments were supplied
[INFO] [stdout]    --> src/lib.rs:111:36
[INFO] [stdout]     |
[INFO] [stdout] 17  |                     render_texture.set_pixel(x, y, &[255, 255, 255]);
[INFO] [stdout]     |                                    ^^^^^^^^^------------------------
[INFO] [stdout]     |                                             |      |
[INFO] [stdout]     |                                             |      expected `u8`, found `&[{integer}; 3]`
[INFO] [stdout]     |                                             two arguments of type `u8` and `u8` are missing
[INFO] [stdout]     |
[INFO] [stdout] note: method defined here
[INFO] [stdout]    --> /opt/rustwide/workdir/src/renderer/render_texture.rs:172:12
[INFO] [stdout]     |
[INFO] [stdout] 172 |     pub fn set_pixel(&mut self, x: u32, y: u32, r: T, g: T, b: T) {
[INFO] [stdout]     |            ^^^^^^^^^
[INFO] [stdout] help: provide the arguments
[INFO] [stdout]     |
[INFO] [stdout] 17  |                     render_texture.set_pixel(x, y, /* u8 */, /* u8 */, /* u8 */);
[INFO] [stdout]     |                                             ~~~~~~~~~~~~~~~~~~~~~~~~~~~~~~~~~~~~
[INFO] [stdout] 
[INFO] [stdout] error[E0061]: this method takes 5 arguments but 3 arguments were supplied
[INFO] [stdout]    --> src/lib.rs:113:36
[INFO] [stdout]     |
[INFO] [stdout] 19  |                     render_texture.set_pixel(x, y, &[0, 0, 0]);
[INFO] [stdout]     |                                    ^^^^^^^^^------------------
[INFO] [stdout]     |                                             |      |
[INFO] [stdout]     |                                             |      expected `u8`, found `&[{integer}; 3]`
[INFO] [stdout]     |                                             two arguments of type `u8` and `u8` are missing
[INFO] [stdout]     |
[INFO] [stdout] note: method defined here
[INFO] [stdout]    --> /opt/rustwide/workdir/src/renderer/render_texture.rs:172:12
[INFO] [stdout]     |
[INFO] [stdout] 172 |     pub fn set_pixel(&mut self, x: u32, y: u32, r: T, g: T, b: T) {
[INFO] [stdout]     |            ^^^^^^^^^
[INFO] [stdout] help: provide the arguments
[INFO] [stdout]     |
[INFO] [stdout] 19  |                     render_texture.set_pixel(x, y, /* u8 */, /* u8 */, /* u8 */);
[INFO] [stdout]     |                                             ~~~~~~~~~~~~~~~~~~~~~~~~~~~~~~~~~~~~
[INFO] [stdout] 
[INFO] [stdout] error: aborting due to 2 previous errors
[INFO] [stdout] 
[INFO] [stdout] For more information about this error, try `rustc --explain E0061`.
[INFO] [stdout] Couldn't compile the test.
[INFO] [stdout] 
[INFO] [stdout] failures:
[INFO] [stdout]     src/lib.rs - (line 140)
[INFO] [stdout]     src/lib.rs - (line 19)
[INFO] [stdout]     src/lib.rs - (line 53)
[INFO] [stdout]     src/lib.rs - (line 80)
[INFO] [stdout]     src/lib.rs - (line 95)
[INFO] [stdout] 
[INFO] [stdout] test result: FAILED. 0 passed; 5 failed; 0 ignored; 0 measured; 0 filtered out; finished in 0.13s
[INFO] [stdout] 
[INFO] [stderr] error: doctest failed, to rerun pass `--doc`
[INFO] running `Command { std: "docker" "inspect" "40ce44a54f491e5c850295139000034ff045e50528ae1b663035128fc13609c9", kill_on_drop: false }`
[INFO] running `Command { std: "docker" "rm" "-f" "40ce44a54f491e5c850295139000034ff045e50528ae1b663035128fc13609c9", kill_on_drop: false }`
[INFO] [stdout] 40ce44a54f491e5c850295139000034ff045e50528ae1b663035128fc13609c9
