[INFO] fetching crate minigrepcodecow 0.1.0...
[INFO] testing minigrepcodecow-0.1.0 against 1.75.0 for beta-1.76-1
[INFO] extracting crate minigrepcodecow 0.1.0 into /workspace/builds/worker-2-tc1/source
[INFO] validating manifest of crates.io crate minigrepcodecow 0.1.0 on toolchain 1.75.0
[INFO] running `Command { std: CARGO_HOME="/workspace/cargo-home" RUSTUP_HOME="/workspace/rustup-home" "/workspace/cargo-home/bin/cargo" "+1.75.0" "metadata" "--manifest-path" "Cargo.toml" "--no-deps", kill_on_drop: false }`
[INFO] started tweaking crates.io crate minigrepcodecow 0.1.0
[INFO] finished tweaking crates.io crate minigrepcodecow 0.1.0
[INFO] tweaked toml for crates.io crate minigrepcodecow 0.1.0 written to /workspace/builds/worker-2-tc1/source/Cargo.toml
[INFO] crate crates.io crate minigrepcodecow 0.1.0 already has a lockfile, it will not be regenerated
[INFO] running `Command { std: CARGO_HOME="/workspace/cargo-home" RUSTUP_HOME="/workspace/rustup-home" "/workspace/cargo-home/bin/cargo" "+1.75.0" "fetch" "--manifest-path" "Cargo.toml", kill_on_drop: false }`
[INFO] running `Command { std: "docker" "create" "-v" "/var/lib/crater-agent-workspace/builds/worker-2-tc1/target:/opt/rustwide/target:rw,Z" "-v" "/var/lib/crater-agent-workspace/builds/worker-2-tc1/source:/opt/rustwide/workdir:ro,Z" "-v" "/var/lib/crater-agent-workspace/cargo-home:/opt/rustwide/cargo-home:ro,Z" "-v" "/var/lib/crater-agent-workspace/rustup-home:/opt/rustwide/rustup-home:ro,Z" "-e" "SOURCE_DIR=/opt/rustwide/workdir" "-e" "CARGO_TARGET_DIR=/opt/rustwide/target" "-e" "CARGO_HOME=/opt/rustwide/cargo-home" "-e" "RUSTUP_HOME=/opt/rustwide/rustup-home" "-w" "/opt/rustwide/workdir" "-m" "1610612736" "--user" "0:0" "--network" "none" "ghcr.io/rust-lang/crates-build-env/linux@sha256:2788e3201cd34a07e3172128adcd8b3090168a8e3bcc40d7c032b9dda1df7d1c" "/opt/rustwide/cargo-home/bin/cargo" "+1.75.0" "metadata" "--no-deps" "--format-version=1", kill_on_drop: false }`
[INFO] [stdout] be25dd89dbf5539a94ab7f9c90ad4a1ca94ec3ae8f2d5df583ca8591ee8bf83f
[INFO] running `Command { std: "docker" "start" "-a" "be25dd89dbf5539a94ab7f9c90ad4a1ca94ec3ae8f2d5df583ca8591ee8bf83f", kill_on_drop: false }`
[INFO] running `Command { std: "docker" "inspect" "be25dd89dbf5539a94ab7f9c90ad4a1ca94ec3ae8f2d5df583ca8591ee8bf83f", kill_on_drop: false }`
[INFO] running `Command { std: "docker" "rm" "-f" "be25dd89dbf5539a94ab7f9c90ad4a1ca94ec3ae8f2d5df583ca8591ee8bf83f", kill_on_drop: false }`
[INFO] [stdout] be25dd89dbf5539a94ab7f9c90ad4a1ca94ec3ae8f2d5df583ca8591ee8bf83f
[INFO] running `Command { std: "docker" "create" "-v" "/var/lib/crater-agent-workspace/builds/worker-2-tc1/target:/opt/rustwide/target:rw,Z" "-v" "/var/lib/crater-agent-workspace/builds/worker-2-tc1/source:/opt/rustwide/workdir:ro,Z" "-v" "/var/lib/crater-agent-workspace/cargo-home:/opt/rustwide/cargo-home:ro,Z" "-v" "/var/lib/crater-agent-workspace/rustup-home:/opt/rustwide/rustup-home:ro,Z" "-e" "SOURCE_DIR=/opt/rustwide/workdir" "-e" "CARGO_TARGET_DIR=/opt/rustwide/target" "-e" "CARGO_INCREMENTAL=0" "-e" "RUST_BACKTRACE=full" "-e" "RUSTFLAGS=--cap-lints=warn" "-e" "RUSTDOCFLAGS=--cap-lints=warn" "-e" "CARGO_HOME=/opt/rustwide/cargo-home" "-e" "RUSTUP_HOME=/opt/rustwide/rustup-home" "-w" "/opt/rustwide/workdir" "-m" "1610612736" "--user" "0:0" "--network" "none" "ghcr.io/rust-lang/crates-build-env/linux@sha256:2788e3201cd34a07e3172128adcd8b3090168a8e3bcc40d7c032b9dda1df7d1c" "/opt/rustwide/cargo-home/bin/cargo" "+1.75.0" "build" "--frozen" "--message-format=json", kill_on_drop: false }`
[INFO] [stdout] 245e9daf085fb03748f0ba431be29e64c4860e9c47bef9d76374c57a9f98d951
[INFO] running `Command { std: "docker" "start" "-a" "245e9daf085fb03748f0ba431be29e64c4860e9c47bef9d76374c57a9f98d951", kill_on_drop: false }`
[INFO] [stderr]    Compiling minigrepcodecow v0.1.0 (/opt/rustwide/workdir)
[INFO] [stderr]     Finished dev [unoptimized + debuginfo] target(s) in 0.22s
[INFO] running `Command { std: "docker" "inspect" "245e9daf085fb03748f0ba431be29e64c4860e9c47bef9d76374c57a9f98d951", kill_on_drop: false }`
[INFO] running `Command { std: "docker" "rm" "-f" "245e9daf085fb03748f0ba431be29e64c4860e9c47bef9d76374c57a9f98d951", kill_on_drop: false }`
[INFO] [stdout] 245e9daf085fb03748f0ba431be29e64c4860e9c47bef9d76374c57a9f98d951
[INFO] running `Command { std: "docker" "create" "-v" "/var/lib/crater-agent-workspace/builds/worker-2-tc1/target:/opt/rustwide/target:rw,Z" "-v" "/var/lib/crater-agent-workspace/builds/worker-2-tc1/source:/opt/rustwide/workdir:ro,Z" "-v" "/var/lib/crater-agent-workspace/cargo-home:/opt/rustwide/cargo-home:ro,Z" "-v" "/var/lib/crater-agent-workspace/rustup-home:/opt/rustwide/rustup-home:ro,Z" "-e" "SOURCE_DIR=/opt/rustwide/workdir" "-e" "CARGO_TARGET_DIR=/opt/rustwide/target" "-e" "CARGO_INCREMENTAL=0" "-e" "RUST_BACKTRACE=full" "-e" "RUSTFLAGS=--cap-lints=warn" "-e" "RUSTDOCFLAGS=--cap-lints=warn" "-e" "CARGO_HOME=/opt/rustwide/cargo-home" "-e" "RUSTUP_HOME=/opt/rustwide/rustup-home" "-w" "/opt/rustwide/workdir" "-m" "1610612736" "--user" "0:0" "--network" "none" "ghcr.io/rust-lang/crates-build-env/linux@sha256:2788e3201cd34a07e3172128adcd8b3090168a8e3bcc40d7c032b9dda1df7d1c" "/opt/rustwide/cargo-home/bin/cargo" "+1.75.0" "test" "--frozen" "--no-run" "--message-format=json", kill_on_drop: false }`
[INFO] [stdout] 8c58dbe769a83af6db8af9c356f65542f3645b13a0a6ff635a4a490ea5b1b3d1
[INFO] running `Command { std: "docker" "start" "-a" "8c58dbe769a83af6db8af9c356f65542f3645b13a0a6ff635a4a490ea5b1b3d1", kill_on_drop: false }`
[INFO] [stderr]    Compiling minigrepcodecow v0.1.0 (/opt/rustwide/workdir)
[INFO] [stderr]     Finished test [unoptimized + debuginfo] target(s) in 0.17s
[INFO] running `Command { std: "docker" "inspect" "8c58dbe769a83af6db8af9c356f65542f3645b13a0a6ff635a4a490ea5b1b3d1", kill_on_drop: false }`
[INFO] running `Command { std: "docker" "rm" "-f" "8c58dbe769a83af6db8af9c356f65542f3645b13a0a6ff635a4a490ea5b1b3d1", kill_on_drop: false }`
[INFO] [stdout] 8c58dbe769a83af6db8af9c356f65542f3645b13a0a6ff635a4a490ea5b1b3d1
[INFO] running `Command { std: "docker" "create" "-v" "/var/lib/crater-agent-workspace/builds/worker-2-tc1/target:/opt/rustwide/target:rw,Z" "-v" "/var/lib/crater-agent-workspace/builds/worker-2-tc1/source:/opt/rustwide/workdir:ro,Z" "-v" "/var/lib/crater-agent-workspace/cargo-home:/opt/rustwide/cargo-home:ro,Z" "-v" "/var/lib/crater-agent-workspace/rustup-home:/opt/rustwide/rustup-home:ro,Z" "-e" "SOURCE_DIR=/opt/rustwide/workdir" "-e" "CARGO_TARGET_DIR=/opt/rustwide/target" "-e" "CARGO_INCREMENTAL=0" "-e" "RUST_BACKTRACE=full" "-e" "RUSTFLAGS=--cap-lints=warn" "-e" "RUSTDOCFLAGS=--cap-lints=warn" "-e" "CARGO_HOME=/opt/rustwide/cargo-home" "-e" "RUSTUP_HOME=/opt/rustwide/rustup-home" "-w" "/opt/rustwide/workdir" "-m" "1610612736" "--user" "0:0" "--network" "none" "ghcr.io/rust-lang/crates-build-env/linux@sha256:2788e3201cd34a07e3172128adcd8b3090168a8e3bcc40d7c032b9dda1df7d1c" "/opt/rustwide/cargo-home/bin/cargo" "+1.75.0" "test" "--frozen", kill_on_drop: false }`
[INFO] [stdout] fd6e5f65158bc57fcb0980ef02773e40d40fb049a9da77c515aa920d33d57cd1
[INFO] running `Command { std: "docker" "start" "-a" "fd6e5f65158bc57fcb0980ef02773e40d40fb049a9da77c515aa920d33d57cd1", kill_on_drop: false }`
[INFO] [stderr]     Finished test [unoptimized + debuginfo] target(s) in 0.00s
[INFO] [stderr]      Running unittests src/lib.rs (/opt/rustwide/target/debug/deps/minigrepcodecow-e861a02ba4b1f146)
[INFO] [stdout] 
[INFO] [stdout] running 0 tests
[INFO] [stdout] 
[INFO] [stdout] test result: ok. 0 passed; 0 failed; 0 ignored; 0 measured; 0 filtered out; finished in 0.00s
[INFO] [stdout] 
[INFO] [stderr]      Running unittests src/main.rs (/opt/rustwide/target/debug/deps/minigrepcodecow-b85785adb1f73fd7)
[INFO] [stdout] 
[INFO] [stdout] running 0 tests
[INFO] [stdout] 
[INFO] [stdout] test result: ok. 0 passed; 0 failed; 0 ignored; 0 measured; 0 filtered out; finished in 0.00s
[INFO] [stdout] 
[INFO] [stderr]    Doc-tests minigrepcodecow
[INFO] [stdout] 
[INFO] [stdout] running 1 test
[INFO] [stdout] test src/lib.rs - search (line 54) ... FAILED
[INFO] [stdout] 
[INFO] [stdout] failures:
[INFO] [stdout] 
[INFO] [stdout] ---- src/lib.rs - search (line 54) stdout ----
[INFO] [stdout] error[E0433]: failed to resolve: use of undeclared crate or module `minigrep2`
[INFO] [stdout]  --> src/lib.rs:57:13
[INFO] [stdout]   |
[INFO] [stdout] 5 | let results=minigrep2::search(content,query);
[INFO] [stdout]   |             ^^^^^^^^^ use of undeclared crate or module `minigrep2`
[INFO] [stdout] 
[INFO] [stdout] error: aborting due to previous error
[INFO] [stdout] 
[INFO] [stdout] For more information about this error, try `rustc --explain E0433`.
[INFO] [stdout] Couldn't compile the test.
[INFO] [stdout] 
[INFO] [stdout] failures:
[INFO] [stdout]     src/lib.rs - search (line 54)
[INFO] [stdout] 
[INFO] [stdout] test result: FAILED. 0 passed; 1 failed; 0 ignored; 0 measured; 0 filtered out; finished in 0.03s
[INFO] [stdout] 
[INFO] [stderr] error: doctest failed, to rerun pass `--doc`
[INFO] running `Command { std: "docker" "inspect" "fd6e5f65158bc57fcb0980ef02773e40d40fb049a9da77c515aa920d33d57cd1", kill_on_drop: false }`
[INFO] running `Command { std: "docker" "rm" "-f" "fd6e5f65158bc57fcb0980ef02773e40d40fb049a9da77c515aa920d33d57cd1", kill_on_drop: false }`
[INFO] [stdout] fd6e5f65158bc57fcb0980ef02773e40d40fb049a9da77c515aa920d33d57cd1
[INFO] testing minigrepcodecow-0.1.0 against beta-2023-12-22 for beta-1.76-1
[INFO] extracting crate minigrepcodecow 0.1.0 into /workspace/builds/worker-2-tc2/source
[INFO] validating manifest of crates.io crate minigrepcodecow 0.1.0 on toolchain beta-2023-12-22
[INFO] running `Command { std: CARGO_HOME="/workspace/cargo-home" RUSTUP_HOME="/workspace/rustup-home" "/workspace/cargo-home/bin/cargo" "+beta-2023-12-22" "metadata" "--manifest-path" "Cargo.toml" "--no-deps", kill_on_drop: false }`
[INFO] started tweaking crates.io crate minigrepcodecow 0.1.0
[INFO] finished tweaking crates.io crate minigrepcodecow 0.1.0
[INFO] tweaked toml for crates.io crate minigrepcodecow 0.1.0 written to /workspace/builds/worker-2-tc2/source/Cargo.toml
[INFO] crate crates.io crate minigrepcodecow 0.1.0 already has a lockfile, it will not be regenerated
[INFO] running `Command { std: CARGO_HOME="/workspace/cargo-home" RUSTUP_HOME="/workspace/rustup-home" "/workspace/cargo-home/bin/cargo" "+beta-2023-12-22" "fetch" "--manifest-path" "Cargo.toml", kill_on_drop: false }`
[INFO] running `Command { std: "docker" "create" "-v" "/var/lib/crater-agent-workspace/builds/worker-2-tc2/target:/opt/rustwide/target:rw,Z" "-v" "/var/lib/crater-agent-workspace/builds/worker-2-tc2/source:/opt/rustwide/workdir:ro,Z" "-v" "/var/lib/crater-agent-workspace/cargo-home:/opt/rustwide/cargo-home:ro,Z" "-v" "/var/lib/crater-agent-workspace/rustup-home:/opt/rustwide/rustup-home:ro,Z" "-e" "SOURCE_DIR=/opt/rustwide/workdir" "-e" "CARGO_TARGET_DIR=/opt/rustwide/target" "-e" "CARGO_HOME=/opt/rustwide/cargo-home" "-e" "RUSTUP_HOME=/opt/rustwide/rustup-home" "-w" "/opt/rustwide/workdir" "-m" "1610612736" "--user" "0:0" "--network" "none" "ghcr.io/rust-lang/crates-build-env/linux@sha256:2788e3201cd34a07e3172128adcd8b3090168a8e3bcc40d7c032b9dda1df7d1c" "/opt/rustwide/cargo-home/bin/cargo" "+beta-2023-12-22" "metadata" "--no-deps" "--format-version=1", kill_on_drop: false }`
[INFO] [stdout] 7ca4baddf5cdee1f44a2770239f971801bb91a43e9ad69d7cd6b7689b9bfe227
[INFO] running `Command { std: "docker" "start" "-a" "7ca4baddf5cdee1f44a2770239f971801bb91a43e9ad69d7cd6b7689b9bfe227", kill_on_drop: false }`
[INFO] running `Command { std: "docker" "inspect" "7ca4baddf5cdee1f44a2770239f971801bb91a43e9ad69d7cd6b7689b9bfe227", kill_on_drop: false }`
[INFO] running `Command { std: "docker" "rm" "-f" "7ca4baddf5cdee1f44a2770239f971801bb91a43e9ad69d7cd6b7689b9bfe227", kill_on_drop: false }`
[INFO] [stdout] 7ca4baddf5cdee1f44a2770239f971801bb91a43e9ad69d7cd6b7689b9bfe227
[INFO] running `Command { std: "docker" "create" "-v" "/var/lib/crater-agent-workspace/builds/worker-2-tc2/target:/opt/rustwide/target:rw,Z" "-v" "/var/lib/crater-agent-workspace/builds/worker-2-tc2/source:/opt/rustwide/workdir:ro,Z" "-v" "/var/lib/crater-agent-workspace/cargo-home:/opt/rustwide/cargo-home:ro,Z" "-v" "/var/lib/crater-agent-workspace/rustup-home:/opt/rustwide/rustup-home:ro,Z" "-e" "SOURCE_DIR=/opt/rustwide/workdir" "-e" "CARGO_TARGET_DIR=/opt/rustwide/target" "-e" "CARGO_INCREMENTAL=0" "-e" "RUST_BACKTRACE=full" "-e" "RUSTFLAGS=--cap-lints=warn" "-e" "RUSTDOCFLAGS=--cap-lints=warn" "-e" "CARGO_HOME=/opt/rustwide/cargo-home" "-e" "RUSTUP_HOME=/opt/rustwide/rustup-home" "-w" "/opt/rustwide/workdir" "-m" "1610612736" "--user" "0:0" "--network" "none" "ghcr.io/rust-lang/crates-build-env/linux@sha256:2788e3201cd34a07e3172128adcd8b3090168a8e3bcc40d7c032b9dda1df7d1c" "/opt/rustwide/cargo-home/bin/cargo" "+beta-2023-12-22" "build" "--frozen" "--message-format=json", kill_on_drop: false }`
[INFO] [stdout] 1f2ef5513781a16b8e75416761488c76dec022180885bcbf893e526bc9cddef0
[INFO] running `Command { std: "docker" "start" "-a" "1f2ef5513781a16b8e75416761488c76dec022180885bcbf893e526bc9cddef0", kill_on_drop: false }`
[INFO] [stderr]    Compiling minigrepcodecow v0.1.0 (/opt/rustwide/workdir)
[INFO] [stderr]     Finished dev [unoptimized + debuginfo] target(s) in 0.26s
[INFO] running `Command { std: "docker" "inspect" "1f2ef5513781a16b8e75416761488c76dec022180885bcbf893e526bc9cddef0", kill_on_drop: false }`
[INFO] running `Command { std: "docker" "rm" "-f" "1f2ef5513781a16b8e75416761488c76dec022180885bcbf893e526bc9cddef0", kill_on_drop: false }`
[INFO] [stdout] 1f2ef5513781a16b8e75416761488c76dec022180885bcbf893e526bc9cddef0
[INFO] running `Command { std: "docker" "create" "-v" "/var/lib/crater-agent-workspace/builds/worker-2-tc2/target:/opt/rustwide/target:rw,Z" "-v" "/var/lib/crater-agent-workspace/builds/worker-2-tc2/source:/opt/rustwide/workdir:ro,Z" "-v" "/var/lib/crater-agent-workspace/cargo-home:/opt/rustwide/cargo-home:ro,Z" "-v" "/var/lib/crater-agent-workspace/rustup-home:/opt/rustwide/rustup-home:ro,Z" "-e" "SOURCE_DIR=/opt/rustwide/workdir" "-e" "CARGO_TARGET_DIR=/opt/rustwide/target" "-e" "CARGO_INCREMENTAL=0" "-e" "RUST_BACKTRACE=full" "-e" "RUSTFLAGS=--cap-lints=warn" "-e" "RUSTDOCFLAGS=--cap-lints=warn" "-e" "CARGO_HOME=/opt/rustwide/cargo-home" "-e" "RUSTUP_HOME=/opt/rustwide/rustup-home" "-w" "/opt/rustwide/workdir" "-m" "1610612736" "--user" "0:0" "--network" "none" "ghcr.io/rust-lang/crates-build-env/linux@sha256:2788e3201cd34a07e3172128adcd8b3090168a8e3bcc40d7c032b9dda1df7d1c" "/opt/rustwide/cargo-home/bin/cargo" "+beta-2023-12-22" "test" "--frozen" "--no-run" "--message-format=json", kill_on_drop: false }`
[INFO] [stdout] bd5088d7c3c93f83575e97388c65bb3082188c7ea629bd203422e7467f7c9388
[INFO] running `Command { std: "docker" "start" "-a" "bd5088d7c3c93f83575e97388c65bb3082188c7ea629bd203422e7467f7c9388", kill_on_drop: false }`
[INFO] [stderr]    Compiling minigrepcodecow v0.1.0 (/opt/rustwide/workdir)
[INFO] [stderr]     Finished test [unoptimized + debuginfo] target(s) in 0.17s
[INFO] running `Command { std: "docker" "inspect" "bd5088d7c3c93f83575e97388c65bb3082188c7ea629bd203422e7467f7c9388", kill_on_drop: false }`
[INFO] running `Command { std: "docker" "rm" "-f" "bd5088d7c3c93f83575e97388c65bb3082188c7ea629bd203422e7467f7c9388", kill_on_drop: false }`
[INFO] [stdout] bd5088d7c3c93f83575e97388c65bb3082188c7ea629bd203422e7467f7c9388
[INFO] running `Command { std: "docker" "create" "-v" "/var/lib/crater-agent-workspace/builds/worker-2-tc2/target:/opt/rustwide/target:rw,Z" "-v" "/var/lib/crater-agent-workspace/builds/worker-2-tc2/source:/opt/rustwide/workdir:ro,Z" "-v" "/var/lib/crater-agent-workspace/cargo-home:/opt/rustwide/cargo-home:ro,Z" "-v" "/var/lib/crater-agent-workspace/rustup-home:/opt/rustwide/rustup-home:ro,Z" "-e" "SOURCE_DIR=/opt/rustwide/workdir" "-e" "CARGO_TARGET_DIR=/opt/rustwide/target" "-e" "CARGO_INCREMENTAL=0" "-e" "RUST_BACKTRACE=full" "-e" "RUSTFLAGS=--cap-lints=warn" "-e" "RUSTDOCFLAGS=--cap-lints=warn" "-e" "CARGO_HOME=/opt/rustwide/cargo-home" "-e" "RUSTUP_HOME=/opt/rustwide/rustup-home" "-w" "/opt/rustwide/workdir" "-m" "1610612736" "--user" "0:0" "--network" "none" "ghcr.io/rust-lang/crates-build-env/linux@sha256:2788e3201cd34a07e3172128adcd8b3090168a8e3bcc40d7c032b9dda1df7d1c" "/opt/rustwide/cargo-home/bin/cargo" "+beta-2023-12-22" "test" "--frozen", kill_on_drop: false }`
[INFO] [stdout] d089a78ad93f22eb3ccadcfdf0994626c94fa3a580e72fce46811c04a6d986aa
[INFO] running `Command { std: "docker" "start" "-a" "d089a78ad93f22eb3ccadcfdf0994626c94fa3a580e72fce46811c04a6d986aa", kill_on_drop: false }`
[INFO] [stderr]     Finished test [unoptimized + debuginfo] target(s) in 0.00s
[INFO] [stderr]      Running unittests src/lib.rs (/opt/rustwide/target/debug/deps/minigrepcodecow-7faa06dd9b94b926)
[INFO] [stdout] 
[INFO] [stdout] running 0 tests
[INFO] [stdout] 
[INFO] [stdout] test result: ok. 0 passed; 0 failed; 0 ignored; 0 measured; 0 filtered out; finished in 0.00s
[INFO] [stdout] 
[INFO] [stderr]      Running unittests src/main.rs (/opt/rustwide/target/debug/deps/minigrepcodecow-3ae006a8ac030712)
[INFO] [stdout] 
[INFO] [stdout] running 0 tests
[INFO] [stdout] 
[INFO] [stdout] test result: ok. 0 passed; 0 failed; 0 ignored; 0 measured; 0 filtered out; finished in 0.00s
[INFO] [stdout] 
[INFO] [stderr]    Doc-tests minigrepcodecow
[INFO] [stdout] 
[INFO] [stdout] running 1 test
[INFO] [stdout] test src/lib.rs - search (line 54) ... FAILED
[INFO] [stdout] 
[INFO] [stdout] failures:
[INFO] [stdout] 
[INFO] [stdout] ---- src/lib.rs - search (line 54) stdout ----
[INFO] [stdout] error[E0433]: failed to resolve: use of undeclared crate or module `minigrep2`
[INFO] [stdout]  --> src/lib.rs:57:13
[INFO] [stdout]   |
[INFO] [stdout] 5 | let results=minigrep2::search(content,query);
[INFO] [stdout]   |             ^^^^^^^^^ use of undeclared crate or module `minigrep2`
[INFO] [stdout] 
[INFO] [stdout] error: aborting due to 1 previous error
[INFO] [stdout] 
[INFO] [stdout] For more information about this error, try `rustc --explain E0433`.
[INFO] [stdout] Couldn't compile the test.
[INFO] [stdout] 
[INFO] [stdout] failures:
[INFO] [stdout]     src/lib.rs - search (line 54)
[INFO] [stdout] 
[INFO] [stdout] test result: FAILED. 0 passed; 1 failed; 0 ignored; 0 measured; 0 filtered out; finished in 0.04s
[INFO] [stdout] 
[INFO] [stderr] error: doctest failed, to rerun pass `--doc`
[INFO] running `Command { std: "docker" "inspect" "d089a78ad93f22eb3ccadcfdf0994626c94fa3a580e72fce46811c04a6d986aa", kill_on_drop: false }`
[INFO] running `Command { std: "docker" "rm" "-f" "d089a78ad93f22eb3ccadcfdf0994626c94fa3a580e72fce46811c04a6d986aa", kill_on_drop: false }`
[INFO] [stdout] d089a78ad93f22eb3ccadcfdf0994626c94fa3a580e72fce46811c04a6d986aa
