[INFO] fetching crate minigrep_yuma 0.1.0...
[INFO] testing minigrep_yuma-0.1.0 against 1.75.0 for beta-1.76-1
[INFO] extracting crate minigrep_yuma 0.1.0 into /workspace/builds/worker-7-tc1/source
[INFO] validating manifest of crates.io crate minigrep_yuma 0.1.0 on toolchain 1.75.0
[INFO] running `Command { std: CARGO_HOME="/workspace/cargo-home" RUSTUP_HOME="/workspace/rustup-home" "/workspace/cargo-home/bin/cargo" "+1.75.0" "metadata" "--manifest-path" "Cargo.toml" "--no-deps", kill_on_drop: false }`
[INFO] started tweaking crates.io crate minigrep_yuma 0.1.0
[INFO] finished tweaking crates.io crate minigrep_yuma 0.1.0
[INFO] tweaked toml for crates.io crate minigrep_yuma 0.1.0 written to /workspace/builds/worker-7-tc1/source/Cargo.toml
[INFO] crate crates.io crate minigrep_yuma 0.1.0 already has a lockfile, it will not be regenerated
[INFO] running `Command { std: CARGO_HOME="/workspace/cargo-home" RUSTUP_HOME="/workspace/rustup-home" "/workspace/cargo-home/bin/cargo" "+1.75.0" "fetch" "--manifest-path" "Cargo.toml", kill_on_drop: false }`
[INFO] running `Command { std: "docker" "create" "-v" "/var/lib/crater-agent-workspace/builds/worker-7-tc1/target:/opt/rustwide/target:rw,Z" "-v" "/var/lib/crater-agent-workspace/builds/worker-7-tc1/source:/opt/rustwide/workdir:ro,Z" "-v" "/var/lib/crater-agent-workspace/cargo-home:/opt/rustwide/cargo-home:ro,Z" "-v" "/var/lib/crater-agent-workspace/rustup-home:/opt/rustwide/rustup-home:ro,Z" "-e" "SOURCE_DIR=/opt/rustwide/workdir" "-e" "CARGO_TARGET_DIR=/opt/rustwide/target" "-e" "CARGO_HOME=/opt/rustwide/cargo-home" "-e" "RUSTUP_HOME=/opt/rustwide/rustup-home" "-w" "/opt/rustwide/workdir" "-m" "1610612736" "--user" "0:0" "--network" "none" "ghcr.io/rust-lang/crates-build-env/linux@sha256:2788e3201cd34a07e3172128adcd8b3090168a8e3bcc40d7c032b9dda1df7d1c" "/opt/rustwide/cargo-home/bin/cargo" "+1.75.0" "metadata" "--no-deps" "--format-version=1", kill_on_drop: false }`
[INFO] [stdout] 9fa132bb273ab93f24e37fbd66e221dbc05d22d05a04f77ae70ede67572eb3aa
[INFO] running `Command { std: "docker" "start" "-a" "9fa132bb273ab93f24e37fbd66e221dbc05d22d05a04f77ae70ede67572eb3aa", kill_on_drop: false }`
[INFO] running `Command { std: "docker" "inspect" "9fa132bb273ab93f24e37fbd66e221dbc05d22d05a04f77ae70ede67572eb3aa", kill_on_drop: false }`
[INFO] running `Command { std: "docker" "rm" "-f" "9fa132bb273ab93f24e37fbd66e221dbc05d22d05a04f77ae70ede67572eb3aa", kill_on_drop: false }`
[INFO] [stdout] 9fa132bb273ab93f24e37fbd66e221dbc05d22d05a04f77ae70ede67572eb3aa
[INFO] running `Command { std: "docker" "create" "-v" "/var/lib/crater-agent-workspace/builds/worker-7-tc1/target:/opt/rustwide/target:rw,Z" "-v" "/var/lib/crater-agent-workspace/builds/worker-7-tc1/source:/opt/rustwide/workdir:ro,Z" "-v" "/var/lib/crater-agent-workspace/cargo-home:/opt/rustwide/cargo-home:ro,Z" "-v" "/var/lib/crater-agent-workspace/rustup-home:/opt/rustwide/rustup-home:ro,Z" "-e" "SOURCE_DIR=/opt/rustwide/workdir" "-e" "CARGO_TARGET_DIR=/opt/rustwide/target" "-e" "CARGO_INCREMENTAL=0" "-e" "RUST_BACKTRACE=full" "-e" "RUSTFLAGS=--cap-lints=warn" "-e" "RUSTDOCFLAGS=--cap-lints=warn" "-e" "CARGO_HOME=/opt/rustwide/cargo-home" "-e" "RUSTUP_HOME=/opt/rustwide/rustup-home" "-w" "/opt/rustwide/workdir" "-m" "1610612736" "--user" "0:0" "--network" "none" "ghcr.io/rust-lang/crates-build-env/linux@sha256:2788e3201cd34a07e3172128adcd8b3090168a8e3bcc40d7c032b9dda1df7d1c" "/opt/rustwide/cargo-home/bin/cargo" "+1.75.0" "build" "--frozen" "--message-format=json", kill_on_drop: false }`
[INFO] [stdout] 35478a191de6ea7b91e84f403fd7bd6b08313026d4822cb75d1f5547a80c64b4
[INFO] running `Command { std: "docker" "start" "-a" "35478a191de6ea7b91e84f403fd7bd6b08313026d4822cb75d1f5547a80c64b4", kill_on_drop: false }`
[INFO] [stderr]    Compiling minigrep_yuma v0.1.0 (/opt/rustwide/workdir)
[INFO] [stderr]     Finished dev [unoptimized + debuginfo] target(s) in 0.25s
[INFO] running `Command { std: "docker" "inspect" "35478a191de6ea7b91e84f403fd7bd6b08313026d4822cb75d1f5547a80c64b4", kill_on_drop: false }`
[INFO] running `Command { std: "docker" "rm" "-f" "35478a191de6ea7b91e84f403fd7bd6b08313026d4822cb75d1f5547a80c64b4", kill_on_drop: false }`
[INFO] [stdout] 35478a191de6ea7b91e84f403fd7bd6b08313026d4822cb75d1f5547a80c64b4
[INFO] running `Command { std: "docker" "create" "-v" "/var/lib/crater-agent-workspace/builds/worker-7-tc1/target:/opt/rustwide/target:rw,Z" "-v" "/var/lib/crater-agent-workspace/builds/worker-7-tc1/source:/opt/rustwide/workdir:ro,Z" "-v" "/var/lib/crater-agent-workspace/cargo-home:/opt/rustwide/cargo-home:ro,Z" "-v" "/var/lib/crater-agent-workspace/rustup-home:/opt/rustwide/rustup-home:ro,Z" "-e" "SOURCE_DIR=/opt/rustwide/workdir" "-e" "CARGO_TARGET_DIR=/opt/rustwide/target" "-e" "CARGO_INCREMENTAL=0" "-e" "RUST_BACKTRACE=full" "-e" "RUSTFLAGS=--cap-lints=warn" "-e" "RUSTDOCFLAGS=--cap-lints=warn" "-e" "CARGO_HOME=/opt/rustwide/cargo-home" "-e" "RUSTUP_HOME=/opt/rustwide/rustup-home" "-w" "/opt/rustwide/workdir" "-m" "1610612736" "--user" "0:0" "--network" "none" "ghcr.io/rust-lang/crates-build-env/linux@sha256:2788e3201cd34a07e3172128adcd8b3090168a8e3bcc40d7c032b9dda1df7d1c" "/opt/rustwide/cargo-home/bin/cargo" "+1.75.0" "test" "--frozen" "--no-run" "--message-format=json", kill_on_drop: false }`
[INFO] [stdout] 0e401a73c96f7ac9f92c01bf20d40eadcc6d109ca9cd248220399936d4a7db7a
[INFO] running `Command { std: "docker" "start" "-a" "0e401a73c96f7ac9f92c01bf20d40eadcc6d109ca9cd248220399936d4a7db7a", kill_on_drop: false }`
[INFO] [stderr]    Compiling minigrep_yuma v0.1.0 (/opt/rustwide/workdir)
[INFO] [stderr]     Finished test [unoptimized + debuginfo] target(s) in 0.23s
[INFO] running `Command { std: "docker" "inspect" "0e401a73c96f7ac9f92c01bf20d40eadcc6d109ca9cd248220399936d4a7db7a", kill_on_drop: false }`
[INFO] running `Command { std: "docker" "rm" "-f" "0e401a73c96f7ac9f92c01bf20d40eadcc6d109ca9cd248220399936d4a7db7a", kill_on_drop: false }`
[INFO] [stdout] 0e401a73c96f7ac9f92c01bf20d40eadcc6d109ca9cd248220399936d4a7db7a
[INFO] running `Command { std: "docker" "create" "-v" "/var/lib/crater-agent-workspace/builds/worker-7-tc1/target:/opt/rustwide/target:rw,Z" "-v" "/var/lib/crater-agent-workspace/builds/worker-7-tc1/source:/opt/rustwide/workdir:ro,Z" "-v" "/var/lib/crater-agent-workspace/cargo-home:/opt/rustwide/cargo-home:ro,Z" "-v" "/var/lib/crater-agent-workspace/rustup-home:/opt/rustwide/rustup-home:ro,Z" "-e" "SOURCE_DIR=/opt/rustwide/workdir" "-e" "CARGO_TARGET_DIR=/opt/rustwide/target" "-e" "CARGO_INCREMENTAL=0" "-e" "RUST_BACKTRACE=full" "-e" "RUSTFLAGS=--cap-lints=warn" "-e" "RUSTDOCFLAGS=--cap-lints=warn" "-e" "CARGO_HOME=/opt/rustwide/cargo-home" "-e" "RUSTUP_HOME=/opt/rustwide/rustup-home" "-w" "/opt/rustwide/workdir" "-m" "1610612736" "--user" "0:0" "--network" "none" "ghcr.io/rust-lang/crates-build-env/linux@sha256:2788e3201cd34a07e3172128adcd8b3090168a8e3bcc40d7c032b9dda1df7d1c" "/opt/rustwide/cargo-home/bin/cargo" "+1.75.0" "test" "--frozen", kill_on_drop: false }`
[INFO] [stdout] 12e335cf4d55074a03264238b2ecb7ad88688a587b0a9488550397b7a4b48114
[INFO] running `Command { std: "docker" "start" "-a" "12e335cf4d55074a03264238b2ecb7ad88688a587b0a9488550397b7a4b48114", kill_on_drop: false }`
[INFO] [stderr]     Finished test [unoptimized + debuginfo] target(s) in 0.00s
[INFO] [stderr]      Running unittests src/lib.rs (/opt/rustwide/target/debug/deps/minigrep_yuma-4c2b5a1c918bb277)
[INFO] [stdout] 
[INFO] [stdout] running 3 tests
[INFO] [stdout] test tests::one_result ... ok
[INFO] [stdout] test tests::case_sensitive ... ok
[INFO] [stdout] test tests::case_insensitive ... ok
[INFO] [stdout] 
[INFO] [stdout] test result: ok. 3 passed; 0 failed; 0 ignored; 0 measured; 0 filtered out; finished in 0.00s
[INFO] [stdout] 
[INFO] [stderr]      Running unittests src/main.rs (/opt/rustwide/target/debug/deps/minigrep_yuma-346943a1671c92b3)
[INFO] [stdout] 
[INFO] [stdout] running 0 tests
[INFO] [stdout] 
[INFO] [stdout] test result: ok. 0 passed; 0 failed; 0 ignored; 0 measured; 0 filtered out; finished in 0.00s
[INFO] [stdout] 
[INFO] [stderr]    Doc-tests minigrep_yuma
[INFO] [stdout] 
[INFO] [stdout] running 1 test
[INFO] [stdout] test src/lib.rs - search (line 48) ... FAILED
[INFO] [stdout] 
[INFO] [stdout] failures:
[INFO] [stdout] 
[INFO] [stdout] ---- src/lib.rs - search (line 48) stdout ----
[INFO] [stdout] error[E0425]: cannot find function `search` in this scope
[INFO] [stdout]  --> src/lib.rs:49:24
[INFO] [stdout]   |
[INFO] [stdout] 3 | let result:Vec<&str> = search("pick", contents);
[INFO] [stdout]   |                        ^^^^^^ not found in this scope
[INFO] [stdout]   |
[INFO] [stdout] help: consider importing this function
[INFO] [stdout]   |
[INFO] [stdout] 2 + use minigrep_yuma::search;
[INFO] [stdout]   |
[INFO] [stdout] 
[INFO] [stdout] error[E0425]: cannot find value `contents` in this scope
[INFO] [stdout]  --> src/lib.rs:49:39
[INFO] [stdout]   |
[INFO] [stdout] 3 | let result:Vec<&str> = search("pick", contents);
[INFO] [stdout]   |                                       ^^^^^^^^ not found in this scope
[INFO] [stdout] 
[INFO] [stdout] error: aborting due to 2 previous errors
[INFO] [stdout] 
[INFO] [stdout] For more information about this error, try `rustc --explain E0425`.
[INFO] [stdout] Couldn't compile the test.
[INFO] [stdout] 
[INFO] [stdout] failures:
[INFO] [stdout]     src/lib.rs - search (line 48)
[INFO] [stdout] 
[INFO] [stdout] test result: FAILED. 0 passed; 1 failed; 0 ignored; 0 measured; 0 filtered out; finished in 0.03s
[INFO] [stdout] 
[INFO] [stderr] error: doctest failed, to rerun pass `--doc`
[INFO] running `Command { std: "docker" "inspect" "12e335cf4d55074a03264238b2ecb7ad88688a587b0a9488550397b7a4b48114", kill_on_drop: false }`
[INFO] running `Command { std: "docker" "rm" "-f" "12e335cf4d55074a03264238b2ecb7ad88688a587b0a9488550397b7a4b48114", kill_on_drop: false }`
[INFO] [stdout] 12e335cf4d55074a03264238b2ecb7ad88688a587b0a9488550397b7a4b48114
[INFO] testing minigrep_yuma-0.1.0 against beta-2023-12-22 for beta-1.76-1
[INFO] extracting crate minigrep_yuma 0.1.0 into /workspace/builds/worker-7-tc2/source
[INFO] validating manifest of crates.io crate minigrep_yuma 0.1.0 on toolchain beta-2023-12-22
[INFO] running `Command { std: CARGO_HOME="/workspace/cargo-home" RUSTUP_HOME="/workspace/rustup-home" "/workspace/cargo-home/bin/cargo" "+beta-2023-12-22" "metadata" "--manifest-path" "Cargo.toml" "--no-deps", kill_on_drop: false }`
[INFO] started tweaking crates.io crate minigrep_yuma 0.1.0
[INFO] finished tweaking crates.io crate minigrep_yuma 0.1.0
[INFO] tweaked toml for crates.io crate minigrep_yuma 0.1.0 written to /workspace/builds/worker-7-tc2/source/Cargo.toml
[INFO] crate crates.io crate minigrep_yuma 0.1.0 already has a lockfile, it will not be regenerated
[INFO] running `Command { std: CARGO_HOME="/workspace/cargo-home" RUSTUP_HOME="/workspace/rustup-home" "/workspace/cargo-home/bin/cargo" "+beta-2023-12-22" "fetch" "--manifest-path" "Cargo.toml", kill_on_drop: false }`
[INFO] running `Command { std: "docker" "create" "-v" "/var/lib/crater-agent-workspace/builds/worker-7-tc2/target:/opt/rustwide/target:rw,Z" "-v" "/var/lib/crater-agent-workspace/builds/worker-7-tc2/source:/opt/rustwide/workdir:ro,Z" "-v" "/var/lib/crater-agent-workspace/cargo-home:/opt/rustwide/cargo-home:ro,Z" "-v" "/var/lib/crater-agent-workspace/rustup-home:/opt/rustwide/rustup-home:ro,Z" "-e" "SOURCE_DIR=/opt/rustwide/workdir" "-e" "CARGO_TARGET_DIR=/opt/rustwide/target" "-e" "CARGO_HOME=/opt/rustwide/cargo-home" "-e" "RUSTUP_HOME=/opt/rustwide/rustup-home" "-w" "/opt/rustwide/workdir" "-m" "1610612736" "--user" "0:0" "--network" "none" "ghcr.io/rust-lang/crates-build-env/linux@sha256:2788e3201cd34a07e3172128adcd8b3090168a8e3bcc40d7c032b9dda1df7d1c" "/opt/rustwide/cargo-home/bin/cargo" "+beta-2023-12-22" "metadata" "--no-deps" "--format-version=1", kill_on_drop: false }`
[INFO] [stdout] 01dfcd04f3c6d2f78f62bffe57ac025345c6f81b2a541a30953e4b2eb3eb47f7
[INFO] running `Command { std: "docker" "start" "-a" "01dfcd04f3c6d2f78f62bffe57ac025345c6f81b2a541a30953e4b2eb3eb47f7", kill_on_drop: false }`
[INFO] running `Command { std: "docker" "inspect" "01dfcd04f3c6d2f78f62bffe57ac025345c6f81b2a541a30953e4b2eb3eb47f7", kill_on_drop: false }`
[INFO] running `Command { std: "docker" "rm" "-f" "01dfcd04f3c6d2f78f62bffe57ac025345c6f81b2a541a30953e4b2eb3eb47f7", kill_on_drop: false }`
[INFO] [stdout] 01dfcd04f3c6d2f78f62bffe57ac025345c6f81b2a541a30953e4b2eb3eb47f7
[INFO] running `Command { std: "docker" "create" "-v" "/var/lib/crater-agent-workspace/builds/worker-7-tc2/target:/opt/rustwide/target:rw,Z" "-v" "/var/lib/crater-agent-workspace/builds/worker-7-tc2/source:/opt/rustwide/workdir:ro,Z" "-v" "/var/lib/crater-agent-workspace/cargo-home:/opt/rustwide/cargo-home:ro,Z" "-v" "/var/lib/crater-agent-workspace/rustup-home:/opt/rustwide/rustup-home:ro,Z" "-e" "SOURCE_DIR=/opt/rustwide/workdir" "-e" "CARGO_TARGET_DIR=/opt/rustwide/target" "-e" "CARGO_INCREMENTAL=0" "-e" "RUST_BACKTRACE=full" "-e" "RUSTFLAGS=--cap-lints=warn" "-e" "RUSTDOCFLAGS=--cap-lints=warn" "-e" "CARGO_HOME=/opt/rustwide/cargo-home" "-e" "RUSTUP_HOME=/opt/rustwide/rustup-home" "-w" "/opt/rustwide/workdir" "-m" "1610612736" "--user" "0:0" "--network" "none" "ghcr.io/rust-lang/crates-build-env/linux@sha256:2788e3201cd34a07e3172128adcd8b3090168a8e3bcc40d7c032b9dda1df7d1c" "/opt/rustwide/cargo-home/bin/cargo" "+beta-2023-12-22" "build" "--frozen" "--message-format=json", kill_on_drop: false }`
[INFO] [stdout] 6948d05c975f84fbfb6d211a92a70e26d7304ace5df81433b829e86d3fa8e390
[INFO] running `Command { std: "docker" "start" "-a" "6948d05c975f84fbfb6d211a92a70e26d7304ace5df81433b829e86d3fa8e390", kill_on_drop: false }`
[INFO] [stderr]    Compiling minigrep_yuma v0.1.0 (/opt/rustwide/workdir)
[INFO] [stderr]     Finished dev [unoptimized + debuginfo] target(s) in 0.25s
[INFO] running `Command { std: "docker" "inspect" "6948d05c975f84fbfb6d211a92a70e26d7304ace5df81433b829e86d3fa8e390", kill_on_drop: false }`
[INFO] running `Command { std: "docker" "rm" "-f" "6948d05c975f84fbfb6d211a92a70e26d7304ace5df81433b829e86d3fa8e390", kill_on_drop: false }`
[INFO] [stdout] 6948d05c975f84fbfb6d211a92a70e26d7304ace5df81433b829e86d3fa8e390
[INFO] running `Command { std: "docker" "create" "-v" "/var/lib/crater-agent-workspace/builds/worker-7-tc2/target:/opt/rustwide/target:rw,Z" "-v" "/var/lib/crater-agent-workspace/builds/worker-7-tc2/source:/opt/rustwide/workdir:ro,Z" "-v" "/var/lib/crater-agent-workspace/cargo-home:/opt/rustwide/cargo-home:ro,Z" "-v" "/var/lib/crater-agent-workspace/rustup-home:/opt/rustwide/rustup-home:ro,Z" "-e" "SOURCE_DIR=/opt/rustwide/workdir" "-e" "CARGO_TARGET_DIR=/opt/rustwide/target" "-e" "CARGO_INCREMENTAL=0" "-e" "RUST_BACKTRACE=full" "-e" "RUSTFLAGS=--cap-lints=warn" "-e" "RUSTDOCFLAGS=--cap-lints=warn" "-e" "CARGO_HOME=/opt/rustwide/cargo-home" "-e" "RUSTUP_HOME=/opt/rustwide/rustup-home" "-w" "/opt/rustwide/workdir" "-m" "1610612736" "--user" "0:0" "--network" "none" "ghcr.io/rust-lang/crates-build-env/linux@sha256:2788e3201cd34a07e3172128adcd8b3090168a8e3bcc40d7c032b9dda1df7d1c" "/opt/rustwide/cargo-home/bin/cargo" "+beta-2023-12-22" "test" "--frozen" "--no-run" "--message-format=json", kill_on_drop: false }`
[INFO] [stdout] dc2eda5fae764b3c642273eb19e7d736d3e3e9fda26f30d392ca94cea4e4b418
[INFO] running `Command { std: "docker" "start" "-a" "dc2eda5fae764b3c642273eb19e7d736d3e3e9fda26f30d392ca94cea4e4b418", kill_on_drop: false }`
[INFO] [stderr]    Compiling minigrep_yuma v0.1.0 (/opt/rustwide/workdir)
[INFO] [stderr]     Finished test [unoptimized + debuginfo] target(s) in 0.25s
[INFO] running `Command { std: "docker" "inspect" "dc2eda5fae764b3c642273eb19e7d736d3e3e9fda26f30d392ca94cea4e4b418", kill_on_drop: false }`
[INFO] running `Command { std: "docker" "rm" "-f" "dc2eda5fae764b3c642273eb19e7d736d3e3e9fda26f30d392ca94cea4e4b418", kill_on_drop: false }`
[INFO] [stdout] dc2eda5fae764b3c642273eb19e7d736d3e3e9fda26f30d392ca94cea4e4b418
[INFO] running `Command { std: "docker" "create" "-v" "/var/lib/crater-agent-workspace/builds/worker-7-tc2/target:/opt/rustwide/target:rw,Z" "-v" "/var/lib/crater-agent-workspace/builds/worker-7-tc2/source:/opt/rustwide/workdir:ro,Z" "-v" "/var/lib/crater-agent-workspace/cargo-home:/opt/rustwide/cargo-home:ro,Z" "-v" "/var/lib/crater-agent-workspace/rustup-home:/opt/rustwide/rustup-home:ro,Z" "-e" "SOURCE_DIR=/opt/rustwide/workdir" "-e" "CARGO_TARGET_DIR=/opt/rustwide/target" "-e" "CARGO_INCREMENTAL=0" "-e" "RUST_BACKTRACE=full" "-e" "RUSTFLAGS=--cap-lints=warn" "-e" "RUSTDOCFLAGS=--cap-lints=warn" "-e" "CARGO_HOME=/opt/rustwide/cargo-home" "-e" "RUSTUP_HOME=/opt/rustwide/rustup-home" "-w" "/opt/rustwide/workdir" "-m" "1610612736" "--user" "0:0" "--network" "none" "ghcr.io/rust-lang/crates-build-env/linux@sha256:2788e3201cd34a07e3172128adcd8b3090168a8e3bcc40d7c032b9dda1df7d1c" "/opt/rustwide/cargo-home/bin/cargo" "+beta-2023-12-22" "test" "--frozen", kill_on_drop: false }`
[INFO] [stdout] 9b8269a4ecc7d6f66ab2db9db7608d0370fdac4539576ccae4e528af444378f0
[INFO] running `Command { std: "docker" "start" "-a" "9b8269a4ecc7d6f66ab2db9db7608d0370fdac4539576ccae4e528af444378f0", kill_on_drop: false }`
[INFO] [stderr]     Finished test [unoptimized + debuginfo] target(s) in 0.00s
[INFO] [stderr]      Running unittests src/lib.rs (/opt/rustwide/target/debug/deps/minigrep_yuma-6e0deb48bf89a380)
[INFO] [stdout] 
[INFO] [stdout] running 3 tests
[INFO] [stdout] test tests::case_insensitive ... ok
[INFO] [stdout] test tests::one_result ... ok
[INFO] [stdout] test tests::case_sensitive ... ok
[INFO] [stdout] 
[INFO] [stdout] test result: ok. 3 passed; 0 failed; 0 ignored; 0 measured; 0 filtered out; finished in 0.00s
[INFO] [stdout] 
[INFO] [stderr]      Running unittests src/main.rs (/opt/rustwide/target/debug/deps/minigrep_yuma-613ee5bef803f6ea)
[INFO] [stdout] 
[INFO] [stdout] running 0 tests
[INFO] [stdout] 
[INFO] [stdout] test result: ok. 0 passed; 0 failed; 0 ignored; 0 measured; 0 filtered out; finished in 0.00s
[INFO] [stdout] 
[INFO] [stderr]    Doc-tests minigrep_yuma
[INFO] [stdout] 
[INFO] [stdout] running 1 test
[INFO] [stdout] test src/lib.rs - search (line 48) ... FAILED
[INFO] [stdout] 
[INFO] [stdout] failures:
[INFO] [stdout] 
[INFO] [stdout] ---- src/lib.rs - search (line 48) stdout ----
[INFO] [stdout] error[E0425]: cannot find function `search` in this scope
[INFO] [stdout]  --> src/lib.rs:49:24
[INFO] [stdout]   |
[INFO] [stdout] 3 | let result:Vec<&str> = search("pick", contents);
[INFO] [stdout]   |                        ^^^^^^ not found in this scope
[INFO] [stdout]   |
[INFO] [stdout] help: consider importing this function
[INFO] [stdout]   |
[INFO] [stdout] 2 + use minigrep_yuma::search;
[INFO] [stdout]   |
[INFO] [stdout] 
[INFO] [stdout] error[E0425]: cannot find value `contents` in this scope
[INFO] [stdout]  --> src/lib.rs:49:39
[INFO] [stdout]   |
[INFO] [stdout] 3 | let result:Vec<&str> = search("pick", contents);
[INFO] [stdout]   |                                       ^^^^^^^^ not found in this scope
[INFO] [stdout] 
[INFO] [stdout] error: aborting due to 2 previous errors
[INFO] [stdout] 
[INFO] [stdout] For more information about this error, try `rustc --explain E0425`.
[INFO] [stdout] Couldn't compile the test.
[INFO] [stdout] 
[INFO] [stdout] failures:
[INFO] [stdout]     src/lib.rs - search (line 48)
[INFO] [stdout] 
[INFO] [stdout] test result: FAILED. 0 passed; 1 failed; 0 ignored; 0 measured; 0 filtered out; finished in 0.03s
[INFO] [stdout] 
[INFO] [stderr] error: doctest failed, to rerun pass `--doc`
[INFO] running `Command { std: "docker" "inspect" "9b8269a4ecc7d6f66ab2db9db7608d0370fdac4539576ccae4e528af444378f0", kill_on_drop: false }`
[INFO] running `Command { std: "docker" "rm" "-f" "9b8269a4ecc7d6f66ab2db9db7608d0370fdac4539576ccae4e528af444378f0", kill_on_drop: false }`
[INFO] [stdout] 9b8269a4ecc7d6f66ab2db9db7608d0370fdac4539576ccae4e528af444378f0
