[INFO] fetching crate minigrep_tutorials_20231109 0.1.0...
[INFO] testing minigrep_tutorials_20231109-0.1.0 against 1.75.0 for beta-1.76-1
[INFO] extracting crate minigrep_tutorials_20231109 0.1.0 into /workspace/builds/worker-1-tc1/source
[INFO] validating manifest of crates.io crate minigrep_tutorials_20231109 0.1.0 on toolchain 1.75.0
[INFO] running `Command { std: CARGO_HOME="/workspace/cargo-home" RUSTUP_HOME="/workspace/rustup-home" "/workspace/cargo-home/bin/cargo" "+1.75.0" "metadata" "--manifest-path" "Cargo.toml" "--no-deps", kill_on_drop: false }`
[INFO] started tweaking crates.io crate minigrep_tutorials_20231109 0.1.0
[INFO] finished tweaking crates.io crate minigrep_tutorials_20231109 0.1.0
[INFO] tweaked toml for crates.io crate minigrep_tutorials_20231109 0.1.0 written to /workspace/builds/worker-1-tc1/source/Cargo.toml
[INFO] crate crates.io crate minigrep_tutorials_20231109 0.1.0 already has a lockfile, it will not be regenerated
[INFO] running `Command { std: CARGO_HOME="/workspace/cargo-home" RUSTUP_HOME="/workspace/rustup-home" "/workspace/cargo-home/bin/cargo" "+1.75.0" "fetch" "--manifest-path" "Cargo.toml", kill_on_drop: false }`
[INFO] running `Command { std: "docker" "create" "-v" "/var/lib/crater-agent-workspace/builds/worker-1-tc1/target:/opt/rustwide/target:rw,Z" "-v" "/var/lib/crater-agent-workspace/builds/worker-1-tc1/source:/opt/rustwide/workdir:ro,Z" "-v" "/var/lib/crater-agent-workspace/cargo-home:/opt/rustwide/cargo-home:ro,Z" "-v" "/var/lib/crater-agent-workspace/rustup-home:/opt/rustwide/rustup-home:ro,Z" "-e" "SOURCE_DIR=/opt/rustwide/workdir" "-e" "CARGO_TARGET_DIR=/opt/rustwide/target" "-e" "CARGO_HOME=/opt/rustwide/cargo-home" "-e" "RUSTUP_HOME=/opt/rustwide/rustup-home" "-w" "/opt/rustwide/workdir" "-m" "1610612736" "--user" "0:0" "--network" "none" "ghcr.io/rust-lang/crates-build-env/linux@sha256:2788e3201cd34a07e3172128adcd8b3090168a8e3bcc40d7c032b9dda1df7d1c" "/opt/rustwide/cargo-home/bin/cargo" "+1.75.0" "metadata" "--no-deps" "--format-version=1", kill_on_drop: false }`
[INFO] [stdout] 1c16f0c945be3847b8d3c4c98f6e896b5bc62b40c171106cba6473d026d9a604
[INFO] running `Command { std: "docker" "start" "-a" "1c16f0c945be3847b8d3c4c98f6e896b5bc62b40c171106cba6473d026d9a604", kill_on_drop: false }`
[INFO] running `Command { std: "docker" "inspect" "1c16f0c945be3847b8d3c4c98f6e896b5bc62b40c171106cba6473d026d9a604", kill_on_drop: false }`
[INFO] running `Command { std: "docker" "rm" "-f" "1c16f0c945be3847b8d3c4c98f6e896b5bc62b40c171106cba6473d026d9a604", kill_on_drop: false }`
[INFO] [stdout] 1c16f0c945be3847b8d3c4c98f6e896b5bc62b40c171106cba6473d026d9a604
[INFO] running `Command { std: "docker" "create" "-v" "/var/lib/crater-agent-workspace/builds/worker-1-tc1/target:/opt/rustwide/target:rw,Z" "-v" "/var/lib/crater-agent-workspace/builds/worker-1-tc1/source:/opt/rustwide/workdir:ro,Z" "-v" "/var/lib/crater-agent-workspace/cargo-home:/opt/rustwide/cargo-home:ro,Z" "-v" "/var/lib/crater-agent-workspace/rustup-home:/opt/rustwide/rustup-home:ro,Z" "-e" "SOURCE_DIR=/opt/rustwide/workdir" "-e" "CARGO_TARGET_DIR=/opt/rustwide/target" "-e" "CARGO_INCREMENTAL=0" "-e" "RUST_BACKTRACE=full" "-e" "RUSTFLAGS=--cap-lints=warn" "-e" "RUSTDOCFLAGS=--cap-lints=warn" "-e" "CARGO_HOME=/opt/rustwide/cargo-home" "-e" "RUSTUP_HOME=/opt/rustwide/rustup-home" "-w" "/opt/rustwide/workdir" "-m" "1610612736" "--user" "0:0" "--network" "none" "ghcr.io/rust-lang/crates-build-env/linux@sha256:2788e3201cd34a07e3172128adcd8b3090168a8e3bcc40d7c032b9dda1df7d1c" "/opt/rustwide/cargo-home/bin/cargo" "+1.75.0" "build" "--frozen" "--message-format=json", kill_on_drop: false }`
[INFO] [stdout] a909932987b950817a75c8812b9b8f66e81350a1ee89cf3efd26f56a6b7cf872
[INFO] running `Command { std: "docker" "start" "-a" "a909932987b950817a75c8812b9b8f66e81350a1ee89cf3efd26f56a6b7cf872", kill_on_drop: false }`
[INFO] [stderr]    Compiling minigrep_tutorials_20231109 v0.1.0 (/opt/rustwide/workdir)
[INFO] [stderr]     Finished dev [unoptimized + debuginfo] target(s) in 0.23s
[INFO] running `Command { std: "docker" "inspect" "a909932987b950817a75c8812b9b8f66e81350a1ee89cf3efd26f56a6b7cf872", kill_on_drop: false }`
[INFO] running `Command { std: "docker" "rm" "-f" "a909932987b950817a75c8812b9b8f66e81350a1ee89cf3efd26f56a6b7cf872", kill_on_drop: false }`
[INFO] [stdout] a909932987b950817a75c8812b9b8f66e81350a1ee89cf3efd26f56a6b7cf872
[INFO] running `Command { std: "docker" "create" "-v" "/var/lib/crater-agent-workspace/builds/worker-1-tc1/target:/opt/rustwide/target:rw,Z" "-v" "/var/lib/crater-agent-workspace/builds/worker-1-tc1/source:/opt/rustwide/workdir:ro,Z" "-v" "/var/lib/crater-agent-workspace/cargo-home:/opt/rustwide/cargo-home:ro,Z" "-v" "/var/lib/crater-agent-workspace/rustup-home:/opt/rustwide/rustup-home:ro,Z" "-e" "SOURCE_DIR=/opt/rustwide/workdir" "-e" "CARGO_TARGET_DIR=/opt/rustwide/target" "-e" "CARGO_INCREMENTAL=0" "-e" "RUST_BACKTRACE=full" "-e" "RUSTFLAGS=--cap-lints=warn" "-e" "RUSTDOCFLAGS=--cap-lints=warn" "-e" "CARGO_HOME=/opt/rustwide/cargo-home" "-e" "RUSTUP_HOME=/opt/rustwide/rustup-home" "-w" "/opt/rustwide/workdir" "-m" "1610612736" "--user" "0:0" "--network" "none" "ghcr.io/rust-lang/crates-build-env/linux@sha256:2788e3201cd34a07e3172128adcd8b3090168a8e3bcc40d7c032b9dda1df7d1c" "/opt/rustwide/cargo-home/bin/cargo" "+1.75.0" "test" "--frozen" "--no-run" "--message-format=json", kill_on_drop: false }`
[INFO] [stdout] 83e55154b80c33f6be7d18f772bf79d8a2420291d0ddd815a9f7269c8bede826
[INFO] running `Command { std: "docker" "start" "-a" "83e55154b80c33f6be7d18f772bf79d8a2420291d0ddd815a9f7269c8bede826", kill_on_drop: false }`
[INFO] [stderr]    Compiling minigrep_tutorials_20231109 v0.1.0 (/opt/rustwide/workdir)
[INFO] [stderr]     Finished test [unoptimized + debuginfo] target(s) in 0.23s
[INFO] running `Command { std: "docker" "inspect" "83e55154b80c33f6be7d18f772bf79d8a2420291d0ddd815a9f7269c8bede826", kill_on_drop: false }`
[INFO] running `Command { std: "docker" "rm" "-f" "83e55154b80c33f6be7d18f772bf79d8a2420291d0ddd815a9f7269c8bede826", kill_on_drop: false }`
[INFO] [stdout] 83e55154b80c33f6be7d18f772bf79d8a2420291d0ddd815a9f7269c8bede826
[INFO] running `Command { std: "docker" "create" "-v" "/var/lib/crater-agent-workspace/builds/worker-1-tc1/target:/opt/rustwide/target:rw,Z" "-v" "/var/lib/crater-agent-workspace/builds/worker-1-tc1/source:/opt/rustwide/workdir:ro,Z" "-v" "/var/lib/crater-agent-workspace/cargo-home:/opt/rustwide/cargo-home:ro,Z" "-v" "/var/lib/crater-agent-workspace/rustup-home:/opt/rustwide/rustup-home:ro,Z" "-e" "SOURCE_DIR=/opt/rustwide/workdir" "-e" "CARGO_TARGET_DIR=/opt/rustwide/target" "-e" "CARGO_INCREMENTAL=0" "-e" "RUST_BACKTRACE=full" "-e" "RUSTFLAGS=--cap-lints=warn" "-e" "RUSTDOCFLAGS=--cap-lints=warn" "-e" "CARGO_HOME=/opt/rustwide/cargo-home" "-e" "RUSTUP_HOME=/opt/rustwide/rustup-home" "-w" "/opt/rustwide/workdir" "-m" "1610612736" "--user" "0:0" "--network" "none" "ghcr.io/rust-lang/crates-build-env/linux@sha256:2788e3201cd34a07e3172128adcd8b3090168a8e3bcc40d7c032b9dda1df7d1c" "/opt/rustwide/cargo-home/bin/cargo" "+1.75.0" "test" "--frozen", kill_on_drop: false }`
[INFO] [stdout] d858ed5915989c394dd9d85e60eff1493696b0b884a9e87d4b064873e417f585
[INFO] running `Command { std: "docker" "start" "-a" "d858ed5915989c394dd9d85e60eff1493696b0b884a9e87d4b064873e417f585", kill_on_drop: false }`
[INFO] [stderr]     Finished test [unoptimized + debuginfo] target(s) in 0.00s
[INFO] [stderr]      Running unittests src/lib.rs (/opt/rustwide/target/debug/deps/minigrep_tutorials_20231109-17742740dfd02e9d)
[INFO] [stdout] 
[INFO] [stdout] running 2 tests
[INFO] [stdout] test tests::case_insensitive ... ok
[INFO] [stdout] test tests::case_sensitive ... ok
[INFO] [stdout] 
[INFO] [stdout] test result: ok. 2 passed; 0 failed; 0 ignored; 0 measured; 0 filtered out; finished in 0.00s
[INFO] [stdout] 
[INFO] [stderr]      Running unittests src/main.rs (/opt/rustwide/target/debug/deps/minigrep_tutorials_20231109-c57cb954ced186ae)
[INFO] [stdout] 
[INFO] [stdout] running 0 tests
[INFO] [stdout] 
[INFO] [stdout] test result: ok. 0 passed; 0 failed; 0 ignored; 0 measured; 0 filtered out; finished in 0.00s
[INFO] [stdout] 
[INFO] [stderr]    Doc-tests minigrep_tutorials_20231109
[INFO] [stdout] 
[INFO] [stdout] running 1 test
[INFO] [stdout] test src/lib.rs - run (line 12) ... FAILED
[INFO] [stdout] 
[INFO] [stdout] failures:
[INFO] [stdout] 
[INFO] [stdout] ---- src/lib.rs - run (line 12) stdout ----
[INFO] [stdout] error: expected one of `!`, `.`, `::`, `;`, `?`, `{`, `}`, or an operator, found `run`
[INFO] [stdout]  --> src/lib.rs:13:7
[INFO] [stdout]   |
[INFO] [stdout] 3 | cargo run hel poem.txt
[INFO] [stdout]   |       ^^^ expected one of 8 possible tokens
[INFO] [stdout] 
[INFO] [stdout] error: aborting due to previous error
[INFO] [stdout] 
[INFO] [stdout] Couldn't compile the test.
[INFO] [stdout] 
[INFO] [stdout] failures:
[INFO] [stdout]     src/lib.rs - run (line 12)
[INFO] [stdout] 
[INFO] [stdout] test result: FAILED. 0 passed; 1 failed; 0 ignored; 0 measured; 0 filtered out; finished in 0.02s
[INFO] [stdout] 
[INFO] [stderr] error: doctest failed, to rerun pass `--doc`
[INFO] running `Command { std: "docker" "inspect" "d858ed5915989c394dd9d85e60eff1493696b0b884a9e87d4b064873e417f585", kill_on_drop: false }`
[INFO] running `Command { std: "docker" "rm" "-f" "d858ed5915989c394dd9d85e60eff1493696b0b884a9e87d4b064873e417f585", kill_on_drop: false }`
[INFO] [stdout] d858ed5915989c394dd9d85e60eff1493696b0b884a9e87d4b064873e417f585
[INFO] testing minigrep_tutorials_20231109-0.1.0 against beta-2023-12-22 for beta-1.76-1
[INFO] extracting crate minigrep_tutorials_20231109 0.1.0 into /workspace/builds/worker-1-tc2/source
[INFO] validating manifest of crates.io crate minigrep_tutorials_20231109 0.1.0 on toolchain beta-2023-12-22
[INFO] running `Command { std: CARGO_HOME="/workspace/cargo-home" RUSTUP_HOME="/workspace/rustup-home" "/workspace/cargo-home/bin/cargo" "+beta-2023-12-22" "metadata" "--manifest-path" "Cargo.toml" "--no-deps", kill_on_drop: false }`
[INFO] started tweaking crates.io crate minigrep_tutorials_20231109 0.1.0
[INFO] finished tweaking crates.io crate minigrep_tutorials_20231109 0.1.0
[INFO] tweaked toml for crates.io crate minigrep_tutorials_20231109 0.1.0 written to /workspace/builds/worker-1-tc2/source/Cargo.toml
[INFO] crate crates.io crate minigrep_tutorials_20231109 0.1.0 already has a lockfile, it will not be regenerated
[INFO] running `Command { std: CARGO_HOME="/workspace/cargo-home" RUSTUP_HOME="/workspace/rustup-home" "/workspace/cargo-home/bin/cargo" "+beta-2023-12-22" "fetch" "--manifest-path" "Cargo.toml", kill_on_drop: false }`
[INFO] running `Command { std: "docker" "create" "-v" "/var/lib/crater-agent-workspace/builds/worker-1-tc2/target:/opt/rustwide/target:rw,Z" "-v" "/var/lib/crater-agent-workspace/builds/worker-1-tc2/source:/opt/rustwide/workdir:ro,Z" "-v" "/var/lib/crater-agent-workspace/cargo-home:/opt/rustwide/cargo-home:ro,Z" "-v" "/var/lib/crater-agent-workspace/rustup-home:/opt/rustwide/rustup-home:ro,Z" "-e" "SOURCE_DIR=/opt/rustwide/workdir" "-e" "CARGO_TARGET_DIR=/opt/rustwide/target" "-e" "CARGO_HOME=/opt/rustwide/cargo-home" "-e" "RUSTUP_HOME=/opt/rustwide/rustup-home" "-w" "/opt/rustwide/workdir" "-m" "1610612736" "--user" "0:0" "--network" "none" "ghcr.io/rust-lang/crates-build-env/linux@sha256:2788e3201cd34a07e3172128adcd8b3090168a8e3bcc40d7c032b9dda1df7d1c" "/opt/rustwide/cargo-home/bin/cargo" "+beta-2023-12-22" "metadata" "--no-deps" "--format-version=1", kill_on_drop: false }`
[INFO] [stdout] eca186eaff90242d83661354922ef01d606c15bbb157069b6900bedb6749b950
[INFO] running `Command { std: "docker" "start" "-a" "eca186eaff90242d83661354922ef01d606c15bbb157069b6900bedb6749b950", kill_on_drop: false }`
[INFO] running `Command { std: "docker" "inspect" "eca186eaff90242d83661354922ef01d606c15bbb157069b6900bedb6749b950", kill_on_drop: false }`
[INFO] running `Command { std: "docker" "rm" "-f" "eca186eaff90242d83661354922ef01d606c15bbb157069b6900bedb6749b950", kill_on_drop: false }`
[INFO] [stdout] eca186eaff90242d83661354922ef01d606c15bbb157069b6900bedb6749b950
[INFO] running `Command { std: "docker" "create" "-v" "/var/lib/crater-agent-workspace/builds/worker-1-tc2/target:/opt/rustwide/target:rw,Z" "-v" "/var/lib/crater-agent-workspace/builds/worker-1-tc2/source:/opt/rustwide/workdir:ro,Z" "-v" "/var/lib/crater-agent-workspace/cargo-home:/opt/rustwide/cargo-home:ro,Z" "-v" "/var/lib/crater-agent-workspace/rustup-home:/opt/rustwide/rustup-home:ro,Z" "-e" "SOURCE_DIR=/opt/rustwide/workdir" "-e" "CARGO_TARGET_DIR=/opt/rustwide/target" "-e" "CARGO_INCREMENTAL=0" "-e" "RUST_BACKTRACE=full" "-e" "RUSTFLAGS=--cap-lints=warn" "-e" "RUSTDOCFLAGS=--cap-lints=warn" "-e" "CARGO_HOME=/opt/rustwide/cargo-home" "-e" "RUSTUP_HOME=/opt/rustwide/rustup-home" "-w" "/opt/rustwide/workdir" "-m" "1610612736" "--user" "0:0" "--network" "none" "ghcr.io/rust-lang/crates-build-env/linux@sha256:2788e3201cd34a07e3172128adcd8b3090168a8e3bcc40d7c032b9dda1df7d1c" "/opt/rustwide/cargo-home/bin/cargo" "+beta-2023-12-22" "build" "--frozen" "--message-format=json", kill_on_drop: false }`
[INFO] [stdout] f539d32de558c528f0752f83d74f688d28f3d700ef6d8b691cee2a5ec8212585
[INFO] running `Command { std: "docker" "start" "-a" "f539d32de558c528f0752f83d74f688d28f3d700ef6d8b691cee2a5ec8212585", kill_on_drop: false }`
[INFO] [stderr]    Compiling minigrep_tutorials_20231109 v0.1.0 (/opt/rustwide/workdir)
[INFO] [stderr]     Finished dev [unoptimized + debuginfo] target(s) in 0.24s
[INFO] running `Command { std: "docker" "inspect" "f539d32de558c528f0752f83d74f688d28f3d700ef6d8b691cee2a5ec8212585", kill_on_drop: false }`
[INFO] running `Command { std: "docker" "rm" "-f" "f539d32de558c528f0752f83d74f688d28f3d700ef6d8b691cee2a5ec8212585", kill_on_drop: false }`
[INFO] [stdout] f539d32de558c528f0752f83d74f688d28f3d700ef6d8b691cee2a5ec8212585
[INFO] running `Command { std: "docker" "create" "-v" "/var/lib/crater-agent-workspace/builds/worker-1-tc2/target:/opt/rustwide/target:rw,Z" "-v" "/var/lib/crater-agent-workspace/builds/worker-1-tc2/source:/opt/rustwide/workdir:ro,Z" "-v" "/var/lib/crater-agent-workspace/cargo-home:/opt/rustwide/cargo-home:ro,Z" "-v" "/var/lib/crater-agent-workspace/rustup-home:/opt/rustwide/rustup-home:ro,Z" "-e" "SOURCE_DIR=/opt/rustwide/workdir" "-e" "CARGO_TARGET_DIR=/opt/rustwide/target" "-e" "CARGO_INCREMENTAL=0" "-e" "RUST_BACKTRACE=full" "-e" "RUSTFLAGS=--cap-lints=warn" "-e" "RUSTDOCFLAGS=--cap-lints=warn" "-e" "CARGO_HOME=/opt/rustwide/cargo-home" "-e" "RUSTUP_HOME=/opt/rustwide/rustup-home" "-w" "/opt/rustwide/workdir" "-m" "1610612736" "--user" "0:0" "--network" "none" "ghcr.io/rust-lang/crates-build-env/linux@sha256:2788e3201cd34a07e3172128adcd8b3090168a8e3bcc40d7c032b9dda1df7d1c" "/opt/rustwide/cargo-home/bin/cargo" "+beta-2023-12-22" "test" "--frozen" "--no-run" "--message-format=json", kill_on_drop: false }`
[INFO] [stdout] 1e0458d65e63ee4a942f25f11785e88da9b5275aac7795c20fde9db64770ba1f
[INFO] running `Command { std: "docker" "start" "-a" "1e0458d65e63ee4a942f25f11785e88da9b5275aac7795c20fde9db64770ba1f", kill_on_drop: false }`
[INFO] [stderr]    Compiling minigrep_tutorials_20231109 v0.1.0 (/opt/rustwide/workdir)
[INFO] [stderr]     Finished test [unoptimized + debuginfo] target(s) in 0.23s
[INFO] running `Command { std: "docker" "inspect" "1e0458d65e63ee4a942f25f11785e88da9b5275aac7795c20fde9db64770ba1f", kill_on_drop: false }`
[INFO] running `Command { std: "docker" "rm" "-f" "1e0458d65e63ee4a942f25f11785e88da9b5275aac7795c20fde9db64770ba1f", kill_on_drop: false }`
[INFO] [stdout] 1e0458d65e63ee4a942f25f11785e88da9b5275aac7795c20fde9db64770ba1f
[INFO] running `Command { std: "docker" "create" "-v" "/var/lib/crater-agent-workspace/builds/worker-1-tc2/target:/opt/rustwide/target:rw,Z" "-v" "/var/lib/crater-agent-workspace/builds/worker-1-tc2/source:/opt/rustwide/workdir:ro,Z" "-v" "/var/lib/crater-agent-workspace/cargo-home:/opt/rustwide/cargo-home:ro,Z" "-v" "/var/lib/crater-agent-workspace/rustup-home:/opt/rustwide/rustup-home:ro,Z" "-e" "SOURCE_DIR=/opt/rustwide/workdir" "-e" "CARGO_TARGET_DIR=/opt/rustwide/target" "-e" "CARGO_INCREMENTAL=0" "-e" "RUST_BACKTRACE=full" "-e" "RUSTFLAGS=--cap-lints=warn" "-e" "RUSTDOCFLAGS=--cap-lints=warn" "-e" "CARGO_HOME=/opt/rustwide/cargo-home" "-e" "RUSTUP_HOME=/opt/rustwide/rustup-home" "-w" "/opt/rustwide/workdir" "-m" "1610612736" "--user" "0:0" "--network" "none" "ghcr.io/rust-lang/crates-build-env/linux@sha256:2788e3201cd34a07e3172128adcd8b3090168a8e3bcc40d7c032b9dda1df7d1c" "/opt/rustwide/cargo-home/bin/cargo" "+beta-2023-12-22" "test" "--frozen", kill_on_drop: false }`
[INFO] [stdout] a83a48328b2e59c2db0c103d322717f01958664fe7a7f4f43ff57a3b36fe7ec3
[INFO] running `Command { std: "docker" "start" "-a" "a83a48328b2e59c2db0c103d322717f01958664fe7a7f4f43ff57a3b36fe7ec3", kill_on_drop: false }`
[INFO] [stderr]     Finished test [unoptimized + debuginfo] target(s) in 0.00s
[INFO] [stderr]      Running unittests src/lib.rs (/opt/rustwide/target/debug/deps/minigrep_tutorials_20231109-56353f459947da6f)
[INFO] [stdout] 
[INFO] [stdout] running 2 tests
[INFO] [stdout] test tests::case_insensitive ... ok
[INFO] [stdout] test tests::case_sensitive ... ok
[INFO] [stdout] 
[INFO] [stdout] test result: ok. 2 passed; 0 failed; 0 ignored; 0 measured; 0 filtered out; finished in 0.00s
[INFO] [stdout] 
[INFO] [stderr]      Running unittests src/main.rs (/opt/rustwide/target/debug/deps/minigrep_tutorials_20231109-32cc5568544bf45f)
[INFO] [stdout] 
[INFO] [stdout] running 0 tests
[INFO] [stdout] 
[INFO] [stdout] test result: ok. 0 passed; 0 failed; 0 ignored; 0 measured; 0 filtered out; finished in 0.00s
[INFO] [stdout] 
[INFO] [stderr]    Doc-tests minigrep_tutorials_20231109
[INFO] [stdout] 
[INFO] [stdout] running 1 test
[INFO] [stdout] test src/lib.rs - run (line 12) ... FAILED
[INFO] [stdout] 
[INFO] [stdout] failures:
[INFO] [stdout] 
[INFO] [stdout] ---- src/lib.rs - run (line 12) stdout ----
[INFO] [stdout] error: expected one of `!`, `.`, `::`, `;`, `?`, `{`, `}`, or an operator, found `run`
[INFO] [stdout]  --> src/lib.rs:13:7
[INFO] [stdout]   |
[INFO] [stdout] 3 | cargo run hel poem.txt
[INFO] [stdout]   |       ^^^ expected one of 8 possible tokens
[INFO] [stdout] 
[INFO] [stdout] error: aborting due to 1 previous error
[INFO] [stdout] 
[INFO] [stdout] Couldn't compile the test.
[INFO] [stdout] 
[INFO] [stdout] failures:
[INFO] [stdout]     src/lib.rs - run (line 12)
[INFO] [stdout] 
[INFO] [stdout] test result: FAILED. 0 passed; 1 failed; 0 ignored; 0 measured; 0 filtered out; finished in 0.02s
[INFO] [stdout] 
[INFO] [stderr] error: doctest failed, to rerun pass `--doc`
[INFO] running `Command { std: "docker" "inspect" "a83a48328b2e59c2db0c103d322717f01958664fe7a7f4f43ff57a3b36fe7ec3", kill_on_drop: false }`
[INFO] running `Command { std: "docker" "rm" "-f" "a83a48328b2e59c2db0c103d322717f01958664fe7a7f4f43ff57a3b36fe7ec3", kill_on_drop: false }`
[INFO] [stdout] a83a48328b2e59c2db0c103d322717f01958664fe7a7f4f43ff57a3b36fe7ec3
