[INFO] fetching crate minigrep_najeeb 0.1.0...
[INFO] testing minigrep_najeeb-0.1.0 against 1.75.0 for beta-1.76-1
[INFO] extracting crate minigrep_najeeb 0.1.0 into /workspace/builds/worker-3-tc1/source
[INFO] validating manifest of crates.io crate minigrep_najeeb 0.1.0 on toolchain 1.75.0
[INFO] running `Command { std: CARGO_HOME="/workspace/cargo-home" RUSTUP_HOME="/workspace/rustup-home" "/workspace/cargo-home/bin/cargo" "+1.75.0" "metadata" "--manifest-path" "Cargo.toml" "--no-deps", kill_on_drop: false }`
[INFO] started tweaking crates.io crate minigrep_najeeb 0.1.0
[INFO] finished tweaking crates.io crate minigrep_najeeb 0.1.0
[INFO] tweaked toml for crates.io crate minigrep_najeeb 0.1.0 written to /workspace/builds/worker-3-tc1/source/Cargo.toml
[INFO] crate crates.io crate minigrep_najeeb 0.1.0 already has a lockfile, it will not be regenerated
[INFO] running `Command { std: CARGO_HOME="/workspace/cargo-home" RUSTUP_HOME="/workspace/rustup-home" "/workspace/cargo-home/bin/cargo" "+1.75.0" "fetch" "--manifest-path" "Cargo.toml", kill_on_drop: false }`
[INFO] running `Command { std: "docker" "create" "-v" "/var/lib/crater-agent-workspace/builds/worker-3-tc1/target:/opt/rustwide/target:rw,Z" "-v" "/var/lib/crater-agent-workspace/builds/worker-3-tc1/source:/opt/rustwide/workdir:ro,Z" "-v" "/var/lib/crater-agent-workspace/cargo-home:/opt/rustwide/cargo-home:ro,Z" "-v" "/var/lib/crater-agent-workspace/rustup-home:/opt/rustwide/rustup-home:ro,Z" "-e" "SOURCE_DIR=/opt/rustwide/workdir" "-e" "CARGO_TARGET_DIR=/opt/rustwide/target" "-e" "CARGO_HOME=/opt/rustwide/cargo-home" "-e" "RUSTUP_HOME=/opt/rustwide/rustup-home" "-w" "/opt/rustwide/workdir" "-m" "1610612736" "--user" "0:0" "--network" "none" "ghcr.io/rust-lang/crates-build-env/linux@sha256:2788e3201cd34a07e3172128adcd8b3090168a8e3bcc40d7c032b9dda1df7d1c" "/opt/rustwide/cargo-home/bin/cargo" "+1.75.0" "metadata" "--no-deps" "--format-version=1", kill_on_drop: false }`
[INFO] [stdout] 112b9220d57fbd669411ab3aceb812687da6aba700ef9a11950e82e849883081
[INFO] running `Command { std: "docker" "start" "-a" "112b9220d57fbd669411ab3aceb812687da6aba700ef9a11950e82e849883081", kill_on_drop: false }`
[INFO] running `Command { std: "docker" "inspect" "112b9220d57fbd669411ab3aceb812687da6aba700ef9a11950e82e849883081", kill_on_drop: false }`
[INFO] running `Command { std: "docker" "rm" "-f" "112b9220d57fbd669411ab3aceb812687da6aba700ef9a11950e82e849883081", kill_on_drop: false }`
[INFO] [stdout] 112b9220d57fbd669411ab3aceb812687da6aba700ef9a11950e82e849883081
[INFO] running `Command { std: "docker" "create" "-v" "/var/lib/crater-agent-workspace/builds/worker-3-tc1/target:/opt/rustwide/target:rw,Z" "-v" "/var/lib/crater-agent-workspace/builds/worker-3-tc1/source:/opt/rustwide/workdir:ro,Z" "-v" "/var/lib/crater-agent-workspace/cargo-home:/opt/rustwide/cargo-home:ro,Z" "-v" "/var/lib/crater-agent-workspace/rustup-home:/opt/rustwide/rustup-home:ro,Z" "-e" "SOURCE_DIR=/opt/rustwide/workdir" "-e" "CARGO_TARGET_DIR=/opt/rustwide/target" "-e" "CARGO_INCREMENTAL=0" "-e" "RUST_BACKTRACE=full" "-e" "RUSTFLAGS=--cap-lints=warn" "-e" "RUSTDOCFLAGS=--cap-lints=warn" "-e" "CARGO_HOME=/opt/rustwide/cargo-home" "-e" "RUSTUP_HOME=/opt/rustwide/rustup-home" "-w" "/opt/rustwide/workdir" "-m" "1610612736" "--user" "0:0" "--network" "none" "ghcr.io/rust-lang/crates-build-env/linux@sha256:2788e3201cd34a07e3172128adcd8b3090168a8e3bcc40d7c032b9dda1df7d1c" "/opt/rustwide/cargo-home/bin/cargo" "+1.75.0" "build" "--frozen" "--message-format=json", kill_on_drop: false }`
[INFO] [stdout] 73ab84a2ec9b7b8fce59af19c78a1b9220b54c66c55b94c221da98da0a57fd56
[INFO] running `Command { std: "docker" "start" "-a" "73ab84a2ec9b7b8fce59af19c78a1b9220b54c66c55b94c221da98da0a57fd56", kill_on_drop: false }`
[INFO] [stderr]    Compiling minigrep_najeeb v0.1.0 (/opt/rustwide/workdir)
[INFO] [stderr]     Finished dev [unoptimized + debuginfo] target(s) in 0.29s
[INFO] running `Command { std: "docker" "inspect" "73ab84a2ec9b7b8fce59af19c78a1b9220b54c66c55b94c221da98da0a57fd56", kill_on_drop: false }`
[INFO] running `Command { std: "docker" "rm" "-f" "73ab84a2ec9b7b8fce59af19c78a1b9220b54c66c55b94c221da98da0a57fd56", kill_on_drop: false }`
[INFO] [stdout] 73ab84a2ec9b7b8fce59af19c78a1b9220b54c66c55b94c221da98da0a57fd56
[INFO] running `Command { std: "docker" "create" "-v" "/var/lib/crater-agent-workspace/builds/worker-3-tc1/target:/opt/rustwide/target:rw,Z" "-v" "/var/lib/crater-agent-workspace/builds/worker-3-tc1/source:/opt/rustwide/workdir:ro,Z" "-v" "/var/lib/crater-agent-workspace/cargo-home:/opt/rustwide/cargo-home:ro,Z" "-v" "/var/lib/crater-agent-workspace/rustup-home:/opt/rustwide/rustup-home:ro,Z" "-e" "SOURCE_DIR=/opt/rustwide/workdir" "-e" "CARGO_TARGET_DIR=/opt/rustwide/target" "-e" "CARGO_INCREMENTAL=0" "-e" "RUST_BACKTRACE=full" "-e" "RUSTFLAGS=--cap-lints=warn" "-e" "RUSTDOCFLAGS=--cap-lints=warn" "-e" "CARGO_HOME=/opt/rustwide/cargo-home" "-e" "RUSTUP_HOME=/opt/rustwide/rustup-home" "-w" "/opt/rustwide/workdir" "-m" "1610612736" "--user" "0:0" "--network" "none" "ghcr.io/rust-lang/crates-build-env/linux@sha256:2788e3201cd34a07e3172128adcd8b3090168a8e3bcc40d7c032b9dda1df7d1c" "/opt/rustwide/cargo-home/bin/cargo" "+1.75.0" "test" "--frozen" "--no-run" "--message-format=json", kill_on_drop: false }`
[INFO] [stdout] 92903a2d643eb1e356d951205cf34fee6817842bf40f19f26ec17bccafae5acd
[INFO] running `Command { std: "docker" "start" "-a" "92903a2d643eb1e356d951205cf34fee6817842bf40f19f26ec17bccafae5acd", kill_on_drop: false }`
[INFO] [stderr]    Compiling minigrep_najeeb v0.1.0 (/opt/rustwide/workdir)
[INFO] [stderr]     Finished test [unoptimized + debuginfo] target(s) in 0.28s
[INFO] running `Command { std: "docker" "inspect" "92903a2d643eb1e356d951205cf34fee6817842bf40f19f26ec17bccafae5acd", kill_on_drop: false }`
[INFO] running `Command { std: "docker" "rm" "-f" "92903a2d643eb1e356d951205cf34fee6817842bf40f19f26ec17bccafae5acd", kill_on_drop: false }`
[INFO] [stdout] 92903a2d643eb1e356d951205cf34fee6817842bf40f19f26ec17bccafae5acd
[INFO] running `Command { std: "docker" "create" "-v" "/var/lib/crater-agent-workspace/builds/worker-3-tc1/target:/opt/rustwide/target:rw,Z" "-v" "/var/lib/crater-agent-workspace/builds/worker-3-tc1/source:/opt/rustwide/workdir:ro,Z" "-v" "/var/lib/crater-agent-workspace/cargo-home:/opt/rustwide/cargo-home:ro,Z" "-v" "/var/lib/crater-agent-workspace/rustup-home:/opt/rustwide/rustup-home:ro,Z" "-e" "SOURCE_DIR=/opt/rustwide/workdir" "-e" "CARGO_TARGET_DIR=/opt/rustwide/target" "-e" "CARGO_INCREMENTAL=0" "-e" "RUST_BACKTRACE=full" "-e" "RUSTFLAGS=--cap-lints=warn" "-e" "RUSTDOCFLAGS=--cap-lints=warn" "-e" "CARGO_HOME=/opt/rustwide/cargo-home" "-e" "RUSTUP_HOME=/opt/rustwide/rustup-home" "-w" "/opt/rustwide/workdir" "-m" "1610612736" "--user" "0:0" "--network" "none" "ghcr.io/rust-lang/crates-build-env/linux@sha256:2788e3201cd34a07e3172128adcd8b3090168a8e3bcc40d7c032b9dda1df7d1c" "/opt/rustwide/cargo-home/bin/cargo" "+1.75.0" "test" "--frozen", kill_on_drop: false }`
[INFO] [stdout] 48633aa735b0f1bd55f755ca207e0e9e211535ff43e4643b72495a6a68af9520
[INFO] running `Command { std: "docker" "start" "-a" "48633aa735b0f1bd55f755ca207e0e9e211535ff43e4643b72495a6a68af9520", kill_on_drop: false }`
[INFO] [stderr]     Finished test [unoptimized + debuginfo] target(s) in 0.00s
[INFO] [stderr]      Running unittests src/lib.rs (/opt/rustwide/target/debug/deps/minigrep_najeeb-3d3dc2f00fdabf07)
[INFO] [stdout] 
[INFO] [stdout] running 2 tests
[INFO] [stdout] test tests::case_insensitive ... ok
[INFO] [stdout] test tests::case_sensitive ... ok
[INFO] [stdout] 
[INFO] [stdout] test result: ok. 2 passed; 0 failed; 0 ignored; 0 measured; 0 filtered out; finished in 0.00s
[INFO] [stdout] 
[INFO] [stderr]      Running unittests src/main.rs (/opt/rustwide/target/debug/deps/minigrep_najeeb-3b57f6a6fe6af67f)
[INFO] [stdout] 
[INFO] [stdout] running 0 tests
[INFO] [stdout] 
[INFO] [stdout] test result: ok. 0 passed; 0 failed; 0 ignored; 0 measured; 0 filtered out; finished in 0.00s
[INFO] [stdout] 
[INFO] [stderr]    Doc-tests minigrep_najeeb
[INFO] [stdout] 
[INFO] [stdout] running 1 test
[INFO] [stdout] test src/lib.rs - search (line 10) ... FAILED
[INFO] [stdout] 
[INFO] [stdout] failures:
[INFO] [stdout] 
[INFO] [stdout] ---- src/lib.rs - search (line 10) stdout ----
[INFO] [stdout] error: unexpected end of macro invocation
[INFO] [stdout]  --> src/lib.rs:15:40
[INFO] [stdout]   |
[INFO] [stdout] 7 | assert_eq!(vec!["hello, world", result]);
[INFO] [stdout]   |                                        ^ missing tokens in macro arguments
[INFO] [stdout]   |
[INFO] [stdout] note: while trying to match `,`
[INFO] [stdout]  --> /rustc/82e1608dfa6e0b5569232559e3d385fea5a93112/library/core/src/macros/mod.rs:37:16
[INFO] [stdout] 
[INFO] [stdout] error[E0423]: expected value, found struct `String`
[INFO] [stdout]  --> src/lib.rs:11:13
[INFO] [stdout]   |
[INFO] [stdout] 3 | let query = String.from("hello");
[INFO] [stdout]   |             ^^^^^^- help: use the path separator to refer to an item: `::`
[INFO] [stdout] 
[INFO] [stdout] error[E0423]: expected value, found struct `String`
[INFO] [stdout]  --> src/lib.rs:12:16
[INFO] [stdout]   |
[INFO] [stdout] 4 | let contents = String.from("hello, world");
[INFO] [stdout]   |                ^^^^^^- help: use the path separator to refer to an item: `::`
[INFO] [stdout] 
[INFO] [stdout] error[E0425]: cannot find function `search` in this scope
[INFO] [stdout]  --> src/lib.rs:14:14
[INFO] [stdout]   |
[INFO] [stdout] 6 | let result = search(&query, &contents);
[INFO] [stdout]   |              ^^^^^^ not found in this scope
[INFO] [stdout]   |
[INFO] [stdout] help: consider importing this function
[INFO] [stdout]   |
[INFO] [stdout] 2 + use minigrep_najeeb::search;
[INFO] [stdout]   |
[INFO] [stdout] 
[INFO] [stdout] error: aborting due to 4 previous errors
[INFO] [stdout] 
[INFO] [stdout] Some errors have detailed explanations: E0423, E0425.
[INFO] [stdout] For more information about an error, try `rustc --explain E0423`.
[INFO] [stdout] Couldn't compile the test.
[INFO] [stdout] 
[INFO] [stdout] failures:
[INFO] [stdout]     src/lib.rs - search (line 10)
[INFO] [stdout] 
[INFO] [stdout] test result: FAILED. 0 passed; 1 failed; 0 ignored; 0 measured; 0 filtered out; finished in 0.05s
[INFO] [stdout] 
[INFO] [stderr] error: doctest failed, to rerun pass `--doc`
[INFO] running `Command { std: "docker" "inspect" "48633aa735b0f1bd55f755ca207e0e9e211535ff43e4643b72495a6a68af9520", kill_on_drop: false }`
[INFO] running `Command { std: "docker" "rm" "-f" "48633aa735b0f1bd55f755ca207e0e9e211535ff43e4643b72495a6a68af9520", kill_on_drop: false }`
[INFO] [stdout] 48633aa735b0f1bd55f755ca207e0e9e211535ff43e4643b72495a6a68af9520
