[INFO] fetching crate minigrep_ludicrous 0.1.0...
[INFO] testing minigrep_ludicrous-0.1.0 against 1.75.0 for beta-1.76-1
[INFO] extracting crate minigrep_ludicrous 0.1.0 into /workspace/builds/worker-1-tc1/source
[INFO] validating manifest of crates.io crate minigrep_ludicrous 0.1.0 on toolchain 1.75.0
[INFO] running `Command { std: CARGO_HOME="/workspace/cargo-home" RUSTUP_HOME="/workspace/rustup-home" "/workspace/cargo-home/bin/cargo" "+1.75.0" "metadata" "--manifest-path" "Cargo.toml" "--no-deps", kill_on_drop: false }`
[INFO] started tweaking crates.io crate minigrep_ludicrous 0.1.0
[INFO] finished tweaking crates.io crate minigrep_ludicrous 0.1.0
[INFO] tweaked toml for crates.io crate minigrep_ludicrous 0.1.0 written to /workspace/builds/worker-1-tc1/source/Cargo.toml
[INFO] crate crates.io crate minigrep_ludicrous 0.1.0 already has a lockfile, it will not be regenerated
[INFO] running `Command { std: CARGO_HOME="/workspace/cargo-home" RUSTUP_HOME="/workspace/rustup-home" "/workspace/cargo-home/bin/cargo" "+1.75.0" "fetch" "--manifest-path" "Cargo.toml", kill_on_drop: false }`
[INFO] running `Command { std: "docker" "create" "-v" "/var/lib/crater-agent-workspace/builds/worker-1-tc1/target:/opt/rustwide/target:rw,Z" "-v" "/var/lib/crater-agent-workspace/builds/worker-1-tc1/source:/opt/rustwide/workdir:ro,Z" "-v" "/var/lib/crater-agent-workspace/cargo-home:/opt/rustwide/cargo-home:ro,Z" "-v" "/var/lib/crater-agent-workspace/rustup-home:/opt/rustwide/rustup-home:ro,Z" "-e" "SOURCE_DIR=/opt/rustwide/workdir" "-e" "CARGO_TARGET_DIR=/opt/rustwide/target" "-e" "CARGO_HOME=/opt/rustwide/cargo-home" "-e" "RUSTUP_HOME=/opt/rustwide/rustup-home" "-w" "/opt/rustwide/workdir" "-m" "1610612736" "--user" "0:0" "--network" "none" "ghcr.io/rust-lang/crates-build-env/linux@sha256:2788e3201cd34a07e3172128adcd8b3090168a8e3bcc40d7c032b9dda1df7d1c" "/opt/rustwide/cargo-home/bin/cargo" "+1.75.0" "metadata" "--no-deps" "--format-version=1", kill_on_drop: false }`
[INFO] [stdout] 1f36f738a9fe95dddb409152decf501348884424a002b76f6160193ff9a385ef
[INFO] running `Command { std: "docker" "start" "-a" "1f36f738a9fe95dddb409152decf501348884424a002b76f6160193ff9a385ef", kill_on_drop: false }`
[INFO] running `Command { std: "docker" "inspect" "1f36f738a9fe95dddb409152decf501348884424a002b76f6160193ff9a385ef", kill_on_drop: false }`
[INFO] running `Command { std: "docker" "rm" "-f" "1f36f738a9fe95dddb409152decf501348884424a002b76f6160193ff9a385ef", kill_on_drop: false }`
[INFO] [stdout] 1f36f738a9fe95dddb409152decf501348884424a002b76f6160193ff9a385ef
[INFO] running `Command { std: "docker" "create" "-v" "/var/lib/crater-agent-workspace/builds/worker-1-tc1/target:/opt/rustwide/target:rw,Z" "-v" "/var/lib/crater-agent-workspace/builds/worker-1-tc1/source:/opt/rustwide/workdir:ro,Z" "-v" "/var/lib/crater-agent-workspace/cargo-home:/opt/rustwide/cargo-home:ro,Z" "-v" "/var/lib/crater-agent-workspace/rustup-home:/opt/rustwide/rustup-home:ro,Z" "-e" "SOURCE_DIR=/opt/rustwide/workdir" "-e" "CARGO_TARGET_DIR=/opt/rustwide/target" "-e" "CARGO_INCREMENTAL=0" "-e" "RUST_BACKTRACE=full" "-e" "RUSTFLAGS=--cap-lints=warn" "-e" "RUSTDOCFLAGS=--cap-lints=warn" "-e" "CARGO_HOME=/opt/rustwide/cargo-home" "-e" "RUSTUP_HOME=/opt/rustwide/rustup-home" "-w" "/opt/rustwide/workdir" "-m" "1610612736" "--user" "0:0" "--network" "none" "ghcr.io/rust-lang/crates-build-env/linux@sha256:2788e3201cd34a07e3172128adcd8b3090168a8e3bcc40d7c032b9dda1df7d1c" "/opt/rustwide/cargo-home/bin/cargo" "+1.75.0" "build" "--frozen" "--message-format=json", kill_on_drop: false }`
[INFO] [stdout] 0b07688d00681fab89b28564751ef12bbbc0968e97d120f24b1552133f0ff094
[INFO] running `Command { std: "docker" "start" "-a" "0b07688d00681fab89b28564751ef12bbbc0968e97d120f24b1552133f0ff094", kill_on_drop: false }`
[INFO] [stderr]    Compiling minigrep_ludicrous v0.1.0 (/opt/rustwide/workdir)
[INFO] [stderr]     Finished dev [optimized + debuginfo] target(s) in 0.60s
[INFO] running `Command { std: "docker" "inspect" "0b07688d00681fab89b28564751ef12bbbc0968e97d120f24b1552133f0ff094", kill_on_drop: false }`
[INFO] running `Command { std: "docker" "rm" "-f" "0b07688d00681fab89b28564751ef12bbbc0968e97d120f24b1552133f0ff094", kill_on_drop: false }`
[INFO] [stdout] 0b07688d00681fab89b28564751ef12bbbc0968e97d120f24b1552133f0ff094
[INFO] running `Command { std: "docker" "create" "-v" "/var/lib/crater-agent-workspace/builds/worker-1-tc1/target:/opt/rustwide/target:rw,Z" "-v" "/var/lib/crater-agent-workspace/builds/worker-1-tc1/source:/opt/rustwide/workdir:ro,Z" "-v" "/var/lib/crater-agent-workspace/cargo-home:/opt/rustwide/cargo-home:ro,Z" "-v" "/var/lib/crater-agent-workspace/rustup-home:/opt/rustwide/rustup-home:ro,Z" "-e" "SOURCE_DIR=/opt/rustwide/workdir" "-e" "CARGO_TARGET_DIR=/opt/rustwide/target" "-e" "CARGO_INCREMENTAL=0" "-e" "RUST_BACKTRACE=full" "-e" "RUSTFLAGS=--cap-lints=warn" "-e" "RUSTDOCFLAGS=--cap-lints=warn" "-e" "CARGO_HOME=/opt/rustwide/cargo-home" "-e" "RUSTUP_HOME=/opt/rustwide/rustup-home" "-w" "/opt/rustwide/workdir" "-m" "1610612736" "--user" "0:0" "--network" "none" "ghcr.io/rust-lang/crates-build-env/linux@sha256:2788e3201cd34a07e3172128adcd8b3090168a8e3bcc40d7c032b9dda1df7d1c" "/opt/rustwide/cargo-home/bin/cargo" "+1.75.0" "test" "--frozen" "--no-run" "--message-format=json", kill_on_drop: false }`
[INFO] [stdout] bb2d771458f3b43f45343ed3caa78b96f0eeb8b5b3f66b1036c5309549a70c52
[INFO] running `Command { std: "docker" "start" "-a" "bb2d771458f3b43f45343ed3caa78b96f0eeb8b5b3f66b1036c5309549a70c52", kill_on_drop: false }`
[INFO] [stderr]    Compiling minigrep_ludicrous v0.1.0 (/opt/rustwide/workdir)
[INFO] [stderr]     Finished test [optimized + debuginfo] target(s) in 0.36s
[INFO] running `Command { std: "docker" "inspect" "bb2d771458f3b43f45343ed3caa78b96f0eeb8b5b3f66b1036c5309549a70c52", kill_on_drop: false }`
[INFO] running `Command { std: "docker" "rm" "-f" "bb2d771458f3b43f45343ed3caa78b96f0eeb8b5b3f66b1036c5309549a70c52", kill_on_drop: false }`
[INFO] [stdout] bb2d771458f3b43f45343ed3caa78b96f0eeb8b5b3f66b1036c5309549a70c52
[INFO] running `Command { std: "docker" "create" "-v" "/var/lib/crater-agent-workspace/builds/worker-1-tc1/target:/opt/rustwide/target:rw,Z" "-v" "/var/lib/crater-agent-workspace/builds/worker-1-tc1/source:/opt/rustwide/workdir:ro,Z" "-v" "/var/lib/crater-agent-workspace/cargo-home:/opt/rustwide/cargo-home:ro,Z" "-v" "/var/lib/crater-agent-workspace/rustup-home:/opt/rustwide/rustup-home:ro,Z" "-e" "SOURCE_DIR=/opt/rustwide/workdir" "-e" "CARGO_TARGET_DIR=/opt/rustwide/target" "-e" "CARGO_INCREMENTAL=0" "-e" "RUST_BACKTRACE=full" "-e" "RUSTFLAGS=--cap-lints=warn" "-e" "RUSTDOCFLAGS=--cap-lints=warn" "-e" "CARGO_HOME=/opt/rustwide/cargo-home" "-e" "RUSTUP_HOME=/opt/rustwide/rustup-home" "-w" "/opt/rustwide/workdir" "-m" "1610612736" "--user" "0:0" "--network" "none" "ghcr.io/rust-lang/crates-build-env/linux@sha256:2788e3201cd34a07e3172128adcd8b3090168a8e3bcc40d7c032b9dda1df7d1c" "/opt/rustwide/cargo-home/bin/cargo" "+1.75.0" "test" "--frozen", kill_on_drop: false }`
[INFO] [stdout] fd091e070a99da31e1f98657f6755154b5b4d28cbf35309310efb718ca769090
[INFO] running `Command { std: "docker" "start" "-a" "fd091e070a99da31e1f98657f6755154b5b4d28cbf35309310efb718ca769090", kill_on_drop: false }`
[INFO] [stderr]     Finished test [optimized + debuginfo] target(s) in 0.00s
[INFO] [stderr]      Running unittests src/lib.rs (/opt/rustwide/target/debug/deps/minigrep_ludicrous-7c56ce58f94277bf)
[INFO] [stdout] 
[INFO] [stdout] running 2 tests
[INFO] [stdout] test tests::case_insensitive ... ok
[INFO] [stdout] test tests::case_sensitive ... ok
[INFO] [stdout] 
[INFO] [stdout] test result: ok. 2 passed; 0 failed; 0 ignored; 0 measured; 0 filtered out; finished in 0.00s
[INFO] [stdout] 
[INFO] [stderr]      Running unittests src/main.rs (/opt/rustwide/target/debug/deps/minigrep_ludicrous-9f5f169748fb894a)
[INFO] [stdout] 
[INFO] [stdout] running 0 tests
[INFO] [stdout] 
[INFO] [stdout] test result: ok. 0 passed; 0 failed; 0 ignored; 0 measured; 0 filtered out; finished in 0.00s
[INFO] [stdout] 
[INFO] [stderr]    Doc-tests minigrep_ludicrous
[INFO] [stdout] 
[INFO] [stdout] running 1 test
[INFO] [stdout] test src/lib.rs - add_one (line 116) ... FAILED
[INFO] [stdout] 
[INFO] [stdout] failures:
[INFO] [stdout] 
[INFO] [stdout] ---- src/lib.rs - add_one (line 116) stdout ----
[INFO] [stdout] error[E0433]: failed to resolve: use of undeclared crate or module `minigrep`
[INFO] [stdout]  --> src/lib.rs:118:14
[INFO] [stdout]   |
[INFO] [stdout] 4 | let answer = minigrep::add_one(arg);
[INFO] [stdout]   |              ^^^^^^^^ use of undeclared crate or module `minigrep`
[INFO] [stdout] 
[INFO] [stdout] error: aborting due to previous error
[INFO] [stdout] 
[INFO] [stdout] For more information about this error, try `rustc --explain E0433`.
[INFO] [stdout] Couldn't compile the test.
[INFO] [stdout] 
[INFO] [stdout] failures:
[INFO] [stdout]     src/lib.rs - add_one (line 116)
[INFO] [stdout] 
[INFO] [stdout] test result: FAILED. 0 passed; 1 failed; 0 ignored; 0 measured; 0 filtered out; finished in 0.20s
[INFO] [stdout] 
[INFO] [stderr] error: doctest failed, to rerun pass `--doc`
[INFO] running `Command { std: "docker" "inspect" "fd091e070a99da31e1f98657f6755154b5b4d28cbf35309310efb718ca769090", kill_on_drop: false }`
[INFO] running `Command { std: "docker" "rm" "-f" "fd091e070a99da31e1f98657f6755154b5b4d28cbf35309310efb718ca769090", kill_on_drop: false }`
[INFO] [stdout] fd091e070a99da31e1f98657f6755154b5b4d28cbf35309310efb718ca769090
[INFO] testing minigrep_ludicrous-0.1.0 against beta-2023-12-22 for beta-1.76-1
[INFO] extracting crate minigrep_ludicrous 0.1.0 into /workspace/builds/worker-1-tc2/source
[INFO] validating manifest of crates.io crate minigrep_ludicrous 0.1.0 on toolchain beta-2023-12-22
[INFO] running `Command { std: CARGO_HOME="/workspace/cargo-home" RUSTUP_HOME="/workspace/rustup-home" "/workspace/cargo-home/bin/cargo" "+beta-2023-12-22" "metadata" "--manifest-path" "Cargo.toml" "--no-deps", kill_on_drop: false }`
[INFO] started tweaking crates.io crate minigrep_ludicrous 0.1.0
[INFO] finished tweaking crates.io crate minigrep_ludicrous 0.1.0
[INFO] tweaked toml for crates.io crate minigrep_ludicrous 0.1.0 written to /workspace/builds/worker-1-tc2/source/Cargo.toml
[INFO] crate crates.io crate minigrep_ludicrous 0.1.0 already has a lockfile, it will not be regenerated
[INFO] running `Command { std: CARGO_HOME="/workspace/cargo-home" RUSTUP_HOME="/workspace/rustup-home" "/workspace/cargo-home/bin/cargo" "+beta-2023-12-22" "fetch" "--manifest-path" "Cargo.toml", kill_on_drop: false }`
[INFO] running `Command { std: "docker" "create" "-v" "/var/lib/crater-agent-workspace/builds/worker-1-tc2/target:/opt/rustwide/target:rw,Z" "-v" "/var/lib/crater-agent-workspace/builds/worker-1-tc2/source:/opt/rustwide/workdir:ro,Z" "-v" "/var/lib/crater-agent-workspace/cargo-home:/opt/rustwide/cargo-home:ro,Z" "-v" "/var/lib/crater-agent-workspace/rustup-home:/opt/rustwide/rustup-home:ro,Z" "-e" "SOURCE_DIR=/opt/rustwide/workdir" "-e" "CARGO_TARGET_DIR=/opt/rustwide/target" "-e" "CARGO_HOME=/opt/rustwide/cargo-home" "-e" "RUSTUP_HOME=/opt/rustwide/rustup-home" "-w" "/opt/rustwide/workdir" "-m" "1610612736" "--user" "0:0" "--network" "none" "ghcr.io/rust-lang/crates-build-env/linux@sha256:2788e3201cd34a07e3172128adcd8b3090168a8e3bcc40d7c032b9dda1df7d1c" "/opt/rustwide/cargo-home/bin/cargo" "+beta-2023-12-22" "metadata" "--no-deps" "--format-version=1", kill_on_drop: false }`
[INFO] [stdout] d13400094575c8af4b6b6e68374e1c3e49b548336026d1ae51bd9cb08cc37106
[INFO] running `Command { std: "docker" "start" "-a" "d13400094575c8af4b6b6e68374e1c3e49b548336026d1ae51bd9cb08cc37106", kill_on_drop: false }`
[INFO] running `Command { std: "docker" "inspect" "d13400094575c8af4b6b6e68374e1c3e49b548336026d1ae51bd9cb08cc37106", kill_on_drop: false }`
[INFO] running `Command { std: "docker" "rm" "-f" "d13400094575c8af4b6b6e68374e1c3e49b548336026d1ae51bd9cb08cc37106", kill_on_drop: false }`
[INFO] [stdout] d13400094575c8af4b6b6e68374e1c3e49b548336026d1ae51bd9cb08cc37106
[INFO] running `Command { std: "docker" "create" "-v" "/var/lib/crater-agent-workspace/builds/worker-1-tc2/target:/opt/rustwide/target:rw,Z" "-v" "/var/lib/crater-agent-workspace/builds/worker-1-tc2/source:/opt/rustwide/workdir:ro,Z" "-v" "/var/lib/crater-agent-workspace/cargo-home:/opt/rustwide/cargo-home:ro,Z" "-v" "/var/lib/crater-agent-workspace/rustup-home:/opt/rustwide/rustup-home:ro,Z" "-e" "SOURCE_DIR=/opt/rustwide/workdir" "-e" "CARGO_TARGET_DIR=/opt/rustwide/target" "-e" "CARGO_INCREMENTAL=0" "-e" "RUST_BACKTRACE=full" "-e" "RUSTFLAGS=--cap-lints=warn" "-e" "RUSTDOCFLAGS=--cap-lints=warn" "-e" "CARGO_HOME=/opt/rustwide/cargo-home" "-e" "RUSTUP_HOME=/opt/rustwide/rustup-home" "-w" "/opt/rustwide/workdir" "-m" "1610612736" "--user" "0:0" "--network" "none" "ghcr.io/rust-lang/crates-build-env/linux@sha256:2788e3201cd34a07e3172128adcd8b3090168a8e3bcc40d7c032b9dda1df7d1c" "/opt/rustwide/cargo-home/bin/cargo" "+beta-2023-12-22" "build" "--frozen" "--message-format=json", kill_on_drop: false }`
[INFO] [stdout] c01edea59f975f6ddd12cd7e365578decb42b3a77f7c6eb4ac55b90729c4d0ce
[INFO] running `Command { std: "docker" "start" "-a" "c01edea59f975f6ddd12cd7e365578decb42b3a77f7c6eb4ac55b90729c4d0ce", kill_on_drop: false }`
[INFO] [stderr]    Compiling minigrep_ludicrous v0.1.0 (/opt/rustwide/workdir)
[INFO] [stderr]     Finished dev [optimized + debuginfo] target(s) in 0.62s
[INFO] running `Command { std: "docker" "inspect" "c01edea59f975f6ddd12cd7e365578decb42b3a77f7c6eb4ac55b90729c4d0ce", kill_on_drop: false }`
[INFO] running `Command { std: "docker" "rm" "-f" "c01edea59f975f6ddd12cd7e365578decb42b3a77f7c6eb4ac55b90729c4d0ce", kill_on_drop: false }`
[INFO] [stdout] c01edea59f975f6ddd12cd7e365578decb42b3a77f7c6eb4ac55b90729c4d0ce
[INFO] running `Command { std: "docker" "create" "-v" "/var/lib/crater-agent-workspace/builds/worker-1-tc2/target:/opt/rustwide/target:rw,Z" "-v" "/var/lib/crater-agent-workspace/builds/worker-1-tc2/source:/opt/rustwide/workdir:ro,Z" "-v" "/var/lib/crater-agent-workspace/cargo-home:/opt/rustwide/cargo-home:ro,Z" "-v" "/var/lib/crater-agent-workspace/rustup-home:/opt/rustwide/rustup-home:ro,Z" "-e" "SOURCE_DIR=/opt/rustwide/workdir" "-e" "CARGO_TARGET_DIR=/opt/rustwide/target" "-e" "CARGO_INCREMENTAL=0" "-e" "RUST_BACKTRACE=full" "-e" "RUSTFLAGS=--cap-lints=warn" "-e" "RUSTDOCFLAGS=--cap-lints=warn" "-e" "CARGO_HOME=/opt/rustwide/cargo-home" "-e" "RUSTUP_HOME=/opt/rustwide/rustup-home" "-w" "/opt/rustwide/workdir" "-m" "1610612736" "--user" "0:0" "--network" "none" "ghcr.io/rust-lang/crates-build-env/linux@sha256:2788e3201cd34a07e3172128adcd8b3090168a8e3bcc40d7c032b9dda1df7d1c" "/opt/rustwide/cargo-home/bin/cargo" "+beta-2023-12-22" "test" "--frozen" "--no-run" "--message-format=json", kill_on_drop: false }`
[INFO] [stdout] bef32c2d29a6d22921f2e2afca79e3657508998feb471f9782f345dd7cf5ae8f
[INFO] running `Command { std: "docker" "start" "-a" "bef32c2d29a6d22921f2e2afca79e3657508998feb471f9782f345dd7cf5ae8f", kill_on_drop: false }`
[INFO] [stderr]    Compiling minigrep_ludicrous v0.1.0 (/opt/rustwide/workdir)
[INFO] [stderr]     Finished test [optimized + debuginfo] target(s) in 0.35s
[INFO] running `Command { std: "docker" "inspect" "bef32c2d29a6d22921f2e2afca79e3657508998feb471f9782f345dd7cf5ae8f", kill_on_drop: false }`
[INFO] running `Command { std: "docker" "rm" "-f" "bef32c2d29a6d22921f2e2afca79e3657508998feb471f9782f345dd7cf5ae8f", kill_on_drop: false }`
[INFO] [stdout] bef32c2d29a6d22921f2e2afca79e3657508998feb471f9782f345dd7cf5ae8f
[INFO] running `Command { std: "docker" "create" "-v" "/var/lib/crater-agent-workspace/builds/worker-1-tc2/target:/opt/rustwide/target:rw,Z" "-v" "/var/lib/crater-agent-workspace/builds/worker-1-tc2/source:/opt/rustwide/workdir:ro,Z" "-v" "/var/lib/crater-agent-workspace/cargo-home:/opt/rustwide/cargo-home:ro,Z" "-v" "/var/lib/crater-agent-workspace/rustup-home:/opt/rustwide/rustup-home:ro,Z" "-e" "SOURCE_DIR=/opt/rustwide/workdir" "-e" "CARGO_TARGET_DIR=/opt/rustwide/target" "-e" "CARGO_INCREMENTAL=0" "-e" "RUST_BACKTRACE=full" "-e" "RUSTFLAGS=--cap-lints=warn" "-e" "RUSTDOCFLAGS=--cap-lints=warn" "-e" "CARGO_HOME=/opt/rustwide/cargo-home" "-e" "RUSTUP_HOME=/opt/rustwide/rustup-home" "-w" "/opt/rustwide/workdir" "-m" "1610612736" "--user" "0:0" "--network" "none" "ghcr.io/rust-lang/crates-build-env/linux@sha256:2788e3201cd34a07e3172128adcd8b3090168a8e3bcc40d7c032b9dda1df7d1c" "/opt/rustwide/cargo-home/bin/cargo" "+beta-2023-12-22" "test" "--frozen", kill_on_drop: false }`
[INFO] [stdout] 74dafa9504b870e31c853d03474325217eecc4f7ff246d360809116c359825d1
[INFO] running `Command { std: "docker" "start" "-a" "74dafa9504b870e31c853d03474325217eecc4f7ff246d360809116c359825d1", kill_on_drop: false }`
[INFO] [stderr]     Finished test [optimized + debuginfo] target(s) in 0.00s
[INFO] [stderr]      Running unittests src/lib.rs (/opt/rustwide/target/debug/deps/minigrep_ludicrous-8ebd164b56f5177b)
[INFO] [stdout] 
[INFO] [stdout] running 2 tests
[INFO] [stdout] test tests::case_insensitive ... ok
[INFO] [stdout] test tests::case_sensitive ... ok
[INFO] [stdout] 
[INFO] [stdout] test result: ok. 2 passed; 0 failed; 0 ignored; 0 measured; 0 filtered out; finished in 0.00s
[INFO] [stdout] 
[INFO] [stderr]      Running unittests src/main.rs (/opt/rustwide/target/debug/deps/minigrep_ludicrous-b45d297dca6667b7)
[INFO] [stdout] 
[INFO] [stdout] running 0 tests
[INFO] [stdout] 
[INFO] [stdout] test result: ok. 0 passed; 0 failed; 0 ignored; 0 measured; 0 filtered out; finished in 0.00s
[INFO] [stdout] 
[INFO] [stderr]    Doc-tests minigrep_ludicrous
[INFO] [stdout] 
[INFO] [stdout] running 1 test
[INFO] [stdout] test src/lib.rs - add_one (line 116) ... FAILED
[INFO] [stdout] 
[INFO] [stdout] failures:
[INFO] [stdout] 
[INFO] [stdout] ---- src/lib.rs - add_one (line 116) stdout ----
[INFO] [stdout] error[E0433]: failed to resolve: use of undeclared crate or module `minigrep`
[INFO] [stdout]  --> src/lib.rs:118:14
[INFO] [stdout]   |
[INFO] [stdout] 4 | let answer = minigrep::add_one(arg);
[INFO] [stdout]   |              ^^^^^^^^ use of undeclared crate or module `minigrep`
[INFO] [stdout] 
[INFO] [stdout] error: aborting due to 1 previous error
[INFO] [stdout] 
[INFO] [stdout] For more information about this error, try `rustc --explain E0433`.
[INFO] [stdout] Couldn't compile the test.
[INFO] [stdout] 
[INFO] [stdout] failures:
[INFO] [stdout]     src/lib.rs - add_one (line 116)
[INFO] [stdout] 
[INFO] [stdout] test result: FAILED. 0 passed; 1 failed; 0 ignored; 0 measured; 0 filtered out; finished in 0.10s
[INFO] [stdout] 
[INFO] [stderr] error: doctest failed, to rerun pass `--doc`
[INFO] running `Command { std: "docker" "inspect" "74dafa9504b870e31c853d03474325217eecc4f7ff246d360809116c359825d1", kill_on_drop: false }`
[INFO] running `Command { std: "docker" "rm" "-f" "74dafa9504b870e31c853d03474325217eecc4f7ff246d360809116c359825d1", kill_on_drop: false }`
[INFO] [stdout] 74dafa9504b870e31c853d03474325217eecc4f7ff246d360809116c359825d1
