[INFO] fetching crate minigrep_comum_by_rust 0.1.1...
[INFO] testing minigrep_comum_by_rust-0.1.1 against 1.75.0 for beta-1.76-1
[INFO] extracting crate minigrep_comum_by_rust 0.1.1 into /workspace/builds/worker-1-tc1/source
[INFO] validating manifest of crates.io crate minigrep_comum_by_rust 0.1.1 on toolchain 1.75.0
[INFO] running `Command { std: CARGO_HOME="/workspace/cargo-home" RUSTUP_HOME="/workspace/rustup-home" "/workspace/cargo-home/bin/cargo" "+1.75.0" "metadata" "--manifest-path" "Cargo.toml" "--no-deps", kill_on_drop: false }`
[INFO] started tweaking crates.io crate minigrep_comum_by_rust 0.1.1
[INFO] finished tweaking crates.io crate minigrep_comum_by_rust 0.1.1
[INFO] tweaked toml for crates.io crate minigrep_comum_by_rust 0.1.1 written to /workspace/builds/worker-1-tc1/source/Cargo.toml
[INFO] crate crates.io crate minigrep_comum_by_rust 0.1.1 already has a lockfile, it will not be regenerated
[INFO] running `Command { std: CARGO_HOME="/workspace/cargo-home" RUSTUP_HOME="/workspace/rustup-home" "/workspace/cargo-home/bin/cargo" "+1.75.0" "fetch" "--manifest-path" "Cargo.toml", kill_on_drop: false }`
[INFO] running `Command { std: "docker" "create" "-v" "/var/lib/crater-agent-workspace/builds/worker-1-tc1/target:/opt/rustwide/target:rw,Z" "-v" "/var/lib/crater-agent-workspace/builds/worker-1-tc1/source:/opt/rustwide/workdir:ro,Z" "-v" "/var/lib/crater-agent-workspace/cargo-home:/opt/rustwide/cargo-home:ro,Z" "-v" "/var/lib/crater-agent-workspace/rustup-home:/opt/rustwide/rustup-home:ro,Z" "-e" "SOURCE_DIR=/opt/rustwide/workdir" "-e" "CARGO_TARGET_DIR=/opt/rustwide/target" "-e" "CARGO_HOME=/opt/rustwide/cargo-home" "-e" "RUSTUP_HOME=/opt/rustwide/rustup-home" "-w" "/opt/rustwide/workdir" "-m" "1610612736" "--user" "0:0" "--network" "none" "ghcr.io/rust-lang/crates-build-env/linux@sha256:2788e3201cd34a07e3172128adcd8b3090168a8e3bcc40d7c032b9dda1df7d1c" "/opt/rustwide/cargo-home/bin/cargo" "+1.75.0" "metadata" "--no-deps" "--format-version=1", kill_on_drop: false }`
[INFO] [stdout] 8ea2106c895eb837e29541e219fcb40ceb5d58c919cedc3499e0b060b4d2d54f
[INFO] running `Command { std: "docker" "start" "-a" "8ea2106c895eb837e29541e219fcb40ceb5d58c919cedc3499e0b060b4d2d54f", kill_on_drop: false }`
[INFO] running `Command { std: "docker" "inspect" "8ea2106c895eb837e29541e219fcb40ceb5d58c919cedc3499e0b060b4d2d54f", kill_on_drop: false }`
[INFO] running `Command { std: "docker" "rm" "-f" "8ea2106c895eb837e29541e219fcb40ceb5d58c919cedc3499e0b060b4d2d54f", kill_on_drop: false }`
[INFO] [stdout] 8ea2106c895eb837e29541e219fcb40ceb5d58c919cedc3499e0b060b4d2d54f
[INFO] running `Command { std: "docker" "create" "-v" "/var/lib/crater-agent-workspace/builds/worker-1-tc1/target:/opt/rustwide/target:rw,Z" "-v" "/var/lib/crater-agent-workspace/builds/worker-1-tc1/source:/opt/rustwide/workdir:ro,Z" "-v" "/var/lib/crater-agent-workspace/cargo-home:/opt/rustwide/cargo-home:ro,Z" "-v" "/var/lib/crater-agent-workspace/rustup-home:/opt/rustwide/rustup-home:ro,Z" "-e" "SOURCE_DIR=/opt/rustwide/workdir" "-e" "CARGO_TARGET_DIR=/opt/rustwide/target" "-e" "CARGO_INCREMENTAL=0" "-e" "RUST_BACKTRACE=full" "-e" "RUSTFLAGS=--cap-lints=warn" "-e" "RUSTDOCFLAGS=--cap-lints=warn" "-e" "CARGO_HOME=/opt/rustwide/cargo-home" "-e" "RUSTUP_HOME=/opt/rustwide/rustup-home" "-w" "/opt/rustwide/workdir" "-m" "1610612736" "--user" "0:0" "--network" "none" "ghcr.io/rust-lang/crates-build-env/linux@sha256:2788e3201cd34a07e3172128adcd8b3090168a8e3bcc40d7c032b9dda1df7d1c" "/opt/rustwide/cargo-home/bin/cargo" "+1.75.0" "build" "--frozen" "--message-format=json", kill_on_drop: false }`
[INFO] [stdout] d88b555509628a61e4b5c16a6aad9ed6ffbed716767d11996bb6fa61ea753c74
[INFO] running `Command { std: "docker" "start" "-a" "d88b555509628a61e4b5c16a6aad9ed6ffbed716767d11996bb6fa61ea753c74", kill_on_drop: false }`
[INFO] [stderr]    Compiling minigrep_comum_by_rust v0.1.1 (/opt/rustwide/workdir)
[INFO] [stderr]     Finished dev [unoptimized + debuginfo] target(s) in 0.28s
[INFO] running `Command { std: "docker" "inspect" "d88b555509628a61e4b5c16a6aad9ed6ffbed716767d11996bb6fa61ea753c74", kill_on_drop: false }`
[INFO] running `Command { std: "docker" "rm" "-f" "d88b555509628a61e4b5c16a6aad9ed6ffbed716767d11996bb6fa61ea753c74", kill_on_drop: false }`
[INFO] [stdout] d88b555509628a61e4b5c16a6aad9ed6ffbed716767d11996bb6fa61ea753c74
[INFO] running `Command { std: "docker" "create" "-v" "/var/lib/crater-agent-workspace/builds/worker-1-tc1/target:/opt/rustwide/target:rw,Z" "-v" "/var/lib/crater-agent-workspace/builds/worker-1-tc1/source:/opt/rustwide/workdir:ro,Z" "-v" "/var/lib/crater-agent-workspace/cargo-home:/opt/rustwide/cargo-home:ro,Z" "-v" "/var/lib/crater-agent-workspace/rustup-home:/opt/rustwide/rustup-home:ro,Z" "-e" "SOURCE_DIR=/opt/rustwide/workdir" "-e" "CARGO_TARGET_DIR=/opt/rustwide/target" "-e" "CARGO_INCREMENTAL=0" "-e" "RUST_BACKTRACE=full" "-e" "RUSTFLAGS=--cap-lints=warn" "-e" "RUSTDOCFLAGS=--cap-lints=warn" "-e" "CARGO_HOME=/opt/rustwide/cargo-home" "-e" "RUSTUP_HOME=/opt/rustwide/rustup-home" "-w" "/opt/rustwide/workdir" "-m" "1610612736" "--user" "0:0" "--network" "none" "ghcr.io/rust-lang/crates-build-env/linux@sha256:2788e3201cd34a07e3172128adcd8b3090168a8e3bcc40d7c032b9dda1df7d1c" "/opt/rustwide/cargo-home/bin/cargo" "+1.75.0" "test" "--frozen" "--no-run" "--message-format=json", kill_on_drop: false }`
[INFO] [stdout] af793945d69440e8be48a5d49832e8ea2ce14e2c9f690526ff72343001753a76
[INFO] running `Command { std: "docker" "start" "-a" "af793945d69440e8be48a5d49832e8ea2ce14e2c9f690526ff72343001753a76", kill_on_drop: false }`
[INFO] [stderr]    Compiling minigrep_comum_by_rust v0.1.1 (/opt/rustwide/workdir)
[INFO] [stderr]     Finished test [unoptimized + debuginfo] target(s) in 0.27s
[INFO] running `Command { std: "docker" "inspect" "af793945d69440e8be48a5d49832e8ea2ce14e2c9f690526ff72343001753a76", kill_on_drop: false }`
[INFO] running `Command { std: "docker" "rm" "-f" "af793945d69440e8be48a5d49832e8ea2ce14e2c9f690526ff72343001753a76", kill_on_drop: false }`
[INFO] [stdout] af793945d69440e8be48a5d49832e8ea2ce14e2c9f690526ff72343001753a76
[INFO] running `Command { std: "docker" "create" "-v" "/var/lib/crater-agent-workspace/builds/worker-1-tc1/target:/opt/rustwide/target:rw,Z" "-v" "/var/lib/crater-agent-workspace/builds/worker-1-tc1/source:/opt/rustwide/workdir:ro,Z" "-v" "/var/lib/crater-agent-workspace/cargo-home:/opt/rustwide/cargo-home:ro,Z" "-v" "/var/lib/crater-agent-workspace/rustup-home:/opt/rustwide/rustup-home:ro,Z" "-e" "SOURCE_DIR=/opt/rustwide/workdir" "-e" "CARGO_TARGET_DIR=/opt/rustwide/target" "-e" "CARGO_INCREMENTAL=0" "-e" "RUST_BACKTRACE=full" "-e" "RUSTFLAGS=--cap-lints=warn" "-e" "RUSTDOCFLAGS=--cap-lints=warn" "-e" "CARGO_HOME=/opt/rustwide/cargo-home" "-e" "RUSTUP_HOME=/opt/rustwide/rustup-home" "-w" "/opt/rustwide/workdir" "-m" "1610612736" "--user" "0:0" "--network" "none" "ghcr.io/rust-lang/crates-build-env/linux@sha256:2788e3201cd34a07e3172128adcd8b3090168a8e3bcc40d7c032b9dda1df7d1c" "/opt/rustwide/cargo-home/bin/cargo" "+1.75.0" "test" "--frozen", kill_on_drop: false }`
[INFO] [stdout] 7b25e3b6f8fdf7ecb267d64260878de44fad4af3cb17d73fc23294684e428b69
[INFO] running `Command { std: "docker" "start" "-a" "7b25e3b6f8fdf7ecb267d64260878de44fad4af3cb17d73fc23294684e428b69", kill_on_drop: false }`
[INFO] [stderr]     Finished test [unoptimized + debuginfo] target(s) in 0.00s
[INFO] [stderr]      Running unittests src/lib.rs (/opt/rustwide/target/debug/deps/minigrep_comum_by_rust-d90fe87c6e83fc6a)
[INFO] [stdout] 
[INFO] [stdout] running 2 tests
[INFO] [stdout] test test::one_result ... ok
[INFO] [stdout] test test::case_insensitive ... ok
[INFO] [stdout] 
[INFO] [stdout] test result: ok. 2 passed; 0 failed; 0 ignored; 0 measured; 0 filtered out; finished in 0.00s
[INFO] [stdout] 
[INFO] [stderr]      Running unittests src/main.rs (/opt/rustwide/target/debug/deps/minigrep_comum_by_rust-cc295a661a59a4dc)
[INFO] [stdout] 
[INFO] [stdout] running 0 tests
[INFO] [stdout] 
[INFO] [stdout] test result: ok. 0 passed; 0 failed; 0 ignored; 0 measured; 0 filtered out; finished in 0.00s
[INFO] [stdout] 
[INFO] [stderr]    Doc-tests minigrep_comum_by_rust
[INFO] [stdout] 
[INFO] [stdout] running 1 test
[INFO] [stdout] test src/lib.rs - search (line 92) ... FAILED
[INFO] [stdout] 
[INFO] [stdout] failures:
[INFO] [stdout] 
[INFO] [stdout] ---- src/lib.rs - search (line 92) stdout ----
[INFO] [stdout] error: unknown start of token: `
[INFO] [stdout]  --> src/lib.rs:93:29
[INFO] [stdout]   |
[INFO] [stdout] 3 | let value = 'this is so sexy`
[INFO] [stdout]   |                             ^
[INFO] [stdout]   |
[INFO] [stdout] help: Unicode character '`' (Grave Accent) looks like ''' (Single Quote), but it is not
[INFO] [stdout]   |
[INFO] [stdout] 3 | let value = 'this is so sexy'
[INFO] [stdout]   |                             ~
[INFO] [stdout] 
[INFO] [stdout] error: expected `while`, `for`, `loop` or `{` after a label
[INFO] [stdout]  --> src/lib.rs:93:19
[INFO] [stdout]   |
[INFO] [stdout] 3 | let value = 'this is so sexy`
[INFO] [stdout]   |                   ^^ expected `while`, `for`, `loop` or `{` after a label
[INFO] [stdout]   |
[INFO] [stdout] help: consider removing the label
[INFO] [stdout]   |
[INFO] [stdout] 3 - let value = 'this is so sexy`
[INFO] [stdout] 3 + let value = is so sexy`
[INFO] [stdout]   |
[INFO] [stdout] 
[INFO] [stdout] error: labeled expression must be followed by `:`
[INFO] [stdout]  --> src/lib.rs:93:19
[INFO] [stdout]   |
[INFO] [stdout] 3 | let value = 'this is so sexy`
[INFO] [stdout]   |             ------^^
[INFO] [stdout]   |             |    |
[INFO] [stdout]   |             |    help: add `:` after the label
[INFO] [stdout]   |             the label
[INFO] [stdout]   |
[INFO] [stdout]   = note: labels are used before loops and blocks, allowing e.g., `break 'label` to them
[INFO] [stdout] 
[INFO] [stdout] error: expected one of `!`, `.`, `::`, `;`, `?`, `else`, `{`, or an operator, found `so`
[INFO] [stdout]  --> src/lib.rs:93:22
[INFO] [stdout]   |
[INFO] [stdout] 3 | let value = 'this is so sexy`
[INFO] [stdout]   |                      ^^ expected one of 8 possible tokens
[INFO] [stdout] 
[INFO] [stdout] error: aborting due to 4 previous errors
[INFO] [stdout] 
[INFO] [stdout] Couldn't compile the test.
[INFO] [stdout] 
[INFO] [stdout] failures:
[INFO] [stdout]     src/lib.rs - search (line 92)
[INFO] [stdout] 
[INFO] [stdout] test result: FAILED. 0 passed; 1 failed; 0 ignored; 0 measured; 0 filtered out; finished in 0.03s
[INFO] [stdout] 
[INFO] [stderr] error: doctest failed, to rerun pass `--doc`
[INFO] running `Command { std: "docker" "inspect" "7b25e3b6f8fdf7ecb267d64260878de44fad4af3cb17d73fc23294684e428b69", kill_on_drop: false }`
[INFO] running `Command { std: "docker" "rm" "-f" "7b25e3b6f8fdf7ecb267d64260878de44fad4af3cb17d73fc23294684e428b69", kill_on_drop: false }`
[INFO] [stdout] 7b25e3b6f8fdf7ecb267d64260878de44fad4af3cb17d73fc23294684e428b69
[INFO] testing minigrep_comum_by_rust-0.1.1 against beta-2023-12-22 for beta-1.76-1
[INFO] extracting crate minigrep_comum_by_rust 0.1.1 into /workspace/builds/worker-1-tc2/source
[INFO] validating manifest of crates.io crate minigrep_comum_by_rust 0.1.1 on toolchain beta-2023-12-22
[INFO] running `Command { std: CARGO_HOME="/workspace/cargo-home" RUSTUP_HOME="/workspace/rustup-home" "/workspace/cargo-home/bin/cargo" "+beta-2023-12-22" "metadata" "--manifest-path" "Cargo.toml" "--no-deps", kill_on_drop: false }`
[INFO] started tweaking crates.io crate minigrep_comum_by_rust 0.1.1
[INFO] finished tweaking crates.io crate minigrep_comum_by_rust 0.1.1
[INFO] tweaked toml for crates.io crate minigrep_comum_by_rust 0.1.1 written to /workspace/builds/worker-1-tc2/source/Cargo.toml
[INFO] crate crates.io crate minigrep_comum_by_rust 0.1.1 already has a lockfile, it will not be regenerated
[INFO] running `Command { std: CARGO_HOME="/workspace/cargo-home" RUSTUP_HOME="/workspace/rustup-home" "/workspace/cargo-home/bin/cargo" "+beta-2023-12-22" "fetch" "--manifest-path" "Cargo.toml", kill_on_drop: false }`
[INFO] running `Command { std: "docker" "create" "-v" "/var/lib/crater-agent-workspace/builds/worker-1-tc2/target:/opt/rustwide/target:rw,Z" "-v" "/var/lib/crater-agent-workspace/builds/worker-1-tc2/source:/opt/rustwide/workdir:ro,Z" "-v" "/var/lib/crater-agent-workspace/cargo-home:/opt/rustwide/cargo-home:ro,Z" "-v" "/var/lib/crater-agent-workspace/rustup-home:/opt/rustwide/rustup-home:ro,Z" "-e" "SOURCE_DIR=/opt/rustwide/workdir" "-e" "CARGO_TARGET_DIR=/opt/rustwide/target" "-e" "CARGO_HOME=/opt/rustwide/cargo-home" "-e" "RUSTUP_HOME=/opt/rustwide/rustup-home" "-w" "/opt/rustwide/workdir" "-m" "1610612736" "--user" "0:0" "--network" "none" "ghcr.io/rust-lang/crates-build-env/linux@sha256:2788e3201cd34a07e3172128adcd8b3090168a8e3bcc40d7c032b9dda1df7d1c" "/opt/rustwide/cargo-home/bin/cargo" "+beta-2023-12-22" "metadata" "--no-deps" "--format-version=1", kill_on_drop: false }`
[INFO] [stdout] e30ee76572b8f2e45dc02a875b960c649b8f13c6a053fabad0d7ce6bb728553c
[INFO] running `Command { std: "docker" "start" "-a" "e30ee76572b8f2e45dc02a875b960c649b8f13c6a053fabad0d7ce6bb728553c", kill_on_drop: false }`
[INFO] running `Command { std: "docker" "inspect" "e30ee76572b8f2e45dc02a875b960c649b8f13c6a053fabad0d7ce6bb728553c", kill_on_drop: false }`
[INFO] running `Command { std: "docker" "rm" "-f" "e30ee76572b8f2e45dc02a875b960c649b8f13c6a053fabad0d7ce6bb728553c", kill_on_drop: false }`
[INFO] [stdout] e30ee76572b8f2e45dc02a875b960c649b8f13c6a053fabad0d7ce6bb728553c
[INFO] running `Command { std: "docker" "create" "-v" "/var/lib/crater-agent-workspace/builds/worker-1-tc2/target:/opt/rustwide/target:rw,Z" "-v" "/var/lib/crater-agent-workspace/builds/worker-1-tc2/source:/opt/rustwide/workdir:ro,Z" "-v" "/var/lib/crater-agent-workspace/cargo-home:/opt/rustwide/cargo-home:ro,Z" "-v" "/var/lib/crater-agent-workspace/rustup-home:/opt/rustwide/rustup-home:ro,Z" "-e" "SOURCE_DIR=/opt/rustwide/workdir" "-e" "CARGO_TARGET_DIR=/opt/rustwide/target" "-e" "CARGO_INCREMENTAL=0" "-e" "RUST_BACKTRACE=full" "-e" "RUSTFLAGS=--cap-lints=warn" "-e" "RUSTDOCFLAGS=--cap-lints=warn" "-e" "CARGO_HOME=/opt/rustwide/cargo-home" "-e" "RUSTUP_HOME=/opt/rustwide/rustup-home" "-w" "/opt/rustwide/workdir" "-m" "1610612736" "--user" "0:0" "--network" "none" "ghcr.io/rust-lang/crates-build-env/linux@sha256:2788e3201cd34a07e3172128adcd8b3090168a8e3bcc40d7c032b9dda1df7d1c" "/opt/rustwide/cargo-home/bin/cargo" "+beta-2023-12-22" "build" "--frozen" "--message-format=json", kill_on_drop: false }`
[INFO] [stdout] d08a7da4c69bada8532ffd38c2ca604677c80c6c67dc4c757894d41d6ef518c4
[INFO] running `Command { std: "docker" "start" "-a" "d08a7da4c69bada8532ffd38c2ca604677c80c6c67dc4c757894d41d6ef518c4", kill_on_drop: false }`
[INFO] [stderr]    Compiling minigrep_comum_by_rust v0.1.1 (/opt/rustwide/workdir)
[INFO] [stderr]     Finished dev [unoptimized + debuginfo] target(s) in 0.28s
[INFO] running `Command { std: "docker" "inspect" "d08a7da4c69bada8532ffd38c2ca604677c80c6c67dc4c757894d41d6ef518c4", kill_on_drop: false }`
[INFO] running `Command { std: "docker" "rm" "-f" "d08a7da4c69bada8532ffd38c2ca604677c80c6c67dc4c757894d41d6ef518c4", kill_on_drop: false }`
[INFO] [stdout] d08a7da4c69bada8532ffd38c2ca604677c80c6c67dc4c757894d41d6ef518c4
[INFO] running `Command { std: "docker" "create" "-v" "/var/lib/crater-agent-workspace/builds/worker-1-tc2/target:/opt/rustwide/target:rw,Z" "-v" "/var/lib/crater-agent-workspace/builds/worker-1-tc2/source:/opt/rustwide/workdir:ro,Z" "-v" "/var/lib/crater-agent-workspace/cargo-home:/opt/rustwide/cargo-home:ro,Z" "-v" "/var/lib/crater-agent-workspace/rustup-home:/opt/rustwide/rustup-home:ro,Z" "-e" "SOURCE_DIR=/opt/rustwide/workdir" "-e" "CARGO_TARGET_DIR=/opt/rustwide/target" "-e" "CARGO_INCREMENTAL=0" "-e" "RUST_BACKTRACE=full" "-e" "RUSTFLAGS=--cap-lints=warn" "-e" "RUSTDOCFLAGS=--cap-lints=warn" "-e" "CARGO_HOME=/opt/rustwide/cargo-home" "-e" "RUSTUP_HOME=/opt/rustwide/rustup-home" "-w" "/opt/rustwide/workdir" "-m" "1610612736" "--user" "0:0" "--network" "none" "ghcr.io/rust-lang/crates-build-env/linux@sha256:2788e3201cd34a07e3172128adcd8b3090168a8e3bcc40d7c032b9dda1df7d1c" "/opt/rustwide/cargo-home/bin/cargo" "+beta-2023-12-22" "test" "--frozen" "--no-run" "--message-format=json", kill_on_drop: false }`
[INFO] [stdout] 85daa07bda98295214750ceac9460542db9f75627510c2823335c576b4b2fa40
[INFO] running `Command { std: "docker" "start" "-a" "85daa07bda98295214750ceac9460542db9f75627510c2823335c576b4b2fa40", kill_on_drop: false }`
[INFO] [stderr]    Compiling minigrep_comum_by_rust v0.1.1 (/opt/rustwide/workdir)
[INFO] [stderr]     Finished test [unoptimized + debuginfo] target(s) in 0.28s
[INFO] running `Command { std: "docker" "inspect" "85daa07bda98295214750ceac9460542db9f75627510c2823335c576b4b2fa40", kill_on_drop: false }`
[INFO] running `Command { std: "docker" "rm" "-f" "85daa07bda98295214750ceac9460542db9f75627510c2823335c576b4b2fa40", kill_on_drop: false }`
[INFO] [stdout] 85daa07bda98295214750ceac9460542db9f75627510c2823335c576b4b2fa40
[INFO] running `Command { std: "docker" "create" "-v" "/var/lib/crater-agent-workspace/builds/worker-1-tc2/target:/opt/rustwide/target:rw,Z" "-v" "/var/lib/crater-agent-workspace/builds/worker-1-tc2/source:/opt/rustwide/workdir:ro,Z" "-v" "/var/lib/crater-agent-workspace/cargo-home:/opt/rustwide/cargo-home:ro,Z" "-v" "/var/lib/crater-agent-workspace/rustup-home:/opt/rustwide/rustup-home:ro,Z" "-e" "SOURCE_DIR=/opt/rustwide/workdir" "-e" "CARGO_TARGET_DIR=/opt/rustwide/target" "-e" "CARGO_INCREMENTAL=0" "-e" "RUST_BACKTRACE=full" "-e" "RUSTFLAGS=--cap-lints=warn" "-e" "RUSTDOCFLAGS=--cap-lints=warn" "-e" "CARGO_HOME=/opt/rustwide/cargo-home" "-e" "RUSTUP_HOME=/opt/rustwide/rustup-home" "-w" "/opt/rustwide/workdir" "-m" "1610612736" "--user" "0:0" "--network" "none" "ghcr.io/rust-lang/crates-build-env/linux@sha256:2788e3201cd34a07e3172128adcd8b3090168a8e3bcc40d7c032b9dda1df7d1c" "/opt/rustwide/cargo-home/bin/cargo" "+beta-2023-12-22" "test" "--frozen", kill_on_drop: false }`
[INFO] [stdout] e8a54703f2761cee0e91f7ed4913bb3d749c134c3f75fb9389e8f70d9a304889
[INFO] running `Command { std: "docker" "start" "-a" "e8a54703f2761cee0e91f7ed4913bb3d749c134c3f75fb9389e8f70d9a304889", kill_on_drop: false }`
[INFO] [stderr]     Finished test [unoptimized + debuginfo] target(s) in 0.00s
[INFO] [stderr]      Running unittests src/lib.rs (/opt/rustwide/target/debug/deps/minigrep_comum_by_rust-73a5025f71d458cd)
[INFO] [stdout] 
[INFO] [stdout] running 2 tests
[INFO] [stdout] test test::case_insensitive ... ok
[INFO] [stdout] test test::one_result ... ok
[INFO] [stdout] 
[INFO] [stdout] test result: ok. 2 passed; 0 failed; 0 ignored; 0 measured; 0 filtered out; finished in 0.00s
[INFO] [stdout] 
[INFO] [stderr]      Running unittests src/main.rs (/opt/rustwide/target/debug/deps/minigrep_comum_by_rust-b2d18c63c82bbfaa)
[INFO] [stdout] 
[INFO] [stdout] running 0 tests
[INFO] [stdout] 
[INFO] [stdout] test result: ok. 0 passed; 0 failed; 0 ignored; 0 measured; 0 filtered out; finished in 0.00s
[INFO] [stdout] 
[INFO] [stderr]    Doc-tests minigrep_comum_by_rust
[INFO] [stdout] 
[INFO] [stdout] running 1 test
[INFO] [stdout] test src/lib.rs - search (line 92) ... FAILED
[INFO] [stdout] 
[INFO] [stdout] failures:
[INFO] [stdout] 
[INFO] [stdout] ---- src/lib.rs - search (line 92) stdout ----
[INFO] [stdout] error: unknown start of token: `
[INFO] [stdout]  --> src/lib.rs:93:29
[INFO] [stdout]   |
[INFO] [stdout] 3 | let value = 'this is so sexy`
[INFO] [stdout]   |                             ^
[INFO] [stdout]   |
[INFO] [stdout] help: Unicode character '`' (Grave Accent) looks like ''' (Single Quote), but it is not
[INFO] [stdout]   |
[INFO] [stdout] 3 | let value = 'this is so sexy'
[INFO] [stdout]   |                             ~
[INFO] [stdout] 
[INFO] [stdout] error: expected `while`, `for`, `loop` or `{` after a label
[INFO] [stdout]  --> src/lib.rs:93:19
[INFO] [stdout]   |
[INFO] [stdout] 3 | let value = 'this is so sexy`
[INFO] [stdout]   |                   ^^ expected `while`, `for`, `loop` or `{` after a label
[INFO] [stdout]   |
[INFO] [stdout] help: consider removing the label
[INFO] [stdout]   |
[INFO] [stdout] 3 - let value = 'this is so sexy`
[INFO] [stdout] 3 + let value = is so sexy`
[INFO] [stdout]   |
[INFO] [stdout] 
[INFO] [stdout] error: labeled expression must be followed by `:`
[INFO] [stdout]  --> src/lib.rs:93:19
[INFO] [stdout]   |
[INFO] [stdout] 3 | let value = 'this is so sexy`
[INFO] [stdout]   |             ------^^
[INFO] [stdout]   |             |    |
[INFO] [stdout]   |             |    help: add `:` after the label
[INFO] [stdout]   |             the label
[INFO] [stdout]   |
[INFO] [stdout]   = note: labels are used before loops and blocks, allowing e.g., `break 'label` to them
[INFO] [stdout] 
[INFO] [stdout] error: expected one of `!`, `.`, `::`, `;`, `?`, `else`, `{`, or an operator, found `so`
[INFO] [stdout]  --> src/lib.rs:93:22
[INFO] [stdout]   |
[INFO] [stdout] 3 | let value = 'this is so sexy`
[INFO] [stdout]   |                      ^^ expected one of 8 possible tokens
[INFO] [stdout] 
[INFO] [stdout] error: aborting due to 4 previous errors
[INFO] [stdout] 
[INFO] [stdout] Couldn't compile the test.
[INFO] [stdout] 
[INFO] [stdout] failures:
[INFO] [stdout]     src/lib.rs - search (line 92)
[INFO] [stdout] 
[INFO] [stdout] test result: FAILED. 0 passed; 1 failed; 0 ignored; 0 measured; 0 filtered out; finished in 0.03s
[INFO] [stdout] 
[INFO] [stderr] error: doctest failed, to rerun pass `--doc`
[INFO] running `Command { std: "docker" "inspect" "e8a54703f2761cee0e91f7ed4913bb3d749c134c3f75fb9389e8f70d9a304889", kill_on_drop: false }`
[INFO] running `Command { std: "docker" "rm" "-f" "e8a54703f2761cee0e91f7ed4913bb3d749c134c3f75fb9389e8f70d9a304889", kill_on_drop: false }`
[INFO] [stdout] e8a54703f2761cee0e91f7ed4913bb3d749c134c3f75fb9389e8f70d9a304889
