[INFO] fetching crate minigrep_2022 0.1.0...
[INFO] testing minigrep_2022-0.1.0 against 1.75.0 for beta-1.76-1
[INFO] extracting crate minigrep_2022 0.1.0 into /workspace/builds/worker-4-tc1/source
[INFO] validating manifest of crates.io crate minigrep_2022 0.1.0 on toolchain 1.75.0
[INFO] running `Command { std: CARGO_HOME="/workspace/cargo-home" RUSTUP_HOME="/workspace/rustup-home" "/workspace/cargo-home/bin/cargo" "+1.75.0" "metadata" "--manifest-path" "Cargo.toml" "--no-deps", kill_on_drop: false }`
[INFO] started tweaking crates.io crate minigrep_2022 0.1.0
[INFO] finished tweaking crates.io crate minigrep_2022 0.1.0
[INFO] tweaked toml for crates.io crate minigrep_2022 0.1.0 written to /workspace/builds/worker-4-tc1/source/Cargo.toml
[INFO] crate crates.io crate minigrep_2022 0.1.0 already has a lockfile, it will not be regenerated
[INFO] running `Command { std: CARGO_HOME="/workspace/cargo-home" RUSTUP_HOME="/workspace/rustup-home" "/workspace/cargo-home/bin/cargo" "+1.75.0" "fetch" "--manifest-path" "Cargo.toml", kill_on_drop: false }`
[INFO] running `Command { std: "docker" "create" "-v" "/var/lib/crater-agent-workspace/builds/worker-4-tc1/target:/opt/rustwide/target:rw,Z" "-v" "/var/lib/crater-agent-workspace/builds/worker-4-tc1/source:/opt/rustwide/workdir:ro,Z" "-v" "/var/lib/crater-agent-workspace/cargo-home:/opt/rustwide/cargo-home:ro,Z" "-v" "/var/lib/crater-agent-workspace/rustup-home:/opt/rustwide/rustup-home:ro,Z" "-e" "SOURCE_DIR=/opt/rustwide/workdir" "-e" "CARGO_TARGET_DIR=/opt/rustwide/target" "-e" "CARGO_HOME=/opt/rustwide/cargo-home" "-e" "RUSTUP_HOME=/opt/rustwide/rustup-home" "-w" "/opt/rustwide/workdir" "-m" "1610612736" "--user" "0:0" "--network" "none" "ghcr.io/rust-lang/crates-build-env/linux@sha256:2788e3201cd34a07e3172128adcd8b3090168a8e3bcc40d7c032b9dda1df7d1c" "/opt/rustwide/cargo-home/bin/cargo" "+1.75.0" "metadata" "--no-deps" "--format-version=1", kill_on_drop: false }`
[INFO] [stdout] a8ebd12a747b99cd1ed0c058e0d530a5748e062db7ee9e146d6a511a3c116942
[INFO] running `Command { std: "docker" "start" "-a" "a8ebd12a747b99cd1ed0c058e0d530a5748e062db7ee9e146d6a511a3c116942", kill_on_drop: false }`
[INFO] running `Command { std: "docker" "inspect" "a8ebd12a747b99cd1ed0c058e0d530a5748e062db7ee9e146d6a511a3c116942", kill_on_drop: false }`
[INFO] running `Command { std: "docker" "rm" "-f" "a8ebd12a747b99cd1ed0c058e0d530a5748e062db7ee9e146d6a511a3c116942", kill_on_drop: false }`
[INFO] [stdout] a8ebd12a747b99cd1ed0c058e0d530a5748e062db7ee9e146d6a511a3c116942
[INFO] running `Command { std: "docker" "create" "-v" "/var/lib/crater-agent-workspace/builds/worker-4-tc1/target:/opt/rustwide/target:rw,Z" "-v" "/var/lib/crater-agent-workspace/builds/worker-4-tc1/source:/opt/rustwide/workdir:ro,Z" "-v" "/var/lib/crater-agent-workspace/cargo-home:/opt/rustwide/cargo-home:ro,Z" "-v" "/var/lib/crater-agent-workspace/rustup-home:/opt/rustwide/rustup-home:ro,Z" "-e" "SOURCE_DIR=/opt/rustwide/workdir" "-e" "CARGO_TARGET_DIR=/opt/rustwide/target" "-e" "CARGO_INCREMENTAL=0" "-e" "RUST_BACKTRACE=full" "-e" "RUSTFLAGS=--cap-lints=warn" "-e" "RUSTDOCFLAGS=--cap-lints=warn" "-e" "CARGO_HOME=/opt/rustwide/cargo-home" "-e" "RUSTUP_HOME=/opt/rustwide/rustup-home" "-w" "/opt/rustwide/workdir" "-m" "1610612736" "--user" "0:0" "--network" "none" "ghcr.io/rust-lang/crates-build-env/linux@sha256:2788e3201cd34a07e3172128adcd8b3090168a8e3bcc40d7c032b9dda1df7d1c" "/opt/rustwide/cargo-home/bin/cargo" "+1.75.0" "build" "--frozen" "--message-format=json", kill_on_drop: false }`
[INFO] [stdout] 784ac60f9fa3976b805364aa7553c11cd30683cb6bb242124b695ad472fadc4e
[INFO] running `Command { std: "docker" "start" "-a" "784ac60f9fa3976b805364aa7553c11cd30683cb6bb242124b695ad472fadc4e", kill_on_drop: false }`
[INFO] [stderr]    Compiling minigrep_2022 v0.1.0 (/opt/rustwide/workdir)
[INFO] [stderr]     Finished dev [unoptimized + debuginfo] target(s) in 0.50s
[INFO] running `Command { std: "docker" "inspect" "784ac60f9fa3976b805364aa7553c11cd30683cb6bb242124b695ad472fadc4e", kill_on_drop: false }`
[INFO] running `Command { std: "docker" "rm" "-f" "784ac60f9fa3976b805364aa7553c11cd30683cb6bb242124b695ad472fadc4e", kill_on_drop: false }`
[INFO] [stdout] 784ac60f9fa3976b805364aa7553c11cd30683cb6bb242124b695ad472fadc4e
[INFO] running `Command { std: "docker" "create" "-v" "/var/lib/crater-agent-workspace/builds/worker-4-tc1/target:/opt/rustwide/target:rw,Z" "-v" "/var/lib/crater-agent-workspace/builds/worker-4-tc1/source:/opt/rustwide/workdir:ro,Z" "-v" "/var/lib/crater-agent-workspace/cargo-home:/opt/rustwide/cargo-home:ro,Z" "-v" "/var/lib/crater-agent-workspace/rustup-home:/opt/rustwide/rustup-home:ro,Z" "-e" "SOURCE_DIR=/opt/rustwide/workdir" "-e" "CARGO_TARGET_DIR=/opt/rustwide/target" "-e" "CARGO_INCREMENTAL=0" "-e" "RUST_BACKTRACE=full" "-e" "RUSTFLAGS=--cap-lints=warn" "-e" "RUSTDOCFLAGS=--cap-lints=warn" "-e" "CARGO_HOME=/opt/rustwide/cargo-home" "-e" "RUSTUP_HOME=/opt/rustwide/rustup-home" "-w" "/opt/rustwide/workdir" "-m" "1610612736" "--user" "0:0" "--network" "none" "ghcr.io/rust-lang/crates-build-env/linux@sha256:2788e3201cd34a07e3172128adcd8b3090168a8e3bcc40d7c032b9dda1df7d1c" "/opt/rustwide/cargo-home/bin/cargo" "+1.75.0" "test" "--frozen" "--no-run" "--message-format=json", kill_on_drop: false }`
[INFO] [stdout] 2ccb6ba686c33f296d6f530425d86932a2e0ad3f63353b1d8dee7ebd83c91930
[INFO] running `Command { std: "docker" "start" "-a" "2ccb6ba686c33f296d6f530425d86932a2e0ad3f63353b1d8dee7ebd83c91930", kill_on_drop: false }`
[INFO] [stderr]    Compiling minigrep_2022 v0.1.0 (/opt/rustwide/workdir)
[INFO] [stderr]     Finished test [unoptimized + debuginfo] target(s) in 0.40s
[INFO] running `Command { std: "docker" "inspect" "2ccb6ba686c33f296d6f530425d86932a2e0ad3f63353b1d8dee7ebd83c91930", kill_on_drop: false }`
[INFO] running `Command { std: "docker" "rm" "-f" "2ccb6ba686c33f296d6f530425d86932a2e0ad3f63353b1d8dee7ebd83c91930", kill_on_drop: false }`
[INFO] [stdout] 2ccb6ba686c33f296d6f530425d86932a2e0ad3f63353b1d8dee7ebd83c91930
[INFO] running `Command { std: "docker" "create" "-v" "/var/lib/crater-agent-workspace/builds/worker-4-tc1/target:/opt/rustwide/target:rw,Z" "-v" "/var/lib/crater-agent-workspace/builds/worker-4-tc1/source:/opt/rustwide/workdir:ro,Z" "-v" "/var/lib/crater-agent-workspace/cargo-home:/opt/rustwide/cargo-home:ro,Z" "-v" "/var/lib/crater-agent-workspace/rustup-home:/opt/rustwide/rustup-home:ro,Z" "-e" "SOURCE_DIR=/opt/rustwide/workdir" "-e" "CARGO_TARGET_DIR=/opt/rustwide/target" "-e" "CARGO_INCREMENTAL=0" "-e" "RUST_BACKTRACE=full" "-e" "RUSTFLAGS=--cap-lints=warn" "-e" "RUSTDOCFLAGS=--cap-lints=warn" "-e" "CARGO_HOME=/opt/rustwide/cargo-home" "-e" "RUSTUP_HOME=/opt/rustwide/rustup-home" "-w" "/opt/rustwide/workdir" "-m" "1610612736" "--user" "0:0" "--network" "none" "ghcr.io/rust-lang/crates-build-env/linux@sha256:2788e3201cd34a07e3172128adcd8b3090168a8e3bcc40d7c032b9dda1df7d1c" "/opt/rustwide/cargo-home/bin/cargo" "+1.75.0" "test" "--frozen", kill_on_drop: false }`
[INFO] [stdout] b679d97e1276366f9a61c554403ff541f8435805c5c5c0b79f1ff0296addf075
[INFO] running `Command { std: "docker" "start" "-a" "b679d97e1276366f9a61c554403ff541f8435805c5c5c0b79f1ff0296addf075", kill_on_drop: false }`
[INFO] [stderr]     Finished test [unoptimized + debuginfo] target(s) in 0.01s
[INFO] [stderr]      Running unittests src/lib.rs (/opt/rustwide/target/debug/deps/minigrep_2022-a58b9ac769441bbd)
[INFO] [stdout] 
[INFO] [stdout] running 3 tests
[INFO] [stdout] test tests::test_config_new ... ok
[INFO] [stdout] test tests::test_search ... ok
[INFO] [stdout] test tests::incentive_search ... ok
[INFO] [stdout] 
[INFO] [stdout] test result: ok. 3 passed; 0 failed; 0 ignored; 0 measured; 0 filtered out; finished in 0.01s
[INFO] [stdout] 
[INFO] [stderr]      Running unittests src/main.rs (/opt/rustwide/target/debug/deps/minigrep_2022-5125040387d19070)
[INFO] [stdout] 
[INFO] [stdout] running 0 tests
[INFO] [stdout] 
[INFO] [stdout] test result: ok. 0 passed; 0 failed; 0 ignored; 0 measured; 0 filtered out; finished in 0.00s
[INFO] [stdout] 
[INFO] [stderr]    Doc-tests minigrep_2022
[INFO] [stdout] 
[INFO] [stdout] running 1 test
[INFO] [stdout] test src/lib.rs - Config::new (line 30) ... FAILED
[INFO] [stdout] 
[INFO] [stdout] failures:
[INFO] [stdout] 
[INFO] [stdout] ---- src/lib.rs - Config::new (line 30) stdout ----
[INFO] [stdout] error[E0433]: failed to resolve: use of undeclared crate or module `minigrep`
[INFO] [stdout]  --> src/lib.rs:31:14
[INFO] [stdout]   |
[INFO] [stdout] 3 | let config = minigrep::Config::new(std::env::args()).unwrap_or_else(|err| {
[INFO] [stdout]   |              ^^^^^^^^ use of undeclared crate or module `minigrep`
[INFO] [stdout]   |
[INFO] [stdout] help: consider importing this struct
[INFO] [stdout]   |
[INFO] [stdout] 2 + use minigrep_2022::Config;
[INFO] [stdout]   |
[INFO] [stdout] help: if you import `Config`, refer to it directly
[INFO] [stdout]   |
[INFO] [stdout] 3 - let config = minigrep::Config::new(std::env::args()).unwrap_or_else(|err| {
[INFO] [stdout] 3 + let config = Config::new(std::env::args()).unwrap_or_else(|err| {
[INFO] [stdout]   |
[INFO] [stdout] 
[INFO] [stdout] error: aborting due to previous error
[INFO] [stdout] 
[INFO] [stdout] For more information about this error, try `rustc --explain E0433`.
[INFO] [stdout] Couldn't compile the test.
[INFO] [stdout] 
[INFO] [stdout] failures:
[INFO] [stdout]     src/lib.rs - Config::new (line 30)
[INFO] [stdout] 
[INFO] [stdout] test result: FAILED. 0 passed; 1 failed; 0 ignored; 0 measured; 0 filtered out; finished in 0.06s
[INFO] [stdout] 
[INFO] [stderr] error: doctest failed, to rerun pass `--doc`
[INFO] running `Command { std: "docker" "inspect" "b679d97e1276366f9a61c554403ff541f8435805c5c5c0b79f1ff0296addf075", kill_on_drop: false }`
[INFO] running `Command { std: "docker" "rm" "-f" "b679d97e1276366f9a61c554403ff541f8435805c5c5c0b79f1ff0296addf075", kill_on_drop: false }`
[INFO] [stdout] b679d97e1276366f9a61c554403ff541f8435805c5c5c0b79f1ff0296addf075
[INFO] testing minigrep_2022-0.1.0 against beta-2023-12-22 for beta-1.76-1
[INFO] extracting crate minigrep_2022 0.1.0 into /workspace/builds/worker-4-tc2/source
[INFO] validating manifest of crates.io crate minigrep_2022 0.1.0 on toolchain beta-2023-12-22
[INFO] running `Command { std: CARGO_HOME="/workspace/cargo-home" RUSTUP_HOME="/workspace/rustup-home" "/workspace/cargo-home/bin/cargo" "+beta-2023-12-22" "metadata" "--manifest-path" "Cargo.toml" "--no-deps", kill_on_drop: false }`
[INFO] started tweaking crates.io crate minigrep_2022 0.1.0
[INFO] finished tweaking crates.io crate minigrep_2022 0.1.0
[INFO] tweaked toml for crates.io crate minigrep_2022 0.1.0 written to /workspace/builds/worker-4-tc2/source/Cargo.toml
[INFO] crate crates.io crate minigrep_2022 0.1.0 already has a lockfile, it will not be regenerated
[INFO] running `Command { std: CARGO_HOME="/workspace/cargo-home" RUSTUP_HOME="/workspace/rustup-home" "/workspace/cargo-home/bin/cargo" "+beta-2023-12-22" "fetch" "--manifest-path" "Cargo.toml", kill_on_drop: false }`
[INFO] running `Command { std: "docker" "create" "-v" "/var/lib/crater-agent-workspace/builds/worker-4-tc2/target:/opt/rustwide/target:rw,Z" "-v" "/var/lib/crater-agent-workspace/builds/worker-4-tc2/source:/opt/rustwide/workdir:ro,Z" "-v" "/var/lib/crater-agent-workspace/cargo-home:/opt/rustwide/cargo-home:ro,Z" "-v" "/var/lib/crater-agent-workspace/rustup-home:/opt/rustwide/rustup-home:ro,Z" "-e" "SOURCE_DIR=/opt/rustwide/workdir" "-e" "CARGO_TARGET_DIR=/opt/rustwide/target" "-e" "CARGO_HOME=/opt/rustwide/cargo-home" "-e" "RUSTUP_HOME=/opt/rustwide/rustup-home" "-w" "/opt/rustwide/workdir" "-m" "1610612736" "--user" "0:0" "--network" "none" "ghcr.io/rust-lang/crates-build-env/linux@sha256:2788e3201cd34a07e3172128adcd8b3090168a8e3bcc40d7c032b9dda1df7d1c" "/opt/rustwide/cargo-home/bin/cargo" "+beta-2023-12-22" "metadata" "--no-deps" "--format-version=1", kill_on_drop: false }`
[INFO] [stdout] 2c9671752adbd00435d1943124103e472c216bcb882cfadff54118391e845053
[INFO] running `Command { std: "docker" "start" "-a" "2c9671752adbd00435d1943124103e472c216bcb882cfadff54118391e845053", kill_on_drop: false }`
[INFO] running `Command { std: "docker" "inspect" "2c9671752adbd00435d1943124103e472c216bcb882cfadff54118391e845053", kill_on_drop: false }`
[INFO] running `Command { std: "docker" "rm" "-f" "2c9671752adbd00435d1943124103e472c216bcb882cfadff54118391e845053", kill_on_drop: false }`
[INFO] [stdout] 2c9671752adbd00435d1943124103e472c216bcb882cfadff54118391e845053
[INFO] running `Command { std: "docker" "create" "-v" "/var/lib/crater-agent-workspace/builds/worker-4-tc2/target:/opt/rustwide/target:rw,Z" "-v" "/var/lib/crater-agent-workspace/builds/worker-4-tc2/source:/opt/rustwide/workdir:ro,Z" "-v" "/var/lib/crater-agent-workspace/cargo-home:/opt/rustwide/cargo-home:ro,Z" "-v" "/var/lib/crater-agent-workspace/rustup-home:/opt/rustwide/rustup-home:ro,Z" "-e" "SOURCE_DIR=/opt/rustwide/workdir" "-e" "CARGO_TARGET_DIR=/opt/rustwide/target" "-e" "CARGO_INCREMENTAL=0" "-e" "RUST_BACKTRACE=full" "-e" "RUSTFLAGS=--cap-lints=warn" "-e" "RUSTDOCFLAGS=--cap-lints=warn" "-e" "CARGO_HOME=/opt/rustwide/cargo-home" "-e" "RUSTUP_HOME=/opt/rustwide/rustup-home" "-w" "/opt/rustwide/workdir" "-m" "1610612736" "--user" "0:0" "--network" "none" "ghcr.io/rust-lang/crates-build-env/linux@sha256:2788e3201cd34a07e3172128adcd8b3090168a8e3bcc40d7c032b9dda1df7d1c" "/opt/rustwide/cargo-home/bin/cargo" "+beta-2023-12-22" "build" "--frozen" "--message-format=json", kill_on_drop: false }`
[INFO] [stdout] b9ef3fcd504ff9e9275b6487595fa8fb5a978cebc95b472cbb00a3226b25f0d2
[INFO] running `Command { std: "docker" "start" "-a" "b9ef3fcd504ff9e9275b6487595fa8fb5a978cebc95b472cbb00a3226b25f0d2", kill_on_drop: false }`
[INFO] [stderr]    Compiling minigrep_2022 v0.1.0 (/opt/rustwide/workdir)
[INFO] [stderr]     Finished dev [unoptimized + debuginfo] target(s) in 0.44s
[INFO] running `Command { std: "docker" "inspect" "b9ef3fcd504ff9e9275b6487595fa8fb5a978cebc95b472cbb00a3226b25f0d2", kill_on_drop: false }`
[INFO] running `Command { std: "docker" "rm" "-f" "b9ef3fcd504ff9e9275b6487595fa8fb5a978cebc95b472cbb00a3226b25f0d2", kill_on_drop: false }`
[INFO] [stdout] b9ef3fcd504ff9e9275b6487595fa8fb5a978cebc95b472cbb00a3226b25f0d2
[INFO] running `Command { std: "docker" "create" "-v" "/var/lib/crater-agent-workspace/builds/worker-4-tc2/target:/opt/rustwide/target:rw,Z" "-v" "/var/lib/crater-agent-workspace/builds/worker-4-tc2/source:/opt/rustwide/workdir:ro,Z" "-v" "/var/lib/crater-agent-workspace/cargo-home:/opt/rustwide/cargo-home:ro,Z" "-v" "/var/lib/crater-agent-workspace/rustup-home:/opt/rustwide/rustup-home:ro,Z" "-e" "SOURCE_DIR=/opt/rustwide/workdir" "-e" "CARGO_TARGET_DIR=/opt/rustwide/target" "-e" "CARGO_INCREMENTAL=0" "-e" "RUST_BACKTRACE=full" "-e" "RUSTFLAGS=--cap-lints=warn" "-e" "RUSTDOCFLAGS=--cap-lints=warn" "-e" "CARGO_HOME=/opt/rustwide/cargo-home" "-e" "RUSTUP_HOME=/opt/rustwide/rustup-home" "-w" "/opt/rustwide/workdir" "-m" "1610612736" "--user" "0:0" "--network" "none" "ghcr.io/rust-lang/crates-build-env/linux@sha256:2788e3201cd34a07e3172128adcd8b3090168a8e3bcc40d7c032b9dda1df7d1c" "/opt/rustwide/cargo-home/bin/cargo" "+beta-2023-12-22" "test" "--frozen" "--no-run" "--message-format=json", kill_on_drop: false }`
[INFO] [stdout] 869d21f1bf5d6ad3d647524f124e16bf0326debd5a58585f55fbef7e4333ad63
[INFO] running `Command { std: "docker" "start" "-a" "869d21f1bf5d6ad3d647524f124e16bf0326debd5a58585f55fbef7e4333ad63", kill_on_drop: false }`
[INFO] [stderr]    Compiling minigrep_2022 v0.1.0 (/opt/rustwide/workdir)
[INFO] [stderr]     Finished test [unoptimized + debuginfo] target(s) in 0.47s
[INFO] running `Command { std: "docker" "inspect" "869d21f1bf5d6ad3d647524f124e16bf0326debd5a58585f55fbef7e4333ad63", kill_on_drop: false }`
[INFO] running `Command { std: "docker" "rm" "-f" "869d21f1bf5d6ad3d647524f124e16bf0326debd5a58585f55fbef7e4333ad63", kill_on_drop: false }`
[INFO] [stdout] 869d21f1bf5d6ad3d647524f124e16bf0326debd5a58585f55fbef7e4333ad63
[INFO] running `Command { std: "docker" "create" "-v" "/var/lib/crater-agent-workspace/builds/worker-4-tc2/target:/opt/rustwide/target:rw,Z" "-v" "/var/lib/crater-agent-workspace/builds/worker-4-tc2/source:/opt/rustwide/workdir:ro,Z" "-v" "/var/lib/crater-agent-workspace/cargo-home:/opt/rustwide/cargo-home:ro,Z" "-v" "/var/lib/crater-agent-workspace/rustup-home:/opt/rustwide/rustup-home:ro,Z" "-e" "SOURCE_DIR=/opt/rustwide/workdir" "-e" "CARGO_TARGET_DIR=/opt/rustwide/target" "-e" "CARGO_INCREMENTAL=0" "-e" "RUST_BACKTRACE=full" "-e" "RUSTFLAGS=--cap-lints=warn" "-e" "RUSTDOCFLAGS=--cap-lints=warn" "-e" "CARGO_HOME=/opt/rustwide/cargo-home" "-e" "RUSTUP_HOME=/opt/rustwide/rustup-home" "-w" "/opt/rustwide/workdir" "-m" "1610612736" "--user" "0:0" "--network" "none" "ghcr.io/rust-lang/crates-build-env/linux@sha256:2788e3201cd34a07e3172128adcd8b3090168a8e3bcc40d7c032b9dda1df7d1c" "/opt/rustwide/cargo-home/bin/cargo" "+beta-2023-12-22" "test" "--frozen", kill_on_drop: false }`
[INFO] [stdout] 306a875224c1e79a2ea8581456e86d575d3c75dbd495d6326a61cbe94bcf5ab9
[INFO] running `Command { std: "docker" "start" "-a" "306a875224c1e79a2ea8581456e86d575d3c75dbd495d6326a61cbe94bcf5ab9", kill_on_drop: false }`
[INFO] [stderr]     Finished test [unoptimized + debuginfo] target(s) in 0.01s
[INFO] [stderr]      Running unittests src/lib.rs (/opt/rustwide/target/debug/deps/minigrep_2022-f5178bd630b924dd)
[INFO] [stdout] 
[INFO] [stdout] running 3 tests
[INFO] [stdout] test tests::test_search ... ok
[INFO] [stdout] test tests::test_config_new ... ok
[INFO] [stdout] test tests::incentive_search ... ok
[INFO] [stdout] 
[INFO] [stdout] test result: ok. 3 passed; 0 failed; 0 ignored; 0 measured; 0 filtered out; finished in 0.00s
[INFO] [stdout] 
[INFO] [stderr]      Running unittests src/main.rs (/opt/rustwide/target/debug/deps/minigrep_2022-b302e20a63c78b60)
[INFO] [stdout] 
[INFO] [stdout] running 0 tests
[INFO] [stdout] 
[INFO] [stdout] test result: ok. 0 passed; 0 failed; 0 ignored; 0 measured; 0 filtered out; finished in 0.00s
[INFO] [stdout] 
[INFO] [stderr]    Doc-tests minigrep_2022
[INFO] [stdout] 
[INFO] [stdout] running 1 test
[INFO] [stderr] error: doctest failed, to rerun pass `--doc`
[INFO] [stdout] test src/lib.rs - Config::new (line 30) ... FAILED
[INFO] [stdout] 
[INFO] [stdout] failures:
[INFO] [stdout] 
[INFO] [stdout] ---- src/lib.rs - Config::new (line 30) stdout ----
[INFO] [stdout] error[E0433]: failed to resolve: use of undeclared crate or module `minigrep`
[INFO] [stdout]  --> src/lib.rs:31:14
[INFO] [stdout]   |
[INFO] [stdout] 3 | let config = minigrep::Config::new(std::env::args()).unwrap_or_else(|err| {
[INFO] [stdout]   |              ^^^^^^^^ use of undeclared crate or module `minigrep`
[INFO] [stdout]   |
[INFO] [stdout] help: consider importing this struct
[INFO] [stdout]   |
[INFO] [stdout] 2 + use minigrep_2022::Config;
[INFO] [stdout]   |
[INFO] [stdout] help: if you import `Config`, refer to it directly
[INFO] [stdout]   |
[INFO] [stdout] 3 - let config = minigrep::Config::new(std::env::args()).unwrap_or_else(|err| {
[INFO] [stdout] 3 + let config = Config::new(std::env::args()).unwrap_or_else(|err| {
[INFO] [stdout]   |
[INFO] [stdout] 
[INFO] [stdout] error: aborting due to 1 previous error
[INFO] [stdout] 
[INFO] [stdout] For more information about this error, try `rustc --explain E0433`.
[INFO] [stdout] Couldn't compile the test.
[INFO] [stdout] 
[INFO] [stdout] failures:
[INFO] [stdout]     src/lib.rs - Config::new (line 30)
[INFO] [stdout] 
[INFO] [stdout] test result: FAILED. 0 passed; 1 failed; 0 ignored; 0 measured; 0 filtered out; finished in 0.09s
[INFO] [stdout] 
[INFO] running `Command { std: "docker" "inspect" "306a875224c1e79a2ea8581456e86d575d3c75dbd495d6326a61cbe94bcf5ab9", kill_on_drop: false }`
[INFO] running `Command { std: "docker" "rm" "-f" "306a875224c1e79a2ea8581456e86d575d3c75dbd495d6326a61cbe94bcf5ab9", kill_on_drop: false }`
[INFO] [stdout] 306a875224c1e79a2ea8581456e86d575d3c75dbd495d6326a61cbe94bcf5ab9
