[INFO] fetching crate mini-macro-magic 1.0.0...
[INFO] testing mini-macro-magic-1.0.0 against 1.75.0 for beta-1.76-1
[INFO] extracting crate mini-macro-magic 1.0.0 into /workspace/builds/worker-3-tc1/source
[INFO] validating manifest of crates.io crate mini-macro-magic 1.0.0 on toolchain 1.75.0
[INFO] running `Command { std: CARGO_HOME="/workspace/cargo-home" RUSTUP_HOME="/workspace/rustup-home" "/workspace/cargo-home/bin/cargo" "+1.75.0" "metadata" "--manifest-path" "Cargo.toml" "--no-deps", kill_on_drop: false }`
[INFO] started tweaking crates.io crate mini-macro-magic 1.0.0
[INFO] finished tweaking crates.io crate mini-macro-magic 1.0.0
[INFO] tweaked toml for crates.io crate mini-macro-magic 1.0.0 written to /workspace/builds/worker-3-tc1/source/Cargo.toml
[INFO] running `Command { std: CARGO_HOME="/workspace/cargo-home" RUSTUP_HOME="/workspace/rustup-home" "/workspace/cargo-home/bin/cargo" "+1.75.0" "generate-lockfile" "--manifest-path" "Cargo.toml", kill_on_drop: false }`
[INFO] running `Command { std: CARGO_HOME="/workspace/cargo-home" RUSTUP_HOME="/workspace/rustup-home" "/workspace/cargo-home/bin/cargo" "+1.75.0" "fetch" "--manifest-path" "Cargo.toml", kill_on_drop: false }`
[INFO] running `Command { std: "docker" "create" "-v" "/var/lib/crater-agent-workspace/builds/worker-3-tc1/target:/opt/rustwide/target:rw,Z" "-v" "/var/lib/crater-agent-workspace/builds/worker-3-tc1/source:/opt/rustwide/workdir:ro,Z" "-v" "/var/lib/crater-agent-workspace/cargo-home:/opt/rustwide/cargo-home:ro,Z" "-v" "/var/lib/crater-agent-workspace/rustup-home:/opt/rustwide/rustup-home:ro,Z" "-e" "SOURCE_DIR=/opt/rustwide/workdir" "-e" "CARGO_TARGET_DIR=/opt/rustwide/target" "-e" "CARGO_HOME=/opt/rustwide/cargo-home" "-e" "RUSTUP_HOME=/opt/rustwide/rustup-home" "-w" "/opt/rustwide/workdir" "-m" "1610612736" "--user" "0:0" "--network" "none" "ghcr.io/rust-lang/crates-build-env/linux@sha256:2788e3201cd34a07e3172128adcd8b3090168a8e3bcc40d7c032b9dda1df7d1c" "/opt/rustwide/cargo-home/bin/cargo" "+1.75.0" "metadata" "--no-deps" "--format-version=1", kill_on_drop: false }`
[INFO] [stdout] 0f6d262ac29ff2cf33243df1a36d8162f83c5332511d00ff78a1c060499effcf
[INFO] running `Command { std: "docker" "start" "-a" "0f6d262ac29ff2cf33243df1a36d8162f83c5332511d00ff78a1c060499effcf", kill_on_drop: false }`
[INFO] running `Command { std: "docker" "inspect" "0f6d262ac29ff2cf33243df1a36d8162f83c5332511d00ff78a1c060499effcf", kill_on_drop: false }`
[INFO] running `Command { std: "docker" "rm" "-f" "0f6d262ac29ff2cf33243df1a36d8162f83c5332511d00ff78a1c060499effcf", kill_on_drop: false }`
[INFO] [stdout] 0f6d262ac29ff2cf33243df1a36d8162f83c5332511d00ff78a1c060499effcf
[INFO] running `Command { std: "docker" "create" "-v" "/var/lib/crater-agent-workspace/builds/worker-3-tc1/target:/opt/rustwide/target:rw,Z" "-v" "/var/lib/crater-agent-workspace/builds/worker-3-tc1/source:/opt/rustwide/workdir:ro,Z" "-v" "/var/lib/crater-agent-workspace/cargo-home:/opt/rustwide/cargo-home:ro,Z" "-v" "/var/lib/crater-agent-workspace/rustup-home:/opt/rustwide/rustup-home:ro,Z" "-e" "SOURCE_DIR=/opt/rustwide/workdir" "-e" "CARGO_TARGET_DIR=/opt/rustwide/target" "-e" "CARGO_INCREMENTAL=0" "-e" "RUST_BACKTRACE=full" "-e" "RUSTFLAGS=--cap-lints=warn" "-e" "RUSTDOCFLAGS=--cap-lints=warn" "-e" "CARGO_HOME=/opt/rustwide/cargo-home" "-e" "RUSTUP_HOME=/opt/rustwide/rustup-home" "-w" "/opt/rustwide/workdir" "-m" "1610612736" "--user" "0:0" "--network" "none" "ghcr.io/rust-lang/crates-build-env/linux@sha256:2788e3201cd34a07e3172128adcd8b3090168a8e3bcc40d7c032b9dda1df7d1c" "/opt/rustwide/cargo-home/bin/cargo" "+1.75.0" "build" "--frozen" "--message-format=json", kill_on_drop: false }`
[INFO] [stdout] 9ab6b433f6bdb8bb4ec37b2b1d61f5c59f3fca60f21dece679a3467ab77c7715
[INFO] running `Command { std: "docker" "start" "-a" "9ab6b433f6bdb8bb4ec37b2b1d61f5c59f3fca60f21dece679a3467ab77c7715", kill_on_drop: false }`
[INFO] [stderr]    Compiling mini-macro-magic v1.0.0 (/opt/rustwide/workdir)
[INFO] [stderr]     Finished dev [unoptimized + debuginfo] target(s) in 0.03s
[INFO] running `Command { std: "docker" "inspect" "9ab6b433f6bdb8bb4ec37b2b1d61f5c59f3fca60f21dece679a3467ab77c7715", kill_on_drop: false }`
[INFO] running `Command { std: "docker" "rm" "-f" "9ab6b433f6bdb8bb4ec37b2b1d61f5c59f3fca60f21dece679a3467ab77c7715", kill_on_drop: false }`
[INFO] [stdout] 9ab6b433f6bdb8bb4ec37b2b1d61f5c59f3fca60f21dece679a3467ab77c7715
[INFO] running `Command { std: "docker" "create" "-v" "/var/lib/crater-agent-workspace/builds/worker-3-tc1/target:/opt/rustwide/target:rw,Z" "-v" "/var/lib/crater-agent-workspace/builds/worker-3-tc1/source:/opt/rustwide/workdir:ro,Z" "-v" "/var/lib/crater-agent-workspace/cargo-home:/opt/rustwide/cargo-home:ro,Z" "-v" "/var/lib/crater-agent-workspace/rustup-home:/opt/rustwide/rustup-home:ro,Z" "-e" "SOURCE_DIR=/opt/rustwide/workdir" "-e" "CARGO_TARGET_DIR=/opt/rustwide/target" "-e" "CARGO_INCREMENTAL=0" "-e" "RUST_BACKTRACE=full" "-e" "RUSTFLAGS=--cap-lints=warn" "-e" "RUSTDOCFLAGS=--cap-lints=warn" "-e" "CARGO_HOME=/opt/rustwide/cargo-home" "-e" "RUSTUP_HOME=/opt/rustwide/rustup-home" "-w" "/opt/rustwide/workdir" "-m" "1610612736" "--user" "0:0" "--network" "none" "ghcr.io/rust-lang/crates-build-env/linux@sha256:2788e3201cd34a07e3172128adcd8b3090168a8e3bcc40d7c032b9dda1df7d1c" "/opt/rustwide/cargo-home/bin/cargo" "+1.75.0" "test" "--frozen" "--no-run" "--message-format=json", kill_on_drop: false }`
[INFO] [stdout] 0ce89bd902a2429549b25abd440ae67b7dad8bb592d9ccf01c911cde20426e89
[INFO] running `Command { std: "docker" "start" "-a" "0ce89bd902a2429549b25abd440ae67b7dad8bb592d9ccf01c911cde20426e89", kill_on_drop: false }`
[INFO] [stderr]    Compiling mini-macro-magic v1.0.0 (/opt/rustwide/workdir)
[INFO] [stderr]     Finished test [unoptimized + debuginfo] target(s) in 0.19s
[INFO] running `Command { std: "docker" "inspect" "0ce89bd902a2429549b25abd440ae67b7dad8bb592d9ccf01c911cde20426e89", kill_on_drop: false }`
[INFO] running `Command { std: "docker" "rm" "-f" "0ce89bd902a2429549b25abd440ae67b7dad8bb592d9ccf01c911cde20426e89", kill_on_drop: false }`
[INFO] [stdout] 0ce89bd902a2429549b25abd440ae67b7dad8bb592d9ccf01c911cde20426e89
[INFO] running `Command { std: "docker" "create" "-v" "/var/lib/crater-agent-workspace/builds/worker-3-tc1/target:/opt/rustwide/target:rw,Z" "-v" "/var/lib/crater-agent-workspace/builds/worker-3-tc1/source:/opt/rustwide/workdir:ro,Z" "-v" "/var/lib/crater-agent-workspace/cargo-home:/opt/rustwide/cargo-home:ro,Z" "-v" "/var/lib/crater-agent-workspace/rustup-home:/opt/rustwide/rustup-home:ro,Z" "-e" "SOURCE_DIR=/opt/rustwide/workdir" "-e" "CARGO_TARGET_DIR=/opt/rustwide/target" "-e" "CARGO_INCREMENTAL=0" "-e" "RUST_BACKTRACE=full" "-e" "RUSTFLAGS=--cap-lints=warn" "-e" "RUSTDOCFLAGS=--cap-lints=warn" "-e" "CARGO_HOME=/opt/rustwide/cargo-home" "-e" "RUSTUP_HOME=/opt/rustwide/rustup-home" "-w" "/opt/rustwide/workdir" "-m" "1610612736" "--user" "0:0" "--network" "none" "ghcr.io/rust-lang/crates-build-env/linux@sha256:2788e3201cd34a07e3172128adcd8b3090168a8e3bcc40d7c032b9dda1df7d1c" "/opt/rustwide/cargo-home/bin/cargo" "+1.75.0" "test" "--frozen", kill_on_drop: false }`
[INFO] [stdout] d08dc537dfe1875baffcc38dc8c8469d48b0b34874a571cfb7d159a9d68e8839
[INFO] running `Command { std: "docker" "start" "-a" "d08dc537dfe1875baffcc38dc8c8469d48b0b34874a571cfb7d159a9d68e8839", kill_on_drop: false }`
[INFO] [stderr]     Finished test [unoptimized + debuginfo] target(s) in 0.01s
[INFO] [stderr]      Running unittests src/lib.rs (/opt/rustwide/target/debug/deps/mini_macro_magic-e34eadf2ec5603dc)
[INFO] [stdout] 
[INFO] [stdout] running 0 tests
[INFO] [stdout] 
[INFO] [stdout] test result: ok. 0 passed; 0 failed; 0 ignored; 0 measured; 0 filtered out; finished in 0.00s
[INFO] [stdout] 
[INFO] [stderr]    Doc-tests mini-macro-magic
[INFO] [stdout] 
[INFO] [stdout] running 8 tests
[INFO] [stdout] test src/lib.rs - export (line 25) ... ignored
[INFO] [stdout] test src/lib.rs - example::inspect_demo (line 353) ... FAILED
[INFO] [stdout] test src/lib.rs - example (line 307) ... ok
[INFO] [stdout] test src/lib.rs - export (line 144) ... ok
[INFO] [stdout] test src/lib.rs - export (line 84) ... ok
[INFO] [stdout] test src/lib.rs - example::inspect_demo (line 341) ... ok
[INFO] [stdout] test src/lib.rs - export (line 53) ... ok
[INFO] [stderr] error: doctest failed, to rerun pass `--doc`
[INFO] [stdout] test src/lib.rs - export (line 113) ... ok
[INFO] [stdout] 
[INFO] [stdout] failures:
[INFO] [stdout] 
[INFO] [stdout] ---- src/lib.rs - example::inspect_demo (line 353) stdout ----
[INFO] [stdout] error[E0432]: unresolved import `mini_macro_magic::example`
[INFO] [stdout]  --> src/lib.rs:355:23
[INFO] [stdout]   |
[INFO] [stdout] 5 | use mini_macro_magic::example::inspect_demo;
[INFO] [stdout]   |                       ^^^^^^^ could not find `example` in `mini_macro_magic`
[INFO] [stdout] 
[INFO] [stdout] error: cannot determine resolution for the macro `inspect_demo`
[INFO] [stdout]   --> src/lib.rs:363:13
[INFO] [stdout]    |
[INFO] [stdout] 13 | let first = inspect_demo!(first_token);
[INFO] [stdout]    |             ^^^^^^^^^^^^
[INFO] [stdout]    |
[INFO] [stdout]    = note: import resolution is stuck, try simplifying macro imports
[INFO] [stdout] 
[INFO] [stdout] error: aborting due to 2 previous errors
[INFO] [stdout] 
[INFO] [stdout] For more information about this error, try `rustc --explain E0432`.
[INFO] [stdout] Couldn't compile the test.
[INFO] [stdout] 
[INFO] [stdout] failures:
[INFO] [stdout]     src/lib.rs - example::inspect_demo (line 353)
[INFO] [stdout] 
[INFO] [stdout] test result: FAILED. 6 passed; 1 failed; 1 ignored; 0 measured; 0 filtered out; finished in 0.38s
[INFO] [stdout] 
[INFO] running `Command { std: "docker" "inspect" "d08dc537dfe1875baffcc38dc8c8469d48b0b34874a571cfb7d159a9d68e8839", kill_on_drop: false }`
[INFO] running `Command { std: "docker" "rm" "-f" "d08dc537dfe1875baffcc38dc8c8469d48b0b34874a571cfb7d159a9d68e8839", kill_on_drop: false }`
[INFO] [stdout] d08dc537dfe1875baffcc38dc8c8469d48b0b34874a571cfb7d159a9d68e8839
[INFO] testing mini-macro-magic-1.0.0 against beta-2023-12-22 for beta-1.76-1
[INFO] extracting crate mini-macro-magic 1.0.0 into /workspace/builds/worker-3-tc2/source
[INFO] validating manifest of crates.io crate mini-macro-magic 1.0.0 on toolchain beta-2023-12-22
[INFO] running `Command { std: CARGO_HOME="/workspace/cargo-home" RUSTUP_HOME="/workspace/rustup-home" "/workspace/cargo-home/bin/cargo" "+beta-2023-12-22" "metadata" "--manifest-path" "Cargo.toml" "--no-deps", kill_on_drop: false }`
[INFO] started tweaking crates.io crate mini-macro-magic 1.0.0
[INFO] finished tweaking crates.io crate mini-macro-magic 1.0.0
[INFO] tweaked toml for crates.io crate mini-macro-magic 1.0.0 written to /workspace/builds/worker-3-tc2/source/Cargo.toml
[INFO] running `Command { std: CARGO_HOME="/workspace/cargo-home" RUSTUP_HOME="/workspace/rustup-home" "/workspace/cargo-home/bin/cargo" "+beta-2023-12-22" "generate-lockfile" "--manifest-path" "Cargo.toml", kill_on_drop: false }`
[INFO] running `Command { std: CARGO_HOME="/workspace/cargo-home" RUSTUP_HOME="/workspace/rustup-home" "/workspace/cargo-home/bin/cargo" "+beta-2023-12-22" "fetch" "--manifest-path" "Cargo.toml", kill_on_drop: false }`
[INFO] running `Command { std: "docker" "create" "-v" "/var/lib/crater-agent-workspace/builds/worker-3-tc2/target:/opt/rustwide/target:rw,Z" "-v" "/var/lib/crater-agent-workspace/builds/worker-3-tc2/source:/opt/rustwide/workdir:ro,Z" "-v" "/var/lib/crater-agent-workspace/cargo-home:/opt/rustwide/cargo-home:ro,Z" "-v" "/var/lib/crater-agent-workspace/rustup-home:/opt/rustwide/rustup-home:ro,Z" "-e" "SOURCE_DIR=/opt/rustwide/workdir" "-e" "CARGO_TARGET_DIR=/opt/rustwide/target" "-e" "CARGO_HOME=/opt/rustwide/cargo-home" "-e" "RUSTUP_HOME=/opt/rustwide/rustup-home" "-w" "/opt/rustwide/workdir" "-m" "1610612736" "--user" "0:0" "--network" "none" "ghcr.io/rust-lang/crates-build-env/linux@sha256:2788e3201cd34a07e3172128adcd8b3090168a8e3bcc40d7c032b9dda1df7d1c" "/opt/rustwide/cargo-home/bin/cargo" "+beta-2023-12-22" "metadata" "--no-deps" "--format-version=1", kill_on_drop: false }`
[INFO] [stdout] 557bef269e7aa0e83f7c78e7857d01ed255bd2086dadb218ce915304c4f09044
[INFO] running `Command { std: "docker" "start" "-a" "557bef269e7aa0e83f7c78e7857d01ed255bd2086dadb218ce915304c4f09044", kill_on_drop: false }`
[INFO] running `Command { std: "docker" "inspect" "557bef269e7aa0e83f7c78e7857d01ed255bd2086dadb218ce915304c4f09044", kill_on_drop: false }`
[INFO] running `Command { std: "docker" "rm" "-f" "557bef269e7aa0e83f7c78e7857d01ed255bd2086dadb218ce915304c4f09044", kill_on_drop: false }`
[INFO] [stdout] 557bef269e7aa0e83f7c78e7857d01ed255bd2086dadb218ce915304c4f09044
[INFO] running `Command { std: "docker" "create" "-v" "/var/lib/crater-agent-workspace/builds/worker-3-tc2/target:/opt/rustwide/target:rw,Z" "-v" "/var/lib/crater-agent-workspace/builds/worker-3-tc2/source:/opt/rustwide/workdir:ro,Z" "-v" "/var/lib/crater-agent-workspace/cargo-home:/opt/rustwide/cargo-home:ro,Z" "-v" "/var/lib/crater-agent-workspace/rustup-home:/opt/rustwide/rustup-home:ro,Z" "-e" "SOURCE_DIR=/opt/rustwide/workdir" "-e" "CARGO_TARGET_DIR=/opt/rustwide/target" "-e" "CARGO_INCREMENTAL=0" "-e" "RUST_BACKTRACE=full" "-e" "RUSTFLAGS=--cap-lints=warn" "-e" "RUSTDOCFLAGS=--cap-lints=warn" "-e" "CARGO_HOME=/opt/rustwide/cargo-home" "-e" "RUSTUP_HOME=/opt/rustwide/rustup-home" "-w" "/opt/rustwide/workdir" "-m" "1610612736" "--user" "0:0" "--network" "none" "ghcr.io/rust-lang/crates-build-env/linux@sha256:2788e3201cd34a07e3172128adcd8b3090168a8e3bcc40d7c032b9dda1df7d1c" "/opt/rustwide/cargo-home/bin/cargo" "+beta-2023-12-22" "build" "--frozen" "--message-format=json", kill_on_drop: false }`
[INFO] [stdout] 0fc2a271296b39864d4d279156ce19191f69f0ac417d054077f8028f135a5e54
[INFO] running `Command { std: "docker" "start" "-a" "0fc2a271296b39864d4d279156ce19191f69f0ac417d054077f8028f135a5e54", kill_on_drop: false }`
[INFO] [stderr]    Compiling mini-macro-magic v1.0.0 (/opt/rustwide/workdir)
[INFO] [stderr]     Finished dev [unoptimized + debuginfo] target(s) in 0.03s
[INFO] running `Command { std: "docker" "inspect" "0fc2a271296b39864d4d279156ce19191f69f0ac417d054077f8028f135a5e54", kill_on_drop: false }`
[INFO] running `Command { std: "docker" "rm" "-f" "0fc2a271296b39864d4d279156ce19191f69f0ac417d054077f8028f135a5e54", kill_on_drop: false }`
[INFO] [stdout] 0fc2a271296b39864d4d279156ce19191f69f0ac417d054077f8028f135a5e54
[INFO] running `Command { std: "docker" "create" "-v" "/var/lib/crater-agent-workspace/builds/worker-3-tc2/target:/opt/rustwide/target:rw,Z" "-v" "/var/lib/crater-agent-workspace/builds/worker-3-tc2/source:/opt/rustwide/workdir:ro,Z" "-v" "/var/lib/crater-agent-workspace/cargo-home:/opt/rustwide/cargo-home:ro,Z" "-v" "/var/lib/crater-agent-workspace/rustup-home:/opt/rustwide/rustup-home:ro,Z" "-e" "SOURCE_DIR=/opt/rustwide/workdir" "-e" "CARGO_TARGET_DIR=/opt/rustwide/target" "-e" "CARGO_INCREMENTAL=0" "-e" "RUST_BACKTRACE=full" "-e" "RUSTFLAGS=--cap-lints=warn" "-e" "RUSTDOCFLAGS=--cap-lints=warn" "-e" "CARGO_HOME=/opt/rustwide/cargo-home" "-e" "RUSTUP_HOME=/opt/rustwide/rustup-home" "-w" "/opt/rustwide/workdir" "-m" "1610612736" "--user" "0:0" "--network" "none" "ghcr.io/rust-lang/crates-build-env/linux@sha256:2788e3201cd34a07e3172128adcd8b3090168a8e3bcc40d7c032b9dda1df7d1c" "/opt/rustwide/cargo-home/bin/cargo" "+beta-2023-12-22" "test" "--frozen" "--no-run" "--message-format=json", kill_on_drop: false }`
[INFO] [stdout] c70d84a46bc4cd4806a88654abc2143f224bc6b084a4cc06f6080d87f31bb33d
[INFO] running `Command { std: "docker" "start" "-a" "c70d84a46bc4cd4806a88654abc2143f224bc6b084a4cc06f6080d87f31bb33d", kill_on_drop: false }`
[INFO] [stderr]    Compiling mini-macro-magic v1.0.0 (/opt/rustwide/workdir)
[INFO] [stderr]     Finished test [unoptimized + debuginfo] target(s) in 0.23s
[INFO] running `Command { std: "docker" "inspect" "c70d84a46bc4cd4806a88654abc2143f224bc6b084a4cc06f6080d87f31bb33d", kill_on_drop: false }`
[INFO] running `Command { std: "docker" "rm" "-f" "c70d84a46bc4cd4806a88654abc2143f224bc6b084a4cc06f6080d87f31bb33d", kill_on_drop: false }`
[INFO] [stdout] c70d84a46bc4cd4806a88654abc2143f224bc6b084a4cc06f6080d87f31bb33d
[INFO] running `Command { std: "docker" "create" "-v" "/var/lib/crater-agent-workspace/builds/worker-3-tc2/target:/opt/rustwide/target:rw,Z" "-v" "/var/lib/crater-agent-workspace/builds/worker-3-tc2/source:/opt/rustwide/workdir:ro,Z" "-v" "/var/lib/crater-agent-workspace/cargo-home:/opt/rustwide/cargo-home:ro,Z" "-v" "/var/lib/crater-agent-workspace/rustup-home:/opt/rustwide/rustup-home:ro,Z" "-e" "SOURCE_DIR=/opt/rustwide/workdir" "-e" "CARGO_TARGET_DIR=/opt/rustwide/target" "-e" "CARGO_INCREMENTAL=0" "-e" "RUST_BACKTRACE=full" "-e" "RUSTFLAGS=--cap-lints=warn" "-e" "RUSTDOCFLAGS=--cap-lints=warn" "-e" "CARGO_HOME=/opt/rustwide/cargo-home" "-e" "RUSTUP_HOME=/opt/rustwide/rustup-home" "-w" "/opt/rustwide/workdir" "-m" "1610612736" "--user" "0:0" "--network" "none" "ghcr.io/rust-lang/crates-build-env/linux@sha256:2788e3201cd34a07e3172128adcd8b3090168a8e3bcc40d7c032b9dda1df7d1c" "/opt/rustwide/cargo-home/bin/cargo" "+beta-2023-12-22" "test" "--frozen", kill_on_drop: false }`
[INFO] [stdout] 6dfb8b916246d74c0773b812605be134e77d539cdbddeb81a2e09c550edb2cc5
[INFO] running `Command { std: "docker" "start" "-a" "6dfb8b916246d74c0773b812605be134e77d539cdbddeb81a2e09c550edb2cc5", kill_on_drop: false }`
[INFO] [stderr]     Finished test [unoptimized + debuginfo] target(s) in 0.01s
[INFO] [stderr]      Running unittests src/lib.rs (/opt/rustwide/target/debug/deps/mini_macro_magic-521f67701b25b7e3)
[INFO] [stdout] 
[INFO] [stdout] running 0 tests
[INFO] [stdout] 
[INFO] [stdout] test result: ok. 0 passed; 0 failed; 0 ignored; 0 measured; 0 filtered out; finished in 0.00s
[INFO] [stdout] 
[INFO] [stderr]    Doc-tests mini-macro-magic
[INFO] [stdout] 
[INFO] [stdout] running 8 tests
[INFO] [stdout] test src/lib.rs - export (line 25) ... ignored
[INFO] [stdout] test src/lib.rs - example::inspect_demo (line 353) ... FAILED
[INFO] [stdout] test src/lib.rs - example (line 307) ... ok
[INFO] [stdout] test src/lib.rs - export (line 84) ... ok
[INFO] [stdout] test src/lib.rs - example::inspect_demo (line 341) ... ok
[INFO] [stdout] test src/lib.rs - export (line 144) ... ok
[INFO] [stdout] test src/lib.rs - export (line 113) ... ok
[INFO] [stdout] test src/lib.rs - export (line 53) ... ok
[INFO] [stdout] 
[INFO] [stdout] failures:
[INFO] [stdout] 
[INFO] [stdout] ---- src/lib.rs - example::inspect_demo (line 353) stdout ----
[INFO] [stdout] error[E0432]: unresolved import `mini_macro_magic::example`
[INFO] [stdout]  --> src/lib.rs:355:23
[INFO] [stdout]   |
[INFO] [stdout] 5 | use mini_macro_magic::example::inspect_demo;
[INFO] [stdout]   |                       ^^^^^^^ could not find `example` in `mini_macro_magic`
[INFO] [stdout] 
[INFO] [stdout] error: cannot determine resolution for the macro `inspect_demo`
[INFO] [stdout]   --> src/lib.rs:363:13
[INFO] [stdout]    |
[INFO] [stdout] 13 | let first = inspect_demo!(first_token);
[INFO] [stdout]    |             ^^^^^^^^^^^^
[INFO] [stdout]    |
[INFO] [stdout]    = note: import resolution is stuck, try simplifying macro imports
[INFO] [stdout] 
[INFO] [stdout] error: aborting due to 2 previous errors
[INFO] [stdout] 
[INFO] [stdout] For more information about this error, try `rustc --explain E0432`.
[INFO] [stdout] Couldn't compile the test.
[INFO] [stdout] 
[INFO] [stdout] failures:
[INFO] [stdout]     src/lib.rs - example::inspect_demo (line 353)
[INFO] [stdout] 
[INFO] [stdout] test result: FAILED. 6 passed; 1 failed; 1 ignored; 0 measured; 0 filtered out; finished in 0.29s
[INFO] [stdout] 
[INFO] [stderr] error: doctest failed, to rerun pass `--doc`
[INFO] running `Command { std: "docker" "inspect" "6dfb8b916246d74c0773b812605be134e77d539cdbddeb81a2e09c550edb2cc5", kill_on_drop: false }`
[INFO] running `Command { std: "docker" "rm" "-f" "6dfb8b916246d74c0773b812605be134e77d539cdbddeb81a2e09c550edb2cc5", kill_on_drop: false }`
[INFO] [stdout] 6dfb8b916246d74c0773b812605be134e77d539cdbddeb81a2e09c550edb2cc5
