[INFO] fetching crate minecraft_launcher_core 0.1.2...
[INFO] testing minecraft_launcher_core-0.1.2 against 1.75.0 for beta-1.76-1
[INFO] extracting crate minecraft_launcher_core 0.1.2 into /workspace/builds/worker-1-tc1/source
[INFO] validating manifest of crates.io crate minecraft_launcher_core 0.1.2 on toolchain 1.75.0
[INFO] running `Command { std: CARGO_HOME="/workspace/cargo-home" RUSTUP_HOME="/workspace/rustup-home" "/workspace/cargo-home/bin/cargo" "+1.75.0" "metadata" "--manifest-path" "Cargo.toml" "--no-deps", kill_on_drop: false }`
[INFO] started tweaking crates.io crate minecraft_launcher_core 0.1.2
[INFO] finished tweaking crates.io crate minecraft_launcher_core 0.1.2
[INFO] tweaked toml for crates.io crate minecraft_launcher_core 0.1.2 written to /workspace/builds/worker-1-tc1/source/Cargo.toml
[INFO] crate crates.io crate minecraft_launcher_core 0.1.2 already has a lockfile, it will not be regenerated
[INFO] running `Command { std: CARGO_HOME="/workspace/cargo-home" RUSTUP_HOME="/workspace/rustup-home" "/workspace/cargo-home/bin/cargo" "+1.75.0" "fetch" "--manifest-path" "Cargo.toml", kill_on_drop: false }`
[INFO] [stderr]     Updating crates.io index
[INFO] [stderr]  Downloading crates ...
[INFO] [stderr]   Downloaded whoami v1.2.3
[INFO] [stderr]   Downloaded jsonxf v1.1.1
[INFO] [stderr]   Downloaded minecraft_downloader_core v0.1.6
[INFO] [stderr]   Downloaded requests_rs v0.1.6
[INFO] [stderr]   Downloaded uuid-macro-internal v1.2.1
[INFO] running `Command { std: "docker" "create" "-v" "/var/lib/crater-agent-workspace/builds/worker-1-tc1/target:/opt/rustwide/target:rw,Z" "-v" "/var/lib/crater-agent-workspace/builds/worker-1-tc1/source:/opt/rustwide/workdir:ro,Z" "-v" "/var/lib/crater-agent-workspace/cargo-home:/opt/rustwide/cargo-home:ro,Z" "-v" "/var/lib/crater-agent-workspace/rustup-home:/opt/rustwide/rustup-home:ro,Z" "-e" "SOURCE_DIR=/opt/rustwide/workdir" "-e" "CARGO_TARGET_DIR=/opt/rustwide/target" "-e" "CARGO_HOME=/opt/rustwide/cargo-home" "-e" "RUSTUP_HOME=/opt/rustwide/rustup-home" "-w" "/opt/rustwide/workdir" "-m" "1610612736" "--user" "0:0" "--network" "none" "ghcr.io/rust-lang/crates-build-env/linux@sha256:2788e3201cd34a07e3172128adcd8b3090168a8e3bcc40d7c032b9dda1df7d1c" "/opt/rustwide/cargo-home/bin/cargo" "+1.75.0" "metadata" "--no-deps" "--format-version=1", kill_on_drop: false }`
[INFO] [stdout] a5bdbb03dd62b42a5f3e850988b3cd901010fb8fdb1842ae06dacc246036c91a
[INFO] running `Command { std: "docker" "start" "-a" "a5bdbb03dd62b42a5f3e850988b3cd901010fb8fdb1842ae06dacc246036c91a", kill_on_drop: false }`
[INFO] running `Command { std: "docker" "inspect" "a5bdbb03dd62b42a5f3e850988b3cd901010fb8fdb1842ae06dacc246036c91a", kill_on_drop: false }`
[INFO] running `Command { std: "docker" "rm" "-f" "a5bdbb03dd62b42a5f3e850988b3cd901010fb8fdb1842ae06dacc246036c91a", kill_on_drop: false }`
[INFO] [stdout] a5bdbb03dd62b42a5f3e850988b3cd901010fb8fdb1842ae06dacc246036c91a
[INFO] running `Command { std: "docker" "create" "-v" "/var/lib/crater-agent-workspace/builds/worker-1-tc1/target:/opt/rustwide/target:rw,Z" "-v" "/var/lib/crater-agent-workspace/builds/worker-1-tc1/source:/opt/rustwide/workdir:ro,Z" "-v" "/var/lib/crater-agent-workspace/cargo-home:/opt/rustwide/cargo-home:ro,Z" "-v" "/var/lib/crater-agent-workspace/rustup-home:/opt/rustwide/rustup-home:ro,Z" "-e" "SOURCE_DIR=/opt/rustwide/workdir" "-e" "CARGO_TARGET_DIR=/opt/rustwide/target" "-e" "CARGO_INCREMENTAL=0" "-e" "RUST_BACKTRACE=full" "-e" "RUSTFLAGS=--cap-lints=warn" "-e" "RUSTDOCFLAGS=--cap-lints=warn" "-e" "CARGO_HOME=/opt/rustwide/cargo-home" "-e" "RUSTUP_HOME=/opt/rustwide/rustup-home" "-w" "/opt/rustwide/workdir" "-m" "1610612736" "--user" "0:0" "--network" "none" "ghcr.io/rust-lang/crates-build-env/linux@sha256:2788e3201cd34a07e3172128adcd8b3090168a8e3bcc40d7c032b9dda1df7d1c" "/opt/rustwide/cargo-home/bin/cargo" "+1.75.0" "build" "--frozen" "--message-format=json", kill_on_drop: false }`
[INFO] [stdout] 9a6910b19be64c854ebf850ee422781f9049e0178edefefd99a195e1879b55f3
[INFO] running `Command { std: "docker" "start" "-a" "9a6910b19be64c854ebf850ee422781f9049e0178edefefd99a195e1879b55f3", kill_on_drop: false }`
[INFO] [stderr]    Compiling libc v0.2.137
[INFO] [stderr]    Compiling proc-macro2 v1.0.47
[INFO] [stderr]    Compiling syn v1.0.103
[INFO] [stderr]    Compiling cc v1.0.74
[INFO] [stderr]    Compiling log v0.4.17
[INFO] [stderr]    Compiling lock_api v0.4.9
[INFO] [stderr]    Compiling memchr v2.5.0
[INFO] [stderr]    Compiling pkg-config v0.3.26
[INFO] [stderr]    Compiling parking_lot_core v0.9.4
[INFO] [stderr]    Compiling once_cell v1.16.0
[INFO] [stderr]    Compiling bytes v1.2.1
[INFO] [stderr]    Compiling smallvec v1.10.0
[INFO] [stderr]    Compiling futures-core v0.3.25
[INFO] [stderr]    Compiling scopeguard v1.1.0
[INFO] [stderr]    Compiling tokio v1.21.2
[INFO] [stderr]    Compiling itoa v1.0.4
[INFO] [stderr]    Compiling slab v0.4.7
[INFO] [stderr]    Compiling futures-task v0.3.25
[INFO] [stderr]    Compiling tracing-core v0.1.30
[INFO] [stderr]    Compiling indexmap v1.9.1
[INFO] [stderr]    Compiling openssl v0.10.42
[INFO] [stderr]    Compiling quote v1.0.21
[INFO] [stderr]    Compiling num_cpus v1.14.0
[INFO] [stderr]    Compiling socket2 v0.4.7
[INFO] [stderr]    Compiling mio v0.8.5
[INFO] [stderr]    Compiling openssl-sys v0.9.77
[INFO] [stderr]    Compiling parking_lot v0.12.1
[INFO] [stderr]    Compiling signal-hook-registry v1.4.0
[INFO] [stderr]    Compiling futures-util v0.3.25
[INFO] [stderr]    Compiling http v0.2.8
[INFO] [stderr]    Compiling tracing v0.1.37
[INFO] [stderr]    Compiling futures-sink v0.3.25
[INFO] [stderr]    Compiling futures-io v0.3.25
[INFO] [stderr]    Compiling futures-channel v0.3.25
[INFO] [stderr]    Compiling serde v1.0.147
[INFO] [stderr]    Compiling native-tls v0.2.11
[INFO] [stderr]    Compiling percent-encoding v2.2.0
[INFO] [stderr]    Compiling want v0.3.0
[INFO] [stderr]    Compiling form_urlencoded v1.1.0
[INFO] [stderr]    Compiling unicode-normalization v0.1.22
[INFO] [stderr]    Compiling serde_json v1.0.87
[INFO] [stderr]    Compiling ryu v1.0.11
[INFO] [stderr]    Compiling http-body v0.4.5
[INFO] [stderr]    Compiling getrandom v0.2.8
[INFO] [stderr]    Compiling unicode-width v0.1.10
[INFO] [stderr]    Compiling rand_core v0.6.4
[INFO] [stderr]    Compiling getopts v0.2.21
[INFO] [stderr]    Compiling atty v0.2.14
[INFO] [stderr]    Compiling ipnet v2.5.1
[INFO] [stderr]    Compiling idna v0.3.0
[INFO] [stderr]    Compiling jsonxf v1.1.1
[INFO] [stderr]    Compiling rand_chacha v0.3.1
[INFO] [stderr]    Compiling colored v2.0.0
[INFO] [stderr]    Compiling sys-info v0.9.1
[INFO] [stderr]    Compiling rand v0.8.5
[INFO] [stderr]    Compiling url v2.3.1
[INFO] [stderr]    Compiling whoami v1.2.3
[INFO] [stderr]    Compiling tokio-macros v1.8.0
[INFO] [stderr]    Compiling openssl-macros v0.1.0
[INFO] [stderr]    Compiling serde_derive v1.0.147
[INFO] [stderr]    Compiling uuid-macro-internal v1.2.1
[INFO] [stderr]    Compiling serde_urlencoded v0.7.1
[INFO] [stderr]    Compiling uuid v1.2.1
[INFO] [stderr]    Compiling tokio-util v0.7.4
[INFO] [stderr]    Compiling tokio-native-tls v0.3.0
[INFO] [stderr]    Compiling h2 v0.3.15
[INFO] [stderr]    Compiling hyper v0.14.22
[INFO] [stderr]    Compiling hyper-tls v0.5.0
[INFO] [stderr]    Compiling reqwest v0.11.12
[INFO] [stderr]    Compiling requests_rs v0.1.6
[INFO] [stderr]    Compiling minecraft_downloader_core v0.1.6
[INFO] [stderr]    Compiling minecraft_launcher_core v0.1.2 (/opt/rustwide/workdir)
[INFO] [stderr]     Finished dev [unoptimized + debuginfo] target(s) in 49.33s
[INFO] running `Command { std: "docker" "inspect" "9a6910b19be64c854ebf850ee422781f9049e0178edefefd99a195e1879b55f3", kill_on_drop: false }`
[INFO] running `Command { std: "docker" "rm" "-f" "9a6910b19be64c854ebf850ee422781f9049e0178edefefd99a195e1879b55f3", kill_on_drop: false }`
[INFO] [stdout] 9a6910b19be64c854ebf850ee422781f9049e0178edefefd99a195e1879b55f3
[INFO] running `Command { std: "docker" "create" "-v" "/var/lib/crater-agent-workspace/builds/worker-1-tc1/target:/opt/rustwide/target:rw,Z" "-v" "/var/lib/crater-agent-workspace/builds/worker-1-tc1/source:/opt/rustwide/workdir:ro,Z" "-v" "/var/lib/crater-agent-workspace/cargo-home:/opt/rustwide/cargo-home:ro,Z" "-v" "/var/lib/crater-agent-workspace/rustup-home:/opt/rustwide/rustup-home:ro,Z" "-e" "SOURCE_DIR=/opt/rustwide/workdir" "-e" "CARGO_TARGET_DIR=/opt/rustwide/target" "-e" "CARGO_INCREMENTAL=0" "-e" "RUST_BACKTRACE=full" "-e" "RUSTFLAGS=--cap-lints=warn" "-e" "RUSTDOCFLAGS=--cap-lints=warn" "-e" "CARGO_HOME=/opt/rustwide/cargo-home" "-e" "RUSTUP_HOME=/opt/rustwide/rustup-home" "-w" "/opt/rustwide/workdir" "-m" "1610612736" "--user" "0:0" "--network" "none" "ghcr.io/rust-lang/crates-build-env/linux@sha256:2788e3201cd34a07e3172128adcd8b3090168a8e3bcc40d7c032b9dda1df7d1c" "/opt/rustwide/cargo-home/bin/cargo" "+1.75.0" "test" "--frozen" "--no-run" "--message-format=json", kill_on_drop: false }`
[INFO] [stdout] 0a711dc501f74b8753f21d18bf09560d05ca4135ac61308cf4f348b896153b41
[INFO] running `Command { std: "docker" "start" "-a" "0a711dc501f74b8753f21d18bf09560d05ca4135ac61308cf4f348b896153b41", kill_on_drop: false }`
[INFO] [stderr]    Compiling minecraft_launcher_core v0.1.2 (/opt/rustwide/workdir)
[INFO] [stderr]     Finished test [unoptimized + debuginfo] target(s) in 1.20s
[INFO] running `Command { std: "docker" "inspect" "0a711dc501f74b8753f21d18bf09560d05ca4135ac61308cf4f348b896153b41", kill_on_drop: false }`
[INFO] running `Command { std: "docker" "rm" "-f" "0a711dc501f74b8753f21d18bf09560d05ca4135ac61308cf4f348b896153b41", kill_on_drop: false }`
[INFO] [stdout] 0a711dc501f74b8753f21d18bf09560d05ca4135ac61308cf4f348b896153b41
[INFO] running `Command { std: "docker" "create" "-v" "/var/lib/crater-agent-workspace/builds/worker-1-tc1/target:/opt/rustwide/target:rw,Z" "-v" "/var/lib/crater-agent-workspace/builds/worker-1-tc1/source:/opt/rustwide/workdir:ro,Z" "-v" "/var/lib/crater-agent-workspace/cargo-home:/opt/rustwide/cargo-home:ro,Z" "-v" "/var/lib/crater-agent-workspace/rustup-home:/opt/rustwide/rustup-home:ro,Z" "-e" "SOURCE_DIR=/opt/rustwide/workdir" "-e" "CARGO_TARGET_DIR=/opt/rustwide/target" "-e" "CARGO_INCREMENTAL=0" "-e" "RUST_BACKTRACE=full" "-e" "RUSTFLAGS=--cap-lints=warn" "-e" "RUSTDOCFLAGS=--cap-lints=warn" "-e" "CARGO_HOME=/opt/rustwide/cargo-home" "-e" "RUSTUP_HOME=/opt/rustwide/rustup-home" "-w" "/opt/rustwide/workdir" "-m" "1610612736" "--user" "0:0" "--network" "none" "ghcr.io/rust-lang/crates-build-env/linux@sha256:2788e3201cd34a07e3172128adcd8b3090168a8e3bcc40d7c032b9dda1df7d1c" "/opt/rustwide/cargo-home/bin/cargo" "+1.75.0" "test" "--frozen", kill_on_drop: false }`
[INFO] [stdout] cc102d2f1ecc06538f4381a2dfd2a717c3d8c1f0c14639aec169a5c74dc8f696
[INFO] running `Command { std: "docker" "start" "-a" "cc102d2f1ecc06538f4381a2dfd2a717c3d8c1f0c14639aec169a5c74dc8f696", kill_on_drop: false }`
[INFO] [stderr]     Finished test [unoptimized + debuginfo] target(s) in 0.10s
[INFO] [stderr]      Running unittests src/lib.rs (/opt/rustwide/target/debug/deps/minecraft_launcher_core-2f7bdb71901aafd7)
[INFO] [stdout] 
[INFO] [stdout] running 0 tests
[INFO] [stdout] 
[INFO] [stdout] test result: ok. 0 passed; 0 failed; 0 ignored; 0 measured; 0 filtered out; finished in 0.00s
[INFO] [stdout] 
[INFO] [stderr]      Running unittests src/main.rs (/opt/rustwide/target/debug/deps/minecraft_launcher_core-8d34075a31cccffe)
[INFO] [stdout] 
[INFO] [stdout] running 0 tests
[INFO] [stdout] 
[INFO] [stdout] test result: ok. 0 passed; 0 failed; 0 ignored; 0 measured; 0 filtered out; finished in 0.00s
[INFO] [stdout] 
[INFO] [stderr]    Doc-tests minecraft_launcher_core
[INFO] [stdout] 
[INFO] [stdout] running 2 tests
[INFO] [stdout] test src/lib.rs - main::launcher_cli::init (line 190) ... FAILED
[INFO] [stdout] test src/lib.rs - main::launcher_cli::launch_mc_vanilla (line 500) ... FAILED
[INFO] [stdout] 
[INFO] [stdout] failures:
[INFO] [stdout] 
[INFO] [stdout] ---- src/lib.rs - main::launcher_cli::init (line 190) stdout ----
[INFO] [stdout] error: expected one of `!`, `)`, `,`, `.`, `::`, `?`, `{`, or an operator, found `:`
[INFO] [stdout]  --> src/lib.rs:193:55
[INFO] [stdout]   |
[INFO] [stdout] 6 |  init("minecraft installation directory", refresh_data:true)
[INFO] [stdout]   |                                                       ^ expected one of 8 possible tokens
[INFO] [stdout] 
[INFO] [stdout] error: aborting due to previous error
[INFO] [stdout] 
[INFO] [stdout] Couldn't compile the test.
[INFO] [stdout] ---- src/lib.rs - main::launcher_cli::launch_mc_vanilla (line 500) stdout ----
[INFO] [stdout] error: invalid `struct` delimiters or `fn` call arguments
[INFO] [stdout]  --> src/lib.rs:504:1
[INFO] [stdout]   |
[INFO] [stdout] 7 | launch_mc_vanilla(auth_type:"ely_by", game_version:"1.19.2", r#type: "release/snapshot", username: "your username on ely.by", password: "your password on ely.by", alloc_mem: "2")
[INFO] [stdout]   | ^^^^^^^^^^^^^^^^^^^^^^^^^^^^^^^^^^^^^^^^^^^^^^^^^^^^^^^^^^^^^^^^^^^^^^^^^^^^^^^^^^^^^^^^^^^^^^^^^^^^^^^^^^^^^^^^^^^^^^^^^^^^^^^^^^^^^^^^^^^^^^^^^^^^^^^^^^^^^^^^^^^^^^^^^^^^^^^^^^
[INFO] [stdout]   |
[INFO] [stdout] help: if `launch_mc_vanilla` is a struct, use braces as delimiters
[INFO] [stdout]   |
[INFO] [stdout] 7 | launch_mc_vanilla { auth_type:"ely_by", game_version:"1.19.2", r#type: "release/snapshot", username: "your username on ely.by", password: "your password on ely.by", alloc_mem: "2" }
[INFO] [stdout]   |                   ~                                                                                                                                                                 ~
[INFO] [stdout] help: if `launch_mc_vanilla` is a function, use the arguments directly
[INFO] [stdout]   |
[INFO] [stdout] 7 - launch_mc_vanilla(auth_type:"ely_by", game_version:"1.19.2", r#type: "release/snapshot", username: "your username on ely.by", password: "your password on ely.by", alloc_mem: "2")
[INFO] [stdout] 7 + launch_mc_vanilla("ely_by", "1.19.2", "release/snapshot", "your username on ely.by", "your password on ely.by", "2")
[INFO] [stdout]   |
[INFO] [stdout] 
[INFO] [stdout] error[E0432]: unresolved import `minecraft_launcher_core::launcher_cli`
[INFO] [stdout]  --> src/lib.rs:502:30
[INFO] [stdout]   |
[INFO] [stdout] 5 | use minecraft_launcher_core::launcher_cli::launch_mc_vanilla;
[INFO] [stdout]   |                              ^^^^^^^^^^^^ could not find `launcher_cli` in `minecraft_launcher_core`
[INFO] [stdout] 
[INFO] [stdout] error: aborting due to 2 previous errors
[INFO] [stdout] 
[INFO] [stdout] For more information about this error, try `rustc --explain E0432`.
[INFO] [stdout] Couldn't compile the test.
[INFO] [stdout] 
[INFO] [stdout] failures:
[INFO] [stdout]     src/lib.rs - main::launcher_cli::init (line 190)
[INFO] [stdout]     src/lib.rs - main::launcher_cli::launch_mc_vanilla (line 500)
[INFO] [stdout] 
[INFO] [stdout] test result: FAILED. 0 passed; 2 failed; 0 ignored; 0 measured; 0 filtered out; finished in 0.15s
[INFO] [stdout] 
[INFO] [stderr] error: doctest failed, to rerun pass `--doc`
[INFO] running `Command { std: "docker" "inspect" "cc102d2f1ecc06538f4381a2dfd2a717c3d8c1f0c14639aec169a5c74dc8f696", kill_on_drop: false }`
[INFO] running `Command { std: "docker" "rm" "-f" "cc102d2f1ecc06538f4381a2dfd2a717c3d8c1f0c14639aec169a5c74dc8f696", kill_on_drop: false }`
[INFO] [stdout] cc102d2f1ecc06538f4381a2dfd2a717c3d8c1f0c14639aec169a5c74dc8f696
