[INFO] fetching crate migrations_macros 2.1.0...
[INFO] testing migrations_macros-2.1.0 against 1.75.0 for beta-1.76-1
[INFO] extracting crate migrations_macros 2.1.0 into /workspace/builds/worker-6-tc1/source
[INFO] validating manifest of crates.io crate migrations_macros 2.1.0 on toolchain 1.75.0
[INFO] running `Command { std: CARGO_HOME="/workspace/cargo-home" RUSTUP_HOME="/workspace/rustup-home" "/workspace/cargo-home/bin/cargo" "+1.75.0" "metadata" "--manifest-path" "Cargo.toml" "--no-deps", kill_on_drop: false }`
[INFO] started tweaking crates.io crate migrations_macros 2.1.0
[INFO] finished tweaking crates.io crate migrations_macros 2.1.0
[INFO] tweaked toml for crates.io crate migrations_macros 2.1.0 written to /workspace/builds/worker-6-tc1/source/Cargo.toml
[INFO] running `Command { std: CARGO_HOME="/workspace/cargo-home" RUSTUP_HOME="/workspace/rustup-home" "/workspace/cargo-home/bin/cargo" "+1.75.0" "generate-lockfile" "--manifest-path" "Cargo.toml", kill_on_drop: false }`
[INFO] [stderr]     Updating crates.io index
[INFO] running `Command { std: CARGO_HOME="/workspace/cargo-home" RUSTUP_HOME="/workspace/rustup-home" "/workspace/cargo-home/bin/cargo" "+1.75.0" "fetch" "--manifest-path" "Cargo.toml", kill_on_drop: false }`
[INFO] running `Command { std: "docker" "create" "-v" "/var/lib/crater-agent-workspace/builds/worker-6-tc1/target:/opt/rustwide/target:rw,Z" "-v" "/var/lib/crater-agent-workspace/builds/worker-6-tc1/source:/opt/rustwide/workdir:ro,Z" "-v" "/var/lib/crater-agent-workspace/cargo-home:/opt/rustwide/cargo-home:ro,Z" "-v" "/var/lib/crater-agent-workspace/rustup-home:/opt/rustwide/rustup-home:ro,Z" "-e" "SOURCE_DIR=/opt/rustwide/workdir" "-e" "CARGO_TARGET_DIR=/opt/rustwide/target" "-e" "CARGO_HOME=/opt/rustwide/cargo-home" "-e" "RUSTUP_HOME=/opt/rustwide/rustup-home" "-w" "/opt/rustwide/workdir" "-m" "1610612736" "--user" "0:0" "--network" "none" "ghcr.io/rust-lang/crates-build-env/linux@sha256:2788e3201cd34a07e3172128adcd8b3090168a8e3bcc40d7c032b9dda1df7d1c" "/opt/rustwide/cargo-home/bin/cargo" "+1.75.0" "metadata" "--no-deps" "--format-version=1", kill_on_drop: false }`
[INFO] [stdout] be84cf90f7a1d02c8afd6f31fa1bcd1868aa3518f8b554849aef4216f64d59c3
[INFO] running `Command { std: "docker" "start" "-a" "be84cf90f7a1d02c8afd6f31fa1bcd1868aa3518f8b554849aef4216f64d59c3", kill_on_drop: false }`
[INFO] running `Command { std: "docker" "inspect" "be84cf90f7a1d02c8afd6f31fa1bcd1868aa3518f8b554849aef4216f64d59c3", kill_on_drop: false }`
[INFO] running `Command { std: "docker" "rm" "-f" "be84cf90f7a1d02c8afd6f31fa1bcd1868aa3518f8b554849aef4216f64d59c3", kill_on_drop: false }`
[INFO] [stdout] be84cf90f7a1d02c8afd6f31fa1bcd1868aa3518f8b554849aef4216f64d59c3
[INFO] running `Command { std: "docker" "create" "-v" "/var/lib/crater-agent-workspace/builds/worker-6-tc1/target:/opt/rustwide/target:rw,Z" "-v" "/var/lib/crater-agent-workspace/builds/worker-6-tc1/source:/opt/rustwide/workdir:ro,Z" "-v" "/var/lib/crater-agent-workspace/cargo-home:/opt/rustwide/cargo-home:ro,Z" "-v" "/var/lib/crater-agent-workspace/rustup-home:/opt/rustwide/rustup-home:ro,Z" "-e" "SOURCE_DIR=/opt/rustwide/workdir" "-e" "CARGO_TARGET_DIR=/opt/rustwide/target" "-e" "CARGO_INCREMENTAL=0" "-e" "RUST_BACKTRACE=full" "-e" "RUSTFLAGS=--cap-lints=warn" "-e" "RUSTDOCFLAGS=--cap-lints=warn" "-e" "CARGO_HOME=/opt/rustwide/cargo-home" "-e" "RUSTUP_HOME=/opt/rustwide/rustup-home" "-w" "/opt/rustwide/workdir" "-m" "1610612736" "--user" "0:0" "--network" "none" "ghcr.io/rust-lang/crates-build-env/linux@sha256:2788e3201cd34a07e3172128adcd8b3090168a8e3bcc40d7c032b9dda1df7d1c" "/opt/rustwide/cargo-home/bin/cargo" "+1.75.0" "build" "--frozen" "--message-format=json", kill_on_drop: false }`
[INFO] [stdout] 48c2d7f2810f053258b17d8c3cd6660183e95cbad37406ee66456783acdb5454
[INFO] running `Command { std: "docker" "start" "-a" "48c2d7f2810f053258b17d8c3cd6660183e95cbad37406ee66456783acdb5454", kill_on_drop: false }`
[INFO] [stderr]    Compiling hashbrown v0.14.3
[INFO] [stderr]    Compiling equivalent v1.0.1
[INFO] [stderr]    Compiling winnow v0.5.32
[INFO] [stderr]    Compiling serde v1.0.194
[INFO] [stderr]    Compiling syn v2.0.48
[INFO] [stderr]    Compiling indexmap v2.1.0
[INFO] [stderr]    Compiling serde_derive v1.0.194
[INFO] [stderr]    Compiling serde_spanned v0.6.5
[INFO] [stderr]    Compiling toml_datetime v0.6.5
[INFO] [stderr]    Compiling toml_edit v0.19.15
[INFO] [stderr]    Compiling toml v0.7.8
[INFO] [stderr]    Compiling migrations_internals v2.1.0
[INFO] [stderr]    Compiling migrations_macros v2.1.0 (/opt/rustwide/workdir)
[INFO] [stderr]     Finished dev [unoptimized + debuginfo] target(s) in 7.48s
[INFO] running `Command { std: "docker" "inspect" "48c2d7f2810f053258b17d8c3cd6660183e95cbad37406ee66456783acdb5454", kill_on_drop: false }`
[INFO] running `Command { std: "docker" "rm" "-f" "48c2d7f2810f053258b17d8c3cd6660183e95cbad37406ee66456783acdb5454", kill_on_drop: false }`
[INFO] [stdout] 48c2d7f2810f053258b17d8c3cd6660183e95cbad37406ee66456783acdb5454
[INFO] running `Command { std: "docker" "create" "-v" "/var/lib/crater-agent-workspace/builds/worker-6-tc1/target:/opt/rustwide/target:rw,Z" "-v" "/var/lib/crater-agent-workspace/builds/worker-6-tc1/source:/opt/rustwide/workdir:ro,Z" "-v" "/var/lib/crater-agent-workspace/cargo-home:/opt/rustwide/cargo-home:ro,Z" "-v" "/var/lib/crater-agent-workspace/rustup-home:/opt/rustwide/rustup-home:ro,Z" "-e" "SOURCE_DIR=/opt/rustwide/workdir" "-e" "CARGO_TARGET_DIR=/opt/rustwide/target" "-e" "CARGO_INCREMENTAL=0" "-e" "RUST_BACKTRACE=full" "-e" "RUSTFLAGS=--cap-lints=warn" "-e" "RUSTDOCFLAGS=--cap-lints=warn" "-e" "CARGO_HOME=/opt/rustwide/cargo-home" "-e" "RUSTUP_HOME=/opt/rustwide/rustup-home" "-w" "/opt/rustwide/workdir" "-m" "1610612736" "--user" "0:0" "--network" "none" "ghcr.io/rust-lang/crates-build-env/linux@sha256:2788e3201cd34a07e3172128adcd8b3090168a8e3bcc40d7c032b9dda1df7d1c" "/opt/rustwide/cargo-home/bin/cargo" "+1.75.0" "test" "--frozen" "--no-run" "--message-format=json", kill_on_drop: false }`
[INFO] [stdout] 9838e6f7bc37b2e32f643b655a95d0221db8ad2e3418d620bb04c292a3a039e1
[INFO] running `Command { std: "docker" "start" "-a" "9838e6f7bc37b2e32f643b655a95d0221db8ad2e3418d620bb04c292a3a039e1", kill_on_drop: false }`
[INFO] [stderr]    Compiling rustix v0.38.28
[INFO] [stderr]    Compiling bitflags v2.4.1
[INFO] [stderr]    Compiling linux-raw-sys v0.4.12
[INFO] [stderr]    Compiling fastrand v2.0.1
[INFO] [stderr]    Compiling dotenvy v0.15.7
[INFO] [stderr]    Compiling diesel_table_macro_syntax v0.1.0
[INFO] [stderr]    Compiling migrations_macros v2.1.0 (/opt/rustwide/workdir)
[INFO] [stderr]    Compiling diesel_derives v2.1.2
[INFO] [stderr]    Compiling tempfile v3.9.0
[INFO] [stderr]    Compiling diesel v2.1.4
[INFO] [stderr]     Finished test [unoptimized + debuginfo] target(s) in 6.32s
[INFO] running `Command { std: "docker" "inspect" "9838e6f7bc37b2e32f643b655a95d0221db8ad2e3418d620bb04c292a3a039e1", kill_on_drop: false }`
[INFO] running `Command { std: "docker" "rm" "-f" "9838e6f7bc37b2e32f643b655a95d0221db8ad2e3418d620bb04c292a3a039e1", kill_on_drop: false }`
[INFO] [stdout] 9838e6f7bc37b2e32f643b655a95d0221db8ad2e3418d620bb04c292a3a039e1
[INFO] running `Command { std: "docker" "create" "-v" "/var/lib/crater-agent-workspace/builds/worker-6-tc1/target:/opt/rustwide/target:rw,Z" "-v" "/var/lib/crater-agent-workspace/builds/worker-6-tc1/source:/opt/rustwide/workdir:ro,Z" "-v" "/var/lib/crater-agent-workspace/cargo-home:/opt/rustwide/cargo-home:ro,Z" "-v" "/var/lib/crater-agent-workspace/rustup-home:/opt/rustwide/rustup-home:ro,Z" "-e" "SOURCE_DIR=/opt/rustwide/workdir" "-e" "CARGO_TARGET_DIR=/opt/rustwide/target" "-e" "CARGO_INCREMENTAL=0" "-e" "RUST_BACKTRACE=full" "-e" "RUSTFLAGS=--cap-lints=warn" "-e" "RUSTDOCFLAGS=--cap-lints=warn" "-e" "CARGO_HOME=/opt/rustwide/cargo-home" "-e" "RUSTUP_HOME=/opt/rustwide/rustup-home" "-w" "/opt/rustwide/workdir" "-m" "1610612736" "--user" "0:0" "--network" "none" "ghcr.io/rust-lang/crates-build-env/linux@sha256:2788e3201cd34a07e3172128adcd8b3090168a8e3bcc40d7c032b9dda1df7d1c" "/opt/rustwide/cargo-home/bin/cargo" "+1.75.0" "test" "--frozen", kill_on_drop: false }`
[INFO] [stdout] 9d0a737b2e1e8668af2c16b6dd9d817f37d8c3609b43a383b17804921acd912f
[INFO] running `Command { std: "docker" "start" "-a" "9d0a737b2e1e8668af2c16b6dd9d817f37d8c3609b43a383b17804921acd912f", kill_on_drop: false }`
[INFO] [stderr]     Finished test [unoptimized + debuginfo] target(s) in 0.02s
[INFO] [stderr]      Running unittests src/lib.rs (/opt/rustwide/target/debug/deps/migrations_macros-5ec720f9099f769e)
[INFO] [stdout] 
[INFO] [stdout] running 5 tests
[INFO] [stdout] test migrations::tests::migrations_directory_resolved_relative_to_cargo_manifest_dir ... ok
[INFO] [stdout] test migrations::tests::migrations_directory_allows_no_parent_dir_for_cargo_manifest_dir ... ok
[INFO] [stdout] test migrations::tests::migrations_directory_canonicalizes_result ... ok
[INFO] [stdout] test migrations::tests::migrations_directory_defaults_to_searching_migrations_path ... ok
[INFO] [stdout] test migrations::tests::migrations_directory_searches_src_migrations_if_present ... ok
[INFO] [stdout] 
[INFO] [stdout] test result: ok. 5 passed; 0 failed; 0 ignored; 0 measured; 0 filtered out; finished in 0.00s
[INFO] [stdout] 
[INFO] [stderr]    Doc-tests migrations_macros
[INFO] [stdout] 
[INFO] [stdout] running 2 tests
[INFO] [stdout] test src/lib.rs - embed_migrations (line 44) ... FAILED
[INFO] [stdout] test src/lib.rs - embed_migrations (line 111) ... ok
[INFO] [stdout] 
[INFO] [stdout] failures:
[INFO] [stdout] 
[INFO] [stdout] ---- src/lib.rs - embed_migrations (line 44) stdout ----
[INFO] [stdout] error: couldn't read src/../../../diesel/src/doctest_setup.rs: No such file or directory (os error 2)
[INFO] [stdout]  --> src/lib.rs:47:1
[INFO] [stdout]   |
[INFO] [stdout] 4 | include!("../../../diesel/src/doctest_setup.rs");
[INFO] [stdout]   | ^^^^^^^^^^^^^^^^^^^^^^^^^^^^^^^^^^^^^^^^^^^^^^^^
[INFO] [stdout]   |
[INFO] [stdout]   = note: this error originates in the macro `include` (in Nightly builds, run with -Z macro-backtrace for more info)
[INFO] [stdout] 
[INFO] [stdout] error: aborting due to previous error
[INFO] [stdout] 
[INFO] [stdout] Couldn't compile the test.
[INFO] [stdout] 
[INFO] [stdout] failures:
[INFO] [stdout]     src/lib.rs - embed_migrations (line 44)
[INFO] [stdout] 
[INFO] [stdout] test result: FAILED. 1 passed; 1 failed; 0 ignored; 0 measured; 0 filtered out; finished in 0.13s
[INFO] [stdout] 
[INFO] [stderr] error: doctest failed, to rerun pass `--doc`
[INFO] running `Command { std: "docker" "inspect" "9d0a737b2e1e8668af2c16b6dd9d817f37d8c3609b43a383b17804921acd912f", kill_on_drop: false }`
[INFO] running `Command { std: "docker" "rm" "-f" "9d0a737b2e1e8668af2c16b6dd9d817f37d8c3609b43a383b17804921acd912f", kill_on_drop: false }`
[INFO] [stdout] 9d0a737b2e1e8668af2c16b6dd9d817f37d8c3609b43a383b17804921acd912f
[INFO] testing migrations_macros-2.1.0 against beta-2023-12-22 for beta-1.76-1
[INFO] extracting crate migrations_macros 2.1.0 into /workspace/builds/worker-6-tc2/source
[INFO] validating manifest of crates.io crate migrations_macros 2.1.0 on toolchain beta-2023-12-22
[INFO] running `Command { std: CARGO_HOME="/workspace/cargo-home" RUSTUP_HOME="/workspace/rustup-home" "/workspace/cargo-home/bin/cargo" "+beta-2023-12-22" "metadata" "--manifest-path" "Cargo.toml" "--no-deps", kill_on_drop: false }`
[INFO] started tweaking crates.io crate migrations_macros 2.1.0
[INFO] finished tweaking crates.io crate migrations_macros 2.1.0
[INFO] tweaked toml for crates.io crate migrations_macros 2.1.0 written to /workspace/builds/worker-6-tc2/source/Cargo.toml
[INFO] running `Command { std: CARGO_HOME="/workspace/cargo-home" RUSTUP_HOME="/workspace/rustup-home" "/workspace/cargo-home/bin/cargo" "+beta-2023-12-22" "generate-lockfile" "--manifest-path" "Cargo.toml", kill_on_drop: false }`
[INFO] [stderr]     Updating crates.io index
[INFO] running `Command { std: CARGO_HOME="/workspace/cargo-home" RUSTUP_HOME="/workspace/rustup-home" "/workspace/cargo-home/bin/cargo" "+beta-2023-12-22" "fetch" "--manifest-path" "Cargo.toml", kill_on_drop: false }`
[INFO] running `Command { std: "docker" "create" "-v" "/var/lib/crater-agent-workspace/builds/worker-6-tc2/target:/opt/rustwide/target:rw,Z" "-v" "/var/lib/crater-agent-workspace/builds/worker-6-tc2/source:/opt/rustwide/workdir:ro,Z" "-v" "/var/lib/crater-agent-workspace/cargo-home:/opt/rustwide/cargo-home:ro,Z" "-v" "/var/lib/crater-agent-workspace/rustup-home:/opt/rustwide/rustup-home:ro,Z" "-e" "SOURCE_DIR=/opt/rustwide/workdir" "-e" "CARGO_TARGET_DIR=/opt/rustwide/target" "-e" "CARGO_HOME=/opt/rustwide/cargo-home" "-e" "RUSTUP_HOME=/opt/rustwide/rustup-home" "-w" "/opt/rustwide/workdir" "-m" "1610612736" "--user" "0:0" "--network" "none" "ghcr.io/rust-lang/crates-build-env/linux@sha256:2788e3201cd34a07e3172128adcd8b3090168a8e3bcc40d7c032b9dda1df7d1c" "/opt/rustwide/cargo-home/bin/cargo" "+beta-2023-12-22" "metadata" "--no-deps" "--format-version=1", kill_on_drop: false }`
[INFO] [stdout] 6bc552f3bd5812d962a4926fe5ea4776430301c43dd9f312575c7b8dc200be1f
[INFO] running `Command { std: "docker" "start" "-a" "6bc552f3bd5812d962a4926fe5ea4776430301c43dd9f312575c7b8dc200be1f", kill_on_drop: false }`
[INFO] running `Command { std: "docker" "inspect" "6bc552f3bd5812d962a4926fe5ea4776430301c43dd9f312575c7b8dc200be1f", kill_on_drop: false }`
[INFO] running `Command { std: "docker" "rm" "-f" "6bc552f3bd5812d962a4926fe5ea4776430301c43dd9f312575c7b8dc200be1f", kill_on_drop: false }`
[INFO] [stdout] 6bc552f3bd5812d962a4926fe5ea4776430301c43dd9f312575c7b8dc200be1f
[INFO] running `Command { std: "docker" "create" "-v" "/var/lib/crater-agent-workspace/builds/worker-6-tc2/target:/opt/rustwide/target:rw,Z" "-v" "/var/lib/crater-agent-workspace/builds/worker-6-tc2/source:/opt/rustwide/workdir:ro,Z" "-v" "/var/lib/crater-agent-workspace/cargo-home:/opt/rustwide/cargo-home:ro,Z" "-v" "/var/lib/crater-agent-workspace/rustup-home:/opt/rustwide/rustup-home:ro,Z" "-e" "SOURCE_DIR=/opt/rustwide/workdir" "-e" "CARGO_TARGET_DIR=/opt/rustwide/target" "-e" "CARGO_INCREMENTAL=0" "-e" "RUST_BACKTRACE=full" "-e" "RUSTFLAGS=--cap-lints=warn" "-e" "RUSTDOCFLAGS=--cap-lints=warn" "-e" "CARGO_HOME=/opt/rustwide/cargo-home" "-e" "RUSTUP_HOME=/opt/rustwide/rustup-home" "-w" "/opt/rustwide/workdir" "-m" "1610612736" "--user" "0:0" "--network" "none" "ghcr.io/rust-lang/crates-build-env/linux@sha256:2788e3201cd34a07e3172128adcd8b3090168a8e3bcc40d7c032b9dda1df7d1c" "/opt/rustwide/cargo-home/bin/cargo" "+beta-2023-12-22" "build" "--frozen" "--message-format=json", kill_on_drop: false }`
[INFO] [stdout] 97733a41731a4fedd0ea25ff42a164aaf4afc6e33272995c3804861e58c56343
[INFO] running `Command { std: "docker" "start" "-a" "97733a41731a4fedd0ea25ff42a164aaf4afc6e33272995c3804861e58c56343", kill_on_drop: false }`
[INFO] [stderr]    Compiling equivalent v1.0.1
[INFO] [stderr]    Compiling hashbrown v0.14.3
[INFO] [stderr]    Compiling winnow v0.5.32
[INFO] [stderr]    Compiling serde v1.0.194
[INFO] [stderr]    Compiling syn v2.0.48
[INFO] [stderr]    Compiling indexmap v2.1.0
[INFO] [stderr]    Compiling serde_derive v1.0.194
[INFO] [stderr]    Compiling toml_datetime v0.6.5
[INFO] [stderr]    Compiling serde_spanned v0.6.5
[INFO] [stderr]    Compiling toml_edit v0.19.15
[INFO] [stderr]    Compiling toml v0.7.8
[INFO] [stderr]    Compiling migrations_internals v2.1.0
[INFO] [stderr]    Compiling migrations_macros v2.1.0 (/opt/rustwide/workdir)
[INFO] [stderr]     Finished dev [unoptimized + debuginfo] target(s) in 7.55s
[INFO] running `Command { std: "docker" "inspect" "97733a41731a4fedd0ea25ff42a164aaf4afc6e33272995c3804861e58c56343", kill_on_drop: false }`
[INFO] running `Command { std: "docker" "rm" "-f" "97733a41731a4fedd0ea25ff42a164aaf4afc6e33272995c3804861e58c56343", kill_on_drop: false }`
[INFO] [stdout] 97733a41731a4fedd0ea25ff42a164aaf4afc6e33272995c3804861e58c56343
[INFO] running `Command { std: "docker" "create" "-v" "/var/lib/crater-agent-workspace/builds/worker-6-tc2/target:/opt/rustwide/target:rw,Z" "-v" "/var/lib/crater-agent-workspace/builds/worker-6-tc2/source:/opt/rustwide/workdir:ro,Z" "-v" "/var/lib/crater-agent-workspace/cargo-home:/opt/rustwide/cargo-home:ro,Z" "-v" "/var/lib/crater-agent-workspace/rustup-home:/opt/rustwide/rustup-home:ro,Z" "-e" "SOURCE_DIR=/opt/rustwide/workdir" "-e" "CARGO_TARGET_DIR=/opt/rustwide/target" "-e" "CARGO_INCREMENTAL=0" "-e" "RUST_BACKTRACE=full" "-e" "RUSTFLAGS=--cap-lints=warn" "-e" "RUSTDOCFLAGS=--cap-lints=warn" "-e" "CARGO_HOME=/opt/rustwide/cargo-home" "-e" "RUSTUP_HOME=/opt/rustwide/rustup-home" "-w" "/opt/rustwide/workdir" "-m" "1610612736" "--user" "0:0" "--network" "none" "ghcr.io/rust-lang/crates-build-env/linux@sha256:2788e3201cd34a07e3172128adcd8b3090168a8e3bcc40d7c032b9dda1df7d1c" "/opt/rustwide/cargo-home/bin/cargo" "+beta-2023-12-22" "test" "--frozen" "--no-run" "--message-format=json", kill_on_drop: false }`
[INFO] [stdout] bf1c496de039545b7f37954020be67093bde33129e716cf523e18ede346bacdf
[INFO] running `Command { std: "docker" "start" "-a" "bf1c496de039545b7f37954020be67093bde33129e716cf523e18ede346bacdf", kill_on_drop: false }`
[INFO] [stderr]    Compiling rustix v0.38.28
[INFO] [stderr]    Compiling linux-raw-sys v0.4.12
[INFO] [stderr]    Compiling bitflags v2.4.1
[INFO] [stderr]    Compiling fastrand v2.0.1
[INFO] [stderr]    Compiling dotenvy v0.15.7
[INFO] [stderr]    Compiling diesel_table_macro_syntax v0.1.0
[INFO] [stderr]    Compiling migrations_macros v2.1.0 (/opt/rustwide/workdir)
[INFO] [stderr]    Compiling diesel_derives v2.1.2
[INFO] [stderr]    Compiling tempfile v3.9.0
[INFO] [stderr]    Compiling diesel v2.1.4
[INFO] [stderr]     Finished test [unoptimized + debuginfo] target(s) in 6.12s
[INFO] running `Command { std: "docker" "inspect" "bf1c496de039545b7f37954020be67093bde33129e716cf523e18ede346bacdf", kill_on_drop: false }`
[INFO] running `Command { std: "docker" "rm" "-f" "bf1c496de039545b7f37954020be67093bde33129e716cf523e18ede346bacdf", kill_on_drop: false }`
[INFO] [stdout] bf1c496de039545b7f37954020be67093bde33129e716cf523e18ede346bacdf
[INFO] running `Command { std: "docker" "create" "-v" "/var/lib/crater-agent-workspace/builds/worker-6-tc2/target:/opt/rustwide/target:rw,Z" "-v" "/var/lib/crater-agent-workspace/builds/worker-6-tc2/source:/opt/rustwide/workdir:ro,Z" "-v" "/var/lib/crater-agent-workspace/cargo-home:/opt/rustwide/cargo-home:ro,Z" "-v" "/var/lib/crater-agent-workspace/rustup-home:/opt/rustwide/rustup-home:ro,Z" "-e" "SOURCE_DIR=/opt/rustwide/workdir" "-e" "CARGO_TARGET_DIR=/opt/rustwide/target" "-e" "CARGO_INCREMENTAL=0" "-e" "RUST_BACKTRACE=full" "-e" "RUSTFLAGS=--cap-lints=warn" "-e" "RUSTDOCFLAGS=--cap-lints=warn" "-e" "CARGO_HOME=/opt/rustwide/cargo-home" "-e" "RUSTUP_HOME=/opt/rustwide/rustup-home" "-w" "/opt/rustwide/workdir" "-m" "1610612736" "--user" "0:0" "--network" "none" "ghcr.io/rust-lang/crates-build-env/linux@sha256:2788e3201cd34a07e3172128adcd8b3090168a8e3bcc40d7c032b9dda1df7d1c" "/opt/rustwide/cargo-home/bin/cargo" "+beta-2023-12-22" "test" "--frozen", kill_on_drop: false }`
[INFO] [stdout] 3369cd65c5af5ed011b59bf894742ab089668a0081b56828a0157f5313902d64
[INFO] running `Command { std: "docker" "start" "-a" "3369cd65c5af5ed011b59bf894742ab089668a0081b56828a0157f5313902d64", kill_on_drop: false }`
[INFO] [stderr]     Finished test [unoptimized + debuginfo] target(s) in 0.02s
[INFO] [stderr]      Running unittests src/lib.rs (/opt/rustwide/target/debug/deps/migrations_macros-b26e87952abd7410)
[INFO] [stdout] 
[INFO] [stdout] running 5 tests
[INFO] [stdout] test migrations::tests::migrations_directory_allows_no_parent_dir_for_cargo_manifest_dir ... ok
[INFO] [stdout] test migrations::tests::migrations_directory_canonicalizes_result ... ok
[INFO] [stdout] test migrations::tests::migrations_directory_resolved_relative_to_cargo_manifest_dir ... ok
[INFO] [stdout] test migrations::tests::migrations_directory_searches_src_migrations_if_present ... ok
[INFO] [stdout] test migrations::tests::migrations_directory_defaults_to_searching_migrations_path ... ok
[INFO] [stdout] 
[INFO] [stdout] test result: ok. 5 passed; 0 failed; 0 ignored; 0 measured; 0 filtered out; finished in 0.00s
[INFO] [stdout] 
[INFO] [stderr]    Doc-tests migrations_macros
[INFO] [stdout] 
[INFO] [stdout] running 2 tests
[INFO] [stdout] test src/lib.rs - embed_migrations (line 44) ... FAILED
[INFO] [stdout] test src/lib.rs - embed_migrations (line 111) ... ok
[INFO] [stdout] 
[INFO] [stdout] failures:
[INFO] [stdout] 
[INFO] [stdout] ---- src/lib.rs - embed_migrations (line 44) stdout ----
[INFO] [stdout] error: couldn't read src/../../../diesel/src/doctest_setup.rs: No such file or directory (os error 2)
[INFO] [stdout]  --> src/lib.rs:47:1
[INFO] [stdout]   |
[INFO] [stdout] 4 | include!("../../../diesel/src/doctest_setup.rs");
[INFO] [stdout]   | ^^^^^^^^^^^^^^^^^^^^^^^^^^^^^^^^^^^^^^^^^^^^^^^^
[INFO] [stdout]   |
[INFO] [stdout]   = note: this error originates in the macro `include` (in Nightly builds, run with -Z macro-backtrace for more info)
[INFO] [stdout] 
[INFO] [stdout] error: aborting due to 1 previous error
[INFO] [stdout] 
[INFO] [stdout] Couldn't compile the test.
[INFO] [stdout] 
[INFO] [stdout] failures:
[INFO] [stdout]     src/lib.rs - embed_migrations (line 44)
[INFO] [stdout] 
[INFO] [stdout] test result: FAILED. 1 passed; 1 failed; 0 ignored; 0 measured; 0 filtered out; finished in 0.13s
[INFO] [stdout] 
[INFO] [stderr] error: doctest failed, to rerun pass `--doc`
[INFO] running `Command { std: "docker" "inspect" "3369cd65c5af5ed011b59bf894742ab089668a0081b56828a0157f5313902d64", kill_on_drop: false }`
[INFO] running `Command { std: "docker" "rm" "-f" "3369cd65c5af5ed011b59bf894742ab089668a0081b56828a0157f5313902d64", kill_on_drop: false }`
[INFO] [stdout] 3369cd65c5af5ed011b59bf894742ab089668a0081b56828a0157f5313902d64
