[INFO] fetching crate micro-web 0.1.0-alpha.3...
[INFO] testing micro-web-0.1.0-alpha.3 against 1.75.0 for beta-1.76-1
[INFO] extracting crate micro-web 0.1.0-alpha.3 into /workspace/builds/worker-5-tc1/source
[INFO] validating manifest of crates.io crate micro-web 0.1.0-alpha.3 on toolchain 1.75.0
[INFO] running `Command { std: CARGO_HOME="/workspace/cargo-home" RUSTUP_HOME="/workspace/rustup-home" "/workspace/cargo-home/bin/cargo" "+1.75.0" "metadata" "--manifest-path" "Cargo.toml" "--no-deps", kill_on_drop: false }`
[INFO] started tweaking crates.io crate micro-web 0.1.0-alpha.3
[INFO] finished tweaking crates.io crate micro-web 0.1.0-alpha.3
[INFO] tweaked toml for crates.io crate micro-web 0.1.0-alpha.3 written to /workspace/builds/worker-5-tc1/source/Cargo.toml
[INFO] crate crates.io crate micro-web 0.1.0-alpha.3 already has a lockfile, it will not be regenerated
[INFO] running `Command { std: CARGO_HOME="/workspace/cargo-home" RUSTUP_HOME="/workspace/rustup-home" "/workspace/cargo-home/bin/cargo" "+1.75.0" "fetch" "--manifest-path" "Cargo.toml", kill_on_drop: false }`
[INFO] [stderr]     Updating crates.io index
[INFO] [stderr]  Downloading crates ...
[INFO] [stderr]   Downloaded zstd-safe v6.0.4+zstd.1.5.4
[INFO] [stderr]   Downloaded micro-http v0.1.0-alpha.3
[INFO] running `Command { std: "docker" "create" "-v" "/var/lib/crater-agent-workspace/builds/worker-5-tc1/target:/opt/rustwide/target:rw,Z" "-v" "/var/lib/crater-agent-workspace/builds/worker-5-tc1/source:/opt/rustwide/workdir:ro,Z" "-v" "/var/lib/crater-agent-workspace/cargo-home:/opt/rustwide/cargo-home:ro,Z" "-v" "/var/lib/crater-agent-workspace/rustup-home:/opt/rustwide/rustup-home:ro,Z" "-e" "SOURCE_DIR=/opt/rustwide/workdir" "-e" "CARGO_TARGET_DIR=/opt/rustwide/target" "-e" "CARGO_HOME=/opt/rustwide/cargo-home" "-e" "RUSTUP_HOME=/opt/rustwide/rustup-home" "-w" "/opt/rustwide/workdir" "-m" "1610612736" "--user" "0:0" "--network" "none" "ghcr.io/rust-lang/crates-build-env/linux@sha256:2788e3201cd34a07e3172128adcd8b3090168a8e3bcc40d7c032b9dda1df7d1c" "/opt/rustwide/cargo-home/bin/cargo" "+1.75.0" "metadata" "--no-deps" "--format-version=1", kill_on_drop: false }`
[INFO] [stdout] 078036658fab9c129f2d2d4d7fe64ff3ef80a79232ab40338c5ce0335465840c
[INFO] running `Command { std: "docker" "start" "-a" "078036658fab9c129f2d2d4d7fe64ff3ef80a79232ab40338c5ce0335465840c", kill_on_drop: false }`
[INFO] running `Command { std: "docker" "inspect" "078036658fab9c129f2d2d4d7fe64ff3ef80a79232ab40338c5ce0335465840c", kill_on_drop: false }`
[INFO] running `Command { std: "docker" "rm" "-f" "078036658fab9c129f2d2d4d7fe64ff3ef80a79232ab40338c5ce0335465840c", kill_on_drop: false }`
[INFO] [stdout] 078036658fab9c129f2d2d4d7fe64ff3ef80a79232ab40338c5ce0335465840c
[INFO] running `Command { std: "docker" "create" "-v" "/var/lib/crater-agent-workspace/builds/worker-5-tc1/target:/opt/rustwide/target:rw,Z" "-v" "/var/lib/crater-agent-workspace/builds/worker-5-tc1/source:/opt/rustwide/workdir:ro,Z" "-v" "/var/lib/crater-agent-workspace/cargo-home:/opt/rustwide/cargo-home:ro,Z" "-v" "/var/lib/crater-agent-workspace/rustup-home:/opt/rustwide/rustup-home:ro,Z" "-e" "SOURCE_DIR=/opt/rustwide/workdir" "-e" "CARGO_TARGET_DIR=/opt/rustwide/target" "-e" "CARGO_INCREMENTAL=0" "-e" "RUST_BACKTRACE=full" "-e" "RUSTFLAGS=--cap-lints=warn" "-e" "RUSTDOCFLAGS=--cap-lints=warn" "-e" "CARGO_HOME=/opt/rustwide/cargo-home" "-e" "RUSTUP_HOME=/opt/rustwide/rustup-home" "-w" "/opt/rustwide/workdir" "-m" "1610612736" "--user" "0:0" "--network" "none" "ghcr.io/rust-lang/crates-build-env/linux@sha256:2788e3201cd34a07e3172128adcd8b3090168a8e3bcc40d7c032b9dda1df7d1c" "/opt/rustwide/cargo-home/bin/cargo" "+1.75.0" "build" "--frozen" "--message-format=json", kill_on_drop: false }`
[INFO] [stdout] 86c5e167bad7f61b4ed54eccb831c3c69196a91ad06e97350cef094cb3fbb18a
[INFO] running `Command { std: "docker" "start" "-a" "86c5e167bad7f61b4ed54eccb831c3c69196a91ad06e97350cef094cb3fbb18a", kill_on_drop: false }`
[INFO] [stderr]    Compiling proc-macro2 v1.0.52
[INFO] [stderr]    Compiling quote v1.0.26
[INFO] [stderr]    Compiling unicode-ident v1.0.6
[INFO] [stderr]    Compiling libc v0.2.139
[INFO] [stderr]    Compiling syn v1.0.107
[INFO] [stderr]    Compiling autocfg v1.1.0
[INFO] [stderr]    Compiling cfg-if v1.0.0
[INFO] [stderr]    Compiling memchr v2.5.0
[INFO] [stderr]    Compiling futures-core v0.3.26
[INFO] [stderr]    Compiling log v0.4.17
[INFO] [stderr]    Compiling pin-project-lite v0.2.9
[INFO] [stderr]    Compiling once_cell v1.17.1
[INFO] [stderr]    Compiling futures-sink v0.3.26
[INFO] [stderr]    Compiling futures-task v0.3.26
[INFO] [stderr]    Compiling futures-channel v0.3.26
[INFO] [stderr]    Compiling itoa v1.0.5
[INFO] [stderr]    Compiling pkg-config v0.3.26
[INFO] [stderr]    Compiling futures-util v0.3.26
[INFO] [stderr]    Compiling bytes v1.4.0
[INFO] [stderr]    Compiling serde_derive v1.0.159
[INFO] [stderr]    Compiling tracing-core v0.1.30
[INFO] [stderr]    Compiling futures-io v0.3.26
[INFO] [stderr]    Compiling serde v1.0.159
[INFO] [stderr]    Compiling pin-utils v0.1.0
[INFO] [stderr]    Compiling thiserror v1.0.38
[INFO] [stderr]    Compiling fnv v1.0.7
[INFO] [stderr]    Compiling lazy_static v1.4.0
[INFO] [stderr]    Compiling overload v0.1.1
[INFO] [stderr]    Compiling slab v0.4.7
[INFO] [stderr]    Compiling tokio v1.25.0
[INFO] [stderr]    Compiling httparse v1.8.0
[INFO] [stderr]    Compiling crc32fast v1.3.2
[INFO] [stderr]    Compiling http v0.2.9
[INFO] [stderr]    Compiling alloc-no-stdlib v2.0.4
[INFO] [stderr]    Compiling percent-encoding v2.2.0
[INFO] [stderr]    Compiling zstd-safe v6.0.4+zstd.1.5.4
[INFO] [stderr]    Compiling alloc-stdlib v0.2.2
[INFO] [stderr]    Compiling sharded-slab v0.1.4
[INFO] [stderr]    Compiling tracing-log v0.1.3
[INFO] [stderr]    Compiling nu-ansi-term v0.46.0
[INFO] [stderr]    Compiling thread_local v1.1.7
[INFO] [stderr]    Compiling smallvec v1.10.0
[INFO] [stderr]    Compiling serde_json v1.0.95
[INFO] [stderr]    Compiling adler v1.0.2
[INFO] [stderr]    Compiling ryu v1.0.13
[INFO] [stderr]    Compiling async-trait v0.1.68
[INFO] [stderr]    Compiling miniz_oxide v0.6.2
[INFO] [stderr]    Compiling brotli-decompressor v2.3.4
[INFO] [stderr]    Compiling form_urlencoded v1.1.0
[INFO] [stderr]    Compiling jobserver v0.1.26
[INFO] [stderr]    Compiling syn v2.0.10
[INFO] [stderr]    Compiling signal-hook-registry v1.4.1
[INFO] [stderr]    Compiling socket2 v0.4.7
[INFO] [stderr]    Compiling cc v1.0.79
[INFO] [stderr]    Compiling num_cpus v1.15.0
[INFO] [stderr]    Compiling mio v0.8.6
[INFO] [stderr]    Compiling tracing-subscriber v0.3.16
[INFO] [stderr]    Compiling mime v0.3.17
[INFO] [stderr]    Compiling matchit v0.7.0
[INFO] [stderr]    Compiling httpdate v1.0.2
[INFO] [stderr]    Compiling arc-swap v1.6.0
[INFO] [stderr]    Compiling flate2 v1.0.25
[INFO] [stderr]    Compiling http-body v1.0.0-rc.2
[INFO] [stderr]    Compiling zstd-sys v2.0.7+zstd.1.5.4
[INFO] [stderr]    Compiling brotli v3.3.4
[INFO] [stderr]    Compiling zstd v0.12.3+zstd.1.5.2
[INFO] [stderr]    Compiling futures-macro v0.3.26
[INFO] [stderr]    Compiling tracing-attributes v0.1.23
[INFO] [stderr]    Compiling tokio-macros v1.8.2
[INFO] [stderr]    Compiling thiserror-impl v1.0.38
[INFO] [stderr]    Compiling tracing v0.1.37
[INFO] [stderr]    Compiling serde_urlencoded v0.7.1
[INFO] [stderr]    Compiling serde_qs v0.12.0
[INFO] [stderr]    Compiling futures-executor v0.3.26
[INFO] [stderr]    Compiling http-body-util v0.1.0-rc.2
[INFO] [stderr]    Compiling futures v0.3.26
[INFO] [stderr]    Compiling tokio-util v0.7.8
[INFO] [stderr]    Compiling micro-http v0.1.0-alpha.3
[INFO] [stderr]    Compiling micro-web v0.1.0-alpha.3 (/opt/rustwide/workdir)
[INFO] [stderr]     Finished dev [unoptimized + debuginfo] target(s) in 22.97s
[INFO] running `Command { std: "docker" "inspect" "86c5e167bad7f61b4ed54eccb831c3c69196a91ad06e97350cef094cb3fbb18a", kill_on_drop: false }`
[INFO] running `Command { std: "docker" "rm" "-f" "86c5e167bad7f61b4ed54eccb831c3c69196a91ad06e97350cef094cb3fbb18a", kill_on_drop: false }`
[INFO] [stdout] 86c5e167bad7f61b4ed54eccb831c3c69196a91ad06e97350cef094cb3fbb18a
[INFO] running `Command { std: "docker" "create" "-v" "/var/lib/crater-agent-workspace/builds/worker-5-tc1/target:/opt/rustwide/target:rw,Z" "-v" "/var/lib/crater-agent-workspace/builds/worker-5-tc1/source:/opt/rustwide/workdir:ro,Z" "-v" "/var/lib/crater-agent-workspace/cargo-home:/opt/rustwide/cargo-home:ro,Z" "-v" "/var/lib/crater-agent-workspace/rustup-home:/opt/rustwide/rustup-home:ro,Z" "-e" "SOURCE_DIR=/opt/rustwide/workdir" "-e" "CARGO_TARGET_DIR=/opt/rustwide/target" "-e" "CARGO_INCREMENTAL=0" "-e" "RUST_BACKTRACE=full" "-e" "RUSTFLAGS=--cap-lints=warn" "-e" "RUSTDOCFLAGS=--cap-lints=warn" "-e" "CARGO_HOME=/opt/rustwide/cargo-home" "-e" "RUSTUP_HOME=/opt/rustwide/rustup-home" "-w" "/opt/rustwide/workdir" "-m" "1610612736" "--user" "0:0" "--network" "none" "ghcr.io/rust-lang/crates-build-env/linux@sha256:2788e3201cd34a07e3172128adcd8b3090168a8e3bcc40d7c032b9dda1df7d1c" "/opt/rustwide/cargo-home/bin/cargo" "+1.75.0" "test" "--frozen" "--no-run" "--message-format=json", kill_on_drop: false }`
[INFO] [stdout] 9a0620bb353031f98e3546bc5f077707c307fa981163bbcc14fe3bfb84e07452
[INFO] running `Command { std: "docker" "start" "-a" "9a0620bb353031f98e3546bc5f077707c307fa981163bbcc14fe3bfb84e07452", kill_on_drop: false }`
[INFO] [stderr]    Compiling num-traits v0.2.15
[INFO] [stderr]    Compiling aho-corasick v0.7.20
[INFO] [stderr]    Compiling regex-syntax v0.6.29
[INFO] [stderr]    Compiling either v1.8.1
[INFO] [stderr]    Compiling predicates-core v1.0.6
[INFO] [stderr]    Compiling normalize-line-endings v0.3.0
[INFO] [stderr]    Compiling termtree v0.4.1
[INFO] [stderr]    Compiling difflib v0.4.0
[INFO] [stderr]    Compiling mockall_derive v0.11.4
[INFO] [stderr]    Compiling fragile v2.0.0
[INFO] [stderr]    Compiling downcast v0.11.0
[INFO] [stderr]    Compiling predicates-tree v1.0.9
[INFO] [stderr]    Compiling itertools v0.10.5
[INFO] [stderr]    Compiling float-cmp v0.9.0
[INFO] [stderr]    Compiling regex v1.7.3
[INFO] [stderr]    Compiling predicates v2.1.5
[INFO] [stderr]    Compiling mockall v0.11.4
[INFO] [stderr]    Compiling micro-web v0.1.0-alpha.3 (/opt/rustwide/workdir)
[INFO] [stderr]     Finished test [unoptimized + debuginfo] target(s) in 9.50s
[INFO] running `Command { std: "docker" "inspect" "9a0620bb353031f98e3546bc5f077707c307fa981163bbcc14fe3bfb84e07452", kill_on_drop: false }`
[INFO] running `Command { std: "docker" "rm" "-f" "9a0620bb353031f98e3546bc5f077707c307fa981163bbcc14fe3bfb84e07452", kill_on_drop: false }`
[INFO] [stdout] 9a0620bb353031f98e3546bc5f077707c307fa981163bbcc14fe3bfb84e07452
[INFO] running `Command { std: "docker" "create" "-v" "/var/lib/crater-agent-workspace/builds/worker-5-tc1/target:/opt/rustwide/target:rw,Z" "-v" "/var/lib/crater-agent-workspace/builds/worker-5-tc1/source:/opt/rustwide/workdir:ro,Z" "-v" "/var/lib/crater-agent-workspace/cargo-home:/opt/rustwide/cargo-home:ro,Z" "-v" "/var/lib/crater-agent-workspace/rustup-home:/opt/rustwide/rustup-home:ro,Z" "-e" "SOURCE_DIR=/opt/rustwide/workdir" "-e" "CARGO_TARGET_DIR=/opt/rustwide/target" "-e" "CARGO_INCREMENTAL=0" "-e" "RUST_BACKTRACE=full" "-e" "RUSTFLAGS=--cap-lints=warn" "-e" "RUSTDOCFLAGS=--cap-lints=warn" "-e" "CARGO_HOME=/opt/rustwide/cargo-home" "-e" "RUSTUP_HOME=/opt/rustwide/rustup-home" "-w" "/opt/rustwide/workdir" "-m" "1610612736" "--user" "0:0" "--network" "none" "ghcr.io/rust-lang/crates-build-env/linux@sha256:2788e3201cd34a07e3172128adcd8b3090168a8e3bcc40d7c032b9dda1df7d1c" "/opt/rustwide/cargo-home/bin/cargo" "+1.75.0" "test" "--frozen", kill_on_drop: false }`
[INFO] [stdout] 18a84ee2f2f583bba24d6858ee44e72ea1560dcb37d4dec95f39a124fd3e4f12
[INFO] running `Command { std: "docker" "start" "-a" "18a84ee2f2f583bba24d6858ee44e72ea1560dcb37d4dec95f39a124fd3e4f12", kill_on_drop: false }`
[INFO] [stderr]     Finished test [unoptimized + debuginfo] target(s) in 0.09s
[INFO] [stderr]      Running unittests src/lib.rs (/opt/rustwide/target/debug/deps/micro_web-70aac0956e94ba40)
[INFO] [stdout] 
[INFO] [stdout] running 11 tests
[INFO] [stdout] test body::tests::is_send ... ok
[INFO] [stdout] test fn_trait::tests::test_fn_is_fn_trait ... ok
[INFO] [stdout] test handler::test::assert_fn_is_http_handler_1 ... ok
[INFO] [stdout] test body::tests::test_stream_body ... ok
[INFO] [stdout] test body::tests::test_string_body ... ok
[INFO] [stdout] test handler::test::assert_fn_is_http_handler_2 ... ok
[INFO] [stdout] test body::tests::test_empty_body ... ok
[INFO] [stdout] test router::tests::test_route_get ... ok
[INFO] [stdout] test router::tests::test_route_post ... ok
[INFO] [stdout] test wrapper::tests::test_and_then ... ok
[INFO] [stdout] test router::tests::test_route_post_with_content_type ... ok
[INFO] [stdout] 
[INFO] [stdout] test result: ok. 11 passed; 0 failed; 0 ignored; 0 measured; 0 filtered out; finished in 0.00s
[INFO] [stdout] 
[INFO] [stderr]    Doc-tests micro-web
[INFO] [stdout] 
[INFO] [stdout] running 5 tests
[INFO] [stdout] test src/extract/extract_tuple.rs - extract::extract_tuple::impl_from_request_for_fn (line 11) ... ignored
[INFO] [stdout] test src/fn_trait.rs - fn_trait::impl_fn_trait_for_fn (line 13) ... ignored
[INFO] [stdout] test src/extract/mod.rs - extract::Query (line 59) ... FAILED
[INFO] [stdout] test src/extract/mod.rs - extract::Json (line 37) ... FAILED
[INFO] [stdout] test src/extract/mod.rs - extract::Form (line 15) ... FAILED
[INFO] [stdout] 
[INFO] [stdout] failures:
[INFO] [stdout] 
[INFO] [stdout] ---- src/extract/mod.rs - extract::Query (line 59) stdout ----
[INFO] [stdout] error[E0277]: `Params` doesn't implement `Debug`
[INFO] [stdout]   --> src/extract/mod.rs:71:38
[INFO] [stdout]    |
[INFO] [stdout] 15 |     format!("received params: {:?}", params)
[INFO] [stdout]    |                                      ^^^^^^ `Params` cannot be formatted using `{:?}`
[INFO] [stdout]    |
[INFO] [stdout]    = help: the trait `Debug` is not implemented for `Params`
[INFO] [stdout]    = note: add `#[derive(Debug)]` to `Params` or manually `impl Debug for Params`
[INFO] [stdout]    = note: this error originates in the macro `$crate::__export::format_args` which comes from the expansion of the macro `format` (in Nightly builds, run with -Z macro-backtrace for more info)
[INFO] [stdout] help: consider annotating `Params` with `#[derive(Debug)]`
[INFO] [stdout]    |
[INFO] [stdout] 9  + #[derive(Debug)]
[INFO] [stdout] 10 | struct Params {
[INFO] [stdout]    |
[INFO] [stdout] 
[INFO] [stdout] error: aborting due to previous error
[INFO] [stdout] 
[INFO] [stdout] For more information about this error, try `rustc --explain E0277`.
[INFO] [stdout] Couldn't compile the test.
[INFO] [stdout] ---- src/extract/mod.rs - extract::Json (line 37) stdout ----
[INFO] [stdout] error[E0277]: `Params` doesn't implement `Debug`
[INFO] [stdout]   --> src/extract/mod.rs:49:38
[INFO] [stdout]    |
[INFO] [stdout] 15 |     format!("received params: {:?}", params)
[INFO] [stdout]    |                                      ^^^^^^ `Params` cannot be formatted using `{:?}`
[INFO] [stdout]    |
[INFO] [stdout]    = help: the trait `Debug` is not implemented for `Params`
[INFO] [stdout]    = note: add `#[derive(Debug)]` to `Params` or manually `impl Debug for Params`
[INFO] [stdout]    = note: this error originates in the macro `$crate::__export::format_args` which comes from the expansion of the macro `format` (in Nightly builds, run with -Z macro-backtrace for more info)
[INFO] [stdout] help: consider annotating `Params` with `#[derive(Debug)]`
[INFO] [stdout]    |
[INFO] [stdout] 9  + #[derive(Debug)]
[INFO] [stdout] 10 | struct Params {
[INFO] [stdout]    |
[INFO] [stdout] 
[INFO] [stdout] error: aborting due to previous error
[INFO] [stdout] 
[INFO] [stdout] For more information about this error, try `rustc --explain E0277`.
[INFO] [stdout] Couldn't compile the test.
[INFO] [stdout] ---- src/extract/mod.rs - extract::Form (line 15) stdout ----
[INFO] [stdout] error[E0277]: `Params` doesn't implement `Debug`
[INFO] [stdout]   --> src/extract/mod.rs:27:38
[INFO] [stdout]    |
[INFO] [stdout] 15 |     format!("received params: {:?}", params)
[INFO] [stdout]    |                                      ^^^^^^ `Params` cannot be formatted using `{:?}`
[INFO] [stdout]    |
[INFO] [stdout]    = help: the trait `Debug` is not implemented for `Params`
[INFO] [stdout]    = note: add `#[derive(Debug)]` to `Params` or manually `impl Debug for Params`
[INFO] [stdout]    = note: this error originates in the macro `$crate::__export::format_args` which comes from the expansion of the macro `format` (in Nightly builds, run with -Z macro-backtrace for more info)
[INFO] [stdout] help: consider annotating `Params` with `#[derive(Debug)]`
[INFO] [stdout]    |
[INFO] [stdout] 9  + #[derive(Debug)]
[INFO] [stdout] 10 | struct Params {
[INFO] [stdout]    |
[INFO] [stdout] 
[INFO] [stdout] error: aborting due to previous error
[INFO] [stdout] 
[INFO] [stdout] For more information about this error, try `rustc --explain E0277`.
[INFO] [stdout] Couldn't compile the test.
[INFO] [stdout] 
[INFO] [stdout] failures:
[INFO] [stdout]     src/extract/mod.rs - extract::Form (line 15)
[INFO] [stdout]     src/extract/mod.rs - extract::Json (line 37)
[INFO] [stdout]     src/extract/mod.rs - extract::Query (line 59)
[INFO] [stdout] 
[INFO] [stdout] test result: FAILED. 0 passed; 3 failed; 2 ignored; 0 measured; 0 filtered out; finished in 0.07s
[INFO] [stdout] 
[INFO] [stderr] error: doctest failed, to rerun pass `--doc`
[INFO] running `Command { std: "docker" "inspect" "18a84ee2f2f583bba24d6858ee44e72ea1560dcb37d4dec95f39a124fd3e4f12", kill_on_drop: false }`
[INFO] running `Command { std: "docker" "rm" "-f" "18a84ee2f2f583bba24d6858ee44e72ea1560dcb37d4dec95f39a124fd3e4f12", kill_on_drop: false }`
[INFO] [stdout] 18a84ee2f2f583bba24d6858ee44e72ea1560dcb37d4dec95f39a124fd3e4f12
[INFO] testing micro-web-0.1.0-alpha.3 against beta-2023-12-22 for beta-1.76-1
[INFO] extracting crate micro-web 0.1.0-alpha.3 into /workspace/builds/worker-5-tc2/source
[INFO] validating manifest of crates.io crate micro-web 0.1.0-alpha.3 on toolchain beta-2023-12-22
[INFO] running `Command { std: CARGO_HOME="/workspace/cargo-home" RUSTUP_HOME="/workspace/rustup-home" "/workspace/cargo-home/bin/cargo" "+beta-2023-12-22" "metadata" "--manifest-path" "Cargo.toml" "--no-deps", kill_on_drop: false }`
[INFO] started tweaking crates.io crate micro-web 0.1.0-alpha.3
[INFO] finished tweaking crates.io crate micro-web 0.1.0-alpha.3
[INFO] tweaked toml for crates.io crate micro-web 0.1.0-alpha.3 written to /workspace/builds/worker-5-tc2/source/Cargo.toml
[INFO] crate crates.io crate micro-web 0.1.0-alpha.3 already has a lockfile, it will not be regenerated
[INFO] running `Command { std: CARGO_HOME="/workspace/cargo-home" RUSTUP_HOME="/workspace/rustup-home" "/workspace/cargo-home/bin/cargo" "+beta-2023-12-22" "fetch" "--manifest-path" "Cargo.toml", kill_on_drop: false }`
[INFO] running `Command { std: "docker" "create" "-v" "/var/lib/crater-agent-workspace/builds/worker-5-tc2/target:/opt/rustwide/target:rw,Z" "-v" "/var/lib/crater-agent-workspace/builds/worker-5-tc2/source:/opt/rustwide/workdir:ro,Z" "-v" "/var/lib/crater-agent-workspace/cargo-home:/opt/rustwide/cargo-home:ro,Z" "-v" "/var/lib/crater-agent-workspace/rustup-home:/opt/rustwide/rustup-home:ro,Z" "-e" "SOURCE_DIR=/opt/rustwide/workdir" "-e" "CARGO_TARGET_DIR=/opt/rustwide/target" "-e" "CARGO_HOME=/opt/rustwide/cargo-home" "-e" "RUSTUP_HOME=/opt/rustwide/rustup-home" "-w" "/opt/rustwide/workdir" "-m" "1610612736" "--user" "0:0" "--network" "none" "ghcr.io/rust-lang/crates-build-env/linux@sha256:2788e3201cd34a07e3172128adcd8b3090168a8e3bcc40d7c032b9dda1df7d1c" "/opt/rustwide/cargo-home/bin/cargo" "+beta-2023-12-22" "metadata" "--no-deps" "--format-version=1", kill_on_drop: false }`
[INFO] [stdout] 0d74f598b6be2f380be808a60aa9a93ac0e095779365177372209b213b32c5af
[INFO] running `Command { std: "docker" "start" "-a" "0d74f598b6be2f380be808a60aa9a93ac0e095779365177372209b213b32c5af", kill_on_drop: false }`
[INFO] running `Command { std: "docker" "inspect" "0d74f598b6be2f380be808a60aa9a93ac0e095779365177372209b213b32c5af", kill_on_drop: false }`
[INFO] running `Command { std: "docker" "rm" "-f" "0d74f598b6be2f380be808a60aa9a93ac0e095779365177372209b213b32c5af", kill_on_drop: false }`
[INFO] [stdout] 0d74f598b6be2f380be808a60aa9a93ac0e095779365177372209b213b32c5af
[INFO] running `Command { std: "docker" "create" "-v" "/var/lib/crater-agent-workspace/builds/worker-5-tc2/target:/opt/rustwide/target:rw,Z" "-v" "/var/lib/crater-agent-workspace/builds/worker-5-tc2/source:/opt/rustwide/workdir:ro,Z" "-v" "/var/lib/crater-agent-workspace/cargo-home:/opt/rustwide/cargo-home:ro,Z" "-v" "/var/lib/crater-agent-workspace/rustup-home:/opt/rustwide/rustup-home:ro,Z" "-e" "SOURCE_DIR=/opt/rustwide/workdir" "-e" "CARGO_TARGET_DIR=/opt/rustwide/target" "-e" "CARGO_INCREMENTAL=0" "-e" "RUST_BACKTRACE=full" "-e" "RUSTFLAGS=--cap-lints=warn" "-e" "RUSTDOCFLAGS=--cap-lints=warn" "-e" "CARGO_HOME=/opt/rustwide/cargo-home" "-e" "RUSTUP_HOME=/opt/rustwide/rustup-home" "-w" "/opt/rustwide/workdir" "-m" "1610612736" "--user" "0:0" "--network" "none" "ghcr.io/rust-lang/crates-build-env/linux@sha256:2788e3201cd34a07e3172128adcd8b3090168a8e3bcc40d7c032b9dda1df7d1c" "/opt/rustwide/cargo-home/bin/cargo" "+beta-2023-12-22" "build" "--frozen" "--message-format=json", kill_on_drop: false }`
[INFO] [stdout] c2e34cd6c14d1195b36338e6d0f0a009b43ecea1f8747e977b2cbc730e54de74
[INFO] running `Command { std: "docker" "start" "-a" "c2e34cd6c14d1195b36338e6d0f0a009b43ecea1f8747e977b2cbc730e54de74", kill_on_drop: false }`
[INFO] [stderr]    Compiling proc-macro2 v1.0.52
[INFO] [stderr]    Compiling unicode-ident v1.0.6
[INFO] [stderr]    Compiling quote v1.0.26
[INFO] [stderr]    Compiling libc v0.2.139
[INFO] [stderr]    Compiling syn v1.0.107
[INFO] [stderr]    Compiling autocfg v1.1.0
[INFO] [stderr]    Compiling cfg-if v1.0.0
[INFO] [stderr]    Compiling memchr v2.5.0
[INFO] [stderr]    Compiling futures-core v0.3.26
[INFO] [stderr]    Compiling pin-project-lite v0.2.9
[INFO] [stderr]    Compiling log v0.4.17
[INFO] [stderr]    Compiling futures-channel v0.3.26
[INFO] [stderr]    Compiling futures-sink v0.3.26
[INFO] [stderr]    Compiling futures-task v0.3.26
[INFO] [stderr]    Compiling once_cell v1.17.1
[INFO] [stderr]    Compiling serde_derive v1.0.159
[INFO] [stderr]    Compiling bytes v1.4.0
[INFO] [stderr]    Compiling itoa v1.0.5
[INFO] [stderr]    Compiling pkg-config v0.3.26
[INFO] [stderr]    Compiling futures-util v0.3.26
[INFO] [stderr]    Compiling tracing-core v0.1.30
[INFO] [stderr]    Compiling pin-utils v0.1.0
[INFO] [stderr]    Compiling futures-io v0.3.26
[INFO] [stderr]    Compiling serde v1.0.159
[INFO] [stderr]    Compiling fnv v1.0.7
[INFO] [stderr]    Compiling thiserror v1.0.38
[INFO] [stderr]    Compiling lazy_static v1.4.0
[INFO] [stderr]    Compiling overload v0.1.1
[INFO] [stderr]    Compiling percent-encoding v2.2.0
[INFO] [stderr]    Compiling alloc-no-stdlib v2.0.4
[INFO] [stderr]    Compiling slab v0.4.7
[INFO] [stderr]    Compiling tokio v1.25.0
[INFO] [stderr]    Compiling http v0.2.9
[INFO] [stderr]    Compiling crc32fast v1.3.2
[INFO] [stderr]    Compiling httparse v1.8.0
[INFO] [stderr]    Compiling zstd-safe v6.0.4+zstd.1.5.4
[INFO] [stderr]    Compiling alloc-stdlib v0.2.2
[INFO] [stderr]    Compiling nu-ansi-term v0.46.0
[INFO] [stderr]    Compiling tracing-log v0.1.3
[INFO] [stderr]    Compiling sharded-slab v0.1.4
[INFO] [stderr]    Compiling thread_local v1.1.7
[INFO] [stderr]    Compiling async-trait v0.1.68
[INFO] [stderr]    Compiling adler v1.0.2
[INFO] [stderr]    Compiling serde_json v1.0.95
[INFO] [stderr]    Compiling smallvec v1.10.0
[INFO] [stderr]    Compiling ryu v1.0.13
[INFO] [stderr]    Compiling syn v2.0.10
[INFO] [stderr]    Compiling jobserver v0.1.26
[INFO] [stderr]    Compiling signal-hook-registry v1.4.1
[INFO] [stderr]    Compiling socket2 v0.4.7
[INFO] [stderr]    Compiling num_cpus v1.15.0
[INFO] [stderr]    Compiling mio v0.8.6
[INFO] [stderr]    Compiling miniz_oxide v0.6.2
[INFO] [stderr]    Compiling brotli-decompressor v2.3.4
[INFO] [stderr]    Compiling cc v1.0.79
[INFO] [stderr]    Compiling form_urlencoded v1.1.0
[INFO] [stderr]    Compiling mime v0.3.17
[INFO] [stderr]    Compiling arc-swap v1.6.0
[INFO] [stderr]    Compiling httpdate v1.0.2
[INFO] [stderr]    Compiling matchit v0.7.0
[INFO] [stderr]    Compiling flate2 v1.0.25
[INFO] [stderr]    Compiling http-body v1.0.0-rc.2
[INFO] [stderr]    Compiling tracing-subscriber v0.3.16
[INFO] [stderr]    Compiling zstd-sys v2.0.7+zstd.1.5.4
[INFO] [stderr]    Compiling brotli v3.3.4
[INFO] [stderr]    Compiling zstd v0.12.3+zstd.1.5.2
[INFO] [stderr]    Compiling futures-macro v0.3.26
[INFO] [stderr]    Compiling thiserror-impl v1.0.38
[INFO] [stderr]    Compiling tracing-attributes v0.1.23
[INFO] [stderr]    Compiling tokio-macros v1.8.2
[INFO] [stderr]    Compiling tracing v0.1.37
[INFO] [stderr]    Compiling serde_qs v0.12.0
[INFO] [stderr]    Compiling serde_urlencoded v0.7.1
[INFO] [stderr]    Compiling tokio-util v0.7.8
[INFO] [stderr]    Compiling futures-executor v0.3.26
[INFO] [stderr]    Compiling http-body-util v0.1.0-rc.2
[INFO] [stderr]    Compiling futures v0.3.26
[INFO] [stderr]    Compiling micro-http v0.1.0-alpha.3
[INFO] [stderr]    Compiling micro-web v0.1.0-alpha.3 (/opt/rustwide/workdir)
[INFO] [stderr]     Finished dev [unoptimized + debuginfo] target(s) in 15.13s
[INFO] running `Command { std: "docker" "inspect" "c2e34cd6c14d1195b36338e6d0f0a009b43ecea1f8747e977b2cbc730e54de74", kill_on_drop: false }`
[INFO] running `Command { std: "docker" "rm" "-f" "c2e34cd6c14d1195b36338e6d0f0a009b43ecea1f8747e977b2cbc730e54de74", kill_on_drop: false }`
[INFO] [stdout] c2e34cd6c14d1195b36338e6d0f0a009b43ecea1f8747e977b2cbc730e54de74
[INFO] running `Command { std: "docker" "create" "-v" "/var/lib/crater-agent-workspace/builds/worker-5-tc2/target:/opt/rustwide/target:rw,Z" "-v" "/var/lib/crater-agent-workspace/builds/worker-5-tc2/source:/opt/rustwide/workdir:ro,Z" "-v" "/var/lib/crater-agent-workspace/cargo-home:/opt/rustwide/cargo-home:ro,Z" "-v" "/var/lib/crater-agent-workspace/rustup-home:/opt/rustwide/rustup-home:ro,Z" "-e" "SOURCE_DIR=/opt/rustwide/workdir" "-e" "CARGO_TARGET_DIR=/opt/rustwide/target" "-e" "CARGO_INCREMENTAL=0" "-e" "RUST_BACKTRACE=full" "-e" "RUSTFLAGS=--cap-lints=warn" "-e" "RUSTDOCFLAGS=--cap-lints=warn" "-e" "CARGO_HOME=/opt/rustwide/cargo-home" "-e" "RUSTUP_HOME=/opt/rustwide/rustup-home" "-w" "/opt/rustwide/workdir" "-m" "1610612736" "--user" "0:0" "--network" "none" "ghcr.io/rust-lang/crates-build-env/linux@sha256:2788e3201cd34a07e3172128adcd8b3090168a8e3bcc40d7c032b9dda1df7d1c" "/opt/rustwide/cargo-home/bin/cargo" "+beta-2023-12-22" "test" "--frozen" "--no-run" "--message-format=json", kill_on_drop: false }`
[INFO] [stdout] b45c2b6a7cb7cd0a1cbc6f2057d30dcfeb736f9aa3e90055c2a4c27b2b1a93a7
[INFO] running `Command { std: "docker" "start" "-a" "b45c2b6a7cb7cd0a1cbc6f2057d30dcfeb736f9aa3e90055c2a4c27b2b1a93a7", kill_on_drop: false }`
[INFO] [stderr]    Compiling num-traits v0.2.15
[INFO] [stderr]    Compiling aho-corasick v0.7.20
[INFO] [stderr]    Compiling either v1.8.1
[INFO] [stderr]    Compiling regex-syntax v0.6.29
[INFO] [stderr]    Compiling predicates-core v1.0.6
[INFO] [stderr]    Compiling difflib v0.4.0
[INFO] [stderr]    Compiling normalize-line-endings v0.3.0
[INFO] [stderr]    Compiling termtree v0.4.1
[INFO] [stderr]    Compiling mockall_derive v0.11.4
[INFO] [stderr]    Compiling downcast v0.11.0
[INFO] [stderr]    Compiling fragile v2.0.0
[INFO] [stderr]    Compiling predicates-tree v1.0.9
[INFO] [stderr]    Compiling itertools v0.10.5
[INFO] [stderr]    Compiling float-cmp v0.9.0
[INFO] [stderr]    Compiling regex v1.7.3
[INFO] [stderr]    Compiling predicates v2.1.5
[INFO] [stderr]    Compiling mockall v0.11.4
[INFO] [stderr]    Compiling micro-web v0.1.0-alpha.3 (/opt/rustwide/workdir)
[INFO] [stderr]     Finished test [unoptimized + debuginfo] target(s) in 4.89s
[INFO] running `Command { std: "docker" "inspect" "b45c2b6a7cb7cd0a1cbc6f2057d30dcfeb736f9aa3e90055c2a4c27b2b1a93a7", kill_on_drop: false }`
[INFO] running `Command { std: "docker" "rm" "-f" "b45c2b6a7cb7cd0a1cbc6f2057d30dcfeb736f9aa3e90055c2a4c27b2b1a93a7", kill_on_drop: false }`
[INFO] [stdout] b45c2b6a7cb7cd0a1cbc6f2057d30dcfeb736f9aa3e90055c2a4c27b2b1a93a7
[INFO] running `Command { std: "docker" "create" "-v" "/var/lib/crater-agent-workspace/builds/worker-5-tc2/target:/opt/rustwide/target:rw,Z" "-v" "/var/lib/crater-agent-workspace/builds/worker-5-tc2/source:/opt/rustwide/workdir:ro,Z" "-v" "/var/lib/crater-agent-workspace/cargo-home:/opt/rustwide/cargo-home:ro,Z" "-v" "/var/lib/crater-agent-workspace/rustup-home:/opt/rustwide/rustup-home:ro,Z" "-e" "SOURCE_DIR=/opt/rustwide/workdir" "-e" "CARGO_TARGET_DIR=/opt/rustwide/target" "-e" "CARGO_INCREMENTAL=0" "-e" "RUST_BACKTRACE=full" "-e" "RUSTFLAGS=--cap-lints=warn" "-e" "RUSTDOCFLAGS=--cap-lints=warn" "-e" "CARGO_HOME=/opt/rustwide/cargo-home" "-e" "RUSTUP_HOME=/opt/rustwide/rustup-home" "-w" "/opt/rustwide/workdir" "-m" "1610612736" "--user" "0:0" "--network" "none" "ghcr.io/rust-lang/crates-build-env/linux@sha256:2788e3201cd34a07e3172128adcd8b3090168a8e3bcc40d7c032b9dda1df7d1c" "/opt/rustwide/cargo-home/bin/cargo" "+beta-2023-12-22" "test" "--frozen", kill_on_drop: false }`
[INFO] [stdout] c839c9b60fb16a590a371543db59a54f93c0b05a7509f7993d5bae1a38cd0156
[INFO] running `Command { std: "docker" "start" "-a" "c839c9b60fb16a590a371543db59a54f93c0b05a7509f7993d5bae1a38cd0156", kill_on_drop: false }`
[INFO] [stderr]     Finished test [unoptimized + debuginfo] target(s) in 0.06s
[INFO] [stderr]      Running unittests src/lib.rs (/opt/rustwide/target/debug/deps/micro_web-ab46b5e41970ecb9)
[INFO] [stdout] 
[INFO] [stdout] running 11 tests
[INFO] [stdout] test body::tests::is_send ... ok
[INFO] [stdout] test fn_trait::tests::test_fn_is_fn_trait ... ok
[INFO] [stdout] test handler::test::assert_fn_is_http_handler_1 ... ok
[INFO] [stdout] test handler::test::assert_fn_is_http_handler_2 ... ok
[INFO] [stdout] test router::tests::test_route_get ... ok
[INFO] [stdout] test router::tests::test_route_post ... ok
[INFO] [stdout] test body::tests::test_string_body ... ok
[INFO] [stdout] test body::tests::test_stream_body ... ok
[INFO] [stdout] test router::tests::test_route_post_with_content_type ... ok
[INFO] [stdout] test body::tests::test_empty_body ... ok
[INFO] [stdout] test wrapper::tests::test_and_then ... ok
[INFO] [stdout] 
[INFO] [stdout] test result: ok. 11 passed; 0 failed; 0 ignored; 0 measured; 0 filtered out; finished in 0.00s
[INFO] [stdout] 
[INFO] [stderr]    Doc-tests micro-web
[INFO] [stdout] 
[INFO] [stdout] running 5 tests
[INFO] [stdout] test src/extract/extract_tuple.rs - extract::extract_tuple::impl_from_request_for_fn (line 11) ... ignored
[INFO] [stdout] test src/fn_trait.rs - fn_trait::impl_fn_trait_for_fn (line 13) ... ignored
[INFO] [stdout] test src/extract/mod.rs - extract::Query (line 59) ... FAILED
[INFO] [stdout] test src/extract/mod.rs - extract::Json (line 37) ... FAILED
[INFO] [stdout] test src/extract/mod.rs - extract::Form (line 15) ... FAILED
[INFO] [stdout] 
[INFO] [stdout] failures:
[INFO] [stdout] 
[INFO] [stdout] ---- src/extract/mod.rs - extract::Query (line 59) stdout ----
[INFO] [stdout] error[E0277]: `Params` doesn't implement `Debug`
[INFO] [stdout]   --> src/extract/mod.rs:71:38
[INFO] [stdout]    |
[INFO] [stdout] 15 |     format!("received params: {:?}", params)
[INFO] [stdout]    |                                      ^^^^^^ `Params` cannot be formatted using `{:?}`
[INFO] [stdout]    |
[INFO] [stdout]    = help: the trait `Debug` is not implemented for `Params`
[INFO] [stdout]    = note: add `#[derive(Debug)]` to `Params` or manually `impl Debug for Params`
[INFO] [stdout]    = note: this error originates in the macro `$crate::__export::format_args` which comes from the expansion of the macro `format` (in Nightly builds, run with -Z macro-backtrace for more info)
[INFO] [stdout] help: consider annotating `Params` with `#[derive(Debug)]`
[INFO] [stdout]    |
[INFO] [stdout] 9  + #[derive(Debug)]
[INFO] [stdout] 10 | struct Params {
[INFO] [stdout]    |
[INFO] [stdout] 
[INFO] [stdout] error: aborting due to 1 previous error
[INFO] [stdout] 
[INFO] [stdout] For more information about this error, try `rustc --explain E0277`.
[INFO] [stdout] Couldn't compile the test.
[INFO] [stdout] ---- src/extract/mod.rs - extract::Json (line 37) stdout ----
[INFO] [stdout] error[E0277]: `Params` doesn't implement `Debug`
[INFO] [stdout]   --> src/extract/mod.rs:49:38
[INFO] [stdout]    |
[INFO] [stdout] 15 |     format!("received params: {:?}", params)
[INFO] [stdout]    |                                      ^^^^^^ `Params` cannot be formatted using `{:?}`
[INFO] [stdout]    |
[INFO] [stdout]    = help: the trait `Debug` is not implemented for `Params`
[INFO] [stdout]    = note: add `#[derive(Debug)]` to `Params` or manually `impl Debug for Params`
[INFO] [stdout]    = note: this error originates in the macro `$crate::__export::format_args` which comes from the expansion of the macro `format` (in Nightly builds, run with -Z macro-backtrace for more info)
[INFO] [stdout] help: consider annotating `Params` with `#[derive(Debug)]`
[INFO] [stdout]    |
[INFO] [stdout] 9  + #[derive(Debug)]
[INFO] [stdout] 10 | struct Params {
[INFO] [stdout]    |
[INFO] [stdout] 
[INFO] [stdout] error: aborting due to 1 previous error
[INFO] [stdout] 
[INFO] [stdout] For more information about this error, try `rustc --explain E0277`.
[INFO] [stdout] Couldn't compile the test.
[INFO] [stdout] ---- src/extract/mod.rs - extract::Form (line 15) stdout ----
[INFO] [stdout] error[E0277]: `Params` doesn't implement `Debug`
[INFO] [stdout]   --> src/extract/mod.rs:27:38
[INFO] [stdout]    |
[INFO] [stdout] 15 |     format!("received params: {:?}", params)
[INFO] [stdout]    |                                      ^^^^^^ `Params` cannot be formatted using `{:?}`
[INFO] [stdout]    |
[INFO] [stdout]    = help: the trait `Debug` is not implemented for `Params`
[INFO] [stdout]    = note: add `#[derive(Debug)]` to `Params` or manually `impl Debug for Params`
[INFO] [stdout]    = note: this error originates in the macro `$crate::__export::format_args` which comes from the expansion of the macro `format` (in Nightly builds, run with -Z macro-backtrace for more info)
[INFO] [stdout] help: consider annotating `Params` with `#[derive(Debug)]`
[INFO] [stdout]    |
[INFO] [stdout] 9  + #[derive(Debug)]
[INFO] [stdout] 10 | struct Params {
[INFO] [stdout]    |
[INFO] [stdout] 
[INFO] [stdout] error: aborting due to 1 previous error
[INFO] [stdout] 
[INFO] [stdout] For more information about this error, try `rustc --explain E0277`.
[INFO] [stdout] Couldn't compile the test.
[INFO] [stdout] 
[INFO] [stdout] failures:
[INFO] [stdout]     src/extract/mod.rs - extract::Form (line 15)
[INFO] [stdout]     src/extract/mod.rs - extract::Json (line 37)
[INFO] [stdout]     src/extract/mod.rs - extract::Query (line 59)
[INFO] [stdout] 
[INFO] [stdout] test result: FAILED. 0 passed; 3 failed; 2 ignored; 0 measured; 0 filtered out; finished in 0.07s
[INFO] [stdout] 
[INFO] [stderr] error: doctest failed, to rerun pass `--doc`
[INFO] running `Command { std: "docker" "inspect" "c839c9b60fb16a590a371543db59a54f93c0b05a7509f7993d5bae1a38cd0156", kill_on_drop: false }`
[INFO] running `Command { std: "docker" "rm" "-f" "c839c9b60fb16a590a371543db59a54f93c0b05a7509f7993d5bae1a38cd0156", kill_on_drop: false }`
[INFO] [stdout] c839c9b60fb16a590a371543db59a54f93c0b05a7509f7993d5bae1a38cd0156
