[INFO] fetching crate mff-extract 0.1.0...
[INFO] testing mff-extract-0.1.0 against 1.75.0 for beta-1.76-1
[INFO] extracting crate mff-extract 0.1.0 into /workspace/builds/worker-3-tc1/source
[INFO] validating manifest of crates.io crate mff-extract 0.1.0 on toolchain 1.75.0
[INFO] running `Command { std: CARGO_HOME="/workspace/cargo-home" RUSTUP_HOME="/workspace/rustup-home" "/workspace/cargo-home/bin/cargo" "+1.75.0" "metadata" "--manifest-path" "Cargo.toml" "--no-deps", kill_on_drop: false }`
[INFO] started tweaking crates.io crate mff-extract 0.1.0
[INFO] finished tweaking crates.io crate mff-extract 0.1.0
[INFO] tweaked toml for crates.io crate mff-extract 0.1.0 written to /workspace/builds/worker-3-tc1/source/Cargo.toml
[INFO] crate crates.io crate mff-extract 0.1.0 already has a lockfile, it will not be regenerated
[INFO] running `Command { std: CARGO_HOME="/workspace/cargo-home" RUSTUP_HOME="/workspace/rustup-home" "/workspace/cargo-home/bin/cargo" "+1.75.0" "fetch" "--manifest-path" "Cargo.toml", kill_on_drop: false }`
[INFO] [stderr]     Updating crates.io index
[INFO] [stderr]  Downloading crates ...
[INFO] [stderr]   Downloaded winnow v0.4.6
[INFO] [stderr]   Downloaded binrw_derive v0.11.1
[INFO] [stderr]   Downloaded embed-resource v2.1.1
[INFO] [stderr]   Downloaded portable-atomic v1.3.1
[INFO] [stderr]   Downloaded tabled v0.12.0
[INFO] [stderr]   Downloaded portable-atomic v0.3.20
[INFO] [stderr]   Downloaded papergrid v0.9.0
[INFO] [stderr]   Downloaded binrw v0.11.1
[INFO] [stderr]   Downloaded tauri-winres v0.1.1
[INFO] running `Command { std: "docker" "create" "-v" "/var/lib/crater-agent-workspace/builds/worker-3-tc1/target:/opt/rustwide/target:rw,Z" "-v" "/var/lib/crater-agent-workspace/builds/worker-3-tc1/source:/opt/rustwide/workdir:ro,Z" "-v" "/var/lib/crater-agent-workspace/cargo-home:/opt/rustwide/cargo-home:ro,Z" "-v" "/var/lib/crater-agent-workspace/rustup-home:/opt/rustwide/rustup-home:ro,Z" "-e" "SOURCE_DIR=/opt/rustwide/workdir" "-e" "CARGO_TARGET_DIR=/opt/rustwide/target" "-e" "CARGO_HOME=/opt/rustwide/cargo-home" "-e" "RUSTUP_HOME=/opt/rustwide/rustup-home" "-w" "/opt/rustwide/workdir" "-m" "1610612736" "--user" "0:0" "--network" "none" "ghcr.io/rust-lang/crates-build-env/linux@sha256:2788e3201cd34a07e3172128adcd8b3090168a8e3bcc40d7c032b9dda1df7d1c" "/opt/rustwide/cargo-home/bin/cargo" "+1.75.0" "metadata" "--no-deps" "--format-version=1", kill_on_drop: false }`
[INFO] [stdout] f04a88a5c33cb66a3efbf1c37aa1f6a642b1c6b14b6dc5019ae1069a5e24c956
[INFO] running `Command { std: "docker" "start" "-a" "f04a88a5c33cb66a3efbf1c37aa1f6a642b1c6b14b6dc5019ae1069a5e24c956", kill_on_drop: false }`
[INFO] running `Command { std: "docker" "inspect" "f04a88a5c33cb66a3efbf1c37aa1f6a642b1c6b14b6dc5019ae1069a5e24c956", kill_on_drop: false }`
[INFO] running `Command { std: "docker" "rm" "-f" "f04a88a5c33cb66a3efbf1c37aa1f6a642b1c6b14b6dc5019ae1069a5e24c956", kill_on_drop: false }`
[INFO] [stdout] f04a88a5c33cb66a3efbf1c37aa1f6a642b1c6b14b6dc5019ae1069a5e24c956
[INFO] running `Command { std: "docker" "create" "-v" "/var/lib/crater-agent-workspace/builds/worker-3-tc1/target:/opt/rustwide/target:rw,Z" "-v" "/var/lib/crater-agent-workspace/builds/worker-3-tc1/source:/opt/rustwide/workdir:ro,Z" "-v" "/var/lib/crater-agent-workspace/cargo-home:/opt/rustwide/cargo-home:ro,Z" "-v" "/var/lib/crater-agent-workspace/rustup-home:/opt/rustwide/rustup-home:ro,Z" "-e" "SOURCE_DIR=/opt/rustwide/workdir" "-e" "CARGO_TARGET_DIR=/opt/rustwide/target" "-e" "CARGO_INCREMENTAL=0" "-e" "RUST_BACKTRACE=full" "-e" "RUSTFLAGS=--cap-lints=warn" "-e" "RUSTDOCFLAGS=--cap-lints=warn" "-e" "CARGO_HOME=/opt/rustwide/cargo-home" "-e" "RUSTUP_HOME=/opt/rustwide/rustup-home" "-w" "/opt/rustwide/workdir" "-m" "1610612736" "--user" "0:0" "--network" "none" "ghcr.io/rust-lang/crates-build-env/linux@sha256:2788e3201cd34a07e3172128adcd8b3090168a8e3bcc40d7c032b9dda1df7d1c" "/opt/rustwide/cargo-home/bin/cargo" "+1.75.0" "build" "--frozen" "--message-format=json", kill_on_drop: false }`
[INFO] [stdout] 4bbc0a230bb243a6e9166ef61e8b8c383fb8f1106a0a02c8c6040d3e4a41a6e1
[INFO] running `Command { std: "docker" "start" "-a" "4bbc0a230bb243a6e9166ef61e8b8c383fb8f1106a0a02c8c6040d3e4a41a6e1", kill_on_drop: false }`
[INFO] [stderr]    Compiling proc-macro2 v1.0.56
[INFO] [stderr]    Compiling quote v1.0.26
[INFO] [stderr]    Compiling unicode-ident v1.0.8
[INFO] [stderr]    Compiling libc v0.2.144
[INFO] [stderr]    Compiling serde v1.0.162
[INFO] [stderr]    Compiling io-lifetimes v1.0.10
[INFO] [stderr]    Compiling hashbrown v0.12.3
[INFO] [stderr]    Compiling semver v1.0.17
[INFO] [stderr]    Compiling syn v1.0.109
[INFO] [stderr]    Compiling winnow v0.4.6
[INFO] [stderr]    Compiling rustix v0.37.19
[INFO] [stderr]    Compiling linux-raw-sys v0.3.7
[INFO] [stderr]    Compiling indexmap v1.9.3
[INFO] [stderr]    Compiling cc v1.0.79
[INFO] [stderr]    Compiling heck v0.4.1
[INFO] [stderr]    Compiling portable-atomic v1.3.1
[INFO] [stderr]    Compiling anstyle-parse v0.2.0
[INFO] [stderr]    Compiling binrw_derive v0.11.1
[INFO] [stderr]    Compiling anstyle v1.0.0
[INFO] [stderr]    Compiling portable-atomic v0.3.20
[INFO] [stderr]    Compiling clap_lex v0.4.1
[INFO] [stderr]    Compiling bytecount v0.6.3
[INFO] [stderr]    Compiling either v1.8.1
[INFO] [stderr]    Compiling rustc_version v0.4.0
[INFO] [stderr]    Compiling owo-colors v3.5.0
[INFO] [stderr]    Compiling binrw v0.11.1
[INFO] [stderr]    Compiling papergrid v0.9.0
[INFO] [stderr]    Compiling number_prefix v0.4.0
[INFO] [stderr]    Compiling bytemuck v1.13.1
[INFO] [stderr]    Compiling once_cell v1.17.1
[INFO] [stderr]    Compiling array-init v2.1.0
[INFO] [stderr]    Compiling syn v2.0.15
[INFO] [stderr]    Compiling proc-macro-error-attr v1.0.4
[INFO] [stderr]    Compiling console v0.15.5
[INFO] [stderr]    Compiling indicatif v0.17.3
[INFO] [stderr]    Compiling is-terminal v0.4.7
[INFO] [stderr]    Compiling anstream v0.3.2
[INFO] [stderr]    Compiling clap_builder v4.2.7
[INFO] [stderr]    Compiling toml_datetime v0.6.1
[INFO] [stderr]    Compiling serde_spanned v0.6.1
[INFO] [stderr]    Compiling toml_edit v0.19.8
[INFO] [stderr]    Compiling clap_derive v4.2.0
[INFO] [stderr]    Compiling proc-macro-error v1.0.4
[INFO] [stderr]    Compiling toml v0.7.3
[INFO] [stderr]    Compiling tabled_derive v0.6.0
[INFO] [stderr]    Compiling embed-resource v2.1.1
[INFO] [stderr]    Compiling clap v4.2.7
[INFO] [stderr]    Compiling tauri-winres v0.1.1
[INFO] [stderr]    Compiling mff-extract v0.1.0 (/opt/rustwide/workdir)
[INFO] [stderr]    Compiling tabled v0.12.0
[INFO] [stderr]     Finished dev [unoptimized + debuginfo] target(s) in 12.16s
[INFO] running `Command { std: "docker" "inspect" "4bbc0a230bb243a6e9166ef61e8b8c383fb8f1106a0a02c8c6040d3e4a41a6e1", kill_on_drop: false }`
[INFO] running `Command { std: "docker" "rm" "-f" "4bbc0a230bb243a6e9166ef61e8b8c383fb8f1106a0a02c8c6040d3e4a41a6e1", kill_on_drop: false }`
[INFO] [stdout] 4bbc0a230bb243a6e9166ef61e8b8c383fb8f1106a0a02c8c6040d3e4a41a6e1
[INFO] running `Command { std: "docker" "create" "-v" "/var/lib/crater-agent-workspace/builds/worker-3-tc1/target:/opt/rustwide/target:rw,Z" "-v" "/var/lib/crater-agent-workspace/builds/worker-3-tc1/source:/opt/rustwide/workdir:ro,Z" "-v" "/var/lib/crater-agent-workspace/cargo-home:/opt/rustwide/cargo-home:ro,Z" "-v" "/var/lib/crater-agent-workspace/rustup-home:/opt/rustwide/rustup-home:ro,Z" "-e" "SOURCE_DIR=/opt/rustwide/workdir" "-e" "CARGO_TARGET_DIR=/opt/rustwide/target" "-e" "CARGO_INCREMENTAL=0" "-e" "RUST_BACKTRACE=full" "-e" "RUSTFLAGS=--cap-lints=warn" "-e" "RUSTDOCFLAGS=--cap-lints=warn" "-e" "CARGO_HOME=/opt/rustwide/cargo-home" "-e" "RUSTUP_HOME=/opt/rustwide/rustup-home" "-w" "/opt/rustwide/workdir" "-m" "1610612736" "--user" "0:0" "--network" "none" "ghcr.io/rust-lang/crates-build-env/linux@sha256:2788e3201cd34a07e3172128adcd8b3090168a8e3bcc40d7c032b9dda1df7d1c" "/opt/rustwide/cargo-home/bin/cargo" "+1.75.0" "test" "--frozen" "--no-run" "--message-format=json", kill_on_drop: false }`
[INFO] [stdout] 387ea2cfc709159669ce917287e009ca4b4371ccbec519302b4da20dfe30cf47
[INFO] running `Command { std: "docker" "start" "-a" "387ea2cfc709159669ce917287e009ca4b4371ccbec519302b4da20dfe30cf47", kill_on_drop: false }`
[INFO] [stderr]    Compiling yansi v0.5.1
[INFO] [stderr]    Compiling diff v0.1.13
[INFO] [stderr]    Compiling pretty_assertions v1.3.0
[INFO] [stderr]    Compiling mff-extract v0.1.0 (/opt/rustwide/workdir)
[INFO] [stderr]     Finished test [unoptimized + debuginfo] target(s) in 1.44s
[INFO] running `Command { std: "docker" "inspect" "387ea2cfc709159669ce917287e009ca4b4371ccbec519302b4da20dfe30cf47", kill_on_drop: false }`
[INFO] running `Command { std: "docker" "rm" "-f" "387ea2cfc709159669ce917287e009ca4b4371ccbec519302b4da20dfe30cf47", kill_on_drop: false }`
[INFO] [stdout] 387ea2cfc709159669ce917287e009ca4b4371ccbec519302b4da20dfe30cf47
[INFO] running `Command { std: "docker" "create" "-v" "/var/lib/crater-agent-workspace/builds/worker-3-tc1/target:/opt/rustwide/target:rw,Z" "-v" "/var/lib/crater-agent-workspace/builds/worker-3-tc1/source:/opt/rustwide/workdir:ro,Z" "-v" "/var/lib/crater-agent-workspace/cargo-home:/opt/rustwide/cargo-home:ro,Z" "-v" "/var/lib/crater-agent-workspace/rustup-home:/opt/rustwide/rustup-home:ro,Z" "-e" "SOURCE_DIR=/opt/rustwide/workdir" "-e" "CARGO_TARGET_DIR=/opt/rustwide/target" "-e" "CARGO_INCREMENTAL=0" "-e" "RUST_BACKTRACE=full" "-e" "RUSTFLAGS=--cap-lints=warn" "-e" "RUSTDOCFLAGS=--cap-lints=warn" "-e" "CARGO_HOME=/opt/rustwide/cargo-home" "-e" "RUSTUP_HOME=/opt/rustwide/rustup-home" "-w" "/opt/rustwide/workdir" "-m" "1610612736" "--user" "0:0" "--network" "none" "ghcr.io/rust-lang/crates-build-env/linux@sha256:2788e3201cd34a07e3172128adcd8b3090168a8e3bcc40d7c032b9dda1df7d1c" "/opt/rustwide/cargo-home/bin/cargo" "+1.75.0" "test" "--frozen", kill_on_drop: false }`
[INFO] [stdout] ad4a936a9008779984cc0cdb2894fdfd0748d14a99a7b45ccdf4ae4e9f2cae90
[INFO] running `Command { std: "docker" "start" "-a" "ad4a936a9008779984cc0cdb2894fdfd0748d14a99a7b45ccdf4ae4e9f2cae90", kill_on_drop: false }`
[INFO] [stderr]     Finished test [unoptimized + debuginfo] target(s) in 0.04s
[INFO] [stderr]      Running unittests src/main.rs (/opt/rustwide/target/debug/deps/mff_extract-23780c40178027f4)
[INFO] [stdout] 
[INFO] [stdout] running 1 test
[INFO] [stdout] test list::tests::listing_test ... FAILED
[INFO] [stdout] 
[INFO] [stdout] failures:
[INFO] [stdout] 
[INFO] [stdout] ---- list::tests::listing_test stdout ----
[INFO] [stdout] Error: Os { code: 2, kind: NotFound, message: "No such file or directory" }
[INFO] [stdout] 
[INFO] [stdout] 
[INFO] [stdout] failures:
[INFO] [stdout]     list::tests::listing_test
[INFO] [stdout] 
[INFO] [stdout] test result: FAILED. 0 passed; 1 failed; 0 ignored; 0 measured; 0 filtered out; finished in 0.00s
[INFO] [stdout] 
[INFO] [stderr] error: test failed, to rerun pass `--bin mff-extract`
[INFO] running `Command { std: "docker" "inspect" "ad4a936a9008779984cc0cdb2894fdfd0748d14a99a7b45ccdf4ae4e9f2cae90", kill_on_drop: false }`
[INFO] running `Command { std: "docker" "rm" "-f" "ad4a936a9008779984cc0cdb2894fdfd0748d14a99a7b45ccdf4ae4e9f2cae90", kill_on_drop: false }`
[INFO] [stdout] ad4a936a9008779984cc0cdb2894fdfd0748d14a99a7b45ccdf4ae4e9f2cae90
[INFO] testing mff-extract-0.1.0 against beta-2023-12-22 for beta-1.76-1
[INFO] extracting crate mff-extract 0.1.0 into /workspace/builds/worker-3-tc2/source
[INFO] validating manifest of crates.io crate mff-extract 0.1.0 on toolchain beta-2023-12-22
[INFO] running `Command { std: CARGO_HOME="/workspace/cargo-home" RUSTUP_HOME="/workspace/rustup-home" "/workspace/cargo-home/bin/cargo" "+beta-2023-12-22" "metadata" "--manifest-path" "Cargo.toml" "--no-deps", kill_on_drop: false }`
[INFO] started tweaking crates.io crate mff-extract 0.1.0
[INFO] finished tweaking crates.io crate mff-extract 0.1.0
[INFO] tweaked toml for crates.io crate mff-extract 0.1.0 written to /workspace/builds/worker-3-tc2/source/Cargo.toml
[INFO] crate crates.io crate mff-extract 0.1.0 already has a lockfile, it will not be regenerated
[INFO] running `Command { std: CARGO_HOME="/workspace/cargo-home" RUSTUP_HOME="/workspace/rustup-home" "/workspace/cargo-home/bin/cargo" "+beta-2023-12-22" "fetch" "--manifest-path" "Cargo.toml", kill_on_drop: false }`
[INFO] running `Command { std: "docker" "create" "-v" "/var/lib/crater-agent-workspace/builds/worker-3-tc2/target:/opt/rustwide/target:rw,Z" "-v" "/var/lib/crater-agent-workspace/builds/worker-3-tc2/source:/opt/rustwide/workdir:ro,Z" "-v" "/var/lib/crater-agent-workspace/cargo-home:/opt/rustwide/cargo-home:ro,Z" "-v" "/var/lib/crater-agent-workspace/rustup-home:/opt/rustwide/rustup-home:ro,Z" "-e" "SOURCE_DIR=/opt/rustwide/workdir" "-e" "CARGO_TARGET_DIR=/opt/rustwide/target" "-e" "CARGO_HOME=/opt/rustwide/cargo-home" "-e" "RUSTUP_HOME=/opt/rustwide/rustup-home" "-w" "/opt/rustwide/workdir" "-m" "1610612736" "--user" "0:0" "--network" "none" "ghcr.io/rust-lang/crates-build-env/linux@sha256:2788e3201cd34a07e3172128adcd8b3090168a8e3bcc40d7c032b9dda1df7d1c" "/opt/rustwide/cargo-home/bin/cargo" "+beta-2023-12-22" "metadata" "--no-deps" "--format-version=1", kill_on_drop: false }`
[INFO] [stdout] b91ca70aa4447d03979dc568676d95bd58741a297a306349f4a310e4d8a8c0be
[INFO] running `Command { std: "docker" "start" "-a" "b91ca70aa4447d03979dc568676d95bd58741a297a306349f4a310e4d8a8c0be", kill_on_drop: false }`
[INFO] running `Command { std: "docker" "inspect" "b91ca70aa4447d03979dc568676d95bd58741a297a306349f4a310e4d8a8c0be", kill_on_drop: false }`
[INFO] running `Command { std: "docker" "rm" "-f" "b91ca70aa4447d03979dc568676d95bd58741a297a306349f4a310e4d8a8c0be", kill_on_drop: false }`
[INFO] [stdout] b91ca70aa4447d03979dc568676d95bd58741a297a306349f4a310e4d8a8c0be
[INFO] running `Command { std: "docker" "create" "-v" "/var/lib/crater-agent-workspace/builds/worker-3-tc2/target:/opt/rustwide/target:rw,Z" "-v" "/var/lib/crater-agent-workspace/builds/worker-3-tc2/source:/opt/rustwide/workdir:ro,Z" "-v" "/var/lib/crater-agent-workspace/cargo-home:/opt/rustwide/cargo-home:ro,Z" "-v" "/var/lib/crater-agent-workspace/rustup-home:/opt/rustwide/rustup-home:ro,Z" "-e" "SOURCE_DIR=/opt/rustwide/workdir" "-e" "CARGO_TARGET_DIR=/opt/rustwide/target" "-e" "CARGO_INCREMENTAL=0" "-e" "RUST_BACKTRACE=full" "-e" "RUSTFLAGS=--cap-lints=warn" "-e" "RUSTDOCFLAGS=--cap-lints=warn" "-e" "CARGO_HOME=/opt/rustwide/cargo-home" "-e" "RUSTUP_HOME=/opt/rustwide/rustup-home" "-w" "/opt/rustwide/workdir" "-m" "1610612736" "--user" "0:0" "--network" "none" "ghcr.io/rust-lang/crates-build-env/linux@sha256:2788e3201cd34a07e3172128adcd8b3090168a8e3bcc40d7c032b9dda1df7d1c" "/opt/rustwide/cargo-home/bin/cargo" "+beta-2023-12-22" "build" "--frozen" "--message-format=json", kill_on_drop: false }`
[INFO] [stdout] 102772a3df4ade18de9ad6a40c3306ab8a334381a89220773b5cb3ea5e0bb5cc
[INFO] running `Command { std: "docker" "start" "-a" "102772a3df4ade18de9ad6a40c3306ab8a334381a89220773b5cb3ea5e0bb5cc", kill_on_drop: false }`
[INFO] [stderr]    Compiling proc-macro2 v1.0.56
[INFO] [stderr]    Compiling quote v1.0.26
[INFO] [stderr]    Compiling unicode-ident v1.0.8
[INFO] [stderr]    Compiling libc v0.2.144
[INFO] [stderr]    Compiling serde v1.0.162
[INFO] [stderr]    Compiling semver v1.0.17
[INFO] [stderr]    Compiling io-lifetimes v1.0.10
[INFO] [stderr]    Compiling syn v1.0.109
[INFO] [stderr]    Compiling hashbrown v0.12.3
[INFO] [stderr]    Compiling winnow v0.4.6
[INFO] [stderr]    Compiling rustix v0.37.19
[INFO] [stderr]    Compiling linux-raw-sys v0.3.7
[INFO] [stderr]    Compiling portable-atomic v1.3.1
[INFO] [stderr]    Compiling indexmap v1.9.3
[INFO] [stderr]    Compiling heck v0.4.1
[INFO] [stderr]    Compiling cc v1.0.79
[INFO] [stderr]    Compiling anstyle-parse v0.2.0
[INFO] [stderr]    Compiling portable-atomic v0.3.20
[INFO] [stderr]    Compiling binrw_derive v0.11.1
[INFO] [stderr]    Compiling anstyle v1.0.0
[INFO] [stderr]    Compiling owo-colors v3.5.0
[INFO] [stderr]    Compiling clap_lex v0.4.1
[INFO] [stderr]    Compiling either v1.8.1
[INFO] [stderr]    Compiling bytecount v0.6.3
[INFO] [stderr]    Compiling binrw v0.11.1
[INFO] [stderr]    Compiling rustc_version v0.4.0
[INFO] [stderr]    Compiling papergrid v0.9.0
[INFO] [stderr]    Compiling bytemuck v1.13.1
[INFO] [stderr]    Compiling once_cell v1.17.1
[INFO] [stderr]    Compiling number_prefix v0.4.0
[INFO] [stderr]    Compiling array-init v2.1.0
[INFO] [stderr]    Compiling syn v2.0.15
[INFO] [stderr]    Compiling proc-macro-error-attr v1.0.4
[INFO] [stderr]    Compiling console v0.15.5
[INFO] [stderr]    Compiling indicatif v0.17.3
[INFO] [stderr]    Compiling is-terminal v0.4.7
[INFO] [stderr]    Compiling anstream v0.3.2
[INFO] [stderr]    Compiling clap_builder v4.2.7
[INFO] [stderr]    Compiling serde_spanned v0.6.1
[INFO] [stderr]    Compiling toml_datetime v0.6.1
[INFO] [stderr]    Compiling toml_edit v0.19.8
[INFO] [stderr]    Compiling clap_derive v4.2.0
[INFO] [stderr]    Compiling proc-macro-error v1.0.4
[INFO] [stderr]    Compiling toml v0.7.3
[INFO] [stderr]    Compiling embed-resource v2.1.1
[INFO] [stderr]    Compiling tauri-winres v0.1.1
[INFO] [stderr]    Compiling tabled_derive v0.6.0
[INFO] [stderr]    Compiling mff-extract v0.1.0 (/opt/rustwide/workdir)
[INFO] [stderr]    Compiling clap v4.2.7
[INFO] [stderr]    Compiling tabled v0.12.0
[INFO] [stderr]     Finished dev [unoptimized + debuginfo] target(s) in 13.67s
[INFO] running `Command { std: "docker" "inspect" "102772a3df4ade18de9ad6a40c3306ab8a334381a89220773b5cb3ea5e0bb5cc", kill_on_drop: false }`
[INFO] running `Command { std: "docker" "rm" "-f" "102772a3df4ade18de9ad6a40c3306ab8a334381a89220773b5cb3ea5e0bb5cc", kill_on_drop: false }`
[INFO] [stdout] 102772a3df4ade18de9ad6a40c3306ab8a334381a89220773b5cb3ea5e0bb5cc
[INFO] running `Command { std: "docker" "create" "-v" "/var/lib/crater-agent-workspace/builds/worker-3-tc2/target:/opt/rustwide/target:rw,Z" "-v" "/var/lib/crater-agent-workspace/builds/worker-3-tc2/source:/opt/rustwide/workdir:ro,Z" "-v" "/var/lib/crater-agent-workspace/cargo-home:/opt/rustwide/cargo-home:ro,Z" "-v" "/var/lib/crater-agent-workspace/rustup-home:/opt/rustwide/rustup-home:ro,Z" "-e" "SOURCE_DIR=/opt/rustwide/workdir" "-e" "CARGO_TARGET_DIR=/opt/rustwide/target" "-e" "CARGO_INCREMENTAL=0" "-e" "RUST_BACKTRACE=full" "-e" "RUSTFLAGS=--cap-lints=warn" "-e" "RUSTDOCFLAGS=--cap-lints=warn" "-e" "CARGO_HOME=/opt/rustwide/cargo-home" "-e" "RUSTUP_HOME=/opt/rustwide/rustup-home" "-w" "/opt/rustwide/workdir" "-m" "1610612736" "--user" "0:0" "--network" "none" "ghcr.io/rust-lang/crates-build-env/linux@sha256:2788e3201cd34a07e3172128adcd8b3090168a8e3bcc40d7c032b9dda1df7d1c" "/opt/rustwide/cargo-home/bin/cargo" "+beta-2023-12-22" "test" "--frozen" "--no-run" "--message-format=json", kill_on_drop: false }`
[INFO] [stdout] 4b68fb824eabe4eabb4c6f5869e607b3196fd8abd73e7104d5381aba9b3bdeb6
[INFO] running `Command { std: "docker" "start" "-a" "4b68fb824eabe4eabb4c6f5869e607b3196fd8abd73e7104d5381aba9b3bdeb6", kill_on_drop: false }`
[INFO] [stderr]    Compiling yansi v0.5.1
[INFO] [stderr]    Compiling diff v0.1.13
[INFO] [stderr]    Compiling pretty_assertions v1.3.0
[INFO] [stderr]    Compiling mff-extract v0.1.0 (/opt/rustwide/workdir)
[INFO] [stderr]     Finished test [unoptimized + debuginfo] target(s) in 1.88s
[INFO] running `Command { std: "docker" "inspect" "4b68fb824eabe4eabb4c6f5869e607b3196fd8abd73e7104d5381aba9b3bdeb6", kill_on_drop: false }`
[INFO] running `Command { std: "docker" "rm" "-f" "4b68fb824eabe4eabb4c6f5869e607b3196fd8abd73e7104d5381aba9b3bdeb6", kill_on_drop: false }`
[INFO] [stdout] 4b68fb824eabe4eabb4c6f5869e607b3196fd8abd73e7104d5381aba9b3bdeb6
[INFO] running `Command { std: "docker" "create" "-v" "/var/lib/crater-agent-workspace/builds/worker-3-tc2/target:/opt/rustwide/target:rw,Z" "-v" "/var/lib/crater-agent-workspace/builds/worker-3-tc2/source:/opt/rustwide/workdir:ro,Z" "-v" "/var/lib/crater-agent-workspace/cargo-home:/opt/rustwide/cargo-home:ro,Z" "-v" "/var/lib/crater-agent-workspace/rustup-home:/opt/rustwide/rustup-home:ro,Z" "-e" "SOURCE_DIR=/opt/rustwide/workdir" "-e" "CARGO_TARGET_DIR=/opt/rustwide/target" "-e" "CARGO_INCREMENTAL=0" "-e" "RUST_BACKTRACE=full" "-e" "RUSTFLAGS=--cap-lints=warn" "-e" "RUSTDOCFLAGS=--cap-lints=warn" "-e" "CARGO_HOME=/opt/rustwide/cargo-home" "-e" "RUSTUP_HOME=/opt/rustwide/rustup-home" "-w" "/opt/rustwide/workdir" "-m" "1610612736" "--user" "0:0" "--network" "none" "ghcr.io/rust-lang/crates-build-env/linux@sha256:2788e3201cd34a07e3172128adcd8b3090168a8e3bcc40d7c032b9dda1df7d1c" "/opt/rustwide/cargo-home/bin/cargo" "+beta-2023-12-22" "test" "--frozen", kill_on_drop: false }`
[INFO] [stdout] fd33210a6ab2e88be0699d46ac4fc8360c83c63aadd940cd3dc032ac8661afb6
[INFO] running `Command { std: "docker" "start" "-a" "fd33210a6ab2e88be0699d46ac4fc8360c83c63aadd940cd3dc032ac8661afb6", kill_on_drop: false }`
[INFO] [stderr]     Finished test [unoptimized + debuginfo] target(s) in 0.08s
[INFO] [stderr]      Running unittests src/main.rs (/opt/rustwide/target/debug/deps/mff_extract-e3483f859f1f113e)
[INFO] [stdout] 
[INFO] [stdout] running 1 test
[INFO] [stdout] test list::tests::listing_test ... FAILED
[INFO] [stdout] 
[INFO] [stdout] failures:
[INFO] [stdout] 
[INFO] [stdout] ---- list::tests::listing_test stdout ----
[INFO] [stdout] Error: Os { code: 2, kind: NotFound, message: "No such file or directory" }
[INFO] [stdout] 
[INFO] [stdout] 
[INFO] [stdout] failures:
[INFO] [stdout]     list::tests::listing_test
[INFO] [stdout] 
[INFO] [stdout] test result: FAILED. 0 passed; 1 failed; 0 ignored; 0 measured; 0 filtered out; finished in 0.00s
[INFO] [stdout] 
[INFO] [stderr] error: test failed, to rerun pass `--bin mff-extract`
[INFO] running `Command { std: "docker" "inspect" "fd33210a6ab2e88be0699d46ac4fc8360c83c63aadd940cd3dc032ac8661afb6", kill_on_drop: false }`
[INFO] running `Command { std: "docker" "rm" "-f" "fd33210a6ab2e88be0699d46ac4fc8360c83c63aadd940cd3dc032ac8661afb6", kill_on_drop: false }`
[INFO] [stdout] fd33210a6ab2e88be0699d46ac4fc8360c83c63aadd940cd3dc032ac8661afb6
